[INFO] cloning repository https://github.com/jtblack19071000-art/turborepo
[INFO] running `Command { std: "git" "-c" "credential.helper=" "-c" "credential.helper=/workspace/cargo-home/bin/git-credential-null" "clone" "--bare" "https://github.com/jtblack19071000-art/turborepo" "/workspace/cache/git-repos/https%3A%2F%2Fgithub.com%2Fjtblack19071000-art%2Fturborepo", kill_on_drop: false }`
[INFO] [stderr] Cloning into bare repository '/workspace/cache/git-repos/https%3A%2F%2Fgithub.com%2Fjtblack19071000-art%2Fturborepo'...
[INFO] running `Command { std: "git" "rev-parse" "HEAD", kill_on_drop: false }`
[INFO] [stdout] 7243d3e82934d49cdbf586aa5e036ca425c7db19
[INFO] checking jtblack19071000-art/turborepo against 3154cc1a3e6424e44f438a95007d043ed5ceaaf6+rustflags=-Znext-solver=coherence for pr-133502-30
[INFO] running `Command { std: "git" "clone" "/workspace/cache/git-repos/https%3A%2F%2Fgithub.com%2Fjtblack19071000-art%2Fturborepo" "/workspace/builds/worker-4-tc1/source", kill_on_drop: false }`
[INFO] [stderr] Cloning into '/workspace/builds/worker-4-tc1/source'...
[INFO] [stderr] done.
[INFO] removed /workspace/builds/worker-4-tc1/source/.cargo/config.toml
[INFO] removed /workspace/builds/worker-4-tc1/source/rust-toolchain.toml
[INFO] started tweaking git repo https://github.com/jtblack19071000-art/turborepo
[INFO] finished tweaking git repo https://github.com/jtblack19071000-art/turborepo
[INFO] tweaked toml for git repo https://github.com/jtblack19071000-art/turborepo written to /workspace/builds/worker-4-tc1/source/Cargo.toml
[INFO] validating manifest of git repo https://github.com/jtblack19071000-art/turborepo on toolchain 3154cc1a3e6424e44f438a95007d043ed5ceaaf6
[INFO] running `Command { std: CARGO_HOME="/workspace/cargo-home" RUSTUP_HOME="/workspace/rustup-home" "/workspace/cargo-home/bin/cargo" "+3154cc1a3e6424e44f438a95007d043ed5ceaaf6" "metadata" "--manifest-path" "Cargo.toml" "--no-deps", kill_on_drop: false }`
[INFO] crate git repo https://github.com/jtblack19071000-art/turborepo already has a lockfile, it will not be regenerated
[INFO] running `Command { std: CARGO_HOME="/workspace/cargo-home" RUSTUP_HOME="/workspace/rustup-home" "/workspace/cargo-home/bin/cargo" "+3154cc1a3e6424e44f438a95007d043ed5ceaaf6" "fetch" "--manifest-path" "Cargo.toml", kill_on_drop: false }`
[INFO] [stderr] warning: missing `[lints]` to inherit `[workspace.lints]`
[INFO] [stderr]   --> crates/turbo-tasks-macros-tests/Cargo.toml
[INFO] [stderr]    = note: `cargo::missing_lints_inheritance` is set to `warn` by default
[INFO] [stderr] help: to inherit `workspace.lints, add:
[INFO] [stderr]    |
[INFO] [stderr] 18 ~ turbo-tasks-build = { workspace = true }
[INFO] [stderr] 19 + [lints]
[INFO] [stderr] 20 + workspace = true
[INFO] [stderr]    |
[INFO] [stderr] help: to clarify your intent to not inherit, add:
[INFO] [stderr]    |
[INFO] [stderr] 18 ~ turbo-tasks-build = { workspace = true }
[INFO] [stderr] 19 + [lints]
[INFO] [stderr]    |
[INFO] [stderr] warning: `turbo-tasks-macros-tests` (manifest) generated 1 warning
[INFO] [stderr] warning: missing `[lints]` to inherit `[workspace.lints]`
[INFO] [stderr]   --> crates/turborepo-vt100/Cargo.toml
[INFO] [stderr]    = note: `cargo::missing_lints_inheritance` is set to `warn` by default
[INFO] [stderr] help: to inherit `workspace.lints, add:
[INFO] [stderr]    |
[INFO] [stderr] 34 ~ vte = "0.11.1"
[INFO] [stderr] 35 + [lints]
[INFO] [stderr] 36 + workspace = true
[INFO] [stderr]    |
[INFO] [stderr] help: to clarify your intent to not inherit, add:
[INFO] [stderr]    |
[INFO] [stderr] 34 ~ vte = "0.11.1"
[INFO] [stderr] 35 + [lints]
[INFO] [stderr]    |
[INFO] [stderr] warning: `package.homepage` is redundant with `package.repository`
[INFO] [stderr]  --> crates/turborepo-vt100/Cargo.toml:8:12
[INFO] [stderr]   |
[INFO] [stderr] 8 | homepage = "https://github.com/doy/vt100-rust"
[INFO] [stderr]   |            ^^^^^^^^^^^^^^^^^^^^^^^^^^^^^^^^^^^
[INFO] [stderr] 9 | repository = "https://github.com/doy/vt100-rust"
[INFO] [stderr]   |              -----------------------------------
[INFO] [stderr]   |
[INFO] [stderr]   = note: `cargo::redundant_homepage` is set to `warn` by default
[INFO] [stderr] help: consider removing `package.homepage`
[INFO] [stderr] warning: `turborepo-vt100` (manifest) generated 2 warnings
[INFO] [stderr] warning: missing `[lints]` to inherit `[workspace.lints]`
[INFO] [stderr]   --> crates/turbo-tasks-signposter-sys/Cargo.toml
[INFO] [stderr]    = note: `cargo::missing_lints_inheritance` is set to `warn` by default
[INFO] [stderr] help: to inherit `workspace.lints, add:
[INFO] [stderr]    |
[INFO] [stderr] 12 ~ bindgen = "0.65.1"
[INFO] [stderr] 13 + [lints]
[INFO] [stderr] 14 + workspace = true
[INFO] [stderr]    |
[INFO] [stderr] help: to clarify your intent to not inherit, add:
[INFO] [stderr]    |
[INFO] [stderr] 12 ~ bindgen = "0.65.1"
[INFO] [stderr] 13 + [lints]
[INFO] [stderr]    |
[INFO] [stderr] warning: `signposter-sys` (manifest) generated 1 warning
[INFO] [stderr] warning: missing `[lints]` to inherit `[workspace.lints]`
[INFO] [stderr]   --> crates/turborepo-lsp/Cargo.toml
[INFO] [stderr]    = note: `cargo::missing_lints_inheritance` is set to `warn` by default
[INFO] [stderr] help: to inherit `workspace.lints, add:
[INFO] [stderr]    |
[INFO] [stderr] 26 ~ wax.workspace = true
[INFO] [stderr] 27 + [lints]
[INFO] [stderr] 28 + workspace = true
[INFO] [stderr]    |
[INFO] [stderr] help: to clarify your intent to not inherit, add:
[INFO] [stderr]    |
[INFO] [stderr] 26 ~ wax.workspace = true
[INFO] [stderr] 27 + [lints]
[INFO] [stderr]    |
[INFO] [stderr] warning: `turborepo-lsp` (manifest) generated 1 warning
[INFO] [stderr] warning: missing `[lints]` to inherit `[workspace.lints]`
[INFO] [stderr]   --> crates/turbopack-trace-server/Cargo.toml
[INFO] [stderr]    = note: `cargo::missing_lints_inheritance` is set to `warn` by default
[INFO] [stderr] help: to inherit `workspace.lints, add:
[INFO] [stderr]    |
[INFO] [stderr] 27 ~ zstd = { version = "0.13.0" }
[INFO] [stderr] 28 + [lints]
[INFO] [stderr] 29 + workspace = true
[INFO] [stderr]    |
[INFO] [stderr] help: to clarify your intent to not inherit, add:
[INFO] [stderr]    |
[INFO] [stderr] 27 ~ zstd = { version = "0.13.0" }
[INFO] [stderr] 28 + [lints]
[INFO] [stderr]    |
[INFO] [stderr] warning: `turbopack-trace-server` (manifest) generated 1 warning
[INFO] [stderr] warning: missing `[lints]` to inherit `[workspace.lints]`
[INFO] [stderr]   --> crates/turbo-tasks-malloc/Cargo.toml
[INFO] [stderr]    = note: `cargo::missing_lints_inheritance` is set to `warn` by default
[INFO] [stderr] help: to inherit `workspace.lints, add:
[INFO] [stderr]    |
[INFO] [stderr] 22 ~ default = ["custom_allocator"]
[INFO] [stderr] 23 + [lints]
[INFO] [stderr] 24 + workspace = true
[INFO] [stderr]    |
[INFO] [stderr] help: to clarify your intent to not inherit, add:
[INFO] [stderr]    |
[INFO] [stderr] 22 ~ default = ["custom_allocator"]
[INFO] [stderr] 23 + [lints]
[INFO] [stderr]    |
[INFO] [stderr] warning: `turbo-tasks-malloc` (manifest) generated 1 warning
[INFO] [stderr] warning: unused build dependency `build-target`
[INFO] [stderr]   --> crates/turborepo/Cargo.toml:20:1
[INFO] [stderr]    |
[INFO] [stderr] 20 | build-target = "0.4.0"
[INFO] [stderr]    | ^^^^^^^^^^^^^^^^^^^^^^
[INFO] [stderr]    |
[INFO] [stderr]    = note: `cargo::unused_dependencies` is set to `warn` by default
[INFO] [stderr] help: consider removing the dependency on `build-target`
[INFO] [stderr] warning: `turbo` (manifest) generated 1 warning
[INFO] [stderr] warning: missing `[lints]` to inherit `[workspace.lints]`
[INFO] [stderr]   --> crates/turbopack-trace-utils/Cargo.toml
[INFO] [stderr]    = note: `cargo::missing_lints_inheritance` is set to `warn` by default
[INFO] [stderr] help: to inherit `workspace.lints, add:
[INFO] [stderr]    |
[INFO] [stderr] 23 ~ turbo-tasks-malloc = { workspace = true }
[INFO] [stderr] 24 + [lints]
[INFO] [stderr] 25 + workspace = true
[INFO] [stderr]    |
[INFO] [stderr] help: to clarify your intent to not inherit, add:
[INFO] [stderr]    |
[INFO] [stderr] 23 ~ turbo-tasks-malloc = { workspace = true }
[INFO] [stderr] 24 + [lints]
[INFO] [stderr]    |
[INFO] [stderr] warning: `turbopack-trace-utils` (manifest) generated 1 warning
[INFO] [stderr] warning: missing `[lints]` to inherit `[workspace.lints]`
[INFO] [stderr]   --> crates/tower-uds/Cargo.toml
[INFO] [stderr]    = note: `cargo::missing_lints_inheritance` is set to `warn` by default
[INFO] [stderr] help: to inherit `workspace.lints, add:
[INFO] [stderr]    |
[INFO] [stderr] 17 ~ async-io = "1.12.0"
[INFO] [stderr] 18 + [lints]
[INFO] [stderr] 19 + workspace = true
[INFO] [stderr]    |
[INFO] [stderr] help: to clarify your intent to not inherit, add:
[INFO] [stderr]    |
[INFO] [stderr] 17 ~ async-io = "1.12.0"
[INFO] [stderr] 18 + [lints]
[INFO] [stderr]    |
[INFO] [stderr] warning: `tower-uds` (manifest) generated 1 warning
[INFO] [stderr]     Updating git repository `https://github.com/servo/pathfinder`
[INFO] [stderr]     Updating crates.io index
[INFO] [stderr]  Downloading crates ...
[INFO] [stderr]   Downloaded proc-macro2 v1.0.79
[INFO] [stderr]   Downloaded tabled_derive v0.5.0
[INFO] [stderr]   Downloaded unicode-width v0.1.10
[INFO] [stderr]   Downloaded crossbeam-deque v0.8.3
[INFO] [stderr]   Downloaded wasm-bindgen-shared v0.2.91
[INFO] [stderr]   Downloaded plotters-svg v0.3.3
[INFO] [stderr]   Downloaded plotters-backend v0.3.4
[INFO] [stderr]   Downloaded vte_generate_state_changes v0.1.1
[INFO] [stderr]   Downloaded signal-hook-mio v0.2.3
[INFO] [stderr]   Downloaded ahash v0.8.9
[INFO] [stderr]   Downloaded getrandom v0.2.10
[INFO] [stderr]   Downloaded wasm-bindgen-macro v0.2.91
[INFO] [stderr]   Downloaded windows-targets v0.48.1
[INFO] [stderr]   Downloaded unicode-bidi v0.3.13
[INFO] [stderr]   Downloaded thiserror-impl v1.0.58
[INFO] [stderr]   Downloaded terminal_size v0.3.0
[INFO] [stderr]   Downloaded clap_lex v0.7.0
[INFO] [stderr]   Downloaded itoa v1.0.9
[INFO] [stderr]   Downloaded hermit-abi v0.3.2
[INFO] [stderr]   Downloaded memoffset v0.9.0
[INFO] [stderr]   Downloaded float-ord v0.2.0
[INFO] [stderr]   Downloaded newline-converter v0.2.2
[INFO] [stderr]   Downloaded strsim v0.11.0
[INFO] [stderr]   Downloaded freetype v0.7.0
[INFO] [stderr]   Downloaded dwrote v0.11.0
[INFO] [stderr]   Downloaded simd-adler32 v0.3.5
[INFO] [stderr]   Downloaded core-graphics-types v0.1.1
[INFO] [stderr]   Downloaded anstyle v1.0.2
[INFO] [stderr]   Downloaded utf8parse v0.2.1
[INFO] [stderr]   Downloaded plotters-bitmap v0.3.2
[INFO] [stderr]   Downloaded redox_users v0.4.3
[INFO] [stderr]   Downloaded dyn-clone v1.0.11
[INFO] [stderr]   Downloaded form_urlencoded v1.2.0
[INFO] [stderr]   Downloaded yeslogic-fontconfig-sys v3.2.0
[INFO] [stderr]   Downloaded dlib v0.5.0
[INFO] [stderr]   Downloaded unicode-ident v1.0.11
[INFO] [stderr]   Downloaded bytecount v0.6.3
[INFO] [stderr]   Downloaded ryu v1.0.15
[INFO] [stderr]   Downloaded crossbeam-utils v0.8.16
[INFO] [stderr]   Downloaded either v1.10.0
[INFO] [stderr]   Downloaded fdeflate v0.3.0
[INFO] [stderr]   Downloaded byteorder v1.4.3
[INFO] [stderr]   Downloaded pkg-config v0.3.26
[INFO] [stderr]   Downloaded core-text v19.2.0
[INFO] [stderr]   Downloaded anstyle-query v1.0.0
[INFO] [stderr]   Downloaded anyhow v1.0.82
[INFO] [stderr]   Downloaded vte v0.10.1
[INFO] [stderr]   Downloaded ansi-str v0.5.0
[INFO] [stderr]   Downloaded wasm-bindgen-backend v0.2.91
[INFO] [stderr]   Downloaded value-bag v1.4.0
[INFO] [stderr]   Downloaded bytemuck v1.13.1
[INFO] [stderr]   Downloaded const-cstr v0.3.0
[INFO] [stderr]   Downloaded cmake v0.1.49
[INFO] [stderr]   Downloaded thiserror v1.0.58
[INFO] [stderr]   Downloaded core-foundation v0.9.3
[INFO] [stderr]   Downloaded core-foundation-sys v0.8.4
[INFO] [stderr]   Downloaded iana-time-zone v0.1.57
[INFO] [stderr]   Downloaded parking_lot_core v0.9.8
[INFO] [stderr]   Downloaded lock_api v0.4.10
[INFO] [stderr]   Downloaded clap_derive v4.5.0
[INFO] [stderr]   Downloaded backtrace v0.3.68
[INFO] [stderr]   Downloaded try-lock v0.2.4
[INFO] [stderr]   Downloaded serde_path_to_error v0.1.11
[INFO] [stderr]   Downloaded papergrid v0.7.1
[INFO] [stderr]   Downloaded ansitok v0.2.0
[INFO] [stderr]   Downloaded wasm-bindgen-macro-support v0.2.91
[INFO] [stderr]   Downloaded num-rational v0.4.1
[INFO] [stderr]   Downloaded jobserver v0.1.26
[INFO] [stderr]   Downloaded bitflags v2.5.0
[INFO] [stderr]   Downloaded httparse v1.8.0
[INFO] [stderr]   Downloaded clap v4.5.2
[INFO] [stderr]   Downloaded memchr v2.6.3
[INFO] [stderr]   Downloaded serde v1.0.201
[INFO] [stderr]   Downloaded serde_derive v1.0.201
[INFO] [stderr]   Downloaded rayon-core v1.11.0
[INFO] [stderr]   Downloaded crossbeam-epoch v0.9.15
[INFO] [stderr]   Downloaded bumpalo v3.13.0
[INFO] [stderr]   Downloaded js-sys v0.3.68
[INFO] [stderr]   Downloaded png v0.17.8
[INFO] [stderr]   Downloaded num-traits v0.2.16
[INFO] [stderr]   Downloaded weezl v0.1.8
[INFO] [stderr]   Downloaded font-kit v0.11.0
[INFO] [stderr]   Downloaded inquire v0.5.3
[INFO] [stderr]   Downloaded signal-hook v0.3.17
[INFO] [stderr]   Downloaded pest v2.7.9
[INFO] [stderr]   Downloaded port_scanner v0.1.5
[INFO] [stderr]   Downloaded security-framework-sys v2.8.0
[INFO] [stderr]   Downloaded hyper-rustls v0.23.2
[INFO] [stderr]   Downloaded serde_regex v1.1.0
[INFO] [stderr]   Downloaded crossbeam-channel v0.5.8
[INFO] [stderr]   Downloaded num-bigint v0.4.3
[INFO] [stderr]   Downloaded crossterm v0.25.0
[INFO] [stderr]   Downloaded textwrap v0.15.2
[INFO] [stderr]   Downloaded indicatif v0.17.3
[INFO] [stderr]   Downloaded webpki v0.22.0
[INFO] [stderr]   Downloaded security-framework v2.8.2
[INFO] [stderr]   Downloaded smawk v0.3.1
[INFO] [stderr]   Downloaded supports-color v2.1.0
[INFO] [stderr]   Downloaded supports-unicode v2.0.0
[INFO] [stderr]   Downloaded miette-derive v5.10.0
[INFO] [stderr]   Downloaded test-case-macros v3.0.0
[INFO] [stderr]   Downloaded const-random v0.1.17
[INFO] [stderr]   Downloaded castaway v0.2.2
[INFO] [stderr]   Downloaded sha1 v0.10.5
[INFO] [stderr]   Downloaded portable-atomic v0.3.19
[INFO] [stderr]   Downloaded biome_markup v0.5.7
[INFO] [stderr]   Downloaded serde_json v1.0.115
[INFO] [stderr]   Downloaded gimli v0.27.3
[INFO] [stderr]   Downloaded rust-ini v0.20.0
[INFO] [stderr]   Downloaded async-once-cell v0.5.3
[INFO] [stderr]   Downloaded json-strip-comments v1.0.2
[INFO] [stderr]   Downloaded const_format v0.2.30
[INFO] [stderr]   Downloaded text-block-macros v0.1.1
[INFO] [stderr]   Downloaded derive_more v0.99.17
[INFO] [stderr]   Downloaded camino v1.1.6
[INFO] [stderr]   Downloaded async-process v1.6.0
[INFO] [stderr]   Downloaded async-stream-impl v0.3.4
[INFO] [stderr]   Downloaded tabled v0.10.0
[INFO] [stderr]   Downloaded ttf-parser v0.15.2
[INFO] [stderr]   Downloaded addr2line v0.20.0
[INFO] [stderr]   Downloaded fastrand v2.0.0
[INFO] [stderr]   Downloaded tardar v0.1.0
[INFO] [stderr]   Downloaded miette v5.10.0
[INFO] [stderr]   Downloaded terminal_size v0.1.17
[INFO] [stderr]   Downloaded dunce v1.0.4
[INFO] [stderr]   Downloaded pipe-trait v0.4.0
[INFO] [stderr]   Downloaded test-case v3.1.0
[INFO] [stderr]   Downloaded node-semver v2.1.0
[INFO] [stderr]   Downloaded napi-sys v2.3.0
[INFO] [stderr]   Downloaded ctor v0.2.0
[INFO] [stderr]   Downloaded indoc v2.0.1
[INFO] [stderr]   Downloaded httpmock v0.6.8
[INFO] [stderr]   Downloaded async-object-pool v0.1.4
[INFO] [stderr]   Downloaded blocking v1.3.0
[INFO] [stderr]   Downloaded ignore v0.4.22
[INFO] [stderr]   Downloaded globset v0.4.14
[INFO] [stderr]   Downloaded schemars_derive v0.8.16
[INFO] [stderr]   Downloaded serde_derive_internals v0.26.0
[INFO] [stderr]   Downloaded tiny-gradient v0.1.0
[INFO] [stderr]   Downloaded struct_iterable_internal v0.1.1
[INFO] [stderr]   Downloaded struct_iterable_derive v0.1.0
[INFO] [stderr]   Downloaded erased-serde v0.3.25
[INFO] [stderr]   Downloaded shared_child v1.0.0
[INFO] [stderr]   Downloaded symbolic-common v12.4.1
[INFO] [stderr]   Downloaded portable-pty v0.8.1
[INFO] [stderr]   Downloaded serial v0.4.0
[INFO] [stderr]   Downloaded wasm-bindgen v0.2.91
[INFO] [stderr]   Downloaded plotters v0.3.4
[INFO] [stderr]   Downloaded colorchoice v1.0.0
[INFO] [stderr]   Downloaded vec1 v1.10.1
[INFO] [stderr]   Downloaded is-terminal v0.4.9
[INFO] [stderr]   Downloaded const_format_proc_macros v0.2.29
[INFO] [stderr]   Downloaded build-fs-tree v0.6.0
[INFO] [stderr]   Downloaded test-case-core v3.0.0
[INFO] [stderr]   Downloaded fs-err v2.9.0
[INFO] [stderr]   Downloaded pretty_assertions v1.4.0
[INFO] [stderr]   Downloaded pest_generator v2.7.9
[INFO] [stderr]   Downloaded typenum v1.16.0
[INFO] [stderr]   Downloaded cpufeatures v0.2.9
[INFO] [stderr]   Downloaded ucd-trie v0.1.6
[INFO] [stderr]   Downloaded petgraph v0.6.3
[INFO] [stderr]   Downloaded lazy-regex v2.5.0
[INFO] [stderr]   Downloaded lazy-regex-proc_macros v2.4.1
[INFO] [stderr]   Downloaded napi-derive v2.15.0
[INFO] [stderr]   Downloaded napi-build v2.0.1
[INFO] [stderr]   Downloaded napi v2.15.0
[INFO] [stderr]   Downloaded raw-window-handle v0.5.1
[INFO] [stderr]   Downloaded uds_windows v1.0.2
[INFO] [stderr]   Downloaded want v0.3.0
[INFO] [stderr]   Downloaded httpdate v1.0.2
[INFO] [stderr]   Downloaded http v0.2.11
[INFO] [stderr]   Downloaded axum-core v0.3.3
[INFO] [stderr]   Downloaded stability v0.1.1
[INFO] [stderr]   Downloaded lru v0.12.2
[INFO] [stderr]   Downloaded quickcheck v1.0.3
[INFO] [stderr]   Downloaded env_logger v0.8.4
[INFO] [stderr]   Downloaded zeroize v1.6.0
[INFO] [stderr]   Downloaded wasm-bindgen-futures v0.4.41
[INFO] [stderr]   Downloaded native-tls v0.2.11
[INFO] [stderr]   Downloaded openssl-macros v0.1.0
[INFO] [stderr]   Downloaded ipnet v2.7.1
[INFO] [stderr]   Downloaded oxc_resolver v1.5.4
[INFO] [stderr]   Downloaded base-encode v0.3.1
[INFO] [stderr]   Downloaded pprof v0.12.1
[INFO] [stderr]   Downloaded cpp_demangle v0.4.3
[INFO] [stderr]   Downloaded serial-unix v0.4.0
[INFO] [stderr]   Downloaded rayon v1.7.0
[INFO] [stderr]   Downloaded chrono v0.4.31
[INFO] [stderr]   Downloaded clap_builder v4.5.2
[INFO] [stderr]   Downloaded anstream v0.6.13
[INFO] [stderr]   Downloaded anstyle-wincon v3.0.1
[INFO] [stderr]   Downloaded anstyle-parse v0.2.1
[INFO] [stderr]   Downloaded url v2.4.1
[INFO] [stderr]   Downloaded percent-encoding v2.3.0
[INFO] [stderr]   Downloaded object v0.31.1
[INFO] [stderr]   Downloaded which v4.4.0
[INFO] [stderr]   Downloaded tempfile v3.8.0
[INFO] [stderr]   Downloaded supports-hyperlinks v2.1.0
[INFO] [stderr]   Downloaded is_ci v1.1.1
[INFO] [stderr]   Downloaded pori v0.0.0
[INFO] [stderr]   Downloaded serde_yaml v0.9.27
[INFO] [stderr]   Downloaded unsafe-libyaml v0.2.8
[INFO] [stderr]   Downloaded pest_derive v2.7.9
[INFO] [stderr]   Downloaded pest_meta v2.7.9
[INFO] [stderr]   Downloaded ordered-multimap v0.7.1
[INFO] [stderr]   Downloaded napi-derive-backend v1.0.60
[INFO] [stderr]   Downloaded webbrowser v0.8.8
[INFO] [stderr]   Downloaded console v0.15.7
[INFO] [stderr]   Downloaded axum-server v0.4.7
[INFO] [stderr]   Downloaded http-body v0.4.5
[INFO] [stderr]   Downloaded tokio-util v0.7.10
[INFO] [stderr]   Downloaded rustversion v1.0.14
[INFO] [stderr]   Downloaded matchit v0.7.0
[INFO] [stderr]   Downloaded async-trait v0.1.73
[INFO] [stderr]   Downloaded vte v0.11.1
[INFO] [stderr]   Downloaded tui-term v0.1.9
[INFO] [stderr]   Downloaded strum_macros v0.26.1
[INFO] [stderr]   Downloaded compact_str v0.7.1
[INFO] [stderr]   Downloaded terminal_size v0.2.6
[INFO] [stderr]   Downloaded wasm-streams v0.2.3
[INFO] [stderr]   Downloaded sct v0.7.0
[INFO] [stderr]   Downloaded schannel v0.1.21
[INFO] [stderr]   Downloaded polling v2.6.0
[INFO] [stderr]   Downloaded parking v2.0.0
[INFO] [stderr]   Downloaded atomic-waker v1.1.0
[INFO] [stderr]   Downloaded async-lock v2.7.0
[INFO] [stderr]   Downloaded async-global-executor v2.3.1
[INFO] [stderr]   Downloaded pathdiff v0.2.1
[INFO] [stderr]   Downloaded tracing-test v0.2.4
[INFO] [stderr]   Downloaded ureq v2.9.1
[INFO] [stderr]   Downloaded prost v0.12.3
[INFO] [stderr]   Downloaded struct_iterable v0.1.1
[INFO] [stderr]   Downloaded serial-core v0.4.0
[INFO] [stderr]   Downloaded go-parse-duration v0.1.1
[INFO] [stderr]   Downloaded merge-streams v0.1.2
[INFO] [stderr]   Downloaded ctrlc v3.4.0
[INFO] [stderr]   Downloaded generator v0.8.1
[INFO] [stderr]   Downloaded swc_eq_ignore_macros v0.1.3
[INFO] [stderr]   Downloaded swc_atoms v0.6.7
[INFO] [stderr]   Downloaded bytecheck_derive v0.6.11
[INFO] [stderr]   Downloaded syn v2.0.58
[INFO] [stderr]   Downloaded image v0.24.6
[INFO] [stderr]   Downloaded regex v1.10.4
[INFO] [stderr]   Downloaded tokio v1.37.0
[INFO] [stderr]   Downloaded insta v1.34.0
[INFO] [stderr]   Downloaded h2 v0.3.24
[INFO] [stderr]   Downloaded axum v0.6.12
[INFO] [stderr]   Downloaded ratatui v0.26.1
[INFO] [stderr]   Downloaded strum v0.26.1
[INFO] [stderr]   Downloaded crossterm v0.27.0
[INFO] [stderr]   Downloaded uuid v1.5.0
[INFO] [stderr]   Downloaded openssl-sys v0.9.82
[INFO] [stderr]   Downloaded rustls-pemfile v1.0.2
[INFO] [stderr]   Downloaded base64 v0.21.4
[INFO] [stderr]   Downloaded sluice v0.5.5
[INFO] [stderr]   Downloaded futures-lite v1.12.0
[INFO] [stderr]   Downloaded castaway v0.1.2
[INFO] [stderr]   Downloaded async-task v4.3.0
[INFO] [stderr]   Downloaded socket2 v0.4.9
[INFO] [stderr]   Downloaded async-executor v1.5.0
[INFO] [stderr]   Downloaded tracing-test-macro v0.2.4
[INFO] [stderr]   Downloaded tracing-serde v0.1.3
[INFO] [stderr]   Downloaded time v0.3.30
[INFO] [stderr]   Downloaded tonic-build v0.8.4
[INFO] [stderr]   Downloaded prost-build v0.11.8
[INFO] [stderr]   Downloaded prettyplease v0.1.25
[INFO] [stderr]   Downloaded serial-windows v0.4.0
[INFO] [stderr]   Downloaded termios v0.2.2
[INFO] [stderr]   Downloaded clap_complete v4.5.1
[INFO] [stderr]   Downloaded capnpc v0.18.0
[INFO] [stderr]   Downloaded capnp v0.18.1
[INFO] [stderr]   Downloaded serde_test v1.0.157
[INFO] [stderr]   Downloaded mopa v0.2.2
[INFO] [stderr]   Downloaded windows-result v0.1.1
[INFO] [stderr]   Downloaded criterion v0.4.0
[INFO] [stderr]   Downloaded clap v3.2.23
[INFO] [stderr]   Downloaded textwrap v0.16.0
[INFO] [stderr]   Downloaded ciborium v0.2.0
[INFO] [stderr]   Downloaded triomphe v0.1.11
[INFO] [stderr]   Downloaded phf v0.11.2
[INFO] [stderr]   Downloaded phf_shared v0.11.2
[INFO] [stderr]   Downloaded from_variant v0.1.8
[INFO] [stderr]   Downloaded windows_aarch64_gnullvm v0.48.0
[INFO] [stderr]   Downloaded crossterm v0.26.1
[INFO] [stderr]   Downloaded reqwest v0.11.17
[INFO] [stderr]   Downloaded levenshtein v1.0.5
[INFO] [stderr]   Downloaded isahc v1.7.2
[INFO] [stderr]   Downloaded waker-fn v1.1.0
[INFO] [stderr]   Downloaded curl v0.4.46
[INFO] [stderr]   Downloaded git2 v0.16.1
[INFO] [stderr]   Downloaded sharded-slab v0.1.4
[INFO] [stderr]   Downloaded memoffset v0.8.0
[INFO] [stderr]   Downloaded biome_text_size v0.5.7
[INFO] [stderr]   Downloaded biome_text_edit v0.5.7
[INFO] [stderr]   Downloaded biome_json_syntax v0.5.7
[INFO] [stderr]   Downloaded biome_json_parser v0.5.7
[INFO] [stderr]   Downloaded biome_unicode_table v0.5.7
[INFO] [stderr]   Downloaded biome_parser v0.5.7
[INFO] [stderr]   Downloaded drop_bomb v0.1.5
[INFO] [stderr]   Downloaded biome_diagnostics v0.5.7
[INFO] [stderr]   Downloaded termcolor v1.2.0
[INFO] [stderr]   Downloaded bpaf_derive v0.5.7
[INFO] [stderr]   Downloaded biome_diagnostics_macros v0.5.7
[INFO] [stderr]   Downloaded biome_diagnostics_categories v0.5.7
[INFO] [stderr]   Downloaded biome_console v0.5.7
[INFO] [stderr]   Downloaded schemars v0.8.16
[INFO] [stderr]   Downloaded biome_json_factory v0.5.7
[INFO] [stderr]   Downloaded biome_deserialize_macros v0.5.7
[INFO] [stderr]   Downloaded update-informer v1.1.0
[INFO] [stderr]   Downloaded tracing-appender v0.2.2
[INFO] [stderr]   Downloaded time-macros v0.2.15
[INFO] [stderr]   Downloaded deranged v0.3.9
[INFO] [stderr]   Downloaded prost-types v0.11.8
[INFO] [stderr]   Downloaded prost v0.11.8
[INFO] [stderr]   Downloaded prost-derive v0.11.8
[INFO] [stderr]   Downloaded multimap v0.8.3
[INFO] [stderr]   Downloaded prost-derive v0.12.3
[INFO] [stderr]   Downloaded tokio-io-timeout v1.2.0
[INFO] [stderr]   Downloaded async-stream v0.3.4
[INFO] [stderr]   Downloaded tabwriter v1.3.0
[INFO] [stderr]   Downloaded sysinfo v0.27.8
[INFO] [stderr]   Downloaded svix-ksuid v0.7.0
[INFO] [stderr]   Downloaded symbolic-demangle v12.4.1
[INFO] [stderr]   Downloaded tower-lsp-macros v0.9.0
[INFO] [stderr]   Downloaded lsp-types v0.94.1
[INFO] [stderr]   Downloaded serde_repr v0.1.17
[INFO] [stderr]   Downloaded auto_impl v1.2.0
[INFO] [stderr]   Downloaded jsonc-parser v0.23.0
[INFO] [stderr]   Downloaded crop v0.4.1
[INFO] [stderr]   Downloaded str_indices v0.4.3
[INFO] [stderr]   Downloaded swc_core v0.92.5
[INFO] [stderr]   Downloaded testing_macros v0.2.13
[INFO] [stderr]   Downloaded swc_common v0.33.26
[INFO] [stderr]   Downloaded sourcemap v8.0.1
[INFO] [stderr]   Downloaded windows_x86_64_gnullvm v0.48.0
[INFO] [stderr]   Downloaded rustix v0.38.31
[INFO] [stderr]   Downloaded rustix v0.37.23
[INFO] [stderr]   Downloaded zstd-safe v6.0.5+zstd.1.5.4
[INFO] [stderr]   Downloaded xattr v1.3.1
[INFO] [stderr]   Downloaded os_str_bytes v6.5.0
[INFO] [stderr]   Downloaded webpki-roots v0.25.3
[INFO] [stderr]   Downloaded rustls v0.21.10
[INFO] [stderr]   Downloaded human_format v1.1.0
[INFO] [stderr]   Downloaded command-group v2.1.0
[INFO] [stderr]   Downloaded file-id v0.2.1
[INFO] [stderr]   Downloaded include_dir v0.7.3
[INFO] [stderr]   Downloaded include_dir_macros v0.7.3
[INFO] [stderr]   Downloaded futures-retry v0.6.0
[INFO] [stderr]   Downloaded vergen v8.2.6
[INFO] [stderr]   Downloaded swc_error_reporters v0.17.20
[INFO] [stderr]   Downloaded swc_visit_macros v0.5.12
[INFO] [stderr]   Downloaded rend v0.4.0
[INFO] [stderr]   Downloaded bytecheck v0.6.11
[INFO] [stderr]   Downloaded hstr v0.2.8
[INFO] [stderr]   Downloaded unicode-id-start v1.0.4
[INFO] [stderr]   Downloaded data-encoding v2.4.0
[INFO] [stderr]   Downloaded better_scoped_tls v0.1.1
[INFO] [stderr]   Downloaded ast_node v0.9.8
[INFO] [stderr]   Downloaded supports-unicode v1.0.2
[INFO] [stderr]   Downloaded supports-hyperlinks v1.2.0
[INFO] [stderr]   Downloaded supports-color v1.3.1
[INFO] [stderr]   Downloaded cargo-platform v0.1.3
[INFO] [stderr]   Downloaded nix v0.26.2
[INFO] [stderr]   Downloaded openssl v0.10.47
[INFO] [stderr]   Downloaded async-std v1.12.0
[INFO] [stderr]   Downloaded bstr v1.8.0
[INFO] [stderr]   Downloaded zstd v0.12.3+zstd.1.5.2
[INFO] [stderr]   Downloaded tar v0.4.40
[INFO] [stderr]   Downloaded tracing-chrome v0.7.1
[INFO] [stderr]   Downloaded ioctl-rs v0.1.6
[INFO] [stderr]   Downloaded filedescriptor v0.8.2
[INFO] [stderr]   Downloaded jsonc-parser v0.21.0
[INFO] [stderr]   Downloaded embedded-io v0.5.0
[INFO] [stderr]   Downloaded dotenvs v0.1.0
[INFO] [stderr]   Downloaded testing v0.35.25
[INFO] [stderr]   Downloaded relative-path v1.9.0
[INFO] [stderr]   Downloaded swc_visit v0.5.14
[INFO] [stderr]   Downloaded swc_macros_common v0.3.11
[INFO] [stderr]   Downloaded simdutf8 v0.1.4
[INFO] [stderr]   Downloaded phf_generator v0.11.2
[INFO] [stderr]   Downloaded new_debug_unreachable v1.0.4
[INFO] [stderr]   Downloaded miette v4.7.1
[INFO] [stderr]   Downloaded miette-derive v4.7.1
[INFO] [stderr]   Downloaded difference v2.0.0
[INFO] [stderr]   Downloaded swc_plugin_runner v0.107.1
[INFO] [stderr]   Downloaded enumset v1.1.2
[INFO] [stderr]   Downloaded enumset_derive v0.8.1
[INFO] [stderr]   Downloaded darling_macro v0.20.1
[INFO] [stderr]   Downloaded darling_core v0.20.1
[INFO] [stderr]   Downloaded enum-iterator v0.7.0
[INFO] [stderr]   Downloaded enum-iterator-derive v0.7.0
[INFO] [stderr]   Downloaded wasmer-derive v4.2.5
[INFO] [stderr]   Downloaded wasmer v4.2.5
[INFO] [stderr]   Downloaded wasm-encoder v0.32.0
[INFO] [stderr]   Downloaded wasmer-vm v4.2.5
[INFO] [stderr]   Downloaded corosensei v0.1.4
[INFO] [stderr]   Downloaded windows_i686_msvc v0.33.0
[INFO] [stderr]   Downloaded wasmer-compiler v4.2.5
[INFO] [stderr]   Downloaded self_cell v1.0.3
[INFO] [stderr]   Downloaded atomic-polyfill v0.1.11
[INFO] [stderr]   Downloaded filetime v0.2.22
[INFO] [stderr]   Downloaded libm v0.2.6
[INFO] [stderr]   Downloaded capnp v0.17.2
[INFO] [stderr]   Downloaded darling v0.20.1
[INFO] [stderr]   Downloaded wat v1.0.71
[INFO] [stderr]   Downloaded wast v64.0.0
[INFO] [stderr]   Downloaded wasmparser v0.95.0
[INFO] [stderr]   Downloaded wasmparser v0.83.0
[INFO] [stderr]   Downloaded region v3.0.0
[INFO] [stderr]   Downloaded crossbeam-queue v0.3.8
[INFO] [stderr]   Downloaded windows_i686_gnu v0.33.0
[INFO] [stderr]   Downloaded wasmer-compiler-cranelift v4.2.5
[INFO] [stderr]   Downloaded cranelift-frontend v0.91.1
[INFO] [stderr]   Downloaded regalloc2 v0.5.1
[INFO] [stderr]   Downloaded replace_with v0.1.7
[INFO] [stderr]   Downloaded cooked-waker v5.0.0
[INFO] [stderr]   Downloaded tikv-jemallocator v0.5.4
[INFO] [stderr]   Downloaded swc_ecma_transforms_compat v0.164.1
[INFO] [stderr]   Downloaded gif v0.11.4
[INFO] [stderr]   Downloaded windows_aarch64_msvc v0.48.0
[INFO] [stderr]   Downloaded async-channel v1.8.0
[INFO] [stderr]   Downloaded concurrent-queue v2.1.0
[INFO] [stderr]   Downloaded tokio-scoped v0.2.0
[INFO] [stderr]   Downloaded notify v6.1.1
[INFO] [stderr]   Downloaded kqueue v1.0.8
[INFO] [stderr]   Downloaded inotify v0.9.6
[INFO] [stderr]   Downloaded biome_deserialize v0.5.7
[INFO] [stderr]   Downloaded unicase v2.6.0
[INFO] [stderr]   Downloaded wai-bindgen-rust v0.2.3
[INFO] [stderr]   Downloaded wai-bindgen-rust-impl v0.2.3
[INFO] [stderr]   Downloaded wai-bindgen-gen-rust-wasm v0.2.3
[INFO] [stderr]   Downloaded wai-bindgen-gen-core v0.2.3
[INFO] [stderr]   Downloaded urlencoding v2.1.2
[INFO] [stderr]   Downloaded critical-section v1.1.1
[INFO] [stderr]   Downloaded wasmer-cache v4.2.5
[INFO] [stderr]   Downloaded constant_time_eq v0.2.5
[INFO] [stderr]   Downloaded swc_plugin_proxy v0.42.1
[INFO] [stderr]   Downloaded swc_trace_macro v0.1.3
[INFO] [stderr]   Downloaded swc_ecma_ast v0.113.4
[INFO] [stderr]   Downloaded swc_malloc v0.5.10
[INFO] [stderr]   Downloaded mimalloc-rust v0.2.1
[INFO] [stderr]   Downloaded mimalloc-rust-sys v1.7.9-source
[INFO] [stderr]   Downloaded cty v0.2.2
[INFO] [stderr]   Downloaded swc_ecma_visit v0.99.1
[INFO] [stderr]   Downloaded swc_ecma_transforms_react v0.184.1
[INFO] [stderr]   Downloaded web-sys v0.3.68
[INFO] [stderr]   Downloaded jpeg-decoder v0.3.0
[INFO] [stderr]   Downloaded windows_x86_64_msvc v0.48.0
[INFO] [stderr]   Downloaded windows_x86_64_gnu v0.48.0
[INFO] [stderr]   Downloaded windows_i686_msvc v0.48.0
[INFO] [stderr]   Downloaded windows_i686_gnu v0.48.0
[INFO] [stderr]   Downloaded biome_rowan v0.5.7
[INFO] [stderr]   Downloaded bpaf v0.9.8
[INFO] [stderr]   Downloaded nix v0.25.1
[INFO] [stderr]   Downloaded windows_x86_64_msvc v0.33.0
[INFO] [stderr]   Downloaded windows_x86_64_gnu v0.33.0
[INFO] [stderr]   Downloaded windows_aarch64_msvc v0.33.0
[INFO] [stderr]   Downloaded cranelift-codegen v0.91.1
[INFO] [stderr]   Downloaded wai-bindgen-gen-rust v0.2.3
[INFO] [stderr]   Downloaded wai-bindgen-wasmer v0.18.0
[INFO] [stderr]   Downloaded wai-bindgen-wasmer-impl v0.2.3
[INFO] [stderr]   Downloaded wai-bindgen-gen-wasmer v0.2.3
[INFO] [stderr]   Downloaded virtual-net v0.6.2
[INFO] [stderr]   Downloaded virtual-mio v0.3.0
[INFO] [stderr]   Downloaded virtual-fs v0.11.1
[INFO] [stderr]   Downloaded term_size v0.3.2
[INFO] [stderr]   Downloaded serde_yaml v0.8.26
[INFO] [stderr]   Downloaded rusty_pool v0.7.0
[INFO] [stderr]   Downloaded linked_hash_set v0.1.4
[INFO] [stderr]   Downloaded heapless v0.7.16
[INFO] [stderr]   Downloaded blake3 v1.3.3
[INFO] [stderr]   Downloaded string_enum v0.4.4
[INFO] [stderr]   Downloaded is-macro v0.3.5
[INFO] [stderr]   Downloaded swc_nodejs_common v0.0.8
[INFO] [stderr]   Downloaded unicode-id v0.3.3
[INFO] [stderr]   Downloaded swc_ecma_transforms_macros v0.5.5
[INFO] [stderr]   Downloaded swc_ecma_transforms_proposal v0.172.3
[INFO] [stderr]   Downloaded swc_fast_graph v0.21.22
[INFO] [stderr]   Downloaded swc_ecma_transforms_module v0.181.2
[INFO] [stderr]   Downloaded normpath v0.2.0
[INFO] [stderr]   Downloaded swc_ecma_transforms v0.230.1
[INFO] [stderr]   Downloaded assert_cmd v2.0.11
[INFO] [stderr]   Downloaded wait-timeout v0.2.0
[INFO] [stderr]   Downloaded predicates v3.0.3
[INFO] [stderr]   Downloaded tower-lsp v0.20.0
[INFO] [stderr]   Downloaded swc_ecma_codegen v0.149.1
[INFO] [stderr]   Downloaded swc_ecma_codegen_macros v0.7.6
[INFO] [stderr]   Downloaded swc_ecma_transforms_classes v0.127.1
[INFO] [stderr]   Downloaded swc_ecma_transforms_optimization v0.199.1
[INFO] [stderr]   Downloaded swc_ecma_loader v0.45.28
[INFO] [stderr]   Downloaded path-clean v0.1.0
[INFO] [stderr]   Downloaded lru v0.10.0
[INFO] [stderr]   Downloaded swc_ecma_preset_env v0.207.1
[INFO] [stderr]   Downloaded swc_ecma_compat_es3 v0.5.1
[INFO] [stderr]   Downloaded swc_ecma_compat_es2022 v0.5.2
[INFO] [stderr]   Downloaded swc_ecma_compat_common v0.5.1
[INFO] [stderr]   Downloaded zstd-sys v2.0.10+zstd.1.5.6
[INFO] [stderr]   Downloaded tikv-jemalloc-sys v0.5.4+5.3.0-patched
[INFO] [stderr]   Downloaded swc_ecma_transforms_typescript v0.189.1
[INFO] [stderr]   Downloaded preset_env_base v0.4.13
[INFO] [stderr]   Downloaded string_cache v0.8.7
[INFO] [stderr]   Downloaded wasmparser v0.110.0
[INFO] [stderr]   Downloaded encoding_rs v0.8.32
[INFO] [stderr]   Downloaded swc_css_codegen v0.151.35
[INFO] [stderr]   Downloaded swc_graph_analyzer v0.22.23
[INFO] [stderr]   Downloaded linux-raw-sys v0.4.13
[INFO] [stderr]   Downloaded human-panic v1.2.1
[INFO] [stderr]   Downloaded windows-sys v0.33.0
[INFO] [stderr]   Downloaded freetype-sys v0.13.1
[INFO] [stderr]   Downloaded browserslist-rs v0.15.0
[INFO] [stderr]   Downloaded string_cache_codegen v0.5.2
[INFO] [stderr]   Downloaded swc_ecma_minifier v0.194.5
[INFO] [stderr]   Downloaded swc_timer v0.21.22
[INFO] [stderr]   Downloaded swc_ecma_usage_analyzer v0.24.2
[INFO] [stderr]   Downloaded swc_ecma_lints v0.93.1
[INFO] [stderr]   Downloaded swc_css_visit v0.139.22
[INFO] [stderr]   Downloaded swc_css_ast v0.140.23
[INFO] [stderr]   Downloaded swc_css_utils v0.137.23
[INFO] [stderr]   Downloaded swc_css_codegen_macros v0.2.4
[INFO] [stderr]   Downloaded swc_css_compat v0.27.35
[INFO] [stderr]   Downloaded swc_bundler v0.227.0
[INFO] [stderr]   Downloaded crc v2.1.0
[INFO] [stderr]   Downloaded crc-catalog v1.1.1
[INFO] [stderr]   Downloaded swc v0.275.1
[INFO] [stderr]   Downloaded swc_node_comments v0.20.20
[INFO] [stderr]   Downloaded swc_ecma_ext_transforms v0.114.1
[INFO] [stderr]   Downloaded binding_macros v0.66.0
[INFO] [stderr]   Downloaded patricia_tree v0.5.5
[INFO] [stderr]   Downloaded async-recursion v1.0.4
[INFO] [stderr]   Downloaded parcel_selectors v0.26.5
[INFO] [stderr]   Downloaded static-self v0.1.1
[INFO] [stderr]   Downloaded serde_qs v0.11.0
[INFO] [stderr]   Downloaded hyper-tungstenite v0.9.0
[INFO] [stderr]   Downloaded tungstenite v0.18.0
[INFO] [stderr]   Downloaded tokio-tungstenite v0.18.0
[INFO] [stderr]   Downloaded rstest_reuse v0.5.0
[INFO] [stderr]   Downloaded swc_relay v0.44.14
[INFO] [stderr]   Downloaded swc_css_prefixer v0.153.37
[INFO] [stderr]   Downloaded swc_css_minifier v0.116.34
[INFO] [stderr]   Downloaded ravif v0.11.2
[INFO] [stderr]   Downloaded rust_hawktracer v0.7.0
[INFO] [stderr]   Downloaded libgit2-sys v0.14.2+1.5.1
[INFO] [stderr]   Downloaded serde_spanned v0.6.3
[INFO] [stderr]   Downloaded os_info v3.7.0
[INFO] [stderr]   Downloaded build-target v0.4.0
[INFO] [stderr]   Downloaded md4 v0.10.2
[INFO] [stderr]   Downloaded rstest v0.16.0
[INFO] [stderr]   Downloaded ref-cast-impl v1.0.20
[INFO] [stderr]   Downloaded priority-queue v1.3.1
[INFO] [stderr]   Downloaded serde_bytes v0.11.9
[INFO] [stderr]   Downloaded async-compression v0.3.15
[INFO] [stderr]   Downloaded mdxjs v0.2.2
[INFO] [stderr]   Downloaded markdown v1.0.0-alpha.17
[INFO] [stderr]   Downloaded swc_emotion v0.72.13
[INFO] [stderr]   Downloaded styled_jsx v0.73.21
[INFO] [stderr]   Downloaded swc_plugin_macro v0.9.16
[INFO] [stderr]   Downloaded shlex v1.2.0
[INFO] [stderr]   Downloaded clang-sys v1.6.1
[INFO] [stderr]   Downloaded tonic v0.8.3
[INFO] [stderr]   Downloaded console-api v0.4.0
[INFO] [stderr]   Downloaded serde_with v2.3.2
[INFO] [stderr]   Downloaded serde_with_macros v2.3.2
[INFO] [stderr]   Downloaded zune-jpeg v0.4.11
[INFO] [stderr]   Downloaded y4m v0.7.0
[INFO] [stderr]   Downloaded v_frame v0.3.6
[INFO] [stderr]   Downloaded rust_hawktracer_proc_macro v0.4.1
[INFO] [stderr]   Downloaded libnghttp2-sys v0.1.10+1.61.0
[INFO] [stderr]   Downloaded winnow v0.5.15
[INFO] [stderr]   Downloaded mimalloc v0.1.34
[INFO] [stderr]   Downloaded rstest_macros v0.16.0
[INFO] [stderr]   Downloaded futures-timer v3.0.2
[INFO] [stderr]   Downloaded ref-cast v1.0.20
[INFO] [stderr]   Downloaded ciborium-ll v0.2.0
[INFO] [stderr]   Downloaded ciborium-io v0.2.0
[INFO] [stderr]   Downloaded notify-debouncer-full v0.3.1
[INFO] [stderr]   Downloaded prettyplease v0.2.4
[INFO] [stderr]   Downloaded console-subscriber v0.1.8
[INFO] [stderr]   Downloaded hdrhistogram v7.5.2
[INFO] [stderr]   Downloaded rgb v0.8.36
[INFO] [stderr]   Downloaded libz-sys v1.1.8
[INFO] [stderr]   Downloaded rkyv v0.7.44
[INFO] [stderr]   Downloaded phf_macros v0.11.2
[INFO] [stderr]   Downloaded swc_ecma_quote_macros v0.55.1
[INFO] [stderr]   Downloaded curl-sys v0.4.72+curl-8.6.0
[INFO] [stderr]   Downloaded rkyv_derive v0.7.44
[INFO] [stderr]   Downloaded swc_ecma_utils v0.128.1
[INFO] [stderr]   Downloaded ring v0.17.7
[INFO] [stderr]   Downloaded libmimalloc-sys v0.1.30
[INFO] [stderr]   Downloaded xxhash-rust v0.8.8
[INFO] [stderr]   Downloaded wasmer-toml v0.9.2
[INFO] [stderr]   Downloaded shared-buffer v0.1.4
[INFO] [stderr]   Downloaded memmap2 v0.6.2
[INFO] [stderr]   Downloaded wasmer-wasix-types v0.18.0
[INFO] [stderr]   Downloaded wasmer-types v4.2.5
[INFO] [stderr]   Downloaded target-lexicon v0.12.6
[INFO] [stderr]   Downloaded more-asserts v0.2.2
[INFO] [stderr]   Downloaded slice-group-by v0.3.0
[INFO] [stderr]   Downloaded cranelift-isle v0.91.1
[INFO] [stderr]   Downloaded cranelift-entity v0.91.1
[INFO] [stderr]   Downloaded cranelift-egraph v0.91.1
[INFO] [stderr]   Downloaded cranelift-codegen-shared v0.91.1
[INFO] [stderr]   Downloaded cranelift-codegen-meta v0.91.1
[INFO] [stderr]   Downloaded cranelift-bforest v0.91.1
[INFO] [stderr]   Downloaded serde-wasm-bindgen v0.4.5
[INFO] [stderr]   Downloaded wai-parser v0.2.3
[INFO] [stderr]   Downloaded pulldown-cmark v0.8.0
[INFO] [stderr]   Downloaded swc_css_parser v0.150.33
[INFO] [stderr]   Downloaded webc v5.8.1
[INFO] [stderr]   Downloaded swc_css_modules v0.29.36
[INFO] [stderr]   Downloaded swc_compiler_base v0.9.0
[INFO] [stderr]   Downloaded cfg-expr v0.15.4
[INFO] [stderr]   Downloaded bitstream-io v1.7.0
[INFO] [stderr]   Downloaded wasmer-wasix v0.18.0
[INFO] [stderr]   Downloaded swc_ecma_transforms_base v0.138.2
[INFO] [stderr]   Downloaded swc_ecma_parser v0.144.1
[INFO] [stderr]   Downloaded swc_config v0.1.13
[INFO] [stderr]   Downloaded swc_config_macro v0.1.4
[INFO] [stderr]   Downloaded swc_cached v0.3.20
[INFO] [stderr]   Downloaded sha-1 v0.10.0
[INFO] [stderr]   Downloaded ryu-js v1.0.0
[INFO] [stderr]   Downloaded swc_ecma_transforms_testing v0.141.1
[INFO] [stderr]   Downloaded swc_ecma_testing v0.22.23
[INFO] [stderr]   Downloaded swc_ecma_compat_es2021 v0.5.1
[INFO] [stderr]   Downloaded swc_ecma_compat_es2020 v0.5.1
[INFO] [stderr]   Downloaded swc_ecma_compat_es2019 v0.5.1
[INFO] [stderr]   Downloaded swc_ecma_compat_es2018 v0.5.1
[INFO] [stderr]   Downloaded swc_ecma_compat_es2017 v0.5.1
[INFO] [stderr]   Downloaded swc_ecma_compat_es2016 v0.5.1
[INFO] [stderr]   Downloaded swc_ecma_compat_es2015 v0.5.1
[INFO] [stderr]   Downloaded swc_ecma_compat_bugfixes v0.5.1
[INFO] [stderr]   Downloaded st-map v0.2.0
[INFO] [stderr]   Downloaded static-map-macro v0.3.0
[INFO] [stderr]   Downloaded pmutil v0.6.1
[INFO] [stderr]   Downloaded static-self-derive v0.1.1
[INFO] [stderr]   Downloaded phf_codegen v0.10.0
[INFO] [stderr]   Downloaded dtoa-short v0.3.4
[INFO] [stderr]   Downloaded lightningcss-derive v1.0.0-alpha.42
[INFO] [stderr]   Downloaded modularize_imports v0.68.14
[INFO] [stderr]   Downloaded postcard v1.0.4
[INFO] [stderr]   Downloaded cobs v0.2.3
[INFO] [stderr]   Downloaded chromiumoxide_pdl v0.5.0
[INFO] [stderr]   Downloaded async-tungstenite v0.19.0
[INFO] [stderr]   Downloaded rav1e v0.6.3
[INFO] [stderr]   Downloaded styled_components v0.96.15
[INFO] [stderr]   Downloaded zstd v0.13.1
[INFO] [stderr]   Downloaded portpicker v0.1.1
[INFO] [stderr]   Downloaded chromiumoxide v0.5.0
[INFO] [stderr]   Downloaded chromiumoxide_types v0.5.0
[INFO] [stderr]   Downloaded bindgen v0.65.1
[INFO] [stderr]   Downloaded imgref v1.9.4
[INFO] [stderr]   Downloaded zstd-safe v7.1.0
[INFO] [stderr]   Downloaded scan_fmt v0.2.6
[INFO] [stderr]   Downloaded av-metrics v0.9.1
[INFO] [stderr]   Downloaded libfuzzer-sys v0.3.5
[INFO] [stderr]   Downloaded ivf v0.1.1
[INFO] [stderr]   Downloaded image-webp v0.1.0
[INFO] [stderr]   Downloaded git2 v0.15.0
[INFO] [stderr]   Downloaded crossbeam v0.8.2
[INFO] [stderr]   Downloaded avif-serialize v0.8.1
[INFO] [stderr]   Downloaded gif v0.13.1
[INFO] [stderr]   Downloaded chromiumoxide_cdp v0.5.0
[INFO] [stderr]   Downloaded nasm-rs v0.2.5
[INFO] [stderr]   Downloaded const_fn_assert v0.1.2
[INFO] [stderr]   Downloaded arbitrary v0.4.7
[INFO] [stderr]   Downloaded loop9 v0.1.3
[INFO] [stderr]   Downloaded av1-grain v0.2.2
[INFO] [stderr]   Downloaded num-derive v0.4.0
[INFO] [stderr]   Downloaded system-deps v6.1.1
[INFO] [stderr]   Downloaded rust_hawktracer_normal_macro v0.4.1
[INFO] [stderr]   Downloaded fern v0.6.2
[INFO] [stderr]   Downloaded image v0.25.0
[INFO] [stderr]   Downloaded lightningcss v1.0.0-alpha.57
[INFO] running `Command { std: "docker" "create" "-v" "/var/lib/crater-agent-workspace/builds/worker-4-tc1/source:/opt/rustwide/workdir:ro,Z" "-v" "/var/lib/crater-agent-workspace/builds/worker-4-tc1/target:/opt/rustwide/target:rw,Z" "-v" "/var/lib/crater-agent-workspace/cargo-home:/opt/rustwide/cargo-home:ro,Z" "-v" "/var/lib/crater-agent-workspace/rustup-home:/opt/rustwide/rustup-home:ro,Z" "-m" "1610612736" "--network" "none" "ghcr.io/rust-lang/crates-build-env/linux@sha256:77db811e55d90add9212f6832c23229e3de5f1c1f9905e8cb07319ea15df73ac" "sleep" "infinity", kill_on_drop: false }`
[INFO] [stdout] 73d1009270cc45e63bcec33a999caf04349024759ee7aca3503e713138cbb576
[INFO] running `Command { std: "docker" "start" "73d1009270cc45e63bcec33a999caf04349024759ee7aca3503e713138cbb576", kill_on_drop: false }`
[INFO] running `Command { std: "docker" "inspect" "73d1009270cc45e63bcec33a999caf04349024759ee7aca3503e713138cbb576", kill_on_drop: false }`
[INFO] running `Command { std: "docker" "exec" "-e" "SOURCE_DIR=/opt/rustwide/workdir" "-e" "CARGO_HOME=/opt/rustwide/cargo-home" "-e" "RUSTUP_HOME=/opt/rustwide/rustup-home" "-e" "CARGO_TARGET_DIR=/opt/rustwide/target" "-w" "/opt/rustwide/workdir" "--user" "0:0" "73d1009270cc45e63bcec33a999caf04349024759ee7aca3503e713138cbb576" "/opt/rustwide/cargo-home/bin/cargo" "+3154cc1a3e6424e44f438a95007d043ed5ceaaf6" "metadata" "--no-deps" "--format-version=1", kill_on_drop: false }`
[INFO] running `Command { std: "docker" "inspect" "73d1009270cc45e63bcec33a999caf04349024759ee7aca3503e713138cbb576", kill_on_drop: false }`
[INFO] running `Command { std: "docker" "exec" "-e" "SOURCE_DIR=/opt/rustwide/workdir" "-e" "CARGO_HOME=/opt/rustwide/cargo-home" "-e" "RUSTUP_HOME=/opt/rustwide/rustup-home" "-e" "CARGO_TARGET_DIR=/opt/rustwide/target" "-e" "CARGO_INCREMENTAL=0" "-e" "RUST_BACKTRACE=full" "-e" "RUSTFLAGS=--cap-lints=forbid -Znext-solver=coherence" "-e" "RUSTDOCFLAGS=--cap-lints=forbid" "-w" "/opt/rustwide/workdir" "--user" "0:0" "73d1009270cc45e63bcec33a999caf04349024759ee7aca3503e713138cbb576" "/opt/rustwide/cargo-home/bin/cargo" "+3154cc1a3e6424e44f438a95007d043ed5ceaaf6" "check" "--frozen" "--all" "--all-targets" "--message-format=json", kill_on_drop: false }`
[INFO] [stderr] warning: missing `[lints]` to inherit `[workspace.lints]`
[INFO] [stderr]   --> crates/tower-uds/Cargo.toml
[INFO] [stderr]    = note: `cargo::missing_lints_inheritance` is set to `warn` by default
[INFO] [stderr] help: to inherit `workspace.lints, add:
[INFO] [stderr]    |
[INFO] [stderr] 17 ~ async-io = "1.12.0"
[INFO] [stderr] 18 + [lints]
[INFO] [stderr] 19 + workspace = true
[INFO] [stderr]    |
[INFO] [stderr] help: to clarify your intent to not inherit, add:
[INFO] [stderr]    |
[INFO] [stderr] 17 ~ async-io = "1.12.0"
[INFO] [stderr] 18 + [lints]
[INFO] [stderr]    |
[INFO] [stderr] warning: `tower-uds` (manifest) generated 1 warning
[INFO] [stderr] warning: missing `[lints]` to inherit `[workspace.lints]`
[INFO] [stderr]   --> crates/turbo-tasks-macros-tests/Cargo.toml
[INFO] [stderr]    = note: `cargo::missing_lints_inheritance` is set to `warn` by default
[INFO] [stderr] help: to inherit `workspace.lints, add:
[INFO] [stderr]    |
[INFO] [stderr] 18 ~ turbo-tasks-build = { workspace = true }
[INFO] [stderr] 19 + [lints]
[INFO] [stderr] 20 + workspace = true
[INFO] [stderr]    |
[INFO] [stderr] help: to clarify your intent to not inherit, add:
[INFO] [stderr]    |
[INFO] [stderr] 18 ~ turbo-tasks-build = { workspace = true }
[INFO] [stderr] 19 + [lints]
[INFO] [stderr]    |
[INFO] [stderr] warning: `turbo-tasks-macros-tests` (manifest) generated 1 warning
[INFO] [stderr] warning: missing `[lints]` to inherit `[workspace.lints]`
[INFO] [stderr]   --> crates/turborepo-vt100/Cargo.toml
[INFO] [stderr]    = note: `cargo::missing_lints_inheritance` is set to `warn` by default
[INFO] [stderr] help: to inherit `workspace.lints, add:
[INFO] [stderr]    |
[INFO] [stderr] 34 ~ vte = "0.11.1"
[INFO] [stderr] 35 + [lints]
[INFO] [stderr] 36 + workspace = true
[INFO] [stderr]    |
[INFO] [stderr] help: to clarify your intent to not inherit, add:
[INFO] [stderr]    |
[INFO] [stderr] 34 ~ vte = "0.11.1"
[INFO] [stderr] 35 + [lints]
[INFO] [stderr]    |
[INFO] [stderr] warning: `package.homepage` is redundant with `package.repository`
[INFO] [stderr]  --> crates/turborepo-vt100/Cargo.toml:8:12
[INFO] [stderr]   |
[INFO] [stderr] 8 | homepage = "https://github.com/doy/vt100-rust"
[INFO] [stderr]   |            ^^^^^^^^^^^^^^^^^^^^^^^^^^^^^^^^^^^
[INFO] [stderr] 9 | repository = "https://github.com/doy/vt100-rust"
[INFO] [stderr]   |              -----------------------------------
[INFO] [stderr]   |
[INFO] [stderr]   = note: `cargo::redundant_homepage` is set to `warn` by default
[INFO] [stderr] help: consider removing `package.homepage`
[INFO] [stderr] warning: `turborepo-vt100` (manifest) generated 2 warnings
[INFO] [stderr] warning: missing `[lints]` to inherit `[workspace.lints]`
[INFO] [stderr]   --> crates/turbo-tasks-signposter-sys/Cargo.toml
[INFO] [stderr]    = note: `cargo::missing_lints_inheritance` is set to `warn` by default
[INFO] [stderr] help: to inherit `workspace.lints, add:
[INFO] [stderr]    |
[INFO] [stderr] 12 ~ bindgen = "0.65.1"
[INFO] [stderr] 13 + [lints]
[INFO] [stderr] 14 + workspace = true
[INFO] [stderr]    |
[INFO] [stderr] help: to clarify your intent to not inherit, add:
[INFO] [stderr]    |
[INFO] [stderr] 12 ~ bindgen = "0.65.1"
[INFO] [stderr] 13 + [lints]
[INFO] [stderr]    |
[INFO] [stderr] warning: `signposter-sys` (manifest) generated 1 warning
[INFO] [stderr] warning: missing `[lints]` to inherit `[workspace.lints]`
[INFO] [stderr]   --> crates/turborepo-lsp/Cargo.toml
[INFO] [stderr]    = note: `cargo::missing_lints_inheritance` is set to `warn` by default
[INFO] [stderr] help: to inherit `workspace.lints, add:
[INFO] [stderr]    |
[INFO] [stderr] 26 ~ wax.workspace = true
[INFO] [stderr] 27 + [lints]
[INFO] [stderr] 28 + workspace = true
[INFO] [stderr]    |
[INFO] [stderr] help: to clarify your intent to not inherit, add:
[INFO] [stderr]    |
[INFO] [stderr] 26 ~ wax.workspace = true
[INFO] [stderr] 27 + [lints]
[INFO] [stderr]    |
[INFO] [stderr] warning: `turborepo-lsp` (manifest) generated 1 warning
[INFO] [stderr] warning: missing `[lints]` to inherit `[workspace.lints]`
[INFO] [stderr]   --> crates/turbopack-trace-server/Cargo.toml
[INFO] [stderr]    = note: `cargo::missing_lints_inheritance` is set to `warn` by default
[INFO] [stderr] help: to inherit `workspace.lints, add:
[INFO] [stderr]    |
[INFO] [stderr] 27 ~ zstd = { version = "0.13.0" }
[INFO] [stderr] 28 + [lints]
[INFO] [stderr] 29 + workspace = true
[INFO] [stderr]    |
[INFO] [stderr] help: to clarify your intent to not inherit, add:
[INFO] [stderr]    |
[INFO] [stderr] 27 ~ zstd = { version = "0.13.0" }
[INFO] [stderr] 28 + [lints]
[INFO] [stderr]    |
[INFO] [stderr] warning: `turbopack-trace-server` (manifest) generated 1 warning
[INFO] [stderr] warning: missing `[lints]` to inherit `[workspace.lints]`
[INFO] [stderr]   --> crates/turbo-tasks-malloc/Cargo.toml
[INFO] [stderr]    = note: `cargo::missing_lints_inheritance` is set to `warn` by default
[INFO] [stderr] help: to inherit `workspace.lints, add:
[INFO] [stderr]    |
[INFO] [stderr] 22 ~ default = ["custom_allocator"]
[INFO] [stderr] 23 + [lints]
[INFO] [stderr] 24 + workspace = true
[INFO] [stderr]    |
[INFO] [stderr] help: to clarify your intent to not inherit, add:
[INFO] [stderr]    |
[INFO] [stderr] 22 ~ default = ["custom_allocator"]
[INFO] [stderr] 23 + [lints]
[INFO] [stderr]    |
[INFO] [stderr] warning: `turbo-tasks-malloc` (manifest) generated 1 warning
[INFO] [stderr] warning: unused build dependency `build-target`
[INFO] [stderr]   --> crates/turborepo/Cargo.toml:20:1
[INFO] [stderr]    |
[INFO] [stderr] 20 | build-target = "0.4.0"
[INFO] [stderr]    | ^^^^^^^^^^^^^^^^^^^^^^
[INFO] [stderr]    |
[INFO] [stderr]    = note: `cargo::unused_dependencies` is set to `warn` by default
[INFO] [stderr] help: consider removing the dependency on `build-target`
[INFO] [stderr] warning: `turbo` (manifest) generated 1 warning
[INFO] [stderr] warning: missing `[lints]` to inherit `[workspace.lints]`
[INFO] [stderr]   --> crates/turbopack-trace-utils/Cargo.toml
[INFO] [stderr]    = note: `cargo::missing_lints_inheritance` is set to `warn` by default
[INFO] [stderr] help: to inherit `workspace.lints, add:
[INFO] [stderr]    |
[INFO] [stderr] 23 ~ turbo-tasks-malloc = { workspace = true }
[INFO] [stderr] 24 + [lints]
[INFO] [stderr] 25 + workspace = true
[INFO] [stderr]    |
[INFO] [stderr] help: to clarify your intent to not inherit, add:
[INFO] [stderr]    |
[INFO] [stderr] 23 ~ turbo-tasks-malloc = { workspace = true }
[INFO] [stderr] 24 + [lints]
[INFO] [stderr]    |
[INFO] [stderr] warning: `turbopack-trace-utils` (manifest) generated 1 warning
[INFO] [stderr]    Compiling proc-macro2 v1.0.79
[INFO] [stderr]    Compiling unicode-ident v1.0.11
[INFO] [stderr]    Compiling libc v0.2.152
[INFO] [stderr]    Compiling autocfg v1.1.0
[INFO] [stderr]     Checking cfg-if v1.0.0
[INFO] [stderr]    Compiling serde v1.0.201
[INFO] [stderr]    Compiling version_check v0.9.4
[INFO] [stderr]    Compiling syn v1.0.109
[INFO] [stderr]     Checking once_cell v1.19.0
[INFO] [stderr]     Checking memchr v2.6.3
[INFO] [stderr]     Checking scopeguard v1.2.0
[INFO] [stderr]     Checking value-bag v1.4.0
[INFO] [stderr]    Compiling crossbeam-utils v0.8.16
[INFO] [stderr]     Checking either v1.10.0
[INFO] [stderr]     Checking zerocopy v0.7.32
[INFO] [stderr]     Checking allocator-api2 v0.2.16
[INFO] [stderr]     Checking itoa v1.0.9
[INFO] [stderr]    Compiling rayon-core v1.11.0
[INFO] [stderr]    Compiling parking_lot_core v0.9.8
[INFO] [stderr]     Checking pin-project-lite v0.2.13
[INFO] [stderr]     Checking equivalent v1.0.1
[INFO] [stderr]     Checking ryu v1.0.15
[INFO] [stderr]    Compiling serde_json v1.0.115
[INFO] [stderr]     Checking tracing-core v0.1.32
[INFO] [stderr]     Checking simd-adler32 v0.3.5
[INFO] [stderr]     Checking log v0.4.20
[INFO] [stderr]     Checking adler v1.0.2
[INFO] [stderr]     Checking gimli v0.27.3
[INFO] [stderr]     Checking rustc-demangle v0.1.23
[INFO] [stderr]     Checking miniz_oxide v0.7.1
[INFO] [stderr]    Compiling semver v1.0.23
[INFO] [stderr]     Checking object v0.31.1
[INFO] [stderr]     Checking unicode-width v0.1.10
[INFO] [stderr]     Checking crossbeam-channel v0.5.8
[INFO] [stderr]     Checking bitflags v2.5.0
[INFO] [stderr]     Checking regex-syntax v0.8.2
[INFO] [stderr]    Compiling anyhow v1.0.82
[INFO] [stderr]     Checking aho-corasick v1.1.2
[INFO] [stderr]    Compiling thiserror v1.0.58
[INFO] [stderr]     Checking tinyvec_macros v0.1.1
[INFO] [stderr]     Checking bitflags v1.3.2
[INFO] [stderr]    Compiling memoffset v0.9.0
[INFO] [stderr]    Compiling crossbeam-epoch v0.9.15
[INFO] [stderr]    Compiling lock_api v0.4.10
[INFO] [stderr]    Compiling quote v1.0.36
[INFO] [stderr]    Compiling ahash v0.8.9
[INFO] [stderr]    Compiling ahash v0.7.8
[INFO] [stderr]    Compiling indexmap v1.9.3
[INFO] [stderr]    Compiling syn v2.0.58
[INFO] [stderr]     Checking tinyvec v1.6.0
[INFO] [stderr]    Compiling jobserver v0.1.26
[INFO] [stderr]    Compiling cc v1.0.83
[INFO] [stderr]     Checking crossbeam-deque v0.8.3
[INFO] [stderr]     Checking percent-encoding v2.3.0
[INFO] [stderr]     Checking form_urlencoded v1.2.0
[INFO] [stderr]     Checking unicode-bidi v0.3.13
[INFO] [stderr]    Compiling num-traits v0.2.16
[INFO] [stderr]     Checking futures-core v0.3.30
[INFO] [stderr]     Checking regex-automata v0.4.5
[INFO] [stderr]     Checking static_assertions v1.1.0
[INFO] [stderr]     Checking pin-utils v0.1.0
[INFO] [stderr]     Checking futures-io v0.3.30
[INFO] [stderr]     Checking getrandom v0.2.10
[INFO] [stderr]     Checking num_cpus v1.16.0
[INFO] [stderr]     Checking signal-hook-registry v1.4.1
[INFO] [stderr]     Checking mio v0.8.11
[INFO] [stderr]     Checking unicode-normalization v0.1.22
[INFO] [stderr]     Checking socket2 v0.5.7
[INFO] [stderr]     Checking hashbrown v0.12.3
[INFO] [stderr]     Checking addr2line v0.20.0
[INFO] [stderr]    Compiling slab v0.4.9
[INFO] [stderr]    Compiling glob v0.3.1
[INFO] [stderr]     Checking rayon v1.7.0
[INFO] [stderr]     Checking futures-sink v0.3.30
[INFO] [stderr]     Checking futures-channel v0.3.30
[INFO] [stderr]     Checking atty v0.2.14
[INFO] [stderr]     Checking futures-task v0.3.30
[INFO] [stderr]     Checking idna v0.4.0
[INFO] [stderr]     Checking lazy_static v1.4.0
[INFO] [stderr]     Checking rand_core v0.6.4
[INFO] [stderr]     Checking ppv-lite86 v0.2.17
[INFO] [stderr]     Checking rustc-hash v1.1.0
[INFO] [stderr]    Compiling proc-macro-error-attr v1.0.4
[INFO] [stderr]    Compiling proc-macro-error v1.0.4
[INFO] [stderr]    Compiling num-integer v0.1.45
[INFO] [stderr]     Checking rand_chacha v0.3.1
[INFO] [stderr]    Compiling siphasher v0.3.11
[INFO] [stderr]     Checking rand v0.8.5
[INFO] [stderr]    Compiling rustix v0.38.31
[INFO] [stderr]     Checking same-file v1.0.6
[INFO] [stderr]     Checking linux-raw-sys v0.4.13
[INFO] [stderr]     Checking walkdir v2.4.0
[INFO] [stderr]     Checking unicode-segmentation v1.10.1
[INFO] [stderr]    Compiling typenum v1.16.0
[INFO] [stderr]     Checking uuid v1.5.0
[INFO] [stderr]    Compiling generic-array v0.14.7
[INFO] [stderr]     Checking stable_deref_trait v1.2.0
[INFO] [stderr]     Checking subtle v2.5.0
[INFO] [stderr]    Compiling url v2.4.1
[INFO] [stderr]    Compiling phf_shared v0.11.2
[INFO] [stderr]     Checking fnv v1.0.7
[INFO] [stderr]    Compiling bytecheck v0.6.11
[INFO] [stderr]     Checking termcolor v1.2.0
[INFO] [stderr]     Checking regex v1.10.4
[INFO] [stdout] error[E0107]: trait takes 0 lifetime arguments but 1 lifetime argument was supplied
[INFO] [stdout]   --> /opt/rustwide/cargo-home/registry/src/index.crates.io-1949cf8c6b5b557f/regex-1.10.4/src/pattern.rs:13:14
[INFO] [stdout]    |
[INFO] [stdout] 13 | impl<'r, 't> Pattern<'t> for &'r Regex {
[INFO] [stdout]    |              ^^^^^^^---- help: remove the unnecessary generics
[INFO] [stdout]    |              |
[INFO] [stdout]    |              expected 0 lifetime arguments
[INFO] [stdout] 
[INFO] [stdout] 
[INFO] [stdout] error[E0195]: lifetime parameters or bounds on associated type `Searcher` do not match the trait declaration
[INFO] [stdout]   --> /opt/rustwide/cargo-home/registry/src/index.crates.io-1949cf8c6b5b557f/regex-1.10.4/src/pattern.rs:14:18
[INFO] [stdout]    |
[INFO] [stdout] 14 |     type Searcher = RegexSearcher<'r, 't>;
[INFO] [stdout]    |                  ^ lifetimes do not match associated type in trait
[INFO] [stdout]    |
[INFO] [stdout]   --> /rustc/3154cc1a3e6424e44f438a95007d043ed5ceaaf6/library/core/src/str/pattern.rs:101:4
[INFO] [stdout]    |
[INFO] [stdout]    = note: lifetimes in impl do not match this associated type in trait
[INFO] [stdout] 
[INFO] [stdout] 
[INFO] [stdout] error[E0207]: the lifetime parameter `'t` is not constrained by the impl trait, self type, or predicates
[INFO] [stdout]   --> /opt/rustwide/cargo-home/registry/src/index.crates.io-1949cf8c6b5b557f/regex-1.10.4/src/pattern.rs:13:10
[INFO] [stdout]    |
[INFO] [stdout] 13 | impl<'r, 't> Pattern<'t> for &'r Regex {
[INFO] [stdout]    |          ^^ unconstrained lifetime parameter
[INFO] [stdout] 
[INFO] [stdout] 
[INFO] [stderr]    Compiling phf_generator v0.11.2
[INFO] [stderr]    Compiling rend v0.4.0
[INFO] [stderr]     Checking simdutf8 v0.1.4
[INFO] [stderr]    Compiling rkyv v0.7.44
[INFO] [stderr]     Checking minimal-lexical v0.2.1
[INFO] [stderr]    Compiling rustversion v1.0.14
[INFO] [stdout] Some errors have detailed explanations: E0107, E0195, E0207.
[INFO] [stdout] 
[INFO] [stdout] For more information about an error, try `rustc --explain E0107`.
[INFO] [stdout] 
[INFO] [stderr] error: could not compile `regex` (lib) due to 3 previous errors
[INFO] [stderr] warning: build failed, waiting for other jobs to finish...
[INFO] running `Command { std: "docker" "inspect" "73d1009270cc45e63bcec33a999caf04349024759ee7aca3503e713138cbb576", kill_on_drop: false }`
[INFO] running `Command { std: "docker" "rm" "-f" "73d1009270cc45e63bcec33a999caf04349024759ee7aca3503e713138cbb576", kill_on_drop: false }`
[INFO] [stdout] 73d1009270cc45e63bcec33a999caf04349024759ee7aca3503e713138cbb576
