[INFO] cloning repository https://github.com/jsonmen/plast
[INFO] running `Command { std: "git" "-c" "credential.helper=" "-c" "credential.helper=/workspace/cargo-home/bin/git-credential-null" "clone" "--bare" "https://github.com/jsonmen/plast" "/workspace/cache/git-repos/https%3A%2F%2Fgithub.com%2Fjsonmen%2Fplast", kill_on_drop: false }`
[INFO] [stderr] Cloning into bare repository '/workspace/cache/git-repos/https%3A%2F%2Fgithub.com%2Fjsonmen%2Fplast'...
[INFO] running `Command { std: "git" "rev-parse" "HEAD", kill_on_drop: false }`
[INFO] [stdout] 77e2b3b6ffef03d1a37c5a0d179fe2c4d9ed3e08
[INFO] checking jsonmen/plast against 3154cc1a3e6424e44f438a95007d043ed5ceaaf6+rustflags=-Znext-solver=coherence for pr-133502-30
[INFO] running `Command { std: "git" "clone" "/workspace/cache/git-repos/https%3A%2F%2Fgithub.com%2Fjsonmen%2Fplast" "/workspace/builds/worker-6-tc1/source", kill_on_drop: false }`
[INFO] [stderr] Cloning into '/workspace/builds/worker-6-tc1/source'...
[INFO] [stderr] done.
[INFO] started tweaking git repo https://github.com/jsonmen/plast
[INFO] finished tweaking git repo https://github.com/jsonmen/plast
[INFO] tweaked toml for git repo https://github.com/jsonmen/plast written to /workspace/builds/worker-6-tc1/source/Cargo.toml
[INFO] validating manifest of git repo https://github.com/jsonmen/plast on toolchain 3154cc1a3e6424e44f438a95007d043ed5ceaaf6
[INFO] running `Command { std: CARGO_HOME="/workspace/cargo-home" RUSTUP_HOME="/workspace/rustup-home" "/workspace/cargo-home/bin/cargo" "+3154cc1a3e6424e44f438a95007d043ed5ceaaf6" "metadata" "--manifest-path" "Cargo.toml" "--no-deps", kill_on_drop: false }`
[INFO] crate git repo https://github.com/jsonmen/plast already has a lockfile, it will not be regenerated
[INFO] running `Command { std: CARGO_HOME="/workspace/cargo-home" RUSTUP_HOME="/workspace/rustup-home" "/workspace/cargo-home/bin/cargo" "+3154cc1a3e6424e44f438a95007d043ed5ceaaf6" "fetch" "--manifest-path" "Cargo.toml", kill_on_drop: false }`
[INFO] [stderr] warning: Cargo.toml: `panic` setting is ignored for `bench` profile
[INFO] [stderr] warning: `plast` (manifest) generated 1 warning
[INFO] [stderr]     Updating crates.io index
[INFO] [stderr]  Downloading crates ...
[INFO] [stderr]   Downloaded macro_rules_attribute v0.2.2
[INFO] [stderr]   Downloaded array-init-cursor v0.2.1
[INFO] [stderr]   Downloaded macro_rules_attribute-proc_macro v0.2.2
[INFO] [stderr]   Downloaded serde_stacker v0.1.14
[INFO] [stderr]   Downloaded psm v0.1.31
[INFO] [stderr]   Downloaded stacker v0.1.24
[INFO] [stderr]   Downloaded polars-error v0.54.4
[INFO] [stderr]   Downloaded tokenizers v0.23.1
[INFO] [stderr]   Downloaded daachorse v1.0.1
[INFO] [stderr]   Downloaded log v0.4.32
[INFO] [stderr]   Downloaded planus v1.1.1
[INFO] [stderr]   Downloaded polars-config v0.54.4
[INFO] [stderr]   Downloaded polars-utils v0.54.4
[INFO] [stderr]   Downloaded polars-arrow-format v0.2.1
[INFO] [stderr]   Downloaded ar_archive_writer v0.5.2
[INFO] [stderr]   Downloaded unicode-reverse v1.0.9
[INFO] [stderr]   Downloaded humantime v2.3.0
[INFO] [stderr]   Downloaded recursive v0.1.1
[INFO] [stderr]   Downloaded polars-json v0.54.4
[INFO] [stderr]   Downloaded value-trait v0.12.1
[INFO] [stderr]   Downloaded debug_unsafe v0.1.4
[INFO] [stderr]   Downloaded streaming-decompression v0.1.2
[INFO] [stderr]   Downloaded recursive-proc-macro-impl v0.1.1
[INFO] [stderr]   Downloaded page_size v0.6.0
[INFO] [stderr]   Downloaded polars-schema v0.54.4
[INFO] [stderr]   Downloaded polars-buffer v0.54.4
[INFO] [stderr]   Downloaded halfbrown v0.4.0
[INFO] [stderr]   Downloaded now v0.1.3
[INFO] [stderr]   Downloaded sqlparser_derive v0.4.0
[INFO] [stderr]   Downloaded alloca v0.4.0
[INFO] [stderr]   Downloaded embassy-time-driver v0.2.2
[INFO] [stderr]   Downloaded sanitize-filename v0.6.0
[INFO] [stderr]   Downloaded embassy-futures v0.1.2
[INFO] [stderr]   Downloaded polars-dtype v0.54.4
[INFO] [stderr]   Downloaded xxhash-rust v0.8.15
[INFO] [stderr]   Downloaded atoi_simd v0.17.0
[INFO] [stderr]   Downloaded criterion-plot v0.8.2
[INFO] [stderr]   Downloaded polars v0.54.4
[INFO] [stderr]   Downloaded raw-window-metal v1.1.0
[INFO] [stderr]   Downloaded wgpu-core-deps-apple v29.0.4
[INFO] [stderr]   Downloaded inflections v1.1.1
[INFO] [stderr]   Downloaded cubecl-macros-internal v0.10.0
[INFO] [stderr]   Downloaded variadics_please v1.1.0
[INFO] [stderr]   Downloaded boxcar v0.2.14
[INFO] [stderr]   Downloaded fs4 v0.13.1
[INFO] [stderr]   Downloaded env_filter v1.0.1
[INFO] [stderr]   Downloaded env_logger v0.11.10
[INFO] [stderr]   Downloaded tynm v0.2.0
[INFO] [stderr]   Downloaded cubecl-zspace v0.10.0
[INFO] [stderr]   Downloaded float8 v0.7.0
[INFO] [stderr]   Downloaded float4 v0.2.0
[INFO] [stderr]   Downloaded polars-row v0.54.4
[INFO] [stderr]   Downloaded polars-async v0.54.4
[INFO] [stderr]   Downloaded polars-ooc v0.54.4
[INFO] [stderr]   Downloaded wgpu-core-deps-emscripten v29.0.4
[INFO] [stderr]   Downloaded spin v0.10.1
[INFO] [stderr]   Downloaded embassy-time v0.5.1
[INFO] [stderr]   Downloaded argminmax v0.6.3
[INFO] [stderr]   Downloaded polars-time v0.54.4
[INFO] [stderr]   Downloaded cubecl v0.10.0
[INFO] [stderr]   Downloaded polars-parquet-format v0.1.0
[INFO] [stderr]   Downloaded ordered-float v5.5.0
[INFO] [stderr]   Downloaded cubecl-ir v0.10.0
[INFO] [stderr]   Downloaded polars-mem-engine v0.54.4
[INFO] [stderr]   Downloaded burn-std v0.21.0
[INFO] [stderr]   Downloaded oneshot v0.2.1
[INFO] [stderr]   Downloaded spirv v0.4.0+sdk-1.4.341.0
[INFO] [stderr]   Downloaded gpu-allocator v0.28.0
[INFO] [stderr]   Downloaded stable-vec v0.4.3
[INFO] [stderr]   Downloaded cubecl-cuda v0.10.0
[INFO] [stderr]   Downloaded cubecl-opt v0.10.0
[INFO] [stderr]   Downloaded cubecl-macros v0.10.0
[INFO] [stderr]   Downloaded jiff-static v0.2.28
[INFO] [stderr]   Downloaded cubecl-common v0.10.0
[INFO] [stderr]   Downloaded cubecl-wgpu v0.10.0
[INFO] [stderr]   Downloaded polars-lazy v0.54.4
[INFO] [stderr]   Downloaded polars-sql v0.54.4
[INFO] [stderr]   Downloaded cubecl-cpp v0.10.0
[INFO] [stderr]   Downloaded polars-compute v0.54.4
[INFO] [stderr]   Downloaded burn-backend v0.21.0
[INFO] [stderr]   Downloaded cubecl-runtime v0.10.0
[INFO] [stderr]   Downloaded polars-ops v0.54.4
[INFO] [stderr]   Downloaded polars-expr v0.54.4
[INFO] [stderr]   Downloaded criterion v0.8.2
[INFO] [stderr]   Downloaded burn-tensor v0.21.0
[INFO] [stderr]   Downloaded simd-json v0.17.0
[INFO] [stderr]   Downloaded polars-io v0.54.4
[INFO] [stderr]   Downloaded cubecl-core v0.10.0
[INFO] [stderr]   Downloaded polars-parquet v0.54.4
[INFO] [stderr]   Downloaded rustls v0.23.40
[INFO] [stderr]   Downloaded polars-arrow v0.54.4
[INFO] [stderr]   Downloaded jsonpath_lib_polars_vendor v0.0.1
[INFO] [stderr]   Downloaded polars-stream v0.54.4
[INFO] [stderr]   Downloaded sqlparser v0.60.0
[INFO] [stderr]   Downloaded polars-core v0.54.4
[INFO] [stderr]   Downloaded polars-plan v0.54.4
[INFO] [stderr]   Downloaded cudarc v0.19.8
[INFO] [stderr]   Downloaded jiff v0.2.28
[INFO] running `Command { std: "docker" "create" "-v" "/var/lib/crater-agent-workspace/builds/worker-6-tc1/source:/opt/rustwide/workdir:ro,Z" "-v" "/var/lib/crater-agent-workspace/builds/worker-6-tc1/target:/opt/rustwide/target:rw,Z" "-v" "/var/lib/crater-agent-workspace/cargo-home:/opt/rustwide/cargo-home:ro,Z" "-v" "/var/lib/crater-agent-workspace/rustup-home:/opt/rustwide/rustup-home:ro,Z" "-m" "1610612736" "--network" "none" "ghcr.io/rust-lang/crates-build-env/linux@sha256:77db811e55d90add9212f6832c23229e3de5f1c1f9905e8cb07319ea15df73ac" "sleep" "infinity", kill_on_drop: false }`
[INFO] [stdout] a5f5b3b6afba87b9495688d595bdb3792260329766b16d07842ef57784aa4ec5
[INFO] running `Command { std: "docker" "start" "a5f5b3b6afba87b9495688d595bdb3792260329766b16d07842ef57784aa4ec5", kill_on_drop: false }`
[INFO] running `Command { std: "docker" "inspect" "a5f5b3b6afba87b9495688d595bdb3792260329766b16d07842ef57784aa4ec5", kill_on_drop: false }`
[INFO] running `Command { std: "docker" "exec" "-e" "SOURCE_DIR=/opt/rustwide/workdir" "-e" "CARGO_HOME=/opt/rustwide/cargo-home" "-e" "RUSTUP_HOME=/opt/rustwide/rustup-home" "-e" "CARGO_TARGET_DIR=/opt/rustwide/target" "-w" "/opt/rustwide/workdir" "--user" "0:0" "a5f5b3b6afba87b9495688d595bdb3792260329766b16d07842ef57784aa4ec5" "/opt/rustwide/cargo-home/bin/cargo" "+3154cc1a3e6424e44f438a95007d043ed5ceaaf6" "metadata" "--no-deps" "--format-version=1", kill_on_drop: false }`
[INFO] running `Command { std: "docker" "inspect" "a5f5b3b6afba87b9495688d595bdb3792260329766b16d07842ef57784aa4ec5", kill_on_drop: false }`
[INFO] running `Command { std: "docker" "exec" "-e" "SOURCE_DIR=/opt/rustwide/workdir" "-e" "CARGO_HOME=/opt/rustwide/cargo-home" "-e" "RUSTUP_HOME=/opt/rustwide/rustup-home" "-e" "CARGO_TARGET_DIR=/opt/rustwide/target" "-e" "CARGO_INCREMENTAL=0" "-e" "RUST_BACKTRACE=full" "-e" "RUSTFLAGS=--cap-lints=forbid -Znext-solver=coherence" "-e" "RUSTDOCFLAGS=--cap-lints=forbid" "-w" "/opt/rustwide/workdir" "--user" "0:0" "a5f5b3b6afba87b9495688d595bdb3792260329766b16d07842ef57784aa4ec5" "/opt/rustwide/cargo-home/bin/cargo" "+3154cc1a3e6424e44f438a95007d043ed5ceaaf6" "check" "--frozen" "--all" "--all-targets" "--message-format=json", kill_on_drop: false }`
[INFO] [stderr] warning: Cargo.toml: `panic` setting is ignored for `bench` profile
[INFO] [stderr] warning: `plast` (manifest) generated 1 warning
[INFO] [stderr]    Compiling proc-macro2 v1.0.106
[INFO] [stderr]    Compiling quote v1.0.45
[INFO] [stderr]    Compiling unicode-ident v1.0.24
[INFO] [stderr]     Checking cfg-if v1.0.4
[INFO] [stderr]     Checking memchr v2.8.2
[INFO] [stderr]    Compiling serde_core v1.0.228
[INFO] [stderr]    Compiling crossbeam-utils v0.8.21
[INFO] [stderr]    Compiling zerocopy v0.8.52
[INFO] [stderr]    Compiling libc v0.2.186
[INFO] [stderr]    Compiling find-msvc-tools v0.1.9
[INFO] [stderr]     Checking regex-syntax v0.8.11
[INFO] [stderr]     Checking anstyle v1.0.14
[INFO] [stderr]    Compiling serde v1.0.228
[INFO] [stderr]    Compiling zmij v1.0.21
[INFO] [stderr]    Compiling autocfg v1.5.1
[INFO] [stderr]    Compiling shlex v2.0.1
[INFO] [stderr]     Checking either v1.16.0
[INFO] [stderr]    Compiling cc v1.2.65
[INFO] [stderr]    Compiling rayon-core v1.13.0
[INFO] [stderr]    Compiling serde_json v1.0.150
[INFO] [stderr]     Checking plotters-backend v0.3.7
[INFO] [stderr]     Checking ciborium-io v0.2.2
[INFO] [stderr]    Compiling rustix v1.1.4
[INFO] [stderr]     Checking utf8parse v0.2.2
[INFO] [stderr]     Checking aho-corasick v1.1.4
[INFO] [stderr]    Compiling thiserror v2.0.18
[INFO] [stderr]    Compiling getrandom v0.4.3
[INFO] [stderr]     Checking itoa v1.0.18
[INFO] [stderr]     Checking clap_lex v1.1.0
[INFO] [stderr]     Checking plotters-svg v0.3.7
[INFO] [stderr]     Checking anstyle-parse v1.0.0
[INFO] [stderr]     Checking itertools v0.13.0
[INFO] [stderr]     Checking clap_builder v4.6.0
[INFO] [stderr]     Checking linux-raw-sys v0.12.1
[INFO] [stderr]     Checking log v0.4.32
[INFO] [stderr]     Checking same-file v1.0.6
[INFO] [stderr]     Checking crossbeam-epoch v0.9.18
[INFO] [stderr]    Compiling cudarc v0.19.8
[INFO] [stderr]     Checking cast v0.3.0
[INFO] [stderr]     Checking bitflags v2.13.0
[INFO] [stderr]     Checking anstyle-query v1.1.5
[INFO] [stderr]     Checking colorchoice v1.0.5
[INFO] [stderr]     Checking crossbeam-deque v0.8.6
[INFO] [stderr]     Checking is_terminal_polyfill v1.70.2
[INFO] [stderr]     Checking walkdir v2.5.0
[INFO] [stderr]     Checking libloading v0.9.0
[INFO] [stderr]     Checking anstream v1.0.0
[INFO] [stderr]     Checking fastrand v2.4.1
[INFO] [stderr]     Checking oorandom v11.1.5
[INFO] [stderr]     Checking jiff v0.2.28
[INFO] [stderr]     Checking bytes v1.12.1
[INFO] [stderr]     Checking anes v0.1.6
[INFO] [stderr]     Checking once_cell v1.21.4
[INFO] [stderr]    Compiling num-traits v0.2.19
[INFO] [stderr]    Compiling syn v2.0.118
[INFO] [stderr]     Checking rayon v1.12.0
[INFO] [stderr]     Checking regex-automata v0.4.14
[INFO] [stderr]     Checking page_size v0.6.0
[INFO] [stderr]     Checking criterion-plot v0.8.2
[INFO] [stderr]     Checking clap v4.6.1
[INFO] [stderr]     Checking plotters v0.3.7
[INFO] [stderr]     Checking tempfile v3.27.0
[INFO] [stderr]    Compiling alloca v0.4.0
[INFO] [stderr]     Checking regex v1.12.4
[INFO] [stderr]     Checking env_filter v1.0.1
[INFO] [stderr]     Checking env_logger v0.11.10
[INFO] [stderr]    Compiling zerocopy-derive v0.8.52
[INFO] [stderr]    Compiling serde_derive v1.0.228
[INFO] [stderr]    Compiling thiserror-impl v2.0.18
[INFO] [stderr]     Checking plast v0.1.0 (/opt/rustwide/workdir)
[INFO] [stderr]     Checking tinytemplate v1.2.1
[INFO] [stderr]     Checking half v2.7.1
[INFO] [stderr]     Checking ciborium-ll v0.2.2
[INFO] [stderr]     Checking ciborium v0.2.2
[INFO] [stderr]     Checking criterion v0.8.2
[INFO] [stdout] error[E0432]: unresolved imports `plast::BytesConverter`, `plast::DataloaderType`, `plast::MmapSetup`, `plast::MmapStorage`, `plast::dataloader`
[INFO] [stdout]    --> tests/dataloader_test.rs:4:17
[INFO] [stdout]     |
[INFO] [stdout]   4 |     use plast::{BytesConverter, DataloaderType, MmapSetup, MmapStorage, dataloader::Dataloader};
[INFO] [stdout]     |                 ^^^^^^^^^^^^^^  ^^^^^^^^^^^^^^  ^^^^^^^^^  ^^^^^^^^^^^  ^^^^^^^^^^ could not find `dataloader` in `plast`
[INFO] [stdout]     |                 |               |               |          |
[INFO] [stdout]     |                 |               |               |          no `MmapStorage` in the root
[INFO] [stdout]     |                 |               |               no `MmapSetup` in the root
[INFO] [stdout]     |                 |               no `DataloaderType` in the root
[INFO] [stdout]     |                 no `BytesConverter` in the root
[INFO] [stdout]     |
[INFO] [stdout] note: found an item that was configured out
[INFO] [stdout]    --> src/lib.rs:120:22
[INFO] [stdout]     |
[INFO] [stdout] 119 | #[cfg(feature = "dataloader")]
[INFO] [stdout]     |       ---------------------- the item is gated behind the `dataloader` feature
[INFO] [stdout] 120 | pub use dataloader::{BytesConverter, Dataloader, DataloaderType};
[INFO] [stdout]     |                      ^^^^^^^^^^^^^^
[INFO] [stdout] note: found an item that was configured out
[INFO] [stdout]    --> src/lib.rs:120:50
[INFO] [stdout]     |
[INFO] [stdout] 119 | #[cfg(feature = "dataloader")]
[INFO] [stdout]     |       ---------------------- the item is gated behind the `dataloader` feature
[INFO] [stdout] 120 | pub use dataloader::{BytesConverter, Dataloader, DataloaderType};
[INFO] [stdout]     |                                                  ^^^^^^^^^^^^^^
[INFO] [stdout] note: found an item that was configured out
[INFO] [stdout]    --> src/lib.rs:140:30
[INFO] [stdout]     |
[INFO] [stdout] 139 | #[cfg(feature = "mmap-storage")]
[INFO] [stdout]     |       ------------------------ the item is gated behind the `mmap-storage` feature
[INFO] [stdout] 140 | pub use storage::{AdviceSet, MmapSetup, MmapStorage};
[INFO] [stdout]     |                              ^^^^^^^^^
[INFO] [stdout] note: found an item that was configured out
[INFO] [stdout]    --> src/lib.rs:140:41
[INFO] [stdout]     |
[INFO] [stdout] 139 | #[cfg(feature = "mmap-storage")]
[INFO] [stdout]     |       ------------------------ the item is gated behind the `mmap-storage` feature
[INFO] [stdout] 140 | pub use storage::{AdviceSet, MmapSetup, MmapStorage};
[INFO] [stdout]     |                                         ^^^^^^^^^^^
[INFO] [stdout] note: found an item that was configured out
[INFO] [stdout]    --> src/lib.rs:105:9
[INFO] [stdout]     |
[INFO] [stdout] 104 | #[cfg(feature = "dataloader")]
[INFO] [stdout]     |       ---------------------- the item is gated behind the `dataloader` feature
[INFO] [stdout] 105 | pub mod dataloader;
[INFO] [stdout]     |         ^^^^^^^^^^
[INFO] [stdout] 
[INFO] [stdout] 
[INFO] [stdout] error[E0432]: unresolved import `plast::pretokenize_dataset`
[INFO] [stdout]    --> tests/pretokenizer_test.rs:3:9
[INFO] [stdout]     |
[INFO] [stdout]   3 |     use plast::pretokenize_dataset; // or use plast::pretokenizer::pretokenize_dataset;
[INFO] [stdout]     |         ^^^^^^^-------------------
[INFO] [stdout]     |                |
[INFO] [stdout]     |                no `pretokenize_dataset` in the root
[INFO] [stdout]     |
[INFO] [stdout] note: found an item that was configured out
[INFO] [stdout]    --> src/lib.rs:131:18
[INFO] [stdout]     |
[INFO] [stdout] 129 | #[cfg(feature = "pretokenizer")]
[INFO] [stdout]     |       ------------------------ the item is gated behind the `pretokenizer` feature
[INFO] [stdout] 130 | pub use pretokenizer::{
[INFO] [stdout] 131 |     ShardLoader, pretokenize_dataset,
[INFO] [stdout]     |                  ^^^^^^^^^^^^^^^^^^^
[INFO] [stdout] 
[INFO] [stdout] 
[INFO] [stdout] error[E0432]: unresolved import `tokenizers`
[INFO] [stdout]  --> tests/pretokenizer_test.rs:7:9
[INFO] [stdout]   |
[INFO] [stdout] 7 |     use tokenizers::Tokenizer;
[INFO] [stdout]   |         ^^^^^^^^^^ use of unresolved module or unlinked crate `tokenizers`
[INFO] [stdout]   |
[INFO] [stdout]   = help: if you wanted to use a crate named `tokenizers`, use `cargo add tokenizers` to add it to your `Cargo.toml`
[INFO] [stdout] 
[INFO] [stdout] 
[INFO] [stdout] error[E0433]: cannot find module or crate `polars` in this scope
[INFO] [stdout]  --> tests/shard_loader_test.rs:4:9
[INFO] [stdout]   |
[INFO] [stdout] 4 |     use polars::prelude::SerWriter;
[INFO] [stdout]   |         ^^^^^^ use of unresolved module or unlinked crate `polars`
[INFO] [stdout]   |
[INFO] [stdout]   = help: if you wanted to use a crate named `polars`, use `cargo add polars` to add it to your `Cargo.toml`
[INFO] [stdout] 
[INFO] [stdout] 
[INFO] [stdout] error[E0433]: cannot find module or crate `polars` in this scope
[INFO] [stdout]  --> tests/shard_loader_test.rs:5:9
[INFO] [stdout]   |
[INFO] [stdout] 5 |     use polars::prelude::{
[INFO] [stdout]   |         ^^^^^^ use of unresolved module or unlinked crate `polars`
[INFO] [stdout]   |
[INFO] [stdout]   = help: if you wanted to use a crate named `polars`, use `cargo add polars` to add it to your `Cargo.toml`
[INFO] [stdout] 
[INFO] [stdout] 
[INFO] [stdout] error[E0432]: unresolved import `plast::pretokenizer`
[INFO] [stdout]    --> tests/shard_loader_test.rs:3:16
[INFO] [stdout]     |
[INFO] [stdout]   3 |     use plast::pretokenizer::ShardLoader; // or use plast::ShardLoader;
[INFO] [stdout]     |                ^^^^^^^^^^^^ could not find `pretokenizer` in `plast`
[INFO] [stdout]     |
[INFO] [stdout] note: found an item that was configured out
[INFO] [stdout]    --> src/lib.rs:111:9
[INFO] [stdout]     |
[INFO] [stdout] 110 | #[cfg(feature = "pretokenizer")]
[INFO] [stdout]     |       ------------------------ the item is gated behind the `pretokenizer` feature
[INFO] [stdout] 111 | pub mod pretokenizer;
[INFO] [stdout]     |         ^^^^^^^^^^^^
[INFO] [stdout] 
[INFO] [stdout] 
[INFO] [stdout] For more information about this error, try `rustc --explain E0432`.
[INFO] [stdout] 
[INFO] [stderr] error: could not compile `plast` (test "pretokenizer_test") due to 2 previous errors
[INFO] [stderr] warning: build failed, waiting for other jobs to finish...
[INFO] [stdout] error[E0433]: cannot find `pretokenizer` in `plast`
[INFO] [stdout]    --> tests/shard_loader_test.rs:150:24
[INFO] [stdout]     |
[INFO] [stdout] 150 |             Err(plast::pretokenizer::ShardLoaderError::UnsupportedExtension { .. })
[INFO] [stdout]     |                        ^^^^^^^^^^^^ could not find `pretokenizer` in `plast`
[INFO] [stdout]     |
[INFO] [stdout] note: found an item that was configured out
[INFO] [stdout]    --> src/lib.rs:111:9
[INFO] [stdout]     |
[INFO] [stdout] 110 | #[cfg(feature = "pretokenizer")]
[INFO] [stdout]     |       ------------------------ the item is gated behind the `pretokenizer` feature
[INFO] [stdout] 111 | pub mod pretokenizer;
[INFO] [stdout]     |         ^^^^^^^^^^^^
[INFO] [stdout] 
[INFO] [stdout] 
[INFO] [stdout] error[E0433]: cannot find module or crate `bytemuck` in this scope
[INFO] [stdout]   --> tests/dataloader_test.rs:10:21
[INFO] [stdout]    |
[INFO] [stdout] 10 |         let bytes = bytemuck::cast_slice(data);
[INFO] [stdout]    |                     ^^^^^^^^ use of unresolved module or unlinked crate `bytemuck`
[INFO] [stdout]    |
[INFO] [stdout]    = help: if you wanted to use a crate named `bytemuck`, use `cargo add bytemuck` to add it to your `Cargo.toml`
[INFO] [stdout] 
[INFO] [stdout] 
[INFO] [stdout] error[E0433]: cannot find module or crate `bytemuck` in this scope
[INFO] [stdout]   --> tests/dataloader_test.rs:29:20
[INFO] [stdout]    |
[INFO] [stdout] 29 |         assert_eq!(bytemuck::cast_slice::<u8, u32>(&chunk1[..]), &[10, 20]);
[INFO] [stdout]    |                    ^^^^^^^^ use of unresolved module or unlinked crate `bytemuck`
[INFO] [stdout]    |
[INFO] [stdout]    = help: if you wanted to use a crate named `bytemuck`, use `cargo add bytemuck` to add it to your `Cargo.toml`
[INFO] [stdout] 
[INFO] [stdout] 
[INFO] [stdout] error[E0433]: cannot find module or crate `bytemuck` in this scope
[INFO] [stdout]   --> tests/dataloader_test.rs:32:20
[INFO] [stdout]    |
[INFO] [stdout] 32 |         assert_eq!(bytemuck::cast_slice::<u8, u32>(&chunk2[..]), &[30, 40]);
[INFO] [stdout]    |                    ^^^^^^^^ use of unresolved module or unlinked crate `bytemuck`
[INFO] [stdout]    |
[INFO] [stdout]    = help: if you wanted to use a crate named `bytemuck`, use `cargo add bytemuck` to add it to your `Cargo.toml`
[INFO] [stdout] 
[INFO] [stdout] 
[INFO] [stdout] error[E0433]: cannot find module or crate `bytemuck` in this scope
[INFO] [stdout]   --> tests/dataloader_test.rs:36:20
[INFO] [stdout]    |
[INFO] [stdout] 36 |         assert_eq!(bytemuck::cast_slice::<u8, u32>(&chunk3[..]), &[50, 60]);
[INFO] [stdout]    |                    ^^^^^^^^ use of unresolved module or unlinked crate `bytemuck`
[INFO] [stdout]    |
[INFO] [stdout]    = help: if you wanted to use a crate named `bytemuck`, use `cargo add bytemuck` to add it to your `Cargo.toml`
[INFO] [stdout] 
[INFO] [stdout] 
[INFO] [stdout] error[E0433]: cannot find module or crate `bytemuck` in this scope
[INFO] [stdout]   --> tests/dataloader_test.rs:39:20
[INFO] [stdout]    |
[INFO] [stdout] 39 |         assert_eq!(bytemuck::cast_slice::<u8, u32>(&chunk4[..]), &[70, 80]);
[INFO] [stdout]    |                    ^^^^^^^^ use of unresolved module or unlinked crate `bytemuck`
[INFO] [stdout]    |
[INFO] [stdout]    = help: if you wanted to use a crate named `bytemuck`, use `cargo add bytemuck` to add it to your `Cargo.toml`
[INFO] [stdout] 
[INFO] [stdout] 
[INFO] [stdout] error[E0433]: cannot find module or crate `bytemuck` in this scope
[INFO] [stdout]   --> tests/dataloader_test.rs:52:17
[INFO] [stdout]    |
[INFO] [stdout] 52 |                 bytemuck::cast_slice(&bytes[..]).to_vec()
[INFO] [stdout]    |                 ^^^^^^^^ use of unresolved module or unlinked crate `bytemuck`
[INFO] [stdout]    |
[INFO] [stdout]    = help: if you wanted to use a crate named `bytemuck`, use `cargo add bytemuck` to add it to your `Cargo.toml`
[INFO] [stdout] 
[INFO] [stdout] 
[INFO] [stdout] error[E0433]: cannot find module or crate `bytemuck` in this scope
[INFO] [stdout]   --> tests/dataloader_test.rs:96:20
[INFO] [stdout]    |
[INFO] [stdout] 96 |         assert_eq!(bytemuck::cast_slice::<u8, u32>(&in1[..]), &[1, 2]);
[INFO] [stdout]    |                    ^^^^^^^^ use of unresolved module or unlinked crate `bytemuck`
[INFO] [stdout]    |
[INFO] [stdout]    = help: if you wanted to use a crate named `bytemuck`, use `cargo add bytemuck` to add it to your `Cargo.toml`
[INFO] [stdout] 
[INFO] [stdout] 
[INFO] [stdout] error[E0433]: cannot find module or crate `bytemuck` in this scope
[INFO] [stdout]   --> tests/dataloader_test.rs:97:20
[INFO] [stdout]    |
[INFO] [stdout] 97 |         assert_eq!(bytemuck::cast_slice::<u8, u32>(&tgt1[..]), &[2, 3]);
[INFO] [stdout]    |                    ^^^^^^^^ use of unresolved module or unlinked crate `bytemuck`
[INFO] [stdout]    |
[INFO] [stdout]    = help: if you wanted to use a crate named `bytemuck`, use `cargo add bytemuck` to add it to your `Cargo.toml`
[INFO] [stdout] 
[INFO] [stdout] 
[INFO] [stdout] error[E0433]: cannot find module or crate `bytemuck` in this scope
[INFO] [stdout]    --> tests/dataloader_test.rs:101:20
[INFO] [stdout]     |
[INFO] [stdout] 101 |         assert_eq!(bytemuck::cast_slice::<u8, u32>(&in2[..]), &[3, 4]);
[INFO] [stdout]     |                    ^^^^^^^^ use of unresolved module or unlinked crate `bytemuck`
[INFO] [stdout]     |
[INFO] [stdout]     = help: if you wanted to use a crate named `bytemuck`, use `cargo add bytemuck` to add it to your `Cargo.toml`
[INFO] [stdout] 
[INFO] [stdout] 
[INFO] [stdout] error[E0433]: cannot find module or crate `bytemuck` in this scope
[INFO] [stdout]    --> tests/dataloader_test.rs:102:20
[INFO] [stdout]     |
[INFO] [stdout] 102 |         assert_eq!(bytemuck::cast_slice::<u8, u32>(&tgt2[..]), &[4, 5]);
[INFO] [stdout]     |                    ^^^^^^^^ use of unresolved module or unlinked crate `bytemuck`
[INFO] [stdout]     |
[INFO] [stdout]     = help: if you wanted to use a crate named `bytemuck`, use `cargo add bytemuck` to add it to your `Cargo.toml`
[INFO] [stdout] 
[INFO] [stdout] 
[INFO] [stdout] error[E0433]: cannot find module or crate `bytemuck` in this scope
[INFO] [stdout]    --> tests/dataloader_test.rs:116:17
[INFO] [stdout]     |
[INFO] [stdout] 116 |                 bytemuck::cast_slice(&bytes[..]).to_vec()
[INFO] [stdout]     |                 ^^^^^^^^ use of unresolved module or unlinked crate `bytemuck`
[INFO] [stdout]     |
[INFO] [stdout]     = help: if you wanted to use a crate named `bytemuck`, use `cargo add bytemuck` to add it to your `Cargo.toml`
[INFO] [stdout] 
[INFO] [stdout] 
[INFO] [stdout] Some errors have detailed explanations: E0432, E0433.
[INFO] [stdout] 
[INFO] [stdout] For more information about an error, try `rustc --explain E0432`.
[INFO] [stdout] 
[INFO] [stdout] error[E0432]: unresolved imports `plast::MmapSetup`, `plast::MmapStorage`
[INFO] [stdout]    --> tests/mmap_test.rs:3:17
[INFO] [stdout]     |
[INFO] [stdout]   3 |     use plast::{MmapSetup, MmapStorage, Storage};
[INFO] [stdout]     |                 ^^^^^^^^^  ^^^^^^^^^^^ no `MmapStorage` in the root
[INFO] [stdout]     |                 |
[INFO] [stdout]     |                 no `MmapSetup` in the root
[INFO] [stdout]     |
[INFO] [stdout] note: found an item that was configured out
[INFO] [stdout]    --> src/lib.rs:140:30
[INFO] [stdout]     |
[INFO] [stdout] 139 | #[cfg(feature = "mmap-storage")]
[INFO] [stdout]     |       ------------------------ the item is gated behind the `mmap-storage` feature
[INFO] [stdout] 140 | pub use storage::{AdviceSet, MmapSetup, MmapStorage};
[INFO] [stdout]     |                              ^^^^^^^^^
[INFO] [stdout] note: found an item that was configured out
[INFO] [stdout]    --> src/lib.rs:140:41
[INFO] [stdout]     |
[INFO] [stdout] 139 | #[cfg(feature = "mmap-storage")]
[INFO] [stdout]     |       ------------------------ the item is gated behind the `mmap-storage` feature
[INFO] [stdout] 140 | pub use storage::{AdviceSet, MmapSetup, MmapStorage};
[INFO] [stdout]     |                                         ^^^^^^^^^^^
[INFO] [stdout] 
[INFO] [stdout] 
[INFO] [stderr] error: could not compile `plast` (test "dataloader_test") due to 12 previous errors
[INFO] [stdout] error[E0433]: cannot find `pretokenizer` in `plast`
[INFO] [stdout]    --> tests/shard_loader_test.rs:164:24
[INFO] [stdout]     |
[INFO] [stdout] 164 |             Err(plast::pretokenizer::ShardLoaderError::ColumnMissing { .. })
[INFO] [stdout]     |                        ^^^^^^^^^^^^ could not find `pretokenizer` in `plast`
[INFO] [stdout]     |
[INFO] [stdout] note: found an item that was configured out
[INFO] [stdout]    --> src/lib.rs:111:9
[INFO] [stdout]     |
[INFO] [stdout] 110 | #[cfg(feature = "pretokenizer")]
[INFO] [stdout]     |       ------------------------ the item is gated behind the `pretokenizer` feature
[INFO] [stdout] 111 | pub mod pretokenizer;
[INFO] [stdout]     |         ^^^^^^^^^^^^
[INFO] [stdout] 
[INFO] [stdout] 
[INFO] [stdout] error[E0432]: unresolved import `plast::BufferStorage`
[INFO] [stdout]    --> tests/buffer_test.rs:3:17
[INFO] [stdout]     |
[INFO] [stdout]   3 |     use plast::{BufferStorage, Storage};
[INFO] [stdout]     |                 ^^^^^^^^^^^^^ no `BufferStorage` in the root
[INFO] [stdout]     |
[INFO] [stdout] note: found an item that was configured out
[INFO] [stdout]    --> src/lib.rs:137:18
[INFO] [stdout]     |
[INFO] [stdout] 136 | #[cfg(feature = "experimental-buffer-storage")]
[INFO] [stdout]     |       --------------------------------------- the item is gated behind the `experimental-buffer-storage` feature
[INFO] [stdout] 137 | pub use storage::BufferStorage;
[INFO] [stdout]     |                  ^^^^^^^^^^^^^
[INFO] [stdout] 
[INFO] [stdout] 
[INFO] [stdout] Some errors have detailed explanations: E0432, E0433.
[INFO] [stdout] 
[INFO] [stdout] For more information about an error, try `rustc --explain E0432`.
[INFO] [stdout] 
[INFO] [stderr] error: could not compile `plast` (test "shard_loader_test") due to 5 previous errors
[INFO] [stdout] error[E0433]: cannot find module or crate `bytemuck` in this scope
[INFO] [stdout]  --> tests/mmap_test.rs:9:21
[INFO] [stdout]   |
[INFO] [stdout] 9 |         let bytes = bytemuck::cast_slice(data);
[INFO] [stdout]   |                     ^^^^^^^^ use of unresolved module or unlinked crate `bytemuck`
[INFO] [stdout]   |
[INFO] [stdout]   = help: if you wanted to use a crate named `bytemuck`, use `cargo add bytemuck` to add it to your `Cargo.toml`
[INFO] [stdout] 
[INFO] [stdout] 
[INFO] [stdout] error[E0433]: cannot find module or crate `bytemuck` in this scope
[INFO] [stdout]   --> tests/mmap_test.rs:81:30
[INFO] [stdout]    |
[INFO] [stdout] 81 |         let tokens: &[u32] = bytemuck::cast_slice(&bytes[..]);
[INFO] [stdout]    |                              ^^^^^^^^ use of unresolved module or unlinked crate `bytemuck`
[INFO] [stdout]    |
[INFO] [stdout]    = help: if you wanted to use a crate named `bytemuck`, use `cargo add bytemuck` to add it to your `Cargo.toml`
[INFO] [stdout] 
[INFO] [stdout] 
[INFO] [stdout] error[E0433]: cannot find module or crate `bytemuck` in this scope
[INFO] [stdout]   --> tests/mmap_test.rs:86:34
[INFO] [stdout]    |
[INFO] [stdout] 86 |         let tokens_mid: &[u32] = bytemuck::cast_slice(&bytes_mid[..]);
[INFO] [stdout]    |                                  ^^^^^^^^ use of unresolved module or unlinked crate `bytemuck`
[INFO] [stdout]    |
[INFO] [stdout]    = help: if you wanted to use a crate named `bytemuck`, use `cargo add bytemuck` to add it to your `Cargo.toml`
[INFO] [stdout] 
[INFO] [stdout] 
[INFO] [stdout] error[E0433]: cannot find module or crate `bytemuck` in this scope
[INFO] [stdout]    --> tests/mmap_test.rs:122:20
[INFO] [stdout]     |
[INFO] [stdout] 122 |         assert_eq!(bytemuck::cast_slice::<u8, u32>(&slice1[..]), &[1, 2]);
[INFO] [stdout]     |                    ^^^^^^^^ use of unresolved module or unlinked crate `bytemuck`
[INFO] [stdout]     |
[INFO] [stdout]     = help: if you wanted to use a crate named `bytemuck`, use `cargo add bytemuck` to add it to your `Cargo.toml`
[INFO] [stdout] 
[INFO] [stdout] 
[INFO] [stdout] error[E0433]: cannot find module or crate `bytemuck` in this scope
[INFO] [stdout]    --> tests/mmap_test.rs:126:20
[INFO] [stdout]     |
[INFO] [stdout] 126 |         assert_eq!(bytemuck::cast_slice::<u8, u32>(&slice2[..]), &[3, 4]);
[INFO] [stdout]     |                    ^^^^^^^^ use of unresolved module or unlinked crate `bytemuck`
[INFO] [stdout]     |
[INFO] [stdout]     = help: if you wanted to use a crate named `bytemuck`, use `cargo add bytemuck` to add it to your `Cargo.toml`
[INFO] [stdout] 
[INFO] [stdout] 
[INFO] [stdout] error[E0433]: cannot find module or crate `bytemuck` in this scope
[INFO] [stdout]    --> tests/mmap_test.rs:130:20
[INFO] [stdout]     |
[INFO] [stdout] 130 |         assert_eq!(bytemuck::cast_slice::<u8, u32>(&slice3[..]), &[5, 6]);
[INFO] [stdout]     |                    ^^^^^^^^ use of unresolved module or unlinked crate `bytemuck`
[INFO] [stdout]     |
[INFO] [stdout]     = help: if you wanted to use a crate named `bytemuck`, use `cargo add bytemuck` to add it to your `Cargo.toml`
[INFO] [stdout] 
[INFO] [stdout] 
[INFO] [stdout] error[E0433]: cannot find module or crate `bytemuck` in this scope
[INFO] [stdout]    --> tests/mmap_test.rs:145:20
[INFO] [stdout]     |
[INFO] [stdout] 145 |         assert_eq!(bytemuck::cast_slice::<u8, u32>(&input1[..]), &[1, 2]);
[INFO] [stdout]     |                    ^^^^^^^^ use of unresolved module or unlinked crate `bytemuck`
[INFO] [stdout]     |
[INFO] [stdout]     = help: if you wanted to use a crate named `bytemuck`, use `cargo add bytemuck` to add it to your `Cargo.toml`
[INFO] [stdout] 
[INFO] [stdout] 
[INFO] [stdout] error[E0433]: cannot find module or crate `bytemuck` in this scope
[INFO] [stdout]    --> tests/mmap_test.rs:146:20
[INFO] [stdout]     |
[INFO] [stdout] 146 |         assert_eq!(bytemuck::cast_slice::<u8, u32>(&target1[..]), &[2, 3]);
[INFO] [stdout]     |                    ^^^^^^^^ use of unresolved module or unlinked crate `bytemuck`
[INFO] [stdout]     |
[INFO] [stdout]     = help: if you wanted to use a crate named `bytemuck`, use `cargo add bytemuck` to add it to your `Cargo.toml`
[INFO] [stdout] 
[INFO] [stdout] 
[INFO] [stdout] error[E0433]: cannot find module or crate `bytemuck` in this scope
[INFO] [stdout]    --> tests/mmap_test.rs:151:20
[INFO] [stdout]     |
[INFO] [stdout] 151 |         assert_eq!(bytemuck::cast_slice::<u8, u32>(&input2[..]), &[3, 4]);
[INFO] [stdout]     |                    ^^^^^^^^ use of unresolved module or unlinked crate `bytemuck`
[INFO] [stdout]     |
[INFO] [stdout]     = help: if you wanted to use a crate named `bytemuck`, use `cargo add bytemuck` to add it to your `Cargo.toml`
[INFO] [stdout] 
[INFO] [stdout] 
[INFO] [stdout] error[E0433]: cannot find module or crate `bytemuck` in this scope
[INFO] [stdout]    --> tests/mmap_test.rs:152:20
[INFO] [stdout]     |
[INFO] [stdout] 152 |         assert_eq!(bytemuck::cast_slice::<u8, u32>(&target2[..]), &[4, 5]);
[INFO] [stdout]     |                    ^^^^^^^^ use of unresolved module or unlinked crate `bytemuck`
[INFO] [stdout]     |
[INFO] [stdout]     = help: if you wanted to use a crate named `bytemuck`, use `cargo add bytemuck` to add it to your `Cargo.toml`
[INFO] [stdout] 
[INFO] [stdout] 
[INFO] [stdout] error[E0433]: cannot find module or crate `bytemuck` in this scope
[INFO] [stdout]    --> tests/mmap_test.rs:166:20
[INFO] [stdout]     |
[INFO] [stdout] 166 |         assert_eq!(bytemuck::cast_slice::<u8, u32>(&input[..]), &[10, 20]);
[INFO] [stdout]     |                    ^^^^^^^^ use of unresolved module or unlinked crate `bytemuck`
[INFO] [stdout]     |
[INFO] [stdout]     = help: if you wanted to use a crate named `bytemuck`, use `cargo add bytemuck` to add it to your `Cargo.toml`
[INFO] [stdout] 
[INFO] [stdout] 
[INFO] [stdout] error[E0433]: cannot find module or crate `bytemuck` in this scope
[INFO] [stdout]    --> tests/mmap_test.rs:167:20
[INFO] [stdout]     |
[INFO] [stdout] 167 |         assert_eq!(bytemuck::cast_slice::<u8, u32>(&target[..]), &[20, 30]);
[INFO] [stdout]     |                    ^^^^^^^^ use of unresolved module or unlinked crate `bytemuck`
[INFO] [stdout]     |
[INFO] [stdout]     = help: if you wanted to use a crate named `bytemuck`, use `cargo add bytemuck` to add it to your `Cargo.toml`
[INFO] [stdout] 
[INFO] [stdout] 
[INFO] [stdout] error[E0433]: cannot find module or crate `bytemuck` in this scope
[INFO] [stdout]    --> tests/mmap_test.rs:171:20
[INFO] [stdout]     |
[INFO] [stdout] 171 |         assert_eq!(bytemuck::cast_slice::<u8, u32>(&input2[..]), &[30, 40]);
[INFO] [stdout]     |                    ^^^^^^^^ use of unresolved module or unlinked crate `bytemuck`
[INFO] [stdout]     |
[INFO] [stdout]     = help: if you wanted to use a crate named `bytemuck`, use `cargo add bytemuck` to add it to your `Cargo.toml`
[INFO] [stdout] 
[INFO] [stdout] 
[INFO] [stdout] error[E0433]: cannot find module or crate `bytemuck` in this scope
[INFO] [stdout]    --> tests/mmap_test.rs:172:20
[INFO] [stdout]     |
[INFO] [stdout] 172 |         assert_eq!(bytemuck::cast_slice::<u8, u32>(&target2[..]), &[40, 50]);
[INFO] [stdout]     |                    ^^^^^^^^ use of unresolved module or unlinked crate `bytemuck`
[INFO] [stdout]     |
[INFO] [stdout]     = help: if you wanted to use a crate named `bytemuck`, use `cargo add bytemuck` to add it to your `Cargo.toml`
[INFO] [stdout] 
[INFO] [stdout] 
[INFO] [stdout] Some errors have detailed explanations: E0432, E0433.
[INFO] [stdout] 
[INFO] [stdout] For more information about an error, try `rustc --explain E0432`.
[INFO] [stdout] 
[INFO] [stderr] error: could not compile `plast` (test "mmap_test") due to 15 previous errors
[INFO] [stdout] error[E0433]: cannot find module or crate `bytemuck` in this scope
[INFO] [stdout]  --> tests/buffer_test.rs:9:21
[INFO] [stdout]   |
[INFO] [stdout] 9 |         let bytes = bytemuck::cast_slice(data);
[INFO] [stdout]   |                     ^^^^^^^^ use of unresolved module or unlinked crate `bytemuck`
[INFO] [stdout]   |
[INFO] [stdout]   = help: if you wanted to use a crate named `bytemuck`, use `cargo add bytemuck` to add it to your `Cargo.toml`
[INFO] [stdout] 
[INFO] [stdout] 
[INFO] [stdout] error[E0433]: cannot find module or crate `bytemuck` in this scope
[INFO] [stdout]   --> tests/buffer_test.rs:54:20
[INFO] [stdout]    |
[INFO] [stdout] 54 |         assert_eq!(bytemuck::cast_slice::<u8, u32>(&slice1[..]), &[1, 2]);
[INFO] [stdout]    |                    ^^^^^^^^ use of unresolved module or unlinked crate `bytemuck`
[INFO] [stdout]    |
[INFO] [stdout]    = help: if you wanted to use a crate named `bytemuck`, use `cargo add bytemuck` to add it to your `Cargo.toml`
[INFO] [stdout] 
[INFO] [stdout] 
[INFO] [stdout] error[E0433]: cannot find module or crate `bytemuck` in this scope
[INFO] [stdout]   --> tests/buffer_test.rs:57:20
[INFO] [stdout]    |
[INFO] [stdout] 57 |         assert_eq!(bytemuck::cast_slice::<u8, u32>(&slice2[..]), &[3, 4]);
[INFO] [stdout]    |                    ^^^^^^^^ use of unresolved module or unlinked crate `bytemuck`
[INFO] [stdout]    |
[INFO] [stdout]    = help: if you wanted to use a crate named `bytemuck`, use `cargo add bytemuck` to add it to your `Cargo.toml`
[INFO] [stdout] 
[INFO] [stdout] 
[INFO] [stdout] error[E0433]: cannot find module or crate `bytemuck` in this scope
[INFO] [stdout]   --> tests/buffer_test.rs:72:20
[INFO] [stdout]    |
[INFO] [stdout] 72 |         assert_eq!(bytemuck::cast_slice::<u8, u32>(&slice1[..]), &[1, 2]);
[INFO] [stdout]    |                    ^^^^^^^^ use of unresolved module or unlinked crate `bytemuck`
[INFO] [stdout]    |
[INFO] [stdout]    = help: if you wanted to use a crate named `bytemuck`, use `cargo add bytemuck` to add it to your `Cargo.toml`
[INFO] [stdout] 
[INFO] [stdout] 
[INFO] [stdout] error[E0433]: cannot find module or crate `bytemuck` in this scope
[INFO] [stdout]   --> tests/buffer_test.rs:76:20
[INFO] [stdout]    |
[INFO] [stdout] 76 |         assert_eq!(bytemuck::cast_slice::<u8, u32>(&slice2[..]), &[3, 4]);
[INFO] [stdout]    |                    ^^^^^^^^ use of unresolved module or unlinked crate `bytemuck`
[INFO] [stdout]    |
[INFO] [stdout]    = help: if you wanted to use a crate named `bytemuck`, use `cargo add bytemuck` to add it to your `Cargo.toml`
[INFO] [stdout] 
[INFO] [stdout] 
[INFO] [stdout] error[E0433]: cannot find module or crate `bytemuck` in this scope
[INFO] [stdout]   --> tests/buffer_test.rs:80:20
[INFO] [stdout]    |
[INFO] [stdout] 80 |         assert_eq!(bytemuck::cast_slice::<u8, u32>(&slice3[..]), &[5, 6]);
[INFO] [stdout]    |                    ^^^^^^^^ use of unresolved module or unlinked crate `bytemuck`
[INFO] [stdout]    |
[INFO] [stdout]    = help: if you wanted to use a crate named `bytemuck`, use `cargo add bytemuck` to add it to your `Cargo.toml`
[INFO] [stdout] 
[INFO] [stdout] 
[INFO] [stdout] error[E0433]: cannot find module or crate `bytemuck` in this scope
[INFO] [stdout]   --> tests/buffer_test.rs:96:20
[INFO] [stdout]    |
[INFO] [stdout] 96 |         assert_eq!(bytemuck::cast_slice::<u8, u32>(&slice1[..]), &[1, 2, 3]);
[INFO] [stdout]    |                    ^^^^^^^^ use of unresolved module or unlinked crate `bytemuck`
[INFO] [stdout]    |
[INFO] [stdout]    = help: if you wanted to use a crate named `bytemuck`, use `cargo add bytemuck` to add it to your `Cargo.toml`
[INFO] [stdout] 
[INFO] [stdout] 
[INFO] [stdout] error[E0433]: cannot find module or crate `bytemuck` in this scope
[INFO] [stdout]    --> tests/buffer_test.rs:103:20
[INFO] [stdout]     |
[INFO] [stdout] 103 |         assert_eq!(bytemuck::cast_slice::<u8, u32>(&slice2[..]), &[5, 6]);
[INFO] [stdout]     |                    ^^^^^^^^ use of unresolved module or unlinked crate `bytemuck`
[INFO] [stdout]     |
[INFO] [stdout]     = help: if you wanted to use a crate named `bytemuck`, use `cargo add bytemuck` to add it to your `Cargo.toml`
[INFO] [stdout] 
[INFO] [stdout] 
[INFO] [stdout] error[E0433]: cannot find module or crate `bytemuck` in this scope
[INFO] [stdout]    --> tests/buffer_test.rs:129:20
[INFO] [stdout]     |
[INFO] [stdout] 129 |         assert_eq!(bytemuck::cast_slice::<u8, u32>(&input1[..]), &[1, 2]);
[INFO] [stdout]     |                    ^^^^^^^^ use of unresolved module or unlinked crate `bytemuck`
[INFO] [stdout]     |
[INFO] [stdout]     = help: if you wanted to use a crate named `bytemuck`, use `cargo add bytemuck` to add it to your `Cargo.toml`
[INFO] [stdout] 
[INFO] [stdout] 
[INFO] [stdout] error[E0433]: cannot find module or crate `bytemuck` in this scope
[INFO] [stdout]    --> tests/buffer_test.rs:130:20
[INFO] [stdout]     |
[INFO] [stdout] 130 |         assert_eq!(bytemuck::cast_slice::<u8, u32>(&target1[..]), &[2, 3]);
[INFO] [stdout]     |                    ^^^^^^^^ use of unresolved module or unlinked crate `bytemuck`
[INFO] [stdout]     |
[INFO] [stdout]     = help: if you wanted to use a crate named `bytemuck`, use `cargo add bytemuck` to add it to your `Cargo.toml`
[INFO] [stdout] 
[INFO] [stdout] 
[INFO] [stdout] error[E0433]: cannot find module or crate `bytemuck` in this scope
[INFO] [stdout]    --> tests/buffer_test.rs:135:20
[INFO] [stdout]     |
[INFO] [stdout] 135 |         assert_eq!(bytemuck::cast_slice::<u8, u32>(&input2[..]), &[3, 4]);
[INFO] [stdout]     |                    ^^^^^^^^ use of unresolved module or unlinked crate `bytemuck`
[INFO] [stdout]     |
[INFO] [stdout]     = help: if you wanted to use a crate named `bytemuck`, use `cargo add bytemuck` to add it to your `Cargo.toml`
[INFO] [stdout] 
[INFO] [stdout] 
[INFO] [stdout] error[E0433]: cannot find module or crate `bytemuck` in this scope
[INFO] [stdout]    --> tests/buffer_test.rs:136:20
[INFO] [stdout]     |
[INFO] [stdout] 136 |         assert_eq!(bytemuck::cast_slice::<u8, u32>(&target2[..]), &[4, 5]);
[INFO] [stdout]     |                    ^^^^^^^^ use of unresolved module or unlinked crate `bytemuck`
[INFO] [stdout]     |
[INFO] [stdout]     = help: if you wanted to use a crate named `bytemuck`, use `cargo add bytemuck` to add it to your `Cargo.toml`
[INFO] [stdout] 
[INFO] [stdout] 
[INFO] [stdout] Some errors have detailed explanations: E0432, E0433.
[INFO] [stdout] 
[INFO] [stdout] For more information about an error, try `rustc --explain E0432`.
[INFO] [stdout] 
[INFO] [stderr] error: could not compile `plast` (test "buffer_test") due to 13 previous errors
[INFO] running `Command { std: "docker" "inspect" "a5f5b3b6afba87b9495688d595bdb3792260329766b16d07842ef57784aa4ec5", kill_on_drop: false }`
[INFO] running `Command { std: "docker" "rm" "-f" "a5f5b3b6afba87b9495688d595bdb3792260329766b16d07842ef57784aa4ec5", kill_on_drop: false }`
[INFO] [stdout] a5f5b3b6afba87b9495688d595bdb3792260329766b16d07842ef57784aa4ec5
