[INFO] cloning repository https://github.com/jsjm1986/KiroStudio
[INFO] running `Command { std: "git" "-c" "credential.helper=" "-c" "credential.helper=/workspace/cargo-home/bin/git-credential-null" "clone" "--bare" "https://github.com/jsjm1986/KiroStudio" "/workspace/cache/git-repos/https%3A%2F%2Fgithub.com%2Fjsjm1986%2FKiroStudio", kill_on_drop: false }`
[INFO] [stderr] Cloning into bare repository '/workspace/cache/git-repos/https%3A%2F%2Fgithub.com%2Fjsjm1986%2FKiroStudio'...
[INFO] running `Command { std: "git" "rev-parse" "HEAD", kill_on_drop: false }`
[INFO] [stdout] d4a227478cb2b1f166ebcadb8471f5c5093ab5ee
[INFO] checking jsjm1986/KiroStudio against 3154cc1a3e6424e44f438a95007d043ed5ceaaf6 for pr-133502-30
[INFO] running `Command { std: "git" "clone" "/workspace/cache/git-repos/https%3A%2F%2Fgithub.com%2Fjsjm1986%2FKiroStudio" "/workspace/builds/worker-1-tc2/source", kill_on_drop: false }`
[INFO] [stderr] Cloning into '/workspace/builds/worker-1-tc2/source'...
[INFO] [stderr] done.
[INFO] removed /workspace/builds/worker-1-tc2/source/.cargo/config.toml
[INFO] started tweaking git repo https://github.com/jsjm1986/KiroStudio
[INFO] finished tweaking git repo https://github.com/jsjm1986/KiroStudio
[INFO] tweaked toml for git repo https://github.com/jsjm1986/KiroStudio written to /workspace/builds/worker-1-tc2/source/Cargo.toml
[INFO] validating manifest of git repo https://github.com/jsjm1986/KiroStudio on toolchain 3154cc1a3e6424e44f438a95007d043ed5ceaaf6
[INFO] running `Command { std: CARGO_HOME="/workspace/cargo-home" RUSTUP_HOME="/workspace/rustup-home" "/workspace/cargo-home/bin/cargo" "+3154cc1a3e6424e44f438a95007d043ed5ceaaf6" "metadata" "--manifest-path" "Cargo.toml" "--no-deps", kill_on_drop: false }`
[INFO] crate git repo https://github.com/jsjm1986/KiroStudio already has a lockfile, it will not be regenerated
[INFO] running `Command { std: CARGO_HOME="/workspace/cargo-home" RUSTUP_HOME="/workspace/rustup-home" "/workspace/cargo-home/bin/cargo" "+3154cc1a3e6424e44f438a95007d043ed5ceaaf6" "fetch" "--manifest-path" "Cargo.toml", kill_on_drop: false }`
[INFO] running `Command { std: "docker" "create" "-v" "/var/lib/crater-agent-workspace/builds/worker-1-tc2/source:/opt/rustwide/workdir:ro,Z" "-v" "/var/lib/crater-agent-workspace/builds/worker-1-tc2/target:/opt/rustwide/target:rw,Z" "-v" "/var/lib/crater-agent-workspace/cargo-home:/opt/rustwide/cargo-home:ro,Z" "-v" "/var/lib/crater-agent-workspace/rustup-home:/opt/rustwide/rustup-home:ro,Z" "-m" "1610612736" "--network" "none" "ghcr.io/rust-lang/crates-build-env/linux@sha256:77db811e55d90add9212f6832c23229e3de5f1c1f9905e8cb07319ea15df73ac" "sleep" "infinity", kill_on_drop: false }`
[INFO] [stdout] 9589d47ec13a205f54941be8ccedf838af133febbae6c193724207d776a0d0b2
[INFO] running `Command { std: "docker" "start" "9589d47ec13a205f54941be8ccedf838af133febbae6c193724207d776a0d0b2", kill_on_drop: false }`
[INFO] running `Command { std: "docker" "inspect" "9589d47ec13a205f54941be8ccedf838af133febbae6c193724207d776a0d0b2", kill_on_drop: false }`
[INFO] running `Command { std: "docker" "exec" "-e" "SOURCE_DIR=/opt/rustwide/workdir" "-e" "CARGO_HOME=/opt/rustwide/cargo-home" "-e" "RUSTUP_HOME=/opt/rustwide/rustup-home" "-e" "CARGO_TARGET_DIR=/opt/rustwide/target" "-w" "/opt/rustwide/workdir" "--user" "0:0" "9589d47ec13a205f54941be8ccedf838af133febbae6c193724207d776a0d0b2" "/opt/rustwide/cargo-home/bin/cargo" "+3154cc1a3e6424e44f438a95007d043ed5ceaaf6" "metadata" "--no-deps" "--format-version=1", kill_on_drop: false }`
[INFO] running `Command { std: "docker" "inspect" "9589d47ec13a205f54941be8ccedf838af133febbae6c193724207d776a0d0b2", kill_on_drop: false }`
[INFO] running `Command { std: "docker" "exec" "-e" "SOURCE_DIR=/opt/rustwide/workdir" "-e" "CARGO_HOME=/opt/rustwide/cargo-home" "-e" "RUSTUP_HOME=/opt/rustwide/rustup-home" "-e" "CARGO_TARGET_DIR=/opt/rustwide/target" "-e" "CARGO_INCREMENTAL=0" "-e" "RUST_BACKTRACE=full" "-e" "RUSTFLAGS=--cap-lints=forbid" "-e" "RUSTDOCFLAGS=--cap-lints=forbid" "-w" "/opt/rustwide/workdir" "--user" "0:0" "9589d47ec13a205f54941be8ccedf838af133febbae6c193724207d776a0d0b2" "/opt/rustwide/cargo-home/bin/cargo" "+3154cc1a3e6424e44f438a95007d043ed5ceaaf6" "check" "--frozen" "--all" "--all-targets" "--message-format=json", kill_on_drop: false }`
[INFO] [stderr]    Compiling quote v1.0.46
[INFO] [stderr]     Checking futures-core v0.3.32
[INFO] [stderr]     Checking bytes v1.12.0
[INFO] [stderr]    Compiling cc v1.2.65
[INFO] [stderr]     Checking futures-sink v0.3.32
[INFO] [stderr]     Checking slab v0.4.12
[INFO] [stderr]     Checking memchr v2.8.2
[INFO] [stderr]     Checking foldhash v0.2.0
[INFO] [stderr]     Checking futures-task v0.3.32
[INFO] [stderr]    Compiling serde_core v1.0.228
[INFO] [stderr]     Checking futures-io v0.3.32
[INFO] [stderr]     Checking getrandom v0.2.17
[INFO] [stderr]     Checking errno v0.3.14
[INFO] [stderr]     Checking parking_lot_core v0.9.12
[INFO] [stderr]     Checking socket2 v0.6.4
[INFO] [stderr]     Checking generic-array v0.14.7
[INFO] [stderr]     Checking mio v1.2.1
[INFO] [stderr]     Checking writeable v0.6.3
[INFO] [stderr]     Checking futures-channel v0.3.32
[INFO] [stderr]     Checking litemap v0.8.2
[INFO] [stderr]     Checking signal-hook-registry v1.4.8
[INFO] [stderr]     Checking rand_core v0.6.4
[INFO] [stderr]     Checking parking_lot v0.12.5
[INFO] [stderr]     Checking hashbrown v0.17.1
[INFO] [stderr]    Compiling icu_properties_data v2.2.0
[INFO] [stderr]     Checking rustls-pki-types v1.14.1
[INFO] [stderr]     Checking bitflags v2.13.0
[INFO] [stderr]     Checking atomic-waker v1.1.2
[INFO] [stderr]     Checking httparse v1.10.1
[INFO] [stderr]     Checking openssl-probe v0.2.1
[INFO] [stderr]    Compiling openssl v0.10.81
[INFO] [stderr]    Compiling syn v2.0.118
[INFO] [stderr]     Checking sync_wrapper v1.0.2
[INFO] [stderr]    Compiling native-tls v0.2.18
[INFO] [stderr]     Checking ipnet v2.12.0
[INFO] [stderr]     Checking tower-layer v0.3.3
[INFO] [stderr]    Compiling rustls v0.23.41
[INFO] [stderr]    Compiling serde_json v1.0.150
[INFO] [stderr]    Compiling unicase v2.9.0
[INFO] [stderr]    Compiling rustversion v1.0.22
[INFO] [stderr]     Checking regex-syntax v0.8.11
[INFO] [stderr]     Checking getrandom v0.4.3
[INFO] [stderr]    Compiling anyhow v1.0.103
[INFO] [stderr]     Checking crypto-common v0.1.7
[INFO] [stderr]     Checking block-buffer v0.10.4
[INFO] [stderr]     Checking inout v0.1.4
[INFO] [stderr]    Compiling mime_guess v2.0.5
[INFO] [stderr]     Checking bytemuck v1.25.0
[INFO] [stderr]     Checking cipher v0.4.4
[INFO] [stderr]     Checking universal-hash v0.5.1
[INFO] [stderr]     Checking digest v0.10.7
[INFO] [stderr]     Checking poly1305 v0.8.0
[INFO] [stderr]     Checking aead v0.5.2
[INFO] [stderr]     Checking webpki-roots v1.0.8
[INFO] [stderr]     Checking rustls-native-certs v0.8.4
[INFO] [stderr]     Checking http v1.4.2
[INFO] [stderr]     Checking rand v0.10.1
[INFO] [stderr]     Checking atomic v0.6.1
[INFO] [stderr]     Checking sharded-slab v0.1.7
[INFO] [stderr]     Checking clap_builder v4.6.0
[INFO] [stderr]     Checking sha2 v0.10.9
[INFO] [stderr]     Checking chacha20 v0.9.1
[INFO] [stderr]     Checking thread_local v1.1.9
[INFO] [stderr]     Checking indexmap v2.14.0
[INFO] [stderr]     Checking hashlink v0.12.0
[INFO] [stderr]    Compiling openssl-src v300.6.1+3.6.3
[INFO] [stderr]     Checking rust-embed-utils v8.11.0
[INFO] [stderr]     Checking matchit v0.8.4
[INFO] [stderr]     Checking fallible-iterator v0.3.0
[INFO] [stderr]     Checking fallible-streaming-iterator v0.1.9
[INFO] [stderr]     Checking half v1.8.3
[INFO] [stderr]     Checking nu-ansi-term v0.50.3
[INFO] [stderr]     Checking crc v3.4.0
[INFO] [stderr]     Checking chacha20poly1305 v0.10.1
[INFO] [stderr]     Checking arc-swap v1.9.2
[INFO] [stderr]     Checking uuid v1.23.4
[INFO] [stderr]     Checking urlencoding v2.1.3
[INFO] [stderr]    Compiling openssl-sys v0.9.117
[INFO] [stderr]    Compiling ring v0.17.14
[INFO] [stderr]    Compiling libsqlite3-sys v0.38.1
[INFO] [stderr]     Checking http-body v1.0.1
[INFO] [stderr]     Checking http-body-util v0.1.3
[INFO] [stderr]     Checking regex-automata v0.4.14
[INFO] [stderr]     Checking serde_path_to_error v0.1.20
[INFO] [stderr]     Checking matchers v0.2.0
[INFO] [stderr]    Compiling synstructure v0.13.2
[INFO] [stderr]    Compiling zerovec-derive v0.11.3
[INFO] [stderr]    Compiling tokio-macros v2.7.0
[INFO] [stderr]    Compiling tracing-attributes v0.1.31
[INFO] [stderr]    Compiling displaydoc v0.2.6
[INFO] [stderr]    Compiling futures-macro v0.3.32
[INFO] [stderr]    Compiling serde_derive v1.0.228
[INFO] [stderr]    Compiling openssl-macros v0.1.1
[INFO] [stderr]    Compiling rust-embed-impl v8.11.0
[INFO] [stderr]    Compiling async-stream-impl v0.3.6
[INFO] [stderr]    Compiling clap_derive v4.6.1
[INFO] [stderr]    Compiling zerofrom-derive v0.1.7
[INFO] [stderr]    Compiling yoke-derive v0.8.2
[INFO] [stderr]     Checking rustls-webpki v0.103.13
[INFO] [stderr]     Checking async-stream v0.3.6
[INFO] [stderr]     Checking rust-embed v8.11.0
[INFO] [stderr]     Checking tokio v1.52.3
[INFO] [stderr]     Checking futures-util v0.3.32
[INFO] [stderr]     Checking tracing v0.1.44
[INFO] [stderr]     Checking zerofrom v0.1.8
[INFO] [stderr]     Checking axum-core v0.5.6
[INFO] [stderr]     Checking tracing-subscriber v0.3.23
[INFO] [stderr]     Checking yoke v0.8.3
[INFO] [stderr]     Checking zerovec v0.11.6
[INFO] [stderr]     Checking zerotrie v0.2.4
[INFO] [stderr]     Checking clap v4.6.1
[INFO] [stderr]     Checking tinystr v0.8.3
[INFO] [stderr]     Checking potential_utf v0.1.5
[INFO] [stderr]     Checking icu_locale_core v2.2.0
[INFO] [stderr]     Checking icu_collections v2.2.0
[INFO] [stderr]     Checking serde v1.0.228
[INFO] [stderr]     Checking serde_urlencoded v0.7.1
[INFO] [stderr]     Checking chrono v0.4.45
[INFO] [stderr]     Checking serde_cbor v0.11.2
[INFO] [stderr]     Checking icu_provider v2.2.0
[INFO] [stderr]     Checking icu_normalizer v2.2.0
[INFO] [stderr]     Checking icu_properties v2.2.0
[INFO] [stderr]     Checking futures-executor v0.3.32
[INFO] [stderr]     Checking futures v0.3.32
[INFO] [stderr]     Checking idna_adapter v1.2.2
[INFO] [stderr]     Checking idna v1.1.0
[INFO] [stderr]     Checking url v2.5.8
[INFO] [stderr]     Checking rusqlite v0.40.1
[INFO] [stderr]     Checking tokio-util v0.7.18
[INFO] [stderr]     Checking tower v0.5.3
[INFO] [stderr]     Checking tokio-rustls v0.26.4
[INFO] [stderr]     Checking h2 v0.4.15
[INFO] [stderr]     Checking tower-http v0.6.11
[INFO] [stderr]     Checking hyper v1.10.1
[INFO] [stderr]     Checking hyper-util v0.1.20
[INFO] [stderr]     Checking hyper-rustls v0.27.9
[INFO] [stderr]     Checking axum v0.8.9
[INFO] [stderr]     Checking tokio-native-tls v0.3.1
[INFO] [stderr]     Checking hyper-tls v0.6.0
[INFO] [stderr]     Checking reqwest v0.12.28
[INFO] [stderr]     Checking kirostudio v0.7.44 (/opt/rustwide/workdir)
[INFO] [stdout] error: #[derive(RustEmbed)] folder '/opt/rustwide/workdir/admin-ui/dist' does not exist. cwd: '/opt/rustwide/workdir'
[INFO] [stdout]   --> src/admin_ui/router.rs:17:1
[INFO] [stdout]    |
[INFO] [stdout] 17 | / /// 嵌入前端构建产物
[INFO] [stdout] 18 | | #[derive(Embed)]
[INFO] [stdout] 19 | | #[folder = "admin-ui/dist"]
[INFO] [stdout] 20 | | struct Asset;
[INFO] [stdout]    | |_____________^
[INFO] [stdout] 
[INFO] [stdout] 
[INFO] [stdout] error: #[derive(RustEmbed)] folder '/opt/rustwide/workdir/admin-ui/dist' does not exist. cwd: '/opt/rustwide/workdir'
[INFO] [stdout]   --> src/admin_ui/router.rs:17:1
[INFO] [stdout]    |
[INFO] [stdout] 17 | / /// 嵌入前端构建产物
[INFO] [stdout] 18 | | #[derive(Embed)]
[INFO] [stdout] 19 | | #[folder = "admin-ui/dist"]
[INFO] [stdout] 20 | | struct Asset;
[INFO] [stdout]    | |_____________^
[INFO] [stdout] 
[INFO] [stdout] 
[INFO] [stdout] error[E0599]: no associated function or constant named `get` found for struct `Asset` in the current scope
[INFO] [stdout]    --> src/admin_ui/router.rs:564:35
[INFO] [stdout]     |
[INFO] [stdout]  20 | struct Asset;
[INFO] [stdout]     | ------------ associated function or constant `get` not found for this struct
[INFO] [stdout] ...
[INFO] [stdout] 564 |     if let Some(content) = Asset::get(path) {
[INFO] [stdout]     |                                   ^^^ associated function or constant not found in `Asset`
[INFO] [stdout]     |
[INFO] [stdout]     = help: items from traits can only be used if the trait is implemented and in scope
[INFO] [stdout]     = note: the following traits define an item `get`, perhaps you need to implement one of them:
[INFO] [stdout]             candidate #1: `Embed`
[INFO] [stdout]             candidate #2: `FallibleStreamingIterator`
[INFO] [stdout]             candidate #3: `SliceIndex`
[INFO] [stdout]             candidate #4: `icu_collections::codepointtrie::cptrie::TypedCodePointTrie`
[INFO] [stdout]             candidate #5: `icu_properties::names::PropertyEnumToValueNameLookup`
[INFO] [stdout]             candidate #6: `icu_provider::baked::DataStore`
[INFO] [stdout]             candidate #7: `rustls::server::server_conn::StoresServerSessions`
[INFO] [stdout] 
[INFO] [stdout] 
[INFO] [stdout] error[E0599]: no associated function or constant named `get` found for struct `admin_ui::router::Asset` in the current scope
[INFO] [stdout]    --> src/admin_ui/router.rs:564:35
[INFO] [stdout]     |
[INFO] [stdout]  20 | struct Asset;
[INFO] [stdout]     | ------------ associated function or constant `get` not found for this struct
[INFO] [stdout] ...
[INFO] [stdout] 564 |     if let Some(content) = Asset::get(path) {
[INFO] [stdout]     |                                   ^^^ associated function or constant not found in `admin_ui::router::Asset`
[INFO] [stdout]     |
[INFO] [stdout]     = help: items from traits can only be used if the trait is implemented and in scope
[INFO] [stdout]     = note: the following traits define an item `get`, perhaps you need to implement one of them:
[INFO] [stdout]             candidate #1: `FallibleStreamingIterator`
[INFO] [stdout]             candidate #2: `RustEmbed`
[INFO] [stdout]             candidate #3: `SliceIndex`
[INFO] [stdout]             candidate #4: `icu_collections::codepointtrie::cptrie::TypedCodePointTrie`
[INFO] [stdout]             candidate #5: `icu_properties::names::PropertyEnumToValueNameLookup`
[INFO] [stdout]             candidate #6: `icu_provider::baked::DataStore`
[INFO] [stdout]             candidate #7: `rustls::server::server_conn::StoresServerSessions`
[INFO] [stdout] 
[INFO] [stdout] 
[INFO] [stdout] error[E0599]: no associated function or constant named `get` found for struct `Asset` in the current scope
[INFO] [stdout]    --> src/admin_ui/router.rs:608:18
[INFO] [stdout]     |
[INFO] [stdout]  20 | struct Asset;
[INFO] [stdout]     | ------------ associated function or constant `get` not found for this struct
[INFO] [stdout] ...
[INFO] [stdout] 608 |     match Asset::get("index.html") {
[INFO] [stdout]     |                  ^^^ associated function or constant not found in `Asset`
[INFO] [stdout]     |
[INFO] [stdout]     = help: items from traits can only be used if the trait is implemented and in scope
[INFO] [stdout]     = note: the following traits define an item `get`, perhaps you need to implement one of them:
[INFO] [stdout]             candidate #1: `Embed`
[INFO] [stdout]             candidate #2: `FallibleStreamingIterator`
[INFO] [stdout]             candidate #3: `SliceIndex`
[INFO] [stdout]             candidate #4: `icu_collections::codepointtrie::cptrie::TypedCodePointTrie`
[INFO] [stdout]             candidate #5: `icu_properties::names::PropertyEnumToValueNameLookup`
[INFO] [stdout]             candidate #6: `icu_provider::baked::DataStore`
[INFO] [stdout]             candidate #7: `rustls::server::server_conn::StoresServerSessions`
[INFO] [stdout] 
[INFO] [stdout] 
[INFO] [stdout] error[E0599]: no associated function or constant named `get` found for struct `admin_ui::router::Asset` in the current scope
[INFO] [stdout]    --> src/admin_ui/router.rs:608:18
[INFO] [stdout]     |
[INFO] [stdout]  20 | struct Asset;
[INFO] [stdout]     | ------------ associated function or constant `get` not found for this struct
[INFO] [stdout] ...
[INFO] [stdout] 608 |     match Asset::get("index.html") {
[INFO] [stdout]     |                  ^^^ associated function or constant not found in `admin_ui::router::Asset`
[INFO] [stdout]     |
[INFO] [stdout]     = help: items from traits can only be used if the trait is implemented and in scope
[INFO] [stdout]     = note: the following traits define an item `get`, perhaps you need to implement one of them:
[INFO] [stdout]             candidate #1: `FallibleStreamingIterator`
[INFO] [stdout]             candidate #2: `RustEmbed`
[INFO] [stdout]             candidate #3: `SliceIndex`
[INFO] [stdout]             candidate #4: `icu_collections::codepointtrie::cptrie::TypedCodePointTrie`
[INFO] [stdout]             candidate #5: `icu_properties::names::PropertyEnumToValueNameLookup`
[INFO] [stdout]             candidate #6: `icu_provider::baked::DataStore`
[INFO] [stdout]             candidate #7: `rustls::server::server_conn::StoresServerSessions`
[INFO] [stdout] 
[INFO] [stdout] 
[INFO] [stdout] error[E0599]: no associated function or constant named `get` found for struct `admin_ui::router::Asset` in the current scope
[INFO] [stdout]    --> src/admin_ui/router.rs:947:20
[INFO] [stdout]     |
[INFO] [stdout]  20 | struct Asset;
[INFO] [stdout]     | ------------ associated function or constant `get` not found for this struct
[INFO] [stdout] ...
[INFO] [stdout] 947 |             Asset::get("index.html").is_some(),
[INFO] [stdout]     |                    ^^^ associated function or constant not found in `admin_ui::router::Asset`
[INFO] [stdout]     |
[INFO] [stdout]     = help: items from traits can only be used if the trait is implemented and in scope
[INFO] [stdout]     = note: the following traits define an item `get`, perhaps you need to implement one of them:
[INFO] [stdout]             candidate #1: `FallibleStreamingIterator`
[INFO] [stdout]             candidate #2: `RustEmbed`
[INFO] [stdout]             candidate #3: `SliceIndex`
[INFO] [stdout]             candidate #4: `icu_collections::codepointtrie::cptrie::TypedCodePointTrie`
[INFO] [stdout]             candidate #5: `icu_properties::names::PropertyEnumToValueNameLookup`
[INFO] [stdout]             candidate #6: `icu_provider::baked::DataStore`
[INFO] [stdout]             candidate #7: `rustls::server::server_conn::StoresServerSessions`
[INFO] [stdout] 
[INFO] [stdout] 
[INFO] [stdout] error[E0599]: no associated function or constant named `get` found for struct `admin_ui::router::Asset` in the current scope
[INFO] [stdout]    --> src/admin_ui/router.rs:954:28
[INFO] [stdout]     |
[INFO] [stdout]  20 | struct Asset;
[INFO] [stdout]     | ------------ associated function or constant `get` not found for this struct
[INFO] [stdout] ...
[INFO] [stdout] 954 |         let index = Asset::get("index.html").expect("已由上一条用例保证存在");
[INFO] [stdout]     |                            ^^^ associated function or constant not found in `admin_ui::router::Asset`
[INFO] [stdout]     |
[INFO] [stdout]     = help: items from traits can only be used if the trait is implemented and in scope
[INFO] [stdout]     = note: the following traits define an item `get`, perhaps you need to implement one of them:
[INFO] [stdout]             candidate #1: `FallibleStreamingIterator`
[INFO] [stdout]             candidate #2: `RustEmbed`
[INFO] [stdout]             candidate #3: `SliceIndex`
[INFO] [stdout]             candidate #4: `icu_collections::codepointtrie::cptrie::TypedCodePointTrie`
[INFO] [stdout]             candidate #5: `icu_properties::names::PropertyEnumToValueNameLookup`
[INFO] [stdout]             candidate #6: `icu_provider::baked::DataStore`
[INFO] [stdout]             candidate #7: `rustls::server::server_conn::StoresServerSessions`
[INFO] [stdout] 
[INFO] [stdout] 
[INFO] [stdout] error[E0599]: no associated function or constant named `get` found for struct `admin_ui::router::Asset` in the current scope
[INFO] [stdout]    --> src/admin_ui/router.rs:956:33
[INFO] [stdout]     |
[INFO] [stdout]  20 | struct Asset;
[INFO] [stdout]     | ------------ associated function or constant `get` not found for this struct
[INFO] [stdout] ...
[INFO] [stdout] 956 |         let b = etag_of(&Asset::get("index.html").expect("同一文件"));
[INFO] [stdout]     |                                 ^^^ associated function or constant not found in `admin_ui::router::Asset`
[INFO] [stdout]     |
[INFO] [stdout]     = help: items from traits can only be used if the trait is implemented and in scope
[INFO] [stdout]     = note: the following traits define an item `get`, perhaps you need to implement one of them:
[INFO] [stdout]             candidate #1: `FallibleStreamingIterator`
[INFO] [stdout]             candidate #2: `RustEmbed`
[INFO] [stdout]             candidate #3: `SliceIndex`
[INFO] [stdout]             candidate #4: `icu_collections::codepointtrie::cptrie::TypedCodePointTrie`
[INFO] [stdout]             candidate #5: `icu_properties::names::PropertyEnumToValueNameLookup`
[INFO] [stdout]             candidate #6: `icu_provider::baked::DataStore`
[INFO] [stdout]             candidate #7: `rustls::server::server_conn::StoresServerSessions`
[INFO] [stdout] 
[INFO] [stdout] 
[INFO] [stdout] error[E0599]: no associated function or constant named `iter` found for struct `admin_ui::router::Asset` in the current scope
[INFO] [stdout]    --> src/admin_ui/router.rs:976:25
[INFO] [stdout]     |
[INFO] [stdout]  20 | struct Asset;
[INFO] [stdout]     | ------------ associated function or constant `iter` not found for this struct
[INFO] [stdout] ...
[INFO] [stdout] 976 |         for f in Asset::iter() {
[INFO] [stdout]     |                         ^^^^ associated function or constant not found in `admin_ui::router::Asset`
[INFO] [stdout]     |
[INFO] [stdout]     = help: items from traits can only be used if the trait is implemented and in scope
[INFO] [stdout]     = note: the following traits define an item `iter`, perhaps you need to implement one of them:
[INFO] [stdout]             candidate #1: `RustEmbed`
[INFO] [stdout]             candidate #2: `bitflags::traits::Flags`
[INFO] [stdout] 
[INFO] [stdout] 
[INFO] [stdout] error[E0599]: no associated function or constant named `get` found for struct `admin_ui::router::Asset` in the current scope
[INFO] [stdout]    --> src/admin_ui/router.rs:978:34
[INFO] [stdout]     |
[INFO] [stdout]  20 | struct Asset;
[INFO] [stdout]     | ------------ associated function or constant `get` not found for this struct
[INFO] [stdout] ...
[INFO] [stdout] 978 |             let content = Asset::get(&name).expect("iter 给出的名字必然存在");
[INFO] [stdout]     |                                  ^^^ associated function or constant not found in `admin_ui::router::Asset`
[INFO] [stdout]     |
[INFO] [stdout]     = help: items from traits can only be used if the trait is implemented and in scope
[INFO] [stdout]     = note: the following traits define an item `get`, perhaps you need to implement one of them:
[INFO] [stdout]             candidate #1: `FallibleStreamingIterator`
[INFO] [stdout]             candidate #2: `RustEmbed`
[INFO] [stdout]             candidate #3: `SliceIndex`
[INFO] [stdout]             candidate #4: `icu_collections::codepointtrie::cptrie::TypedCodePointTrie`
[INFO] [stdout]             candidate #5: `icu_properties::names::PropertyEnumToValueNameLookup`
[INFO] [stdout]             candidate #6: `icu_provider::baked::DataStore`
[INFO] [stdout]             candidate #7: `rustls::server::server_conn::StoresServerSessions`
[INFO] [stdout] 
[INFO] [stdout] 
[INFO] [stdout] error[E0599]: no associated function or constant named `get` found for struct `admin_ui::router::Asset` in the current scope
[INFO] [stdout]    --> src/admin_ui/router.rs:982:32
[INFO] [stdout]     |
[INFO] [stdout]  20 | struct Asset;
[INFO] [stdout]     | ------------ associated function or constant `get` not found for this struct
[INFO] [stdout] ...
[INFO] [stdout] 982 |                 let a = Asset::get(&name).expect("存在").data.into_owned();
[INFO] [stdout]     |                                ^^^ associated function or constant not found in `admin_ui::router::Asset`
[INFO] [stdout]     |
[INFO] [stdout]     = help: items from traits can only be used if the trait is implemented and in scope
[INFO] [stdout]     = note: the following traits define an item `get`, perhaps you need to implement one of them:
[INFO] [stdout]             candidate #1: `FallibleStreamingIterator`
[INFO] [stdout]             candidate #2: `RustEmbed`
[INFO] [stdout]             candidate #3: `SliceIndex`
[INFO] [stdout]             candidate #4: `icu_collections::codepointtrie::cptrie::TypedCodePointTrie`
[INFO] [stdout]             candidate #5: `icu_properties::names::PropertyEnumToValueNameLookup`
[INFO] [stdout]             candidate #6: `icu_provider::baked::DataStore`
[INFO] [stdout]             candidate #7: `rustls::server::server_conn::StoresServerSessions`
[INFO] [stdout] 
[INFO] [stdout] 
[INFO] [stdout] error[E0599]: no associated function or constant named `get` found for struct `admin_ui::router::Asset` in the current scope
[INFO] [stdout]    --> src/admin_ui/router.rs:983:32
[INFO] [stdout]     |
[INFO] [stdout]  20 | struct Asset;
[INFO] [stdout]     | ------------ associated function or constant `get` not found for this struct
[INFO] [stdout] ...
[INFO] [stdout] 983 |                 let b = Asset::get(&other).expect("存在").data.into_owned();
[INFO] [stdout]     |                                ^^^ associated function or constant not found in `admin_ui::router::Asset`
[INFO] [stdout]     |
[INFO] [stdout]     = help: items from traits can only be used if the trait is implemented and in scope
[INFO] [stdout]     = note: the following traits define an item `get`, perhaps you need to implement one of them:
[INFO] [stdout]             candidate #1: `FallibleStreamingIterator`
[INFO] [stdout]             candidate #2: `RustEmbed`
[INFO] [stdout]             candidate #3: `SliceIndex`
[INFO] [stdout]             candidate #4: `icu_collections::codepointtrie::cptrie::TypedCodePointTrie`
[INFO] [stdout]             candidate #5: `icu_properties::names::PropertyEnumToValueNameLookup`
[INFO] [stdout]             candidate #6: `icu_provider::baked::DataStore`
[INFO] [stdout]             candidate #7: `rustls::server::server_conn::StoresServerSessions`
[INFO] [stdout] 
[INFO] [stdout] 
[INFO] [stdout] error[E0599]: no associated function or constant named `get` found for struct `admin_ui::router::Asset` in the current scope
[INFO] [stdout]     --> src/admin_ui/router.rs:1045:28
[INFO] [stdout]      |
[INFO] [stdout]   20 | struct Asset;
[INFO] [stdout]      | ------------ associated function or constant `get` not found for this struct
[INFO] [stdout] ...
[INFO] [stdout] 1045 |         let index = Asset::get("index.html").expect("已嵌入");
[INFO] [stdout]      |                            ^^^ associated function or constant not found in `admin_ui::router::Asset`
[INFO] [stdout]      |
[INFO] [stdout]      = help: items from traits can only be used if the trait is implemented and in scope
[INFO] [stdout]      = note: the following traits define an item `get`, perhaps you need to implement one of them:
[INFO] [stdout]              candidate #1: `FallibleStreamingIterator`
[INFO] [stdout]              candidate #2: `RustEmbed`
[INFO] [stdout]              candidate #3: `SliceIndex`
[INFO] [stdout]              candidate #4: `icu_collections::codepointtrie::cptrie::TypedCodePointTrie`
[INFO] [stdout]              candidate #5: `icu_properties::names::PropertyEnumToValueNameLookup`
[INFO] [stdout]              candidate #6: `icu_provider::baked::DataStore`
[INFO] [stdout]              candidate #7: `rustls::server::server_conn::StoresServerSessions`
[INFO] [stdout] 
[INFO] [stdout] 
[INFO] [stdout] error[E0599]: no associated function or constant named `iter` found for struct `admin_ui::router::Asset` in the current scope
[INFO] [stdout]     --> src/admin_ui/router.rs:1117:25
[INFO] [stdout]      |
[INFO] [stdout]   20 | struct Asset;
[INFO] [stdout]      | ------------ associated function or constant `iter` not found for this struct
[INFO] [stdout] ...
[INFO] [stdout] 1117 |         for f in Asset::iter() {
[INFO] [stdout]      |                         ^^^^ associated function or constant not found in `admin_ui::router::Asset`
[INFO] [stdout]      |
[INFO] [stdout]      = help: items from traits can only be used if the trait is implemented and in scope
[INFO] [stdout]      = note: the following traits define an item `iter`, perhaps you need to implement one of them:
[INFO] [stdout]              candidate #1: `RustEmbed`
[INFO] [stdout]              candidate #2: `bitflags::traits::Flags`
[INFO] [stdout] 
[INFO] [stdout] 
[INFO] [stdout] error[E0599]: no associated function or constant named `iter` found for struct `admin_ui::router::Asset` in the current scope
[INFO] [stdout]     --> src/admin_ui/router.rs:1134:25
[INFO] [stdout]      |
[INFO] [stdout]   20 | struct Asset;
[INFO] [stdout]      | ------------ associated function or constant `iter` not found for this struct
[INFO] [stdout] ...
[INFO] [stdout] 1134 |         for f in Asset::iter() {
[INFO] [stdout]      |                         ^^^^ associated function or constant not found in `admin_ui::router::Asset`
[INFO] [stdout]      |
[INFO] [stdout]      = help: items from traits can only be used if the trait is implemented and in scope
[INFO] [stdout]      = note: the following traits define an item `iter`, perhaps you need to implement one of them:
[INFO] [stdout]              candidate #1: `RustEmbed`
[INFO] [stdout]              candidate #2: `bitflags::traits::Flags`
[INFO] [stdout] 
[INFO] [stdout] 
[INFO] [stdout] warning: use of deprecated method `std::sync::atomic::Atomic::<u32>::fetch_update`: renamed to `try_update` for consistency
[INFO] [stdout]   --> src/kiro/scheduling.rs:51:14
[INFO] [stdout]    |
[INFO] [stdout] 51 |             .fetch_update(Ordering::AcqRel, Ordering::Acquire, |v| {
[INFO] [stdout]    |              ^^^^^^^^^^^^
[INFO] [stdout]    |
[INFO] [stdout]    = note: `#[warn(deprecated)]` on by default
[INFO] [stdout] help: replace the use of the deprecated method
[INFO] [stdout]    |
[INFO] [stdout] 51 -             .fetch_update(Ordering::AcqRel, Ordering::Acquire, |v| {
[INFO] [stdout] 51 +             .try_update(Ordering::AcqRel, Ordering::Acquire, |v| {
[INFO] [stdout]    |
[INFO] [stdout] 
[INFO] [stdout] 
[INFO] [stdout] warning: use of deprecated method `std::sync::atomic::Atomic::<u32>::fetch_update`: renamed to `try_update` for consistency
[INFO] [stdout]   --> src/kiro/scheduling.rs:51:14
[INFO] [stdout]    |
[INFO] [stdout] 51 |             .fetch_update(Ordering::AcqRel, Ordering::Acquire, |v| {
[INFO] [stdout]    |              ^^^^^^^^^^^^
[INFO] [stdout]    |
[INFO] [stdout]    = note: `#[warn(deprecated)]` on by default
[INFO] [stdout] help: replace the use of the deprecated method
[INFO] [stdout]    |
[INFO] [stdout] 51 -             .fetch_update(Ordering::AcqRel, Ordering::Acquire, |v| {
[INFO] [stdout] 51 +             .try_update(Ordering::AcqRel, Ordering::Acquire, |v| {
[INFO] [stdout]    |
[INFO] [stdout] 
[INFO] [stdout] 
[INFO] [stdout] For more information about this error, try `rustc --explain E0599`.
[INFO] [stdout] 
[INFO] [stderr] error: could not compile `kirostudio` (bin "kirostudio") due to 3 previous errors; 1 warning emitted
[INFO] [stderr] warning: build failed, waiting for other jobs to finish...
[INFO] [stdout] warning: unused variable: `event`
[INFO] [stdout]   --> src/kiro/model/events/assistant.rs:89:13
[INFO] [stdout]    |
[INFO] [stdout] 89 |         let event = AssistantResponseEvent::default();
[INFO] [stdout]    |             ^^^^^ help: if this is intentional, prefix it with an underscore: `_event`
[INFO] [stdout]    |
[INFO] [stdout]    = note: `#[warn(unused_variables)]` (part of `#[warn(unused)]`) on by default
[INFO] [stdout] 
[INFO] [stdout] 
[INFO] [stdout] For more information about this error, try `rustc --explain E0599`.
[INFO] [stdout] 
[INFO] [stderr] error: could not compile `kirostudio` (bin "kirostudio" test) due to 13 previous errors; 2 warnings emitted
[INFO] running `Command { std: "docker" "inspect" "9589d47ec13a205f54941be8ccedf838af133febbae6c193724207d776a0d0b2", kill_on_drop: false }`
[INFO] running `Command { std: "docker" "rm" "-f" "9589d47ec13a205f54941be8ccedf838af133febbae6c193724207d776a0d0b2", kill_on_drop: false }`
[INFO] [stdout] 9589d47ec13a205f54941be8ccedf838af133febbae6c193724207d776a0d0b2
