[INFO] cloning repository https://github.com/josuerobson/binance
[INFO] running `Command { std: "git" "-c" "credential.helper=" "-c" "credential.helper=/workspace/cargo-home/bin/git-credential-null" "clone" "--bare" "https://github.com/josuerobson/binance" "/workspace/cache/git-repos/https%3A%2F%2Fgithub.com%2Fjosuerobson%2Fbinance", kill_on_drop: false }`
[INFO] [stderr] Cloning into bare repository '/workspace/cache/git-repos/https%3A%2F%2Fgithub.com%2Fjosuerobson%2Fbinance'...
[INFO] running `Command { std: "git" "rev-parse" "HEAD", kill_on_drop: false }`
[INFO] [stdout] c2123713654a78f099377342c9068f5d59690d28
[INFO] checking josuerobson/binance against 3154cc1a3e6424e44f438a95007d043ed5ceaaf6 for pr-133502-30
[INFO] running `Command { std: "git" "clone" "/workspace/cache/git-repos/https%3A%2F%2Fgithub.com%2Fjosuerobson%2Fbinance" "/workspace/builds/worker-5-tc2/source", kill_on_drop: false }`
[INFO] [stderr] Cloning into '/workspace/builds/worker-5-tc2/source'...
[INFO] [stderr] done.
[INFO] started tweaking git repo https://github.com/josuerobson/binance
[INFO] finished tweaking git repo https://github.com/josuerobson/binance
[INFO] tweaked toml for git repo https://github.com/josuerobson/binance written to /workspace/builds/worker-5-tc2/source/Cargo.toml
[INFO] validating manifest of git repo https://github.com/josuerobson/binance on toolchain 3154cc1a3e6424e44f438a95007d043ed5ceaaf6
[INFO] running `Command { std: CARGO_HOME="/workspace/cargo-home" RUSTUP_HOME="/workspace/rustup-home" "/workspace/cargo-home/bin/cargo" "+3154cc1a3e6424e44f438a95007d043ed5ceaaf6" "metadata" "--manifest-path" "Cargo.toml" "--no-deps", kill_on_drop: false }`
[INFO] crate git repo https://github.com/josuerobson/binance already has a lockfile, it will not be regenerated
[INFO] running `Command { std: CARGO_HOME="/workspace/cargo-home" RUSTUP_HOME="/workspace/rustup-home" "/workspace/cargo-home/bin/cargo" "+3154cc1a3e6424e44f438a95007d043ed5ceaaf6" "fetch" "--manifest-path" "Cargo.toml", kill_on_drop: false }`
[INFO] running `Command { std: "docker" "create" "-v" "/var/lib/crater-agent-workspace/builds/worker-5-tc2/source:/opt/rustwide/workdir:ro,Z" "-v" "/var/lib/crater-agent-workspace/builds/worker-5-tc2/target:/opt/rustwide/target:rw,Z" "-v" "/var/lib/crater-agent-workspace/cargo-home:/opt/rustwide/cargo-home:ro,Z" "-v" "/var/lib/crater-agent-workspace/rustup-home:/opt/rustwide/rustup-home:ro,Z" "-m" "1610612736" "--network" "none" "ghcr.io/rust-lang/crates-build-env/linux@sha256:77db811e55d90add9212f6832c23229e3de5f1c1f9905e8cb07319ea15df73ac" "sleep" "infinity", kill_on_drop: false }`
[INFO] [stdout] 07358d9a1b606f5eb0e3a9cff6b40974fc4cd17b32da369919ba914429016b2d
[INFO] running `Command { std: "docker" "start" "07358d9a1b606f5eb0e3a9cff6b40974fc4cd17b32da369919ba914429016b2d", kill_on_drop: false }`
[INFO] running `Command { std: "docker" "inspect" "07358d9a1b606f5eb0e3a9cff6b40974fc4cd17b32da369919ba914429016b2d", kill_on_drop: false }`
[INFO] running `Command { std: "docker" "exec" "-e" "SOURCE_DIR=/opt/rustwide/workdir" "-e" "CARGO_HOME=/opt/rustwide/cargo-home" "-e" "RUSTUP_HOME=/opt/rustwide/rustup-home" "-e" "CARGO_TARGET_DIR=/opt/rustwide/target" "-w" "/opt/rustwide/workdir" "--user" "0:0" "07358d9a1b606f5eb0e3a9cff6b40974fc4cd17b32da369919ba914429016b2d" "/opt/rustwide/cargo-home/bin/cargo" "+3154cc1a3e6424e44f438a95007d043ed5ceaaf6" "metadata" "--no-deps" "--format-version=1", kill_on_drop: false }`
[INFO] running `Command { std: "docker" "inspect" "07358d9a1b606f5eb0e3a9cff6b40974fc4cd17b32da369919ba914429016b2d", kill_on_drop: false }`
[INFO] running `Command { std: "docker" "exec" "-e" "SOURCE_DIR=/opt/rustwide/workdir" "-e" "CARGO_HOME=/opt/rustwide/cargo-home" "-e" "RUSTUP_HOME=/opt/rustwide/rustup-home" "-e" "CARGO_TARGET_DIR=/opt/rustwide/target" "-e" "CARGO_INCREMENTAL=0" "-e" "RUST_BACKTRACE=full" "-e" "RUSTFLAGS=--cap-lints=forbid" "-e" "RUSTDOCFLAGS=--cap-lints=forbid" "-w" "/opt/rustwide/workdir" "--user" "0:0" "07358d9a1b606f5eb0e3a9cff6b40974fc4cd17b32da369919ba914429016b2d" "/opt/rustwide/cargo-home/bin/cargo" "+3154cc1a3e6424e44f438a95007d043ed5ceaaf6" "check" "--frozen" "--all" "--all-targets" "--message-format=json", kill_on_drop: false }`
[INFO] [stderr]    Compiling syn v3.0.3
[INFO] [stderr]    Compiling syn v2.0.119
[INFO] [stderr]    Compiling cc v1.4.3
[INFO] [stderr]     Checking subtle v2.6.1
[INFO] [stderr]     Checking bitflags v2.13.1
[INFO] [stderr]     Checking typenum v1.20.1
[INFO] [stderr]    Compiling libc v0.2.189
[INFO] [stderr]     Checking parking_lot v0.12.5
[INFO] [stderr]    Compiling crunchy v0.2.4
[INFO] [stderr]     Checking ahash v0.8.12
[INFO] [stderr]     Checking log v0.4.33
[INFO] [stderr]     Checking futures-sink v0.3.34
[INFO] [stderr]     Checking zeroize v1.9.0
[INFO] [stderr]    Compiling once_cell v1.21.4
[INFO] [stderr]    Compiling openssl v0.10.81
[INFO] [stderr]    Compiling pest v2.9.0
[INFO] [stderr]    Compiling tiny-keccak v2.0.2
[INFO] [stderr]    Compiling native-tls v0.2.18
[INFO] [stderr]    Compiling rustls v0.23.43
[INFO] [stderr]     Checking rustls-pki-types v1.15.1
[INFO] [stderr]     Checking rand_core v0.10.1
[INFO] [stderr]    Compiling getrandom v0.4.3
[INFO] [stderr]     Checking ppv-lite86 v0.2.21
[INFO] [stderr]     Checking futures-channel v0.3.34
[INFO] [stderr]     Checking hashbrown v0.17.1
[INFO] [stderr]     Checking openssl-probe v0.2.1
[INFO] [stderr]    Compiling num-traits v0.2.19
[INFO] [stderr]     Checking hashbrown v0.14.5
[INFO] [stderr]     Checking sync_wrapper v1.0.2
[INFO] [stderr]     Checking cpufeatures v0.3.0
[INFO] [stderr]     Checking regex-syntax v0.8.11
[INFO] [stderr]     Checking ipnet v2.12.1
[INFO] [stderr]     Checking chacha20 v0.10.1
[INFO] [stderr]     Checking rand_chacha v0.3.1
[INFO] [stderr]     Checking data-encoding v2.11.1
[INFO] [stderr]    Compiling anyhow v1.0.104
[INFO] [stderr]     Checking webpki-roots v1.0.9
[INFO] [stderr]     Checking rand v0.10.2
[INFO] [stderr]     Checking rand v0.8.7
[INFO] [stderr]     Checking nom v7.1.3
[INFO] [stderr]     Checking convert_case v0.6.0
[INFO] [stderr]     Checking tracing-log v0.2.0
[INFO] [stderr]     Checking http-body-util v0.1.5
[INFO] [stderr]     Checking indexmap v2.14.0
[INFO] [stderr]     Checking hashlink v0.8.4
[INFO] [stderr]     Checking thread_local v1.1.10
[INFO] [stderr]    Compiling rustix v1.1.4
[INFO] [stderr]     Checking dashmap v5.5.3
[INFO] [stderr]     Checking yaml-rust2 v0.8.1
[INFO] [stderr]     Checking regex-automata v0.4.18
[INFO] [stderr]     Checking linux-raw-sys v0.12.1
[INFO] [stderr]     Checking generic-array v0.14.7
[INFO] [stderr]    Compiling openssl-sys v0.9.117
[INFO] [stderr]    Compiling ring v0.17.14
[INFO] [stderr]    Compiling getrandom v0.2.17
[INFO] [stderr]    Compiling pest_meta v2.9.0
[INFO] [stderr]    Compiling const-random-macro v0.1.16
[INFO] [stderr]     Checking const-random v0.1.18
[INFO] [stderr]     Checking dlv-list v0.5.2
[INFO] [stderr]     Checking crypto-common v0.1.7
[INFO] [stderr]     Checking block-buffer v0.10.4
[INFO] [stderr]     Checking ordered-multimap v0.7.3
[INFO] [stderr]     Checking digest v0.10.7
[INFO] [stderr]     Checking sha1 v0.10.7
[INFO] [stderr]     Checking sha2 v0.10.9
[INFO] [stderr]     Checking hmac v0.12.1
[INFO] [stderr]     Checking rust-ini v0.20.0
[INFO] [stderr]     Checking matchers v0.2.0
[INFO] [stderr]     Checking tempfile v3.27.0
[INFO] [stderr]    Compiling zerovec-derive v0.11.4
[INFO] [stderr]    Compiling displaydoc v0.2.7
[INFO] [stderr]    Compiling serde_derive v1.0.229
[INFO] [stderr]    Compiling tokio-macros v2.7.2
[INFO] [stderr]    Compiling futures-macro v0.3.34
[INFO] [stderr]    Compiling async-trait v0.1.92
[INFO] [stderr]     Checking tokio v1.53.1
[INFO] [stderr]     Checking futures-util v0.3.34
[INFO] [stderr]    Compiling synstructure v0.13.2
[INFO] [stderr]    Compiling pest_generator v2.9.0
[INFO] [stderr]     Checking rustls-webpki v0.103.14
[INFO] [stderr]    Compiling tracing-attributes v0.1.31
[INFO] [stderr]    Compiling openssl-macros v0.1.1
[INFO] [stderr]    Compiling thiserror-impl v1.0.69
[INFO] [stderr]    Compiling zerofrom-derive v0.1.7
[INFO] [stderr]    Compiling yoke-derive v0.8.2
[INFO] [stderr]    Compiling pest_derive v2.9.0
[INFO] [stderr]     Checking thiserror v1.0.69
[INFO] [stderr]     Checking tracing v0.1.44
[INFO] [stderr]     Checking serde v1.0.229
[INFO] [stderr]     Checking zerofrom v0.1.8
[INFO] [stderr]     Checking yoke v0.8.3
[INFO] [stderr]     Checking zerovec v0.11.7
[INFO] [stderr]     Checking zerotrie v0.2.5
[INFO] [stderr]     Checking serde_spanned v0.6.9
[INFO] [stderr]     Checking toml_datetime v0.6.11
[INFO] [stderr]     Checking serde_urlencoded v0.7.1
[INFO] [stderr]     Checking json5 v0.4.1
[INFO] [stderr]     Checking tracing-serde v0.2.0
[INFO] [stderr]     Checking ron v0.8.1
[INFO] [stderr]     Checking chrono v0.4.45
[INFO] [stderr]     Checking tracing-subscriber v0.3.23
[INFO] [stderr]     Checking toml_edit v0.22.27
[INFO] [stderr]     Checking tinystr v0.8.4
[INFO] [stderr]     Checking potential_utf v0.1.6
[INFO] [stderr]     Checking icu_collections v2.3.0
[INFO] [stderr]     Checking icu_locale_core v2.3.0
[INFO] [stderr]     Checking icu_provider v2.3.0
[INFO] [stderr]     Checking icu_properties v2.3.0
[INFO] [stderr]     Checking icu_normalizer v2.3.0
[INFO] [stderr]     Checking toml v0.8.23
[INFO] [stderr]     Checking config v0.14.1
[INFO] [stderr]     Checking hyper v1.11.0
[INFO] [stderr]     Checking tower v0.5.3
[INFO] [stderr]     Checking tokio-rustls v0.26.4
[INFO] [stderr]     Checking tokio-native-tls v0.3.1
[INFO] [stderr]     Checking tokio-retry v0.3.2
[INFO] [stderr]     Checking idna_adapter v1.2.2
[INFO] [stderr]     Checking idna v1.1.0
[INFO] [stderr]     Checking url v2.5.8
[INFO] [stderr]     Checking hyper-util v0.1.20
[INFO] [stderr]     Checking tungstenite v0.21.0
[INFO] [stderr]     Checking tower-http v0.6.11
[INFO] [stderr]     Checking tokio-tungstenite v0.21.0
[INFO] [stderr]     Checking hyper-rustls v0.27.9
[INFO] [stderr]     Checking reqwest v0.12.28
[INFO] [stderr]     Checking binance-momentum v0.1.0 (/opt/rustwide/workdir)
[INFO] [stdout] error[E0061]: this function takes 4 arguments but 2 arguments were supplied
[INFO] [stdout]   --> tests/health_test.rs:9:29
[INFO] [stdout]    |
[INFO] [stdout]  9 |     let task = tokio::spawn(run_health_server(Arc::clone(&state), 18081));
[INFO] [stdout]    |                             ^^^^^^^^^^^^^^^^^--------------------------- two arguments of type `Arc<BinanceClient>` and `Arc<tokio::sync::RwLock<RuntimeConfig>>` are missing
[INFO] [stdout]    |
[INFO] [stdout] note: expected `Arc<AppConfig>`, found integer
[INFO] [stdout]   --> tests/health_test.rs:9:67
[INFO] [stdout]    |
[INFO] [stdout]  9 |     let task = tokio::spawn(run_health_server(Arc::clone(&state), 18081));
[INFO] [stdout]    |                                                                   ^^^^^
[INFO] [stdout]    = note: expected struct `Arc<AppConfig>`
[INFO] [stdout]                 found type `{integer}`
[INFO] [stdout] note: function defined here
[INFO] [stdout]   --> src/service.rs:65:14
[INFO] [stdout]    |
[INFO] [stdout] 65 | pub async fn run_health_server(
[INFO] [stdout]    |              ^^^^^^^^^^^^^^^^^
[INFO] [stdout] help: provide the arguments
[INFO] [stdout]    |
[INFO] [stdout]  9 -     let task = tokio::spawn(run_health_server(Arc::clone(&state), 18081));
[INFO] [stdout]  9 +     let task = tokio::spawn(run_health_server(Arc::clone(&state), /* Arc<AppConfig> */, /* Arc<BinanceClient> */, /* Arc<RwLock<RuntimeConfig>> */));
[INFO] [stdout]    |
[INFO] [stdout] 
[INFO] [stdout] 
[INFO] [stdout] error[E0308]: mismatched types
[INFO] [stdout]    --> tests/scanner_test.rs:37:17
[INFO] [stdout]     |
[INFO] [stdout]  33 |             .process_tick(
[INFO] [stdout]     |              ------------ arguments to this method are incorrect
[INFO] [stdout] ...
[INFO] [stdout]  37 |                 5_000_000.0,
[INFO] [stdout]     |                 ^^^^^^^^^^^ expected `&RuntimeConfig`, found floating-point number
[INFO] [stdout]     |
[INFO] [stdout] note: method defined here
[INFO] [stdout]    --> src/engine/scanner.rs:119:12
[INFO] [stdout]     |
[INFO] [stdout] 119 |     pub fn process_tick(
[INFO] [stdout]     |            ^^^^^^^^^^^^
[INFO] [stdout] 
[INFO] [stdout] 
[INFO] [stdout] For more information about this error, try `rustc --explain E0061`.
[INFO] [stdout] 
[INFO] [stdout] error[E0308]: mismatched types
[INFO] [stdout]    --> tests/scanner_test.rs:46:9
[INFO] [stdout]     |
[INFO] [stdout]  42 |     let signal = scanner.process_tick(
[INFO] [stdout]     |                          ------------ arguments to this method are incorrect
[INFO] [stdout] ...
[INFO] [stdout]  46 |         5_000_000.0,
[INFO] [stdout]     |         ^^^^^^^^^^^ expected `&RuntimeConfig`, found floating-point number
[INFO] [stdout]     |
[INFO] [stdout] note: method defined here
[INFO] [stdout]    --> src/engine/scanner.rs:119:12
[INFO] [stdout]     |
[INFO] [stdout] 119 |     pub fn process_tick(
[INFO] [stdout]     |            ^^^^^^^^^^^^
[INFO] [stdout] 
[INFO] [stdout] 
[INFO] [stderr] error: could not compile `binance-momentum` (test "health_test") due to 1 previous error
[INFO] [stderr] warning: build failed, waiting for other jobs to finish...
[INFO] [stdout] error[E0308]: mismatched types
[INFO] [stdout]    --> tests/scanner_test.rs:62:17
[INFO] [stdout]     |
[INFO] [stdout]  58 |             .process_tick(
[INFO] [stdout]     |              ------------ arguments to this method are incorrect
[INFO] [stdout] ...
[INFO] [stdout]  62 |                 5_000_000.0,
[INFO] [stdout]     |                 ^^^^^^^^^^^ expected `&RuntimeConfig`, found floating-point number
[INFO] [stdout]     |
[INFO] [stdout] note: method defined here
[INFO] [stdout]    --> src/engine/scanner.rs:119:12
[INFO] [stdout]     |
[INFO] [stdout] 119 |     pub fn process_tick(
[INFO] [stdout]     |            ^^^^^^^^^^^^
[INFO] [stdout] 
[INFO] [stdout] 
[INFO] [stdout] error[E0308]: mismatched types
[INFO] [stdout]    --> tests/scanner_test.rs:73:17
[INFO] [stdout]     |
[INFO] [stdout]  69 |             .process_tick(
[INFO] [stdout]     |              ------------ arguments to this method are incorrect
[INFO] [stdout] ...
[INFO] [stdout]  73 |                 5_000_000.0,
[INFO] [stdout]     |                 ^^^^^^^^^^^ expected `&RuntimeConfig`, found floating-point number
[INFO] [stdout]     |
[INFO] [stdout] note: method defined here
[INFO] [stdout]    --> src/engine/scanner.rs:119:12
[INFO] [stdout]     |
[INFO] [stdout] 119 |     pub fn process_tick(
[INFO] [stdout]     |            ^^^^^^^^^^^^
[INFO] [stdout] 
[INFO] [stdout] 
[INFO] [stdout] For more information about this error, try `rustc --explain E0308`.
[INFO] [stdout] 
[INFO] [stderr] error: could not compile `binance-momentum` (test "scanner_test") due to 4 previous errors
[INFO] [stderr] warning: unused dependency `chrono`
[INFO] [stderr]   --> Cargo.toml:16:15
[INFO] [stderr]    |
[INFO] [stderr] 16 | [dependencies.chrono]
[INFO] [stderr]    |               ^^^^^^^
[INFO] [stderr]    |
[INFO] [stderr]    = note: `cargo::unused_dependencies` is set to `warn` by default
[INFO] [stderr] help: consider removing the dependency on `chrono`
[INFO] [stderr] warning: `binance-momentum` (manifest) generated 1 warning
[INFO] running `Command { std: "docker" "inspect" "07358d9a1b606f5eb0e3a9cff6b40974fc4cd17b32da369919ba914429016b2d", kill_on_drop: false }`
[INFO] running `Command { std: "docker" "rm" "-f" "07358d9a1b606f5eb0e3a9cff6b40974fc4cd17b32da369919ba914429016b2d", kill_on_drop: false }`
[INFO] [stdout] 07358d9a1b606f5eb0e3a9cff6b40974fc4cd17b32da369919ba914429016b2d
