[INFO] cloning repository https://github.com/joshwhiteley/czi-viewer
[INFO] running `Command { std: "git" "-c" "credential.helper=" "-c" "credential.helper=/workspace/cargo-home/bin/git-credential-null" "clone" "--bare" "https://github.com/joshwhiteley/czi-viewer" "/workspace/cache/git-repos/https%3A%2F%2Fgithub.com%2Fjoshwhiteley%2Fczi-viewer", kill_on_drop: false }`
[INFO] [stderr] Cloning into bare repository '/workspace/cache/git-repos/https%3A%2F%2Fgithub.com%2Fjoshwhiteley%2Fczi-viewer'...
[INFO] running `Command { std: "git" "rev-parse" "HEAD", kill_on_drop: false }`
[INFO] [stdout] d4c11ae32e16fc03e9d19f52cb05f5bb12f8399b
[INFO] checking joshwhiteley/czi-viewer against 3154cc1a3e6424e44f438a95007d043ed5ceaaf6 for pr-133502-30
[INFO] running `Command { std: "git" "clone" "/workspace/cache/git-repos/https%3A%2F%2Fgithub.com%2Fjoshwhiteley%2Fczi-viewer" "/workspace/builds/worker-7-tc2/source", kill_on_drop: false }`
[INFO] [stderr] Cloning into '/workspace/builds/worker-7-tc2/source'...
[INFO] [stderr] done.
[INFO] removed /workspace/builds/worker-7-tc2/source/rust-toolchain.toml
[INFO] started tweaking git repo https://github.com/joshwhiteley/czi-viewer
[INFO] finished tweaking git repo https://github.com/joshwhiteley/czi-viewer
[INFO] tweaked toml for git repo https://github.com/joshwhiteley/czi-viewer written to /workspace/builds/worker-7-tc2/source/Cargo.toml
[INFO] validating manifest of git repo https://github.com/joshwhiteley/czi-viewer on toolchain 3154cc1a3e6424e44f438a95007d043ed5ceaaf6
[INFO] running `Command { std: CARGO_HOME="/workspace/cargo-home" RUSTUP_HOME="/workspace/rustup-home" "/workspace/cargo-home/bin/cargo" "+3154cc1a3e6424e44f438a95007d043ed5ceaaf6" "metadata" "--manifest-path" "Cargo.toml" "--no-deps", kill_on_drop: false }`
[INFO] crate git repo https://github.com/joshwhiteley/czi-viewer already has a lockfile, it will not be regenerated
[INFO] running `Command { std: CARGO_HOME="/workspace/cargo-home" RUSTUP_HOME="/workspace/rustup-home" "/workspace/cargo-home/bin/cargo" "+3154cc1a3e6424e44f438a95007d043ed5ceaaf6" "fetch" "--manifest-path" "Cargo.toml", kill_on_drop: false }`
[INFO] [stderr] warning: `package.homepage` is redundant with `package.repository`
[INFO] [stderr]  --> crates/czi-app/Cargo.toml:5:12
[INFO] [stderr]   |
[INFO] [stderr] 5 | homepage = "https://github.com/joshwhiteley/czi-viewer"
[INFO] [stderr]   |            ^^^^^^^^^^^^^^^^^^^^^^^^^^^^^^^^^^^^^^^^^^^^
[INFO] [stderr] 6 | repository = "https://github.com/joshwhiteley/czi-viewer"
[INFO] [stderr]   |              --------------------------------------------
[INFO] [stderr]   |
[INFO] [stderr]   = note: `cargo::redundant_homepage` is set to `warn` by default
[INFO] [stderr] help: consider removing `package.homepage`
[INFO] [stderr] warning: `czi-viewer` (manifest) generated 1 warning
[INFO] running `Command { std: "docker" "create" "-v" "/var/lib/crater-agent-workspace/builds/worker-7-tc2/source:/opt/rustwide/workdir:ro,Z" "-v" "/var/lib/crater-agent-workspace/builds/worker-7-tc2/target:/opt/rustwide/target:rw,Z" "-v" "/var/lib/crater-agent-workspace/cargo-home:/opt/rustwide/cargo-home:ro,Z" "-v" "/var/lib/crater-agent-workspace/rustup-home:/opt/rustwide/rustup-home:ro,Z" "-m" "1610612736" "--network" "none" "ghcr.io/rust-lang/crates-build-env/linux@sha256:77db811e55d90add9212f6832c23229e3de5f1c1f9905e8cb07319ea15df73ac" "sleep" "infinity", kill_on_drop: false }`
[INFO] [stdout] 985abc9e1529786a1a3e4fcb3bfaf8045fd4a690e8e8c36a68abdca147d24ab0
[INFO] running `Command { std: "docker" "start" "985abc9e1529786a1a3e4fcb3bfaf8045fd4a690e8e8c36a68abdca147d24ab0", kill_on_drop: false }`
[INFO] running `Command { std: "docker" "inspect" "985abc9e1529786a1a3e4fcb3bfaf8045fd4a690e8e8c36a68abdca147d24ab0", kill_on_drop: false }`
[INFO] running `Command { std: "docker" "exec" "-e" "SOURCE_DIR=/opt/rustwide/workdir" "-e" "CARGO_HOME=/opt/rustwide/cargo-home" "-e" "RUSTUP_HOME=/opt/rustwide/rustup-home" "-e" "CARGO_TARGET_DIR=/opt/rustwide/target" "-w" "/opt/rustwide/workdir" "--user" "0:0" "985abc9e1529786a1a3e4fcb3bfaf8045fd4a690e8e8c36a68abdca147d24ab0" "/opt/rustwide/cargo-home/bin/cargo" "+3154cc1a3e6424e44f438a95007d043ed5ceaaf6" "metadata" "--no-deps" "--format-version=1", kill_on_drop: false }`
[INFO] running `Command { std: "docker" "inspect" "985abc9e1529786a1a3e4fcb3bfaf8045fd4a690e8e8c36a68abdca147d24ab0", kill_on_drop: false }`
[INFO] running `Command { std: "docker" "exec" "-e" "SOURCE_DIR=/opt/rustwide/workdir" "-e" "CARGO_HOME=/opt/rustwide/cargo-home" "-e" "RUSTUP_HOME=/opt/rustwide/rustup-home" "-e" "CARGO_TARGET_DIR=/opt/rustwide/target" "-e" "CARGO_INCREMENTAL=0" "-e" "RUST_BACKTRACE=full" "-e" "RUSTFLAGS=--cap-lints=forbid" "-e" "RUSTDOCFLAGS=--cap-lints=forbid" "-w" "/opt/rustwide/workdir" "--user" "0:0" "985abc9e1529786a1a3e4fcb3bfaf8045fd4a690e8e8c36a68abdca147d24ab0" "/opt/rustwide/cargo-home/bin/cargo" "+3154cc1a3e6424e44f438a95007d043ed5ceaaf6" "check" "--frozen" "--all" "--all-targets" "--message-format=json", kill_on_drop: false }`
[INFO] [stderr] warning: `package.homepage` is redundant with `package.repository`
[INFO] [stderr]  --> crates/czi-app/Cargo.toml:5:12
[INFO] [stderr]   |
[INFO] [stderr] 5 | homepage = "https://github.com/joshwhiteley/czi-viewer"
[INFO] [stderr]   |            ^^^^^^^^^^^^^^^^^^^^^^^^^^^^^^^^^^^^^^^^^^^^
[INFO] [stderr] 6 | repository = "https://github.com/joshwhiteley/czi-viewer"
[INFO] [stderr]   |              --------------------------------------------
[INFO] [stderr]   |
[INFO] [stderr]   = note: `cargo::redundant_homepage` is set to `warn` by default
[INFO] [stderr] help: consider removing `package.homepage`
[INFO] [stderr] warning: `czi-viewer` (manifest) generated 1 warning
[INFO] [stderr]    Compiling syn v3.0.3
[INFO] [stderr]     Checking bitflags v2.13.1
[INFO] [stderr]    Compiling toml_edit v0.25.13+spec-1.1.0
[INFO] [stderr]     Checking wayland-sys v0.31.11
[INFO] [stderr]     Checking zerocopy v0.8.56
[INFO] [stderr]     Checking hashbrown v0.15.5
[INFO] [stderr]     Checking async-channel v2.5.0
[INFO] [stderr]     Checking piper v0.2.5
[INFO] [stderr]     Checking quick-xml v0.41.0
[INFO] [stderr]     Checking async-lock v3.4.2
[INFO] [stderr]     Checking rustix v1.1.4
[INFO] [stderr]     Checking blocking v1.6.2
[INFO] [stderr]    Compiling proc-macro-crate v3.5.0
[INFO] [stderr]     Checking async-executor v1.14.0
[INFO] [stderr]     Checking async-broadcast v0.7.2
[INFO] [stderr]     Checking ordered-stream v0.2.0
[INFO] [stderr]     Checking uuid v1.26.0
[INFO] [stderr]    Compiling icu_normalizer_data v2.1.1
[INFO] [stderr]    Compiling icu_properties_data v2.1.2
[INFO] [stderr]    Compiling strum_macros v0.26.4
[INFO] [stderr]     Checking rustix v0.38.44
[INFO] [stderr]    Compiling naga v25.0.1
[INFO] [stderr]     Checking accesskit v0.19.0
[INFO] [stderr]     Checking indexmap v2.14.0
[INFO] [stderr]    Compiling openssl-sys v0.9.117
[INFO] [stderr]     Checking codespan-reporting v0.12.0
[INFO] [stderr]     Checking strum v0.26.3
[INFO] [stderr]    Compiling wgpu-hal v25.0.2
[INFO] [stderr]    Compiling winit v0.30.13
[INFO] [stderr]     Checking accesskit_consumer v0.28.0
[INFO] [stderr]     Checking xkbcommon-dl v0.4.2
[INFO] [stderr]    Compiling wgpu-core v25.0.2
[INFO] [stderr]     Checking epaint_default_fonts v0.32.3
[INFO] [stderr]     Checking smol_str v0.2.2
[INFO] [stderr]    Compiling smithay-client-toolkit v0.20.0
[INFO] [stderr]     Checking dpi v0.1.2
[INFO] [stderr]     Checking moxcms v0.7.11
[INFO] [stderr]     Checking png v0.18.1
[INFO] [stderr]    Compiling wgpu v25.0.2
[INFO] [stderr]    Compiling openssl v0.10.81
[INFO] [stderr]     Checking digest v0.10.7
[INFO] [stderr]    Compiling curve25519-dalek v4.1.3
[INFO] [stderr]     Checking rustc-hash v2.1.3
[INFO] [stderr]     Checking web-time v1.1.0
[INFO] [stderr]    Compiling native-tls v0.2.18
[INFO] [stderr]     Checking type-map v0.5.1
[INFO] [stderr]    Compiling curve25519-dalek-derive v0.1.1
[INFO] [stderr]     Checking signature v2.2.0
[INFO] [stderr]     Checking zeroize v1.9.0
[INFO] [stderr]     Checking ed25519 v2.2.3
[INFO] [stderr]     Checking sha2 v0.10.9
[INFO] [stderr]     Checking pollster v0.4.0
[INFO] [stderr]     Checking ed25519-dalek v2.2.0
[INFO] [stderr]     Checking czi-ssh-darwin v0.1.0 (/opt/rustwide/workdir/crates/czi-ssh-darwin)
[INFO] [stderr]     Checking polling v3.11.0
[INFO] [stderr]     Checking wayland-backend v0.3.17
[INFO] [stderr]     Checking gethostname v1.1.0
[INFO] [stderr]     Checking x11rb v0.13.2
[INFO] [stderr]     Checking async-io v2.6.0
[INFO] [stderr]     Checking async-signal v0.2.14
[INFO] [stderr]     Checking async-process v2.5.0
[INFO] [stderr]     Checking calloop v0.13.0
[INFO] [stderr]     Checking calloop v0.14.4
[INFO] [stderr]     Checking wayland-client v0.31.15
[INFO] [stderr]     Checking wayland-csd-frame v0.3.0
[INFO] [stderr]     Checking half v2.7.1
[INFO] [stderr]     Checking ahash v0.8.12
[INFO] [stderr]    Compiling serde_derive v1.0.229
[INFO] [stderr]    Compiling thiserror-impl v2.0.20
[INFO] [stderr]    Compiling bytemuck_derive v1.12.0
[INFO] [stderr]    Compiling zerovec-derive v0.11.6
[INFO] [stderr]    Compiling displaydoc v0.2.7
[INFO] [stderr]    Compiling serde_repr v0.1.21
[INFO] [stderr]     Checking zerotrie v0.2.5
[INFO] [stderr]     Checking wayland-protocols v0.32.12
[INFO] [stderr]    Compiling async-trait v0.1.92
[INFO] [stderr]     Checking wayland-cursor v0.31.14
[INFO] [stderr]     Checking calloop-wayland-source v0.3.0
[INFO] [stderr]     Checking zerovec v0.11.8
[INFO] [stderr]    Compiling futures-macro v0.3.34
[INFO] [stderr]     Checking calloop-wayland-source v0.4.1
[INFO] [stderr]     Checking bytemuck v1.25.2
[INFO] [stderr]     Checking thiserror v2.0.20
[INFO] [stderr]     Checking emath v0.32.3
[INFO] [stderr]     Checking image v0.25.9
[INFO] [stderr]     Checking czi-core v0.1.0 (/opt/rustwide/workdir/crates/czi-core)
[INFO] [stderr]     Checking wgpu-types v25.0.0
[INFO] [stderr]     Checking tinystr v0.8.4
[INFO] [stderr]     Checking potential_utf v0.1.6
[INFO] [stderr]     Checking icu_collections v2.1.1
[INFO] [stderr]     Checking icu_locale_core v2.1.1
[INFO] [stderr]     Checking ecolor v0.32.3
[INFO] [stderr]     Checking futures-util v0.3.34
[INFO] [stderr]     Checking icu_provider v2.1.1
[INFO] [stderr]     Checking epaint v0.32.3
[INFO] [stderr]     Checking icu_properties v2.1.2
[INFO] [stderr]     Checking icu_normalizer v2.1.1
[INFO] [stderr]     Checking arboard v3.6.1
[INFO] [stderr]     Checking egui v0.32.3
[INFO] [stderr]     Checking czi-ssh v0.1.0 (/opt/rustwide/workdir/crates/czi-ssh)
[INFO] [stderr]     Checking idna_adapter v1.2.1
[INFO] [stderr]    Compiling serde v1.0.229
[INFO] [stderr]     Checking idna v1.1.0
[INFO] [stdout] warning: use of deprecated method `std::sync::atomic::Atomic::<usize>::fetch_update`: renamed to `try_update` for consistency
[INFO] [stdout]    --> crates/czi-core/tests/block_cache.rs:338:14
[INFO] [stdout]     |
[INFO] [stdout] 338 |             .fetch_update(Ordering::SeqCst, Ordering::SeqCst, |remaining| {
[INFO] [stdout]     |              ^^^^^^^^^^^^
[INFO] [stdout]     |
[INFO] [stdout]     = note: `#[warn(deprecated)]` on by default
[INFO] [stdout] help: replace the use of the deprecated method
[INFO] [stdout]     |
[INFO] [stdout] 338 -             .fetch_update(Ordering::SeqCst, Ordering::SeqCst, |remaining| {
[INFO] [stdout] 338 +             .try_update(Ordering::SeqCst, Ordering::SeqCst, |remaining| {
[INFO] [stdout]     |
[INFO] [stdout] 
[INFO] [stdout] 
[INFO] [stderr]     Checking url v2.5.8
[INFO] [stderr]    Compiling zvariant_utils v4.2.0
[INFO] [stderr]    Compiling enumflags2 v0.7.12
[INFO] [stderr]    Compiling zcheapstr v1.1.0
[INFO] [stderr]     Checking webbrowser v1.2.4
[INFO] [stderr]     Checking ureq v2.12.1
[INFO] [stderr]    Compiling zvariant_derive v5.15.0
[INFO] [stderr]    Compiling zvariant v5.15.0
[INFO] [stderr]     Checking wayland-protocols-wlr v0.3.12
[INFO] [stderr]     Checking wayland-protocols-plasma v0.3.12
[INFO] [stderr]     Checking wayland-protocols-experimental v20250721.0.1
[INFO] [stderr]     Checking wayland-protocols-misc v0.3.12
[INFO] [stderr]     Checking wgpu-core-deps-windows-linux-android v25.0.0
[INFO] [stderr]     Checking smithay-client-toolkit v0.19.2
[INFO] [stderr]     Checking zbus_names v4.3.4
[INFO] [stderr]     Checking zbus_xml v5.2.1
[INFO] [stderr]     Checking smithay-clipboard v0.7.3
[INFO] [stderr]    Compiling zbus_macros v5.19.0
[INFO] [stderr]     Checking zbus-lockstep v0.5.2
[INFO] [stderr]    Compiling zbus-lockstep-macros v0.5.2
[INFO] [stderr]     Checking zbus v5.19.0
[INFO] [stderr]     Checking egui-wgpu v0.32.3
[INFO] [stderr]     Checking atspi-common v0.9.0
[INFO] [stderr]     Checking atspi-proxies v0.9.0
[INFO] [stderr]     Checking accesskit_atspi_common v0.12.0
[INFO] [stderr]     Checking atspi-connection v0.9.0
[INFO] [stderr]     Checking atspi v0.25.0
[INFO] [stderr]     Checking accesskit_unix v0.15.0
[INFO] [stderr]     Checking accesskit_winit v0.27.0
[INFO] [stderr]     Checking egui-winit v0.32.3
[INFO] [stderr]     Checking eframe v0.32.3
[INFO] [stderr]     Checking czi-viewer v0.1.3 (/opt/rustwide/workdir/crates/czi-app)
[INFO] [stdout] error[E0433]: cannot find `VpnUsername` in `anyconnect_vpn`
[INFO] [stdout]     --> crates/czi-app/src/lib.rs:2301:36
[INFO] [stdout]      |
[INFO] [stdout] 2301 |     let username = anyconnect_vpn::VpnUsername::new(username.clone()).map_err(sanitize_error)?;
[INFO] [stdout]      |                                    ^^^^^^^^^^^ could not find `VpnUsername` in `anyconnect_vpn`
[INFO] [stdout] 
[INFO] [stdout] 
[INFO] [stdout] error[E0433]: cannot find `VpnGateway` in `anyconnect_vpn`
[INFO] [stdout]     --> crates/czi-app/src/lib.rs:2302:35
[INFO] [stdout]      |
[INFO] [stdout] 2302 |     let gateway = anyconnect_vpn::VpnGateway::new(gateway.clone()).map_err(sanitize_error)?;
[INFO] [stdout]      |                                   ^^^^^^^^^^ could not find `VpnGateway` in `anyconnect_vpn`
[INFO] [stdout] 
[INFO] [stdout] 
[INFO] [stdout] error[E0433]: cannot find `SshRoute` in `anyconnect_vpn`
[INFO] [stdout]     --> crates/czi-app/src/lib.rs:2303:33
[INFO] [stdout]      |
[INFO] [stdout] 2303 |     let route = anyconnect_vpn::SshRoute::new(profile.clone()).map_err(sanitize_error)?;
[INFO] [stdout]      |                                 ^^^^^^^^ could not find `SshRoute` in `anyconnect_vpn`
[INFO] [stdout] 
[INFO] [stdout] 
[INFO] [stdout] error[E0433]: cannot find `VpnUsername` in `anyconnect_vpn`
[INFO] [stdout]     --> crates/czi-app/src/lib.rs:4378:33
[INFO] [stdout]      |
[INFO] [stdout] 4378 |                 anyconnect_vpn::VpnUsername::new(username.to_owned())
[INFO] [stdout]      |                                 ^^^^^^^^^^^ could not find `VpnUsername` in `anyconnect_vpn`
[INFO] [stdout] 
[INFO] [stdout] 
[INFO] [stdout] error[E0433]: cannot find `VpnGateway` in `anyconnect_vpn`
[INFO] [stdout]     --> crates/czi-app/src/lib.rs:4381:37
[INFO] [stdout]      |
[INFO] [stdout] 4381 |                     anyconnect_vpn::VpnGateway::new(self.vpn_gateway_input.trim().to_owned())
[INFO] [stdout]      |                                     ^^^^^^^^^^ could not find `VpnGateway` in `anyconnect_vpn`
[INFO] [stdout] 
[INFO] [stdout] 
[INFO] [stdout] error[E0433]: cannot find `SshRoute` in `anyconnect_vpn`
[INFO] [stdout]     --> crates/czi-app/src/lib.rs:4383:45
[INFO] [stdout]      |
[INFO] [stdout] 4383 |                 let route = anyconnect_vpn::SshRoute::new(self.ssh_profile_input.trim().to_owned())
[INFO] [stdout]      |                                             ^^^^^^^^ could not find `SshRoute` in `anyconnect_vpn`
[INFO] [stdout] 
[INFO] [stdout] 
[INFO] [stdout] error[E0425]: cannot find type `VpnConsole` in module `anyconnect_vpn`
[INFO] [stdout]    --> crates/czi-app/src/lib.rs:818:25
[INFO] [stdout]     |
[INFO] [stdout] 818 |     Vpn(anyconnect_vpn::VpnConsole),
[INFO] [stdout]     |                         ^^^^^^^^^^ not found in `anyconnect_vpn`
[INFO] [stdout] 
[INFO] [stdout] 
[INFO] [stdout] error[E0425]: cannot find type `VpnProcess` in module `anyconnect_vpn`
[INFO] [stdout]     --> crates/czi-app/src/lib.rs:1248:30
[INFO] [stdout]      |
[INFO] [stdout] 1248 |     process: anyconnect_vpn::VpnProcess,
[INFO] [stdout]      |                              ^^^^^^^^^^ not found in `anyconnect_vpn`
[INFO] [stdout] 
[INFO] [stdout] 
[INFO] [stdout] error[E0425]: cannot find function `start` in module `anyconnect_vpn`
[INFO] [stdout]     --> crates/czi-app/src/lib.rs:2309:25
[INFO] [stdout]      |
[INFO] [stdout] 2309 |         anyconnect_vpn::start(&username, &gateway, &route, &executor).map_err(sanitize_error)?;
[INFO] [stdout]      |                         ^^^^^ not found in `anyconnect_vpn`
[INFO] [stdout] 
[INFO] [stdout] 
[INFO] [stdout] error[E0425]: cannot find value `READY_TIMEOUT` in module `anyconnect_vpn`
[INFO] [stdout]     --> crates/czi-app/src/lib.rs:2328:66
[INFO] [stdout]      |
[INFO] [stdout] 2328 |     if let Err(error) = process.wait_until_ready(anyconnect_vpn::READY_TIMEOUT) {
[INFO] [stdout]      |                                                                  ^^^^^^^^^^^^^ not found in `anyconnect_vpn`
[INFO] [stdout] 
[INFO] [stdout] 
[INFO] [stdout] warning: unused import: `crate::settings::validate_helper_path`
[INFO] [stdout]  --> crates/czi-app/src/chooser.rs:5:5
[INFO] [stdout]   |
[INFO] [stdout] 5 | use crate::settings::validate_helper_path;
[INFO] [stdout]   |     ^^^^^^^^^^^^^^^^^^^^^^^^^^^^^^^^^^^^^
[INFO] [stdout]   |
[INFO] [stdout]   = note: `#[warn(unused_imports)]` (part of `#[warn(unused)]`) on by default
[INFO] [stdout] 
[INFO] [stdout] 
[INFO] [stdout] error[E0433]: cannot find `VpnUsername` in `anyconnect_vpn`
[INFO] [stdout]     --> crates/czi-app/src/lib.rs:2301:36
[INFO] [stdout]      |
[INFO] [stdout] 2301 |     let username = anyconnect_vpn::VpnUsername::new(username.clone()).map_err(sanitize_error)?;
[INFO] [stdout]      |                                    ^^^^^^^^^^^ could not find `VpnUsername` in `anyconnect_vpn`
[INFO] [stdout] 
[INFO] [stdout] 
[INFO] [stdout] error[E0433]: cannot find `VpnGateway` in `anyconnect_vpn`
[INFO] [stdout]     --> crates/czi-app/src/lib.rs:2302:35
[INFO] [stdout]      |
[INFO] [stdout] 2302 |     let gateway = anyconnect_vpn::VpnGateway::new(gateway.clone()).map_err(sanitize_error)?;
[INFO] [stdout]      |                                   ^^^^^^^^^^ could not find `VpnGateway` in `anyconnect_vpn`
[INFO] [stdout] 
[INFO] [stdout] 
[INFO] [stdout] error[E0433]: cannot find `SshRoute` in `anyconnect_vpn`
[INFO] [stdout]     --> crates/czi-app/src/lib.rs:2303:33
[INFO] [stdout]      |
[INFO] [stdout] 2303 |     let route = anyconnect_vpn::SshRoute::new(profile.clone()).map_err(sanitize_error)?;
[INFO] [stdout]      |                                 ^^^^^^^^ could not find `SshRoute` in `anyconnect_vpn`
[INFO] [stdout] 
[INFO] [stdout] 
[INFO] [stdout] error[E0433]: cannot find `VpnUsername` in `anyconnect_vpn`
[INFO] [stdout]     --> crates/czi-app/src/lib.rs:4378:33
[INFO] [stdout]      |
[INFO] [stdout] 4378 |                 anyconnect_vpn::VpnUsername::new(username.to_owned())
[INFO] [stdout]      |                                 ^^^^^^^^^^^ could not find `VpnUsername` in `anyconnect_vpn`
[INFO] [stdout] 
[INFO] [stdout] 
[INFO] [stdout] error[E0433]: cannot find `VpnGateway` in `anyconnect_vpn`
[INFO] [stdout]     --> crates/czi-app/src/lib.rs:4381:37
[INFO] [stdout]      |
[INFO] [stdout] 4381 |                     anyconnect_vpn::VpnGateway::new(self.vpn_gateway_input.trim().to_owned())
[INFO] [stdout]      |                                     ^^^^^^^^^^ could not find `VpnGateway` in `anyconnect_vpn`
[INFO] [stdout] 
[INFO] [stdout] 
[INFO] [stdout] error[E0433]: cannot find `SshRoute` in `anyconnect_vpn`
[INFO] [stdout]     --> crates/czi-app/src/lib.rs:4383:45
[INFO] [stdout]      |
[INFO] [stdout] 4383 |                 let route = anyconnect_vpn::SshRoute::new(self.ssh_profile_input.trim().to_owned())
[INFO] [stdout]      |                                             ^^^^^^^^ could not find `SshRoute` in `anyconnect_vpn`
[INFO] [stdout] 
[INFO] [stdout] 
[INFO] [stdout] error[E0433]: cannot find `SshRoute` in `anyconnect_vpn`
[INFO] [stdout]     --> crates/czi-app/src/lib.rs:9696:41
[INFO] [stdout]      |
[INFO] [stdout] 9696 |             let route = anyconnect_vpn::SshRoute::new(profile).unwrap();
[INFO] [stdout]      |                                         ^^^^^^^^ could not find `SshRoute` in `anyconnect_vpn`
[INFO] [stdout] 
[INFO] [stdout] 
[INFO] [stdout] error[E0433]: cannot find `VpnGateway` in `anyconnect_vpn`
[INFO] [stdout]     --> crates/czi-app/src/lib.rs:9699:42
[INFO] [stdout]      |
[INFO] [stdout] 9699 |                 gateway: anyconnect_vpn::VpnGateway::new(gateway)
[INFO] [stdout]      |                                          ^^^^^^^^^^ could not find `VpnGateway` in `anyconnect_vpn`
[INFO] [stdout] 
[INFO] [stdout] 
[INFO] [stdout] error[E0425]: cannot find type `VpnConsole` in module `anyconnect_vpn`
[INFO] [stdout]    --> crates/czi-app/src/lib.rs:818:25
[INFO] [stdout]     |
[INFO] [stdout] 818 |     Vpn(anyconnect_vpn::VpnConsole),
[INFO] [stdout]     |                         ^^^^^^^^^^ not found in `anyconnect_vpn`
[INFO] [stdout] 
[INFO] [stdout] 
[INFO] [stdout] error[E0425]: cannot find type `VpnProcess` in module `anyconnect_vpn`
[INFO] [stdout]     --> crates/czi-app/src/lib.rs:1248:30
[INFO] [stdout]      |
[INFO] [stdout] 1248 |     process: anyconnect_vpn::VpnProcess,
[INFO] [stdout]      |                              ^^^^^^^^^^ not found in `anyconnect_vpn`
[INFO] [stdout] 
[INFO] [stdout] 
[INFO] [stdout] error[E0425]: cannot find function `start` in module `anyconnect_vpn`
[INFO] [stdout]     --> crates/czi-app/src/lib.rs:2309:25
[INFO] [stdout]      |
[INFO] [stdout] 2309 |         anyconnect_vpn::start(&username, &gateway, &route, &executor).map_err(sanitize_error)?;
[INFO] [stdout]      |                         ^^^^^ not found in `anyconnect_vpn`
[INFO] [stdout] 
[INFO] [stdout] 
[INFO] [stdout] error[E0425]: cannot find value `READY_TIMEOUT` in module `anyconnect_vpn`
[INFO] [stdout]     --> crates/czi-app/src/lib.rs:2328:66
[INFO] [stdout]      |
[INFO] [stdout] 2328 |     if let Err(error) = process.wait_until_ready(anyconnect_vpn::READY_TIMEOUT) {
[INFO] [stdout]      |                                                                  ^^^^^^^^^^^^^ not found in `anyconnect_vpn`
[INFO] [stdout] 
[INFO] [stdout] 
[INFO] [stdout] warning: unused import: `crate::settings::validate_helper_path`
[INFO] [stdout]  --> crates/czi-app/src/chooser.rs:5:5
[INFO] [stdout]   |
[INFO] [stdout] 5 | use crate::settings::validate_helper_path;
[INFO] [stdout]   |     ^^^^^^^^^^^^^^^^^^^^^^^^^^^^^^^^^^^^^
[INFO] [stdout]   |
[INFO] [stdout]   = note: `#[warn(unused_imports)]` (part of `#[warn(unused)]`) on by default
[INFO] [stdout] 
[INFO] [stdout] 
[INFO] [stdout] warning: falling back to `f32` as the trait bound `f32: From<f64>` is not satisfied
[INFO] [stdout]    --> crates/czi-app/src/navigation.rs:135:35
[INFO] [stdout]     |
[INFO] [stdout] 135 |                 egui::Stroke::new(1.5, egui::Color32::LIGHT_BLUE),
[INFO] [stdout]     |                                   ^^^ help: explicitly specify the type as `f32`: `1.5_f32`
[INFO] [stdout]     |
[INFO] [stdout]     = warning: this was previously accepted by the compiler but is being phased out; it will become a hard error in a future release!
[INFO] [stdout]     = note: for more information, see issue #154024 <https://github.com/rust-lang/rust/issues/154024>
[INFO] [stdout]     = note: `#[warn(float_literal_f32_fallback)]` (part of `#[warn(future_incompatible)]`) on by default
[INFO] [stdout] 
[INFO] [stdout] 
[INFO] [stdout] warning: falling back to `f32` as the trait bound `f32: From<f64>` is not satisfied
[INFO] [stdout]    --> crates/czi-app/src/navigation.rs:135:35
[INFO] [stdout]     |
[INFO] [stdout] 135 |                 egui::Stroke::new(1.5, egui::Color32::LIGHT_BLUE),
[INFO] [stdout]     |                                   ^^^ help: explicitly specify the type as `f32`: `1.5_f32`
[INFO] [stdout]     |
[INFO] [stdout]     = warning: this was previously accepted by the compiler but is being phased out; it will become a hard error in a future release!
[INFO] [stdout]     = note: for more information, see issue #154024 <https://github.com/rust-lang/rust/issues/154024>
[INFO] [stdout]     = note: `#[warn(float_literal_f32_fallback)]` (part of `#[warn(future_incompatible)]`) on by default
[INFO] [stdout] 
[INFO] [stdout] 
[INFO] [stdout] warning: falling back to `f32` as the trait bound `f32: From<f64>` is not satisfied
[INFO] [stdout]     --> crates/czi-app/src/lib.rs:7286:35
[INFO] [stdout]      |
[INFO] [stdout] 7286 |     let black = egui::Stroke::new(5.0, egui::Color32::BLACK);
[INFO] [stdout]      |                                   ^^^ help: explicitly specify the type as `f32`: `5.0_f32`
[INFO] [stdout]      |
[INFO] [stdout]      = warning: this was previously accepted by the compiler but is being phased out; it will become a hard error in a future release!
[INFO] [stdout]      = note: for more information, see issue #154024 <https://github.com/rust-lang/rust/issues/154024>
[INFO] [stdout] 
[INFO] [stdout] 
[INFO] [stdout] warning: falling back to `f32` as the trait bound `f32: From<f64>` is not satisfied
[INFO] [stdout]     --> crates/czi-app/src/lib.rs:7287:35
[INFO] [stdout]      |
[INFO] [stdout] 7287 |     let white = egui::Stroke::new(2.0, egui::Color32::WHITE);
[INFO] [stdout]      |                                   ^^^ help: explicitly specify the type as `f32`: `2.0_f32`
[INFO] [stdout]      |
[INFO] [stdout]      = warning: this was previously accepted by the compiler but is being phased out; it will become a hard error in a future release!
[INFO] [stdout]      = note: for more information, see issue #154024 <https://github.com/rust-lang/rust/issues/154024>
[INFO] [stdout] 
[INFO] [stdout] 
[INFO] [stdout] warning: falling back to `f32` as the trait bound `f32: From<f64>` is not satisfied
[INFO] [stdout]     --> crates/czi-app/src/lib.rs:7572:53
[INFO] [stdout]      |
[INFO] [stdout] 7572 |         egui::Stroke::new(if focused { 2.0 } else { 1.0 }, accent),
[INFO] [stdout]      |                                                     ^^^ help: explicitly specify the type as `f32`: `1.0_f32`
[INFO] [stdout]      |
[INFO] [stdout]      = warning: this was previously accepted by the compiler but is being phased out; it will become a hard error in a future release!
[INFO] [stdout]      = note: for more information, see issue #154024 <https://github.com/rust-lang/rust/issues/154024>
[INFO] [stdout] 
[INFO] [stdout] 
[INFO] [stdout] warning: falling back to `f32` as the trait bound `f32: From<f64>` is not satisfied
[INFO] [stdout]     --> crates/czi-app/src/lib.rs:7286:35
[INFO] [stdout]      |
[INFO] [stdout] 7286 |     let black = egui::Stroke::new(5.0, egui::Color32::BLACK);
[INFO] [stdout]      |                                   ^^^ help: explicitly specify the type as `f32`: `5.0_f32`
[INFO] [stdout]      |
[INFO] [stdout]      = warning: this was previously accepted by the compiler but is being phased out; it will become a hard error in a future release!
[INFO] [stdout]      = note: for more information, see issue #154024 <https://github.com/rust-lang/rust/issues/154024>
[INFO] [stdout] 
[INFO] [stdout] 
[INFO] [stdout] warning: falling back to `f32` as the trait bound `f32: From<f64>` is not satisfied
[INFO] [stdout]     --> crates/czi-app/src/lib.rs:7287:35
[INFO] [stdout]      |
[INFO] [stdout] 7287 |     let white = egui::Stroke::new(2.0, egui::Color32::WHITE);
[INFO] [stdout]      |                                   ^^^ help: explicitly specify the type as `f32`: `2.0_f32`
[INFO] [stdout]      |
[INFO] [stdout]      = warning: this was previously accepted by the compiler but is being phased out; it will become a hard error in a future release!
[INFO] [stdout]      = note: for more information, see issue #154024 <https://github.com/rust-lang/rust/issues/154024>
[INFO] [stdout] 
[INFO] [stdout] 
[INFO] [stdout] warning: falling back to `f32` as the trait bound `f32: From<f64>` is not satisfied
[INFO] [stdout]     --> crates/czi-app/src/lib.rs:7572:53
[INFO] [stdout]      |
[INFO] [stdout] 7572 |         egui::Stroke::new(if focused { 2.0 } else { 1.0 }, accent),
[INFO] [stdout]      |                                                     ^^^ help: explicitly specify the type as `f32`: `1.0_f32`
[INFO] [stdout]      |
[INFO] [stdout]      = warning: this was previously accepted by the compiler but is being phased out; it will become a hard error in a future release!
[INFO] [stdout]      = note: for more information, see issue #154024 <https://github.com/rust-lang/rust/issues/154024>
[INFO] [stdout] 
[INFO] [stdout] 
[INFO] [stdout] error[E0433]: cannot find module or crate `czi_ssh_darwin` in this scope
[INFO] [stdout]    --> crates/czi-app/src/lib.rs:247:27
[INFO] [stdout]     |
[INFO] [stdout] 247 |     current: Option<(u64, czi_ssh_darwin::Cancellation)>,
[INFO] [stdout]     |                           ^^^^^^^^^^^^^^ use of unresolved module or unlinked crate `czi_ssh_darwin`
[INFO] [stdout]     |
[INFO] [stdout]     = help: if you wanted to use a crate named `czi_ssh_darwin`, use `cargo add czi_ssh_darwin` to add it to your `Cargo.toml`
[INFO] [stdout] 
[INFO] [stdout] 
[INFO] [stdout] error[E0433]: cannot find module or crate `czi_ssh_darwin` in this scope
[INFO] [stdout]    --> crates/czi-app/src/lib.rs:252:55
[INFO] [stdout]     |
[INFO] [stdout] 252 |     fn replace(&self, generation: u64, cancellation: &czi_ssh_darwin::Cancellation) {
[INFO] [stdout]     |                                                       ^^^^^^^^^^^^^^ use of unresolved module or unlinked crate `czi_ssh_darwin`
[INFO] [stdout]     |
[INFO] [stdout]     = help: if you wanted to use a crate named `czi_ssh_darwin`, use `cargo add czi_ssh_darwin` to add it to your `Cargo.toml`
[INFO] [stdout] 
[INFO] [stdout] 
[INFO] [stdout] error[E0433]: cannot find module or crate `czi_ssh_darwin` in this scope
[INFO] [stdout]     --> crates/czi-app/src/lib.rs:1006:23
[INFO] [stdout]      |
[INFO] [stdout] 1006 |         cancellation: czi_ssh_darwin::Cancellation,
[INFO] [stdout]      |                       ^^^^^^^^^^^^^^ use of unresolved module or unlinked crate `czi_ssh_darwin`
[INFO] [stdout]      |
[INFO] [stdout]      = help: if you wanted to use a crate named `czi_ssh_darwin`, use `cargo add czi_ssh_darwin` to add it to your `Cargo.toml`
[INFO] [stdout] 
[INFO] [stdout] 
[INFO] [stdout] error[E0433]: cannot find module or crate `czi_ssh_darwin` in this scope
[INFO] [stdout]     --> crates/czi-app/src/lib.rs:3853:19
[INFO] [stdout]      |
[INFO] [stdout] 3853 |     AnyConnectVpn(czi_ssh_darwin::Cancellation),
[INFO] [stdout]      |                   ^^^^^^^^^^^^^^ use of unresolved module or unlinked crate `czi_ssh_darwin`
[INFO] [stdout]      |
[INFO] [stdout]      = help: if you wanted to use a crate named `czi_ssh_darwin`, use `cargo add czi_ssh_darwin` to add it to your `Cargo.toml`
[INFO] [stdout] 
[INFO] [stdout] 
[INFO] [stdout] Some errors have detailed explanations: E0425, E0433.
[INFO] [stdout] 
[INFO] [stdout] For more information about an error, try `rustc --explain E0425`.
[INFO] [stdout] 
[INFO] [stderr] error: could not compile `czi-viewer` (lib) due to 14 previous errors; 5 warnings emitted
[INFO] [stderr] warning: build failed, waiting for other jobs to finish...
[INFO] [stdout] error[E0433]: cannot find module or crate `czi_ssh_darwin` in this scope
[INFO] [stdout]    --> crates/czi-app/src/lib.rs:247:27
[INFO] [stdout]     |
[INFO] [stdout] 247 |     current: Option<(u64, czi_ssh_darwin::Cancellation)>,
[INFO] [stdout]     |                           ^^^^^^^^^^^^^^ use of unresolved module or unlinked crate `czi_ssh_darwin`
[INFO] [stdout]     |
[INFO] [stdout]     = help: if you wanted to use a crate named `czi_ssh_darwin`, use `cargo add czi_ssh_darwin` to add it to your `Cargo.toml`
[INFO] [stdout] 
[INFO] [stdout] 
[INFO] [stdout] error[E0433]: cannot find module or crate `czi_ssh_darwin` in this scope
[INFO] [stdout]    --> crates/czi-app/src/lib.rs:252:55
[INFO] [stdout]     |
[INFO] [stdout] 252 |     fn replace(&self, generation: u64, cancellation: &czi_ssh_darwin::Cancellation) {
[INFO] [stdout]     |                                                       ^^^^^^^^^^^^^^ use of unresolved module or unlinked crate `czi_ssh_darwin`
[INFO] [stdout]     |
[INFO] [stdout]     = help: if you wanted to use a crate named `czi_ssh_darwin`, use `cargo add czi_ssh_darwin` to add it to your `Cargo.toml`
[INFO] [stdout] 
[INFO] [stdout] 
[INFO] [stdout] error[E0433]: cannot find module or crate `czi_ssh_darwin` in this scope
[INFO] [stdout]     --> crates/czi-app/src/lib.rs:1006:23
[INFO] [stdout]      |
[INFO] [stdout] 1006 |         cancellation: czi_ssh_darwin::Cancellation,
[INFO] [stdout]      |                       ^^^^^^^^^^^^^^ use of unresolved module or unlinked crate `czi_ssh_darwin`
[INFO] [stdout]      |
[INFO] [stdout]      = help: if you wanted to use a crate named `czi_ssh_darwin`, use `cargo add czi_ssh_darwin` to add it to your `Cargo.toml`
[INFO] [stdout] 
[INFO] [stdout] 
[INFO] [stdout] error[E0433]: cannot find module or crate `czi_ssh_darwin` in this scope
[INFO] [stdout]     --> crates/czi-app/src/lib.rs:3853:19
[INFO] [stdout]      |
[INFO] [stdout] 3853 |     AnyConnectVpn(czi_ssh_darwin::Cancellation),
[INFO] [stdout]      |                   ^^^^^^^^^^^^^^ use of unresolved module or unlinked crate `czi_ssh_darwin`
[INFO] [stdout]      |
[INFO] [stdout]      = help: if you wanted to use a crate named `czi_ssh_darwin`, use `cargo add czi_ssh_darwin` to add it to your `Cargo.toml`
[INFO] [stdout] 
[INFO] [stdout] 
[INFO] [stdout] Some errors have detailed explanations: E0425, E0433.
[INFO] [stdout] 
[INFO] [stdout] For more information about an error, try `rustc --explain E0425`.
[INFO] [stdout] 
[INFO] [stderr] error: could not compile `czi-viewer` (lib test) due to 16 previous errors; 5 warnings emitted
[INFO] running `Command { std: "docker" "inspect" "985abc9e1529786a1a3e4fcb3bfaf8045fd4a690e8e8c36a68abdca147d24ab0", kill_on_drop: false }`
[INFO] running `Command { std: "docker" "rm" "-f" "985abc9e1529786a1a3e4fcb3bfaf8045fd4a690e8e8c36a68abdca147d24ab0", kill_on_drop: false }`
[INFO] [stdout] 985abc9e1529786a1a3e4fcb3bfaf8045fd4a690e8e8c36a68abdca147d24ab0
