[INFO] cloning repository https://github.com/joshvito/claude-tray
[INFO] running `Command { std: "git" "-c" "credential.helper=" "-c" "credential.helper=/workspace/cargo-home/bin/git-credential-null" "clone" "--bare" "https://github.com/joshvito/claude-tray" "/workspace/cache/git-repos/https%3A%2F%2Fgithub.com%2Fjoshvito%2Fclaude-tray", kill_on_drop: false }`
[INFO] [stderr] Cloning into bare repository '/workspace/cache/git-repos/https%3A%2F%2Fgithub.com%2Fjoshvito%2Fclaude-tray'...
[INFO] running `Command { std: "git" "rev-parse" "HEAD", kill_on_drop: false }`
[INFO] [stdout] 09d4e731eef92ad84e0527dac46a00f0462b6b91
[INFO] checking joshvito/claude-tray against 3154cc1a3e6424e44f438a95007d043ed5ceaaf6 for pr-133502-30
[INFO] running `Command { std: "git" "clone" "/workspace/cache/git-repos/https%3A%2F%2Fgithub.com%2Fjoshvito%2Fclaude-tray" "/workspace/builds/worker-7-tc2/source", kill_on_drop: false }`
[INFO] [stderr] Cloning into '/workspace/builds/worker-7-tc2/source'...
[INFO] [stderr] done.
[INFO] started tweaking git repo https://github.com/joshvito/claude-tray
[INFO] finished tweaking git repo https://github.com/joshvito/claude-tray
[INFO] tweaked toml for git repo https://github.com/joshvito/claude-tray written to /workspace/builds/worker-7-tc2/source/Cargo.toml
[INFO] validating manifest of git repo https://github.com/joshvito/claude-tray on toolchain 3154cc1a3e6424e44f438a95007d043ed5ceaaf6
[INFO] running `Command { std: CARGO_HOME="/workspace/cargo-home" RUSTUP_HOME="/workspace/rustup-home" "/workspace/cargo-home/bin/cargo" "+3154cc1a3e6424e44f438a95007d043ed5ceaaf6" "metadata" "--manifest-path" "Cargo.toml" "--no-deps", kill_on_drop: false }`
[INFO] crate git repo https://github.com/joshvito/claude-tray already has a lockfile, it will not be regenerated
[INFO] running `Command { std: CARGO_HOME="/workspace/cargo-home" RUSTUP_HOME="/workspace/rustup-home" "/workspace/cargo-home/bin/cargo" "+3154cc1a3e6424e44f438a95007d043ed5ceaaf6" "fetch" "--manifest-path" "Cargo.toml", kill_on_drop: false }`
[INFO] running `Command { std: "docker" "create" "-v" "/var/lib/crater-agent-workspace/builds/worker-7-tc2/source:/opt/rustwide/workdir:ro,Z" "-v" "/var/lib/crater-agent-workspace/builds/worker-7-tc2/target:/opt/rustwide/target:rw,Z" "-v" "/var/lib/crater-agent-workspace/cargo-home:/opt/rustwide/cargo-home:ro,Z" "-v" "/var/lib/crater-agent-workspace/rustup-home:/opt/rustwide/rustup-home:ro,Z" "-m" "1610612736" "--network" "none" "ghcr.io/rust-lang/crates-build-env/linux@sha256:77db811e55d90add9212f6832c23229e3de5f1c1f9905e8cb07319ea15df73ac" "sleep" "infinity", kill_on_drop: false }`
[INFO] [stdout] 8ec69abfcb5ca23d737df2c42c8f3b8a3aae0782f35fea21954f1001885e1374
[INFO] running `Command { std: "docker" "start" "8ec69abfcb5ca23d737df2c42c8f3b8a3aae0782f35fea21954f1001885e1374", kill_on_drop: false }`
[INFO] running `Command { std: "docker" "inspect" "8ec69abfcb5ca23d737df2c42c8f3b8a3aae0782f35fea21954f1001885e1374", kill_on_drop: false }`
[INFO] running `Command { std: "docker" "exec" "-e" "SOURCE_DIR=/opt/rustwide/workdir" "-e" "CARGO_HOME=/opt/rustwide/cargo-home" "-e" "RUSTUP_HOME=/opt/rustwide/rustup-home" "-e" "CARGO_TARGET_DIR=/opt/rustwide/target" "-w" "/opt/rustwide/workdir" "--user" "0:0" "8ec69abfcb5ca23d737df2c42c8f3b8a3aae0782f35fea21954f1001885e1374" "/opt/rustwide/cargo-home/bin/cargo" "+3154cc1a3e6424e44f438a95007d043ed5ceaaf6" "metadata" "--no-deps" "--format-version=1", kill_on_drop: false }`
[INFO] running `Command { std: "docker" "inspect" "8ec69abfcb5ca23d737df2c42c8f3b8a3aae0782f35fea21954f1001885e1374", kill_on_drop: false }`
[INFO] running `Command { std: "docker" "exec" "-e" "SOURCE_DIR=/opt/rustwide/workdir" "-e" "CARGO_HOME=/opt/rustwide/cargo-home" "-e" "RUSTUP_HOME=/opt/rustwide/rustup-home" "-e" "CARGO_TARGET_DIR=/opt/rustwide/target" "-e" "CARGO_INCREMENTAL=0" "-e" "RUST_BACKTRACE=full" "-e" "RUSTFLAGS=--cap-lints=forbid" "-e" "RUSTDOCFLAGS=--cap-lints=forbid" "-w" "/opt/rustwide/workdir" "--user" "0:0" "8ec69abfcb5ca23d737df2c42c8f3b8a3aae0782f35fea21954f1001885e1374" "/opt/rustwide/cargo-home/bin/cargo" "+3154cc1a3e6424e44f438a95007d043ed5ceaaf6" "check" "--frozen" "--all" "--all-targets" "--message-format=json", kill_on_drop: false }`
[INFO] [stderr]     Checking bitflags v2.13.1
[INFO] [stderr]    Compiling syn v3.0.3
[INFO] [stderr]    Compiling syn v2.0.119
[INFO] [stderr]     Checking x11 v2.21.0
[INFO] [stderr]     Checking dirs-sys v0.5.0
[INFO] [stderr]     Checking windows-link v0.2.1
[INFO] [stderr]     Checking glib-sys v0.18.1
[INFO] [stderr]     Checking windows-sys v0.61.2
[INFO] [stderr]     Checking dirs v6.0.0
[INFO] [stderr]     Checking png v0.18.1
[INFO] [stderr]     Checking gobject-sys v0.18.0
[INFO] [stderr]     Checking cairo-sys-rs v0.18.2
[INFO] [stderr]     Checking gio-sys v0.18.1
[INFO] [stderr]     Checking pango-sys v0.18.0
[INFO] [stderr]     Checking atk-sys v0.18.2
[INFO] [stderr]     Checking libxdo-sys v0.11.0
[INFO] [stderr]     Checking libxdo v0.6.0
[INFO] [stderr]     Checking gdk-pixbuf-sys v0.18.0
[INFO] [stderr]     Checking gdk-sys v0.18.2
[INFO] [stderr]     Checking gtk-sys v0.18.2
[INFO] [stderr]    Compiling futures-macro v0.3.34
[INFO] [stderr]    Compiling serde_derive v1.0.229
[INFO] [stderr]    Compiling thiserror-impl v2.0.20
[INFO] [stderr]    Compiling thiserror-impl v1.0.69
[INFO] [stderr]    Compiling glib-macros v0.18.5
[INFO] [stderr]    Compiling gtk3-macros v0.18.2
[INFO] [stderr]     Checking futures-util v0.3.34
[INFO] [stderr]     Checking libappindicator-sys v0.9.0
[INFO] [stderr]     Checking thiserror v2.0.20
[INFO] [stderr]     Checking thiserror v1.0.69
[INFO] [stderr]     Checking futures-executor v0.3.34
[INFO] [stderr]     Checking serde v1.0.229
[INFO] [stderr]     Checking glib v0.18.5
[INFO] [stderr]     Checking keyboard-types v0.7.0
[INFO] [stderr]     Checking gio v0.18.4
[INFO] [stderr]     Checking cairo-rs v0.18.5
[INFO] [stderr]     Checking atk v0.18.2
[INFO] [stderr]     Checking gdk-pixbuf v0.18.5
[INFO] [stderr]     Checking pango v0.18.3
[INFO] [stderr]     Checking gdk v0.18.2
[INFO] [stderr]     Checking gtk v0.18.2
[INFO] [stderr]     Checking muda v0.19.3
[INFO] [stderr]     Checking libappindicator v0.9.0
[INFO] [stderr]     Checking tray-icon v0.24.2
[INFO] [stderr]     Checking claude-tray v0.1.0 (/opt/rustwide/workdir)
[INFO] [stdout] error[E0433]: cannot find `windows` in `os`
[INFO] [stdout]  --> src/liveness.rs:8:14
[INFO] [stdout]   |
[INFO] [stdout] 8 | use std::os::windows::ffi::OsStringExt;
[INFO] [stdout]   |              ^^^^^^^ could not find `windows` in `os`
[INFO] [stdout]   |
[INFO] [stdout] note: found an item that was configured out
[INFO] [stdout]  --> /rustc/3154cc1a3e6424e44f438a95007d043ed5ceaaf6/library/std/src/os/mod.rs:62:4
[INFO] [stdout]   |
[INFO] [stdout]   = note: the item is gated behind the `windows` feature
[INFO] [stdout] 
[INFO] [stdout] 
[INFO] [stdout] error[E0433]: cannot find `windows` in `os`
[INFO] [stdout]  --> src/liveness.rs:8:14
[INFO] [stdout]   |
[INFO] [stdout] 8 | use std::os::windows::ffi::OsStringExt;
[INFO] [stdout]   |              ^^^^^^^ could not find `windows` in `os`
[INFO] [stdout]   |
[INFO] [stdout] note: found an item that was configured out
[INFO] [stdout]  --> /rustc/3154cc1a3e6424e44f438a95007d043ed5ceaaf6/library/std/src/os/mod.rs:62:4
[INFO] [stdout]   |
[INFO] [stdout]   = note: the item is gated behind the `windows` feature
[INFO] [stdout] 
[INFO] [stdout] 
[INFO] [stdout] warning: unused import: `ContextMenu`
[INFO] [stdout]  --> src/menu_gdi.rs:9:23
[INFO] [stdout]   |
[INFO] [stdout] 9 | use tray_icon::menu::{ContextMenu, Menu};
[INFO] [stdout]   |                       ^^^^^^^^^^^
[INFO] [stdout]   |
[INFO] [stdout]   = note: `#[warn(unused_imports)]` (part of `#[warn(unused)]`) on by default
[INFO] [stdout] 
[INFO] [stdout] 
[INFO] [stdout] warning: unused import: `ContextMenu`
[INFO] [stdout]  --> src/menu_gdi.rs:9:23
[INFO] [stdout]   |
[INFO] [stdout] 9 | use tray_icon::menu::{ContextMenu, Menu};
[INFO] [stdout]   |                       ^^^^^^^^^^^
[INFO] [stdout]   |
[INFO] [stdout]   = note: `#[warn(unused_imports)]` (part of `#[warn(unused)]`) on by default
[INFO] [stdout] 
[INFO] [stdout] 
[INFO] [stdout] error[E0599]: no associated function or constant named `from_wide` found for struct `OsString` in the current scope
[INFO] [stdout]   --> src/liveness.rs:99:26
[INFO] [stdout]    |
[INFO] [stdout] 99 |     let path = OsString::from_wide(&buf[..len as usize])
[INFO] [stdout]    |                          ^^^^^^^^^ associated function or constant not found in `OsString`
[INFO] [stdout]    |
[INFO] [stdout] note: if you're trying to build a new `OsString` consider using one of the following associated functions:
[INFO] [stdout]       OsString::new
[INFO] [stdout]       OsString::from_encoded_bytes_unchecked
[INFO] [stdout]       OsString::with_capacity
[INFO] [stdout]   --> /rustc/3154cc1a3e6424e44f438a95007d043ed5ceaaf6/library/std/src/ffi/os_str.rs:134:4
[INFO] [stdout] help: there is an associated function `from_iter` with a similar name
[INFO] [stdout]    |
[INFO] [stdout] 99 -     let path = OsString::from_wide(&buf[..len as usize])
[INFO] [stdout] 99 +     let path = OsString::from_iter(&buf[..len as usize])
[INFO] [stdout]    |
[INFO] [stdout] 
[INFO] [stdout] 
[INFO] [stdout] error[E0599]: no associated function or constant named `from_wide` found for struct `OsString` in the current scope
[INFO] [stdout]   --> src/liveness.rs:99:26
[INFO] [stdout]    |
[INFO] [stdout] 99 |     let path = OsString::from_wide(&buf[..len as usize])
[INFO] [stdout]    |                          ^^^^^^^^^ associated function or constant not found in `OsString`
[INFO] [stdout]    |
[INFO] [stdout] note: if you're trying to build a new `OsString` consider using one of the following associated functions:
[INFO] [stdout]       OsString::new
[INFO] [stdout]       OsString::from_encoded_bytes_unchecked
[INFO] [stdout]       OsString::with_capacity
[INFO] [stdout]   --> /rustc/3154cc1a3e6424e44f438a95007d043ed5ceaaf6/library/std/src/ffi/os_str.rs:134:4
[INFO] [stdout] help: there is an associated function `from_iter` with a similar name
[INFO] [stdout]    |
[INFO] [stdout] 99 -     let path = OsString::from_wide(&buf[..len as usize])
[INFO] [stdout] 99 +     let path = OsString::from_iter(&buf[..len as usize])
[INFO] [stdout]    |
[INFO] [stdout] 
[INFO] [stdout] 
[INFO] [stdout] error[E0599]: no method named `hpopupmenu` found for reference `&Menu` in the current scope
[INFO] [stdout]   --> src/menu_gdi.rs:20:22
[INFO] [stdout]    |
[INFO] [stdout] 20 |     let hmenu = menu.hpopupmenu() as *mut core::ffi::c_void;
[INFO] [stdout]    |                      ^^^^^^^^^^ method not found in `&Menu`
[INFO] [stdout] 
[INFO] [stdout] 
[INFO] [stdout] error[E0599]: no method named `hpopupmenu` found for reference `&Menu` in the current scope
[INFO] [stdout]   --> src/menu_gdi.rs:20:22
[INFO] [stdout]    |
[INFO] [stdout] 20 |     let hmenu = menu.hpopupmenu() as *mut core::ffi::c_void;
[INFO] [stdout]    |                      ^^^^^^^^^^ method not found in `&Menu`
[INFO] [stdout] 
[INFO] [stdout] 
[INFO] [stdout] Some errors have detailed explanations: E0433, E0599.
[INFO] [stdout] 
[INFO] [stdout] For more information about an error, try `rustc --explain E0433`.
[INFO] [stdout] 
[INFO] [stderr] error: could not compile `claude-tray` (bin "claude-tray") due to 3 previous errors; 1 warning emitted
[INFO] [stderr] warning: build failed, waiting for other jobs to finish...
[INFO] [stdout] Some errors have detailed explanations: E0433, E0599.
[INFO] [stdout] 
[INFO] [stdout] For more information about an error, try `rustc --explain E0433`.
[INFO] [stdout] 
[INFO] [stderr] error: could not compile `claude-tray` (bin "claude-tray" test) due to 3 previous errors; 1 warning emitted
[INFO] running `Command { std: "docker" "inspect" "8ec69abfcb5ca23d737df2c42c8f3b8a3aae0782f35fea21954f1001885e1374", kill_on_drop: false }`
[INFO] running `Command { std: "docker" "rm" "-f" "8ec69abfcb5ca23d737df2c42c8f3b8a3aae0782f35fea21954f1001885e1374", kill_on_drop: false }`
[INFO] [stdout] 8ec69abfcb5ca23d737df2c42c8f3b8a3aae0782f35fea21954f1001885e1374
