[INFO] cloning repository https://github.com/joshuarli/dropbox
[INFO] running `Command { std: "git" "-c" "credential.helper=" "-c" "credential.helper=/workspace/cargo-home/bin/git-credential-null" "clone" "--bare" "https://github.com/joshuarli/dropbox" "/workspace/cache/git-repos/https%3A%2F%2Fgithub.com%2Fjoshuarli%2Fdropbox", kill_on_drop: false }`
[INFO] [stderr] Cloning into bare repository '/workspace/cache/git-repos/https%3A%2F%2Fgithub.com%2Fjoshuarli%2Fdropbox'...
[INFO] running `Command { std: "git" "rev-parse" "HEAD", kill_on_drop: false }`
[INFO] [stdout] b4f3b8f0315c5412d249d62d08526691aa835f86
[INFO] checking joshuarli/dropbox against 3154cc1a3e6424e44f438a95007d043ed5ceaaf6 for pr-133502-30
[INFO] running `Command { std: "git" "clone" "/workspace/cache/git-repos/https%3A%2F%2Fgithub.com%2Fjoshuarli%2Fdropbox" "/workspace/builds/worker-1-tc2/source", kill_on_drop: false }`
[INFO] [stderr] Cloning into '/workspace/builds/worker-1-tc2/source'...
[INFO] [stderr] done.
[INFO] removed /workspace/builds/worker-1-tc2/source/rust-toolchain.toml
[INFO] started tweaking git repo https://github.com/joshuarli/dropbox
[INFO] finished tweaking git repo https://github.com/joshuarli/dropbox
[INFO] tweaked toml for git repo https://github.com/joshuarli/dropbox written to /workspace/builds/worker-1-tc2/source/Cargo.toml
[INFO] validating manifest of git repo https://github.com/joshuarli/dropbox on toolchain 3154cc1a3e6424e44f438a95007d043ed5ceaaf6
[INFO] running `Command { std: CARGO_HOME="/workspace/cargo-home" RUSTUP_HOME="/workspace/rustup-home" "/workspace/cargo-home/bin/cargo" "+3154cc1a3e6424e44f438a95007d043ed5ceaaf6" "metadata" "--manifest-path" "Cargo.toml" "--no-deps", kill_on_drop: false }`
[INFO] crate git repo https://github.com/joshuarli/dropbox already has a lockfile, it will not be regenerated
[INFO] running `Command { std: CARGO_HOME="/workspace/cargo-home" RUSTUP_HOME="/workspace/rustup-home" "/workspace/cargo-home/bin/cargo" "+3154cc1a3e6424e44f438a95007d043ed5ceaaf6" "fetch" "--manifest-path" "Cargo.toml", kill_on_drop: false }`
[INFO] [stderr] warning: unused field `authors` in `workspace.package`
[INFO] [stderr]   --> Cargo.toml:56:1
[INFO] [stderr]    |
[INFO] [stderr] 56 | authors = ["Dropbox contributors"]
[INFO] [stderr]    | ^^^^^^^
[INFO] [stderr]    |
[INFO] [stderr]    = note: `cargo::unused_workspace_package_fields` is set to `warn` by default
[INFO] [stderr] help: consider removing the field `workspace.package.authors`
[INFO] [stderr] warning: workspace (manifest) generated 1 warning
[INFO] running `Command { std: "docker" "create" "-v" "/var/lib/crater-agent-workspace/builds/worker-1-tc2/source:/opt/rustwide/workdir:ro,Z" "-v" "/var/lib/crater-agent-workspace/builds/worker-1-tc2/target:/opt/rustwide/target:rw,Z" "-v" "/var/lib/crater-agent-workspace/cargo-home:/opt/rustwide/cargo-home:ro,Z" "-v" "/var/lib/crater-agent-workspace/rustup-home:/opt/rustwide/rustup-home:ro,Z" "-m" "1610612736" "--network" "none" "ghcr.io/rust-lang/crates-build-env/linux@sha256:77db811e55d90add9212f6832c23229e3de5f1c1f9905e8cb07319ea15df73ac" "sleep" "infinity", kill_on_drop: false }`
[INFO] [stdout] a0a7d6e31a5c85ba6617818c634a312bf33601cfe131e92323c308bc94ad6484
[INFO] running `Command { std: "docker" "start" "a0a7d6e31a5c85ba6617818c634a312bf33601cfe131e92323c308bc94ad6484", kill_on_drop: false }`
[INFO] running `Command { std: "docker" "inspect" "a0a7d6e31a5c85ba6617818c634a312bf33601cfe131e92323c308bc94ad6484", kill_on_drop: false }`
[INFO] running `Command { std: "docker" "exec" "-e" "SOURCE_DIR=/opt/rustwide/workdir" "-e" "CARGO_HOME=/opt/rustwide/cargo-home" "-e" "RUSTUP_HOME=/opt/rustwide/rustup-home" "-e" "CARGO_TARGET_DIR=/opt/rustwide/target" "-w" "/opt/rustwide/workdir" "--user" "0:0" "a0a7d6e31a5c85ba6617818c634a312bf33601cfe131e92323c308bc94ad6484" "/opt/rustwide/cargo-home/bin/cargo" "+3154cc1a3e6424e44f438a95007d043ed5ceaaf6" "metadata" "--no-deps" "--format-version=1", kill_on_drop: false }`
[INFO] running `Command { std: "docker" "inspect" "a0a7d6e31a5c85ba6617818c634a312bf33601cfe131e92323c308bc94ad6484", kill_on_drop: false }`
[INFO] running `Command { std: "docker" "exec" "-e" "SOURCE_DIR=/opt/rustwide/workdir" "-e" "CARGO_HOME=/opt/rustwide/cargo-home" "-e" "RUSTUP_HOME=/opt/rustwide/rustup-home" "-e" "CARGO_TARGET_DIR=/opt/rustwide/target" "-e" "CARGO_INCREMENTAL=0" "-e" "RUST_BACKTRACE=full" "-e" "RUSTFLAGS=--cap-lints=forbid" "-e" "RUSTDOCFLAGS=--cap-lints=forbid" "-w" "/opt/rustwide/workdir" "--user" "0:0" "a0a7d6e31a5c85ba6617818c634a312bf33601cfe131e92323c308bc94ad6484" "/opt/rustwide/cargo-home/bin/cargo" "+3154cc1a3e6424e44f438a95007d043ed5ceaaf6" "check" "--frozen" "--all" "--all-targets" "--message-format=json", kill_on_drop: false }`
[INFO] [stderr] warning: unused field `authors` in `workspace.package`
[INFO] [stderr]   --> Cargo.toml:56:1
[INFO] [stderr]    |
[INFO] [stderr] 56 | authors = ["Dropbox contributors"]
[INFO] [stderr]    | ^^^^^^^
[INFO] [stderr]    |
[INFO] [stderr]    = note: `cargo::unused_workspace_package_fields` is set to `warn` by default
[INFO] [stderr] help: consider removing the field `workspace.package.authors`
[INFO] [stderr] warning: workspace (manifest) generated 1 warning
[INFO] [stderr]    Compiling portable-atomic v1.15.0
[INFO] [stderr]     Checking cpufeatures v0.3.0
[INFO] [stderr]    Compiling cc v1.4.4
[INFO] [stderr]     Checking data-encoding v2.11.1
[INFO] [stderr]    Compiling syn v3.0.4
[INFO] [stderr]    Compiling syn v2.0.119
[INFO] [stderr]     Checking mio v1.2.2
[INFO] [stderr]     Checking getrandom v0.4.3
[INFO] [stderr]     Checking smallvec v1.15.2
[INFO] [stderr]    Compiling heapless v0.7.17
[INFO] [stderr]     Checking subtle v2.6.1
[INFO] [stderr]     Checking hash32 v0.2.1
[INFO] [stderr]     Checking spin v0.9.9
[INFO] [stderr]     Checking chacha20 v0.10.1
[INFO] [stderr]     Checking unicode-normalization v0.1.25
[INFO] [stderr]     Checking focaccia v2.0.0
[INFO] [stderr]     Checking hashbrown v0.17.1
[INFO] [stderr]     Checking form_urlencoded v1.2.2
[INFO] [stderr]     Checking crypto-common v0.1.7
[INFO] [stderr]    Compiling redb v4.2.0
[INFO] [stderr]    Compiling rustix v1.1.4
[INFO] [stderr]     Checking hybrid-array v0.4.14
[INFO] [stderr]     Checking linux-raw-sys v0.12.1
[INFO] [stderr]     Checking rand v0.10.2
[INFO] [stderr]     Checking pem-rfc7468 v1.0.0
[INFO] [stderr]     Checking inout v0.1.4
[INFO] [stderr]    Compiling n0-future v0.3.2
[INFO] [stderr]     Checking cordyceps v0.3.5
[INFO] [stderr]     Checking spin v0.10.1
[INFO] [stderr]    Compiling zerocopy v0.8.56
[INFO] [stderr]     Checking diatomic-waker v0.2.3
[INFO] [stderr]     Checking futures-lite v2.6.1
[INFO] [stderr]     Checking cipher v0.4.4
[INFO] [stderr]     Checking universal-hash v0.5.1
[INFO] [stderr]    Compiling noq-udp v1.2.0
[INFO] [stderr]    Compiling curve25519-dalek v5.0.0
[INFO] [stderr]     Checking futures-buffered v0.2.13
[INFO] [stderr]     Checking base16ct v1.0.0
[INFO] [stderr]    Compiling crossbeam-epoch v0.9.20
[INFO] [stderr]     Checking indexmap v2.14.0
[INFO] [stderr]     Checking either v1.18.0
[INFO] [stderr]     Checking polyval v0.6.2
[INFO] [stderr]     Checking netlink-packet-core v0.8.2
[INFO] [stderr]     Checking parking_lot_core v0.9.12
[INFO] [stderr]     Checking signature v3.0.0
[INFO] [stderr]     Checking ghash v0.5.1
[INFO] [stderr]     Checking getrandom v0.3.4
[INFO] [stderr]     Checking ctr v0.9.2
[INFO] [stderr]     Checking aes v0.8.4
[INFO] [stderr]     Checking crossbeam-channel v0.5.16
[INFO] [stderr]     Checking parking_lot v0.12.5
[INFO] [stderr]     Checking aead v0.5.2
[INFO] [stderr]     Checking uuid v1.25.0
[INFO] [stderr]     Checking sync_wrapper v1.0.2
[INFO] [stderr]    Compiling netdev v0.46.1
[INFO] [stderr]     Checking tagptr v0.2.0
[INFO] [stderr]     Checking netlink-packet-route v0.31.0
[INFO] [stderr]     Checking block-buffer v0.12.1
[INFO] [stderr]     Checking crypto-common v0.2.2
[INFO] [stderr]     Checking rand_core v0.9.5
[INFO] [stderr]    Compiling iroh-dns v1.0.3
[INFO] [stderr]    Compiling netwatch v0.19.3
[INFO] [stderr]    Compiling noq v1.2.0
[INFO] [stderr]     Checking rand_pcg v0.10.2
[INFO] [stderr]     Checking mac-addr v0.3.0
[INFO] [stderr]     Checking resolv-conf v0.7.6
[INFO] [stderr]     Checking rustc-hash v2.1.3
[INFO] [stderr]     Checking aes-gcm v0.10.3
[INFO] [stderr]    Compiling blake3 v1.8.7
[INFO] [stderr]    Compiling ring v0.17.14
[INFO] [stderr]     Checking xml-rs v0.8.29
[INFO] [stderr]     Checking identity-hash v0.1.0
[INFO] [stderr]     Checking lru-slab v0.1.2
[INFO] [stderr]     Checking sorted-index-buffer v0.2.1
[INFO] [stderr]    Compiling inotify-sys v0.1.8
[INFO] [stderr]     Checking time v0.3.55
[INFO] [stderr]     Checking arc-swap v1.9.2
[INFO] [stderr]     Checking simple-dns v0.11.3
[INFO] [stderr]    Compiling iroh-relay v1.0.3
[INFO] [stderr]     Checking simdutf8 v0.1.5
[INFO] [stderr]     Checking twox-hash v2.1.3
[INFO] [stderr]     Checking sha1_smol v1.0.1
[INFO] [stderr]     Checking xmltree v0.10.3
[INFO] [stderr]     Checking lru v0.18.2
[INFO] [stderr]     Checking lz4_flex v0.13.1
[INFO] [stderr]     Checking digest v0.11.3
[INFO] [stderr]    Compiling iroh v1.0.3
[INFO] [stderr]     Checking serde_bytes v0.11.19
[INFO] [stderr]     Checking sha2 v0.11.0
[INFO] [stderr]     Checking quick-error v1.2.3
[INFO] [stderr]     Checking seize v0.5.1
[INFO] [stderr]     Checking bit-vec v0.8.0
[INFO] [stderr]     Checking ctutils v0.4.2
[INFO] [stderr]     Checking inotify v0.11.5
[INFO] [stderr]     Checking bit-set v0.8.0
[INFO] [stderr]     Checking rand v0.9.5
[INFO] [stderr]     Checking rand_xorshift v0.4.0
[INFO] [stderr]     Checking notify-types v2.1.0
[INFO] [stderr]     Checking unarray v0.1.4
[INFO] [stderr]     Checking filetime v0.2.29
[INFO] [stderr]     Checking winnow v1.0.4
[INFO] [stderr]     Checking dirs-sys v0.5.0
[INFO] [stderr]     Checking papaya v0.2.5
[INFO] [stderr]     Checking serde_spanned v1.1.1
[INFO] [stderr]     Checking toml_datetime v0.7.5+spec-1.1.0
[INFO] [stderr]     Checking toml_writer v1.1.2+spec-1.1.0
[INFO] [stderr]     Checking winnow v0.7.15
[INFO] [stderr]     Checking serde_json v1.0.151
[INFO] [stderr]     Checking directories v6.0.0
[INFO] [stderr]     Checking toml_parser v1.1.3+spec-1.1.0
[INFO] [stderr]     Checking lexopt v0.3.2
[INFO] [stderr]     Checking notify v8.2.0
[INFO] [stderr]    Compiling synstructure v0.13.2
[INFO] [stderr]    Compiling serde_derive v1.0.229
[INFO] [stderr]    Compiling thiserror-impl v2.0.20
[INFO] [stderr]    Compiling tokio-macros v2.7.2
[INFO] [stderr]    Compiling futures-macro v0.3.34
[INFO] [stderr]    Compiling zerovec-derive v0.11.6
[INFO] [stderr]    Compiling displaydoc v0.2.7
[INFO] [stderr]    Compiling data-encoding-macro-internal v0.1.19
[INFO] [stderr]    Compiling async-trait v0.1.92
[INFO] [stderr]    Compiling enum-assoc v1.4.1
[INFO] [stderr]     Checking data-encoding-macro v0.1.21
[INFO] [stderr]    Compiling rustls v0.23.43
[INFO] [stderr]     Checking futures-util v0.3.34
[INFO] [stderr]     Checking tokio v1.53.1
[INFO] [stderr]     Checking thiserror v2.0.20
[INFO] [stderr]     Checking ppv-lite86 v0.2.21
[INFO] [stderr]     Checking cobs v0.3.0
[INFO] [stderr]    Compiling zerofrom-derive v0.1.7
[INFO] [stderr]    Compiling yoke-derive v0.8.2
[INFO] [stderr]    Compiling zeroize_derive v1.5.0
[INFO] [stderr]    Compiling tracing-attributes v0.1.31
[INFO] [stderr]    Compiling postcard-derive v0.2.2
[INFO] [stderr]    Compiling derive_more-impl v2.1.1
[INFO] [stderr]    Compiling spez v0.1.2
[INFO] [stderr]    Compiling n0-error-macros v1.0.0
[INFO] [stderr]    Compiling pin-project-internal v1.1.13
[INFO] [stderr]    Compiling curve25519-dalek-derive v0.1.1
[INFO] [stderr]    Compiling strum_macros v0.28.0
[INFO] [stderr]    Compiling num_enum_derive v0.7.6
[INFO] [stderr]    Compiling iroh-metrics-derive v1.0.1
[INFO] [stderr]     Checking toml v0.9.12+spec-1.1.0
[INFO] [stderr]     Checking zeroize v1.9.0
[INFO] [stderr]     Checking rustls-pki-types v1.15.1
[INFO] [stderr]     Checking der v0.8.1
[INFO] [stderr]     Checking rand_chacha v0.9.0
[INFO] [stderr]     Checking rand_chacha v0.10.0
[INFO] [stderr]     Checking rustls-webpki v0.103.15
[INFO] [stderr]     Checking n0-error v1.0.0
[INFO] [stderr]     Checking rustls-native-certs v0.8.4
[INFO] [stderr]     Checking num_enum v0.7.6
[INFO] [stderr]     Checking webpki-roots v1.0.9
[INFO] [stderr]     Checking zerofrom v0.1.8
[INFO] [stderr]     Checking yoke v0.8.3
[INFO] [stderr]     Checking pin-project v1.1.13
[INFO] [stderr]     Checking zerovec v0.11.8
[INFO] [stderr]     Checking zerotrie v0.2.5
[INFO] [stderr]     Checking serde v1.0.229
[INFO] [stderr]     Checking derive_more v2.1.1
[INFO] [stderr]     Checking ipnet v2.12.1
[INFO] [stderr]     Checking serdect v0.4.3
[INFO] [stderr]     Checking strum v0.28.0
[INFO] [stderr]     Checking spki v0.8.0
[INFO] [stderr]     Checking prefix-trie v0.8.4
[INFO] [stderr]     Checking pkcs8 v0.11.0
[INFO] [stderr]     Checking ed25519 v3.0.0
[INFO] [stderr]     Checking tinystr v0.8.4
[INFO] [stderr]     Checking potential_utf v0.1.6
[INFO] [stderr]     Checking postcard v1.1.3
[INFO] [stderr]     Checking icu_collections v2.3.0
[INFO] [stderr]     Checking icu_locale_core v2.3.0
[INFO] [stderr]     Checking futures-executor v0.3.34
[INFO] [stderr]     Checking futures v0.3.34
[INFO] [stderr]     Checking dropbox-model v0.0.0 (/opt/rustwide/workdir/crates/dropbox-model)
[INFO] [stderr]     Checking tokio-util v0.7.19
[INFO] [stderr]     Checking netlink-sys v0.8.8
[INFO] [stderr]     Checking tower v0.5.3
[INFO] [stderr]     Checking backon v1.6.0
[INFO] [stderr]     Checking once_cell v1.21.4
[INFO] [stderr]     Checking moka v0.12.16
[INFO] [stderr]     Checking netlink-proto v0.12.2
[INFO] [stderr]     Checking tracing-core v0.1.36
[INFO] [stderr]     Checking tempfile v3.27.0
[INFO] [stderr]     Checking ed25519-dalek v3.0.0
[INFO] [stderr]     Checking rusty-fork v0.3.1
[INFO] [stderr]     Checking icu_provider v2.3.1
[INFO] [stderr]     Checking proptest v1.11.0
[INFO] [stderr]     Checking tracing v0.1.44
[INFO] [stderr]     Checking tracing-log v0.2.0
[INFO] [stderr]     Checking icu_properties v2.3.0
[INFO] [stderr]     Checking icu_normalizer v2.3.0
[INFO] [stderr]     Checking iroh-metrics v1.0.1
[INFO] [stderr]     Checking tracing-subscriber v0.3.23
[INFO] [stderr]     Checking dropbox-store v0.0.0 (/opt/rustwide/workdir/crates/dropbox-store)
[INFO] [stderr]     Checking dropbox-protocol v0.0.0 (/opt/rustwide/workdir/crates/dropbox-protocol)
[INFO] [stderr]     Checking dropbox-fs v0.0.0 (/opt/rustwide/workdir/crates/dropbox-fs)
[INFO] [stderr]     Checking h2 v0.4.19
[INFO] [stderr]     Checking tokio-stream v0.1.19
[INFO] [stderr]     Checking n0-watcher v1.0.0
[INFO] [stdout] error[E0308]: mismatched types
[INFO] [stdout]    --> crates/dropbox-fs/src/apply.rs:502:103
[INFO] [stdout]     |
[INFO] [stdout] 502 |             mtime_ns: stat.st_mtime.checked_mul(1_000_000_000).and_then(|seconds| seconds.checked_add(stat.st_mtime_nsec)),
[INFO] [stdout]     |                                                                                           ----------- ^^^^^^^^^^^^^^^^^^ expected `i64`, found `u64`
[INFO] [stdout]     |                                                                                           |
[INFO] [stdout]     |                                                                                           arguments to this method are incorrect
[INFO] [stdout]     |
[INFO] [stdout] note: method defined here
[INFO] [stdout]    --> /rustc/3154cc1a3e6424e44f438a95007d043ed5ceaaf6/library/core/src/num/int_macros.rs:594:21
[INFO] [stdout]    --> /rustc/3154cc1a3e6424e44f438a95007d043ed5ceaaf6/library/core/src/num/mod.rs:458:4
[INFO] [stdout]    ::: /rustc/3154cc1a3e6424e44f438a95007d043ed5ceaaf6/library/core/src/num/mod.rs:477:5
[INFO] [stdout]     |
[INFO] [stdout]     = note: in this macro invocation
[INFO] [stdout]     = note: this error originates in the macro `int_impl` (in Nightly builds, run with -Z macro-backtrace for more info)
[INFO] [stdout] help: you can convert a `u64` to an `i64` and panic if the converted value doesn't fit
[INFO] [stdout]     |
[INFO] [stdout] 502 |             mtime_ns: stat.st_mtime.checked_mul(1_000_000_000).and_then(|seconds| seconds.checked_add(stat.st_mtime_nsec.try_into().unwrap())),
[INFO] [stdout]     |                                                                                                                         ++++++++++++++++++++
[INFO] [stdout] 
[INFO] [stdout] 
[INFO] [stdout] error[E0308]: mismatched types
[INFO] [stdout]    --> crates/dropbox-fs/src/apply.rs:502:103
[INFO] [stdout]     |
[INFO] [stdout] 502 |             mtime_ns: stat.st_mtime.checked_mul(1_000_000_000).and_then(|seconds| seconds.checked_add(stat.st_mtime_nsec)),
[INFO] [stdout]     |                                                                                           ----------- ^^^^^^^^^^^^^^^^^^ expected `i64`, found `u64`
[INFO] [stdout]     |                                                                                           |
[INFO] [stdout]     |                                                                                           arguments to this method are incorrect
[INFO] [stdout]     |
[INFO] [stdout] note: method defined here
[INFO] [stdout]    --> /rustc/3154cc1a3e6424e44f438a95007d043ed5ceaaf6/library/core/src/num/int_macros.rs:594:21
[INFO] [stdout]    --> /rustc/3154cc1a3e6424e44f438a95007d043ed5ceaaf6/library/core/src/num/mod.rs:458:4
[INFO] [stdout]    ::: /rustc/3154cc1a3e6424e44f438a95007d043ed5ceaaf6/library/core/src/num/mod.rs:477:5
[INFO] [stdout]     |
[INFO] [stdout]     = note: in this macro invocation
[INFO] [stdout]     = note: this error originates in the macro `int_impl` (in Nightly builds, run with -Z macro-backtrace for more info)
[INFO] [stdout] help: you can convert a `u64` to an `i64` and panic if the converted value doesn't fit
[INFO] [stdout]     |
[INFO] [stdout] 502 |             mtime_ns: stat.st_mtime.checked_mul(1_000_000_000).and_then(|seconds| seconds.checked_add(stat.st_mtime_nsec.try_into().unwrap())),
[INFO] [stdout]     |                                                                                                                         ++++++++++++++++++++
[INFO] [stdout] 
[INFO] [stdout] 
[INFO] [stdout] error[E0308]: mismatched types
[INFO] [stdout]    --> crates/dropbox-fs/src/apply.rs:538:30
[INFO] [stdout]     |
[INFO] [stdout] 538 |     let mode = portable_mode(stat.st_mode, attrs);
[INFO] [stdout]     |                ------------- ^^^^^^^^^^^^ expected `u16`, found `u32`
[INFO] [stdout]     |                |
[INFO] [stdout]     |                arguments to this function are incorrect
[INFO] [stdout]     |
[INFO] [stdout] note: function defined here
[INFO] [stdout]    --> crates/dropbox-fs/src/apply.rs:558:4
[INFO] [stdout]     |
[INFO] [stdout] 558 | fn portable_mode(current: u16, attrs: PortableAttrs) -> Mode {
[INFO] [stdout]     |    ^^^^^^^^^^^^^ ------------
[INFO] [stdout] help: you can convert a `u32` to a `u16` and panic if the converted value doesn't fit
[INFO] [stdout]     |
[INFO] [stdout] 538 |     let mode = portable_mode(stat.st_mode.try_into().unwrap(), attrs);
[INFO] [stdout]     |                                          ++++++++++++++++++++
[INFO] [stdout] 
[INFO] [stdout] 
[INFO] [stdout] error[E0308]: mismatched types
[INFO] [stdout]    --> crates/dropbox-fs/src/apply.rs:576:30
[INFO] [stdout]     |
[INFO] [stdout] 576 |     Mode::from_bits_truncate(mode)
[INFO] [stdout]     |     ------------------------ ^^^^ expected `u32`, found `u16`
[INFO] [stdout]     |     |
[INFO] [stdout]     |     arguments to this function are incorrect
[INFO] [stdout]     |
[INFO] [stdout] note: associated function defined here
[INFO] [stdout]    --> /opt/rustwide/cargo-home/registry/src/index.crates.io-1949cf8c6b5b557f/bitflags-2.13.1/src/lib.rs:685:26
[INFO] [stdout]     |
[INFO] [stdout] 685 |               pub const fn from_bits_truncate($bits: $T) -> Self
[INFO] [stdout]     |                            ^^^^^^^^^^^^^^^^^^
[INFO] [stdout]     |
[INFO] [stdout]    ::: /opt/rustwide/cargo-home/registry/src/index.crates.io-1949cf8c6b5b557f/rustix-1.1.4/src/backend/linux_raw/fs/types.rs:69:1
[INFO] [stdout]     |
[INFO] [stdout]  69 | / bitflags! {
[INFO] [stdout]  70 | |     /// `S_I*` constants for use with [`openat`], [`chmodat`], and [`fchmod`].
[INFO] [stdout]  71 | |     ///
[INFO] [stdout]  72 | |     /// [`openat`]: crate::fs::openat
[INFO] [stdout] ...   |
[INFO] [stdout] 126 | | }
[INFO] [stdout]     | |_- in this macro invocation
[INFO] [stdout]     = note: this error originates in the macro `$crate::__impl_bitflags` which comes from the expansion of the macro `bitflags` (in Nightly builds, run with -Z macro-backtrace for more info)
[INFO] [stdout] help: you can convert a `u16` to a `u32`
[INFO] [stdout]     |
[INFO] [stdout] 576 |     Mode::from_bits_truncate(mode.into())
[INFO] [stdout]     |                                  +++++++
[INFO] [stdout] 
[INFO] [stdout] 
[INFO] [stdout] error[E0308]: mismatched types
[INFO] [stdout]    --> crates/dropbox-fs/src/apply.rs:538:30
[INFO] [stdout]     |
[INFO] [stdout] 538 |     let mode = portable_mode(stat.st_mode, attrs);
[INFO] [stdout]     |                ------------- ^^^^^^^^^^^^ expected `u16`, found `u32`
[INFO] [stdout]     |                |
[INFO] [stdout]     |                arguments to this function are incorrect
[INFO] [stdout]     |
[INFO] [stdout] note: function defined here
[INFO] [stdout]    --> crates/dropbox-fs/src/apply.rs:558:4
[INFO] [stdout]     |
[INFO] [stdout] 558 | fn portable_mode(current: u16, attrs: PortableAttrs) -> Mode {
[INFO] [stdout]     |    ^^^^^^^^^^^^^ ------------
[INFO] [stdout] help: you can convert a `u32` to a `u16` and panic if the converted value doesn't fit
[INFO] [stdout]     |
[INFO] [stdout] 538 |     let mode = portable_mode(stat.st_mode.try_into().unwrap(), attrs);
[INFO] [stdout]     |                                          ++++++++++++++++++++
[INFO] [stdout] 
[INFO] [stdout] 
[INFO] [stdout] error[E0308]: mismatched types
[INFO] [stdout]    --> crates/dropbox-fs/src/apply.rs:576:30
[INFO] [stdout]     |
[INFO] [stdout] 576 |     Mode::from_bits_truncate(mode)
[INFO] [stdout]     |     ------------------------ ^^^^ expected `u32`, found `u16`
[INFO] [stdout]     |     |
[INFO] [stdout]     |     arguments to this function are incorrect
[INFO] [stdout]     |
[INFO] [stdout] note: associated function defined here
[INFO] [stdout]    --> /opt/rustwide/cargo-home/registry/src/index.crates.io-1949cf8c6b5b557f/bitflags-2.13.1/src/lib.rs:685:26
[INFO] [stdout]     |
[INFO] [stdout] 685 |               pub const fn from_bits_truncate($bits: $T) -> Self
[INFO] [stdout]     |                            ^^^^^^^^^^^^^^^^^^
[INFO] [stdout]     |
[INFO] [stdout]    ::: /opt/rustwide/cargo-home/registry/src/index.crates.io-1949cf8c6b5b557f/rustix-1.1.4/src/backend/linux_raw/fs/types.rs:69:1
[INFO] [stdout]     |
[INFO] [stdout]  69 | / bitflags! {
[INFO] [stdout]  70 | |     /// `S_I*` constants for use with [`openat`], [`chmodat`], and [`fchmod`].
[INFO] [stdout]  71 | |     ///
[INFO] [stdout]  72 | |     /// [`openat`]: crate::fs::openat
[INFO] [stdout] ...   |
[INFO] [stdout] 126 | | }
[INFO] [stdout]     | |_- in this macro invocation
[INFO] [stdout]     = note: this error originates in the macro `$crate::__impl_bitflags` which comes from the expansion of the macro `bitflags` (in Nightly builds, run with -Z macro-backtrace for more info)
[INFO] [stdout] help: you can convert a `u16` to a `u32`
[INFO] [stdout]     |
[INFO] [stdout] 576 |     Mode::from_bits_truncate(mode.into())
[INFO] [stdout]     |                                  +++++++
[INFO] [stdout] 
[INFO] [stdout] 
[INFO] [stdout] error[E0308]: mismatched types
[INFO] [stdout]    --> crates/dropbox-fs/src/hash.rs:245:57
[INFO] [stdout]     |
[INFO] [stdout] 245 |                 .and_then(|seconds| seconds.checked_add(before.st_mtime_nsec)),
[INFO] [stdout]     |                                             ----------- ^^^^^^^^^^^^^^^^^^^^ expected `i64`, found `u64`
[INFO] [stdout]     |                                             |
[INFO] [stdout]     |                                             arguments to this method are incorrect
[INFO] [stdout]     |
[INFO] [stdout] note: method defined here
[INFO] [stdout]    --> /rustc/3154cc1a3e6424e44f438a95007d043ed5ceaaf6/library/core/src/num/int_macros.rs:594:21
[INFO] [stdout]    --> /rustc/3154cc1a3e6424e44f438a95007d043ed5ceaaf6/library/core/src/num/mod.rs:458:4
[INFO] [stdout]    ::: /rustc/3154cc1a3e6424e44f438a95007d043ed5ceaaf6/library/core/src/num/mod.rs:477:5
[INFO] [stdout]     |
[INFO] [stdout]     = note: in this macro invocation
[INFO] [stdout]     = note: this error originates in the macro `int_impl` (in Nightly builds, run with -Z macro-backtrace for more info)
[INFO] [stdout] help: you can convert a `u64` to an `i64` and panic if the converted value doesn't fit
[INFO] [stdout]     |
[INFO] [stdout] 245 |                 .and_then(|seconds| seconds.checked_add(before.st_mtime_nsec.try_into().unwrap())),
[INFO] [stdout]     |                                                                             ++++++++++++++++++++
[INFO] [stdout] 
[INFO] [stdout] 
[INFO] [stdout] error[E0308]: mismatched types
[INFO] [stdout]    --> crates/dropbox-fs/src/namespace.rs:184:57
[INFO] [stdout]     |
[INFO] [stdout] 184 |                 .and_then(|seconds| seconds.checked_add(stat.st_mtime_nsec)),
[INFO] [stdout]     |                                             ----------- ^^^^^^^^^^^^^^^^^^ expected `i64`, found `u64`
[INFO] [stdout]     |                                             |
[INFO] [stdout]     |                                             arguments to this method are incorrect
[INFO] [stdout]     |
[INFO] [stdout] note: method defined here
[INFO] [stdout]    --> /rustc/3154cc1a3e6424e44f438a95007d043ed5ceaaf6/library/core/src/num/int_macros.rs:594:21
[INFO] [stdout]    --> /rustc/3154cc1a3e6424e44f438a95007d043ed5ceaaf6/library/core/src/num/mod.rs:458:4
[INFO] [stdout]    ::: /rustc/3154cc1a3e6424e44f438a95007d043ed5ceaaf6/library/core/src/num/mod.rs:477:5
[INFO] [stdout]     |
[INFO] [stdout]     = note: in this macro invocation
[INFO] [stdout]     = note: this error originates in the macro `int_impl` (in Nightly builds, run with -Z macro-backtrace for more info)
[INFO] [stdout] help: you can convert a `u64` to an `i64` and panic if the converted value doesn't fit
[INFO] [stdout]     |
[INFO] [stdout] 184 |                 .and_then(|seconds| seconds.checked_add(stat.st_mtime_nsec.try_into().unwrap())),
[INFO] [stdout]     |                                                                           ++++++++++++++++++++
[INFO] [stdout] 
[INFO] [stdout] 
[INFO] [stdout] error[E0308]: mismatched types
[INFO] [stdout]    --> crates/dropbox-fs/src/hash.rs:245:57
[INFO] [stdout]     |
[INFO] [stdout] 245 |                 .and_then(|seconds| seconds.checked_add(before.st_mtime_nsec)),
[INFO] [stdout]     |                                             ----------- ^^^^^^^^^^^^^^^^^^^^ expected `i64`, found `u64`
[INFO] [stdout]     |                                             |
[INFO] [stdout]     |                                             arguments to this method are incorrect
[INFO] [stdout]     |
[INFO] [stdout] note: method defined here
[INFO] [stdout]    --> /rustc/3154cc1a3e6424e44f438a95007d043ed5ceaaf6/library/core/src/num/int_macros.rs:594:21
[INFO] [stdout]    --> /rustc/3154cc1a3e6424e44f438a95007d043ed5ceaaf6/library/core/src/num/mod.rs:458:4
[INFO] [stdout]    ::: /rustc/3154cc1a3e6424e44f438a95007d043ed5ceaaf6/library/core/src/num/mod.rs:477:5
[INFO] [stdout]     |
[INFO] [stdout]     = note: in this macro invocation
[INFO] [stdout]     = note: this error originates in the macro `int_impl` (in Nightly builds, run with -Z macro-backtrace for more info)
[INFO] [stdout] help: you can convert a `u64` to an `i64` and panic if the converted value doesn't fit
[INFO] [stdout]     |
[INFO] [stdout] 245 |                 .and_then(|seconds| seconds.checked_add(before.st_mtime_nsec.try_into().unwrap())),
[INFO] [stdout]     |                                                                             ++++++++++++++++++++
[INFO] [stdout] 
[INFO] [stdout] 
[INFO] [stdout] error[E0308]: mismatched types
[INFO] [stdout]    --> crates/dropbox-fs/src/namespace.rs:184:57
[INFO] [stdout]     |
[INFO] [stdout] 184 |                 .and_then(|seconds| seconds.checked_add(stat.st_mtime_nsec)),
[INFO] [stdout]     |                                             ----------- ^^^^^^^^^^^^^^^^^^ expected `i64`, found `u64`
[INFO] [stdout]     |                                             |
[INFO] [stdout]     |                                             arguments to this method are incorrect
[INFO] [stdout]     |
[INFO] [stdout] note: method defined here
[INFO] [stdout]    --> /rustc/3154cc1a3e6424e44f438a95007d043ed5ceaaf6/library/core/src/num/int_macros.rs:594:21
[INFO] [stdout]    --> /rustc/3154cc1a3e6424e44f438a95007d043ed5ceaaf6/library/core/src/num/mod.rs:458:4
[INFO] [stdout]    ::: /rustc/3154cc1a3e6424e44f438a95007d043ed5ceaaf6/library/core/src/num/mod.rs:477:5
[INFO] [stdout]     |
[INFO] [stdout]     = note: in this macro invocation
[INFO] [stdout]     = note: this error originates in the macro `int_impl` (in Nightly builds, run with -Z macro-backtrace for more info)
[INFO] [stdout] help: you can convert a `u64` to an `i64` and panic if the converted value doesn't fit
[INFO] [stdout]     |
[INFO] [stdout] 184 |                 .and_then(|seconds| seconds.checked_add(stat.st_mtime_nsec.try_into().unwrap())),
[INFO] [stdout]     |                                                                           ++++++++++++++++++++
[INFO] [stdout] 
[INFO] [stdout] 
[INFO] [stdout] error[E0308]: mismatched types
[INFO] [stdout]    --> crates/dropbox-fs/src/recovery.rs:224:57
[INFO] [stdout]     |
[INFO] [stdout] 224 |                 .and_then(|seconds| seconds.checked_add(stat.st_mtime_nsec)),
[INFO] [stdout]     |                                             ----------- ^^^^^^^^^^^^^^^^^^ expected `i64`, found `u64`
[INFO] [stdout]     |                                             |
[INFO] [stdout]     |                                             arguments to this method are incorrect
[INFO] [stdout]     |
[INFO] [stdout] note: method defined here
[INFO] [stdout]    --> /rustc/3154cc1a3e6424e44f438a95007d043ed5ceaaf6/library/core/src/num/int_macros.rs:594:21
[INFO] [stdout]    --> /rustc/3154cc1a3e6424e44f438a95007d043ed5ceaaf6/library/core/src/num/mod.rs:458:4
[INFO] [stdout]    ::: /rustc/3154cc1a3e6424e44f438a95007d043ed5ceaaf6/library/core/src/num/mod.rs:477:5
[INFO] [stdout]     |
[INFO] [stdout]     = note: in this macro invocation
[INFO] [stdout]     = note: this error originates in the macro `int_impl` (in Nightly builds, run with -Z macro-backtrace for more info)
[INFO] [stdout] help: you can convert a `u64` to an `i64` and panic if the converted value doesn't fit
[INFO] [stdout]     |
[INFO] [stdout] 224 |                 .and_then(|seconds| seconds.checked_add(stat.st_mtime_nsec.try_into().unwrap())),
[INFO] [stdout]     |                                                                           ++++++++++++++++++++
[INFO] [stdout] 
[INFO] [stdout] 
[INFO] [stdout] error[E0308]: mismatched types
[INFO] [stdout]    --> crates/dropbox-fs/src/scan.rs:144:107
[INFO] [stdout]     |
[INFO] [stdout] 144 |                 mtime_ns: stat.st_mtime.checked_mul(1_000_000_000).and_then(|seconds| seconds.checked_add(stat.st_mtime_nsec)),
[INFO] [stdout]     |                                                                                               ----------- ^^^^^^^^^^^^^^^^^^ expected `i64`, found `u64`
[INFO] [stdout]     |                                                                                               |
[INFO] [stdout]     |                                                                                               arguments to this method are incorrect
[INFO] [stdout]     |
[INFO] [stdout] note: method defined here
[INFO] [stdout]    --> /rustc/3154cc1a3e6424e44f438a95007d043ed5ceaaf6/library/core/src/num/int_macros.rs:594:21
[INFO] [stdout]    --> /rustc/3154cc1a3e6424e44f438a95007d043ed5ceaaf6/library/core/src/num/mod.rs:458:4
[INFO] [stdout]    ::: /rustc/3154cc1a3e6424e44f438a95007d043ed5ceaaf6/library/core/src/num/mod.rs:477:5
[INFO] [stdout]     |
[INFO] [stdout]     = note: in this macro invocation
[INFO] [stdout]     = note: this error originates in the macro `int_impl` (in Nightly builds, run with -Z macro-backtrace for more info)
[INFO] [stdout] help: you can convert a `u64` to an `i64` and panic if the converted value doesn't fit
[INFO] [stdout]     |
[INFO] [stdout] 144 |                 mtime_ns: stat.st_mtime.checked_mul(1_000_000_000).and_then(|seconds| seconds.checked_add(stat.st_mtime_nsec.try_into().unwrap())),
[INFO] [stdout]     |                                                                                                                             ++++++++++++++++++++
[INFO] [stdout] 
[INFO] [stdout] 
[INFO] [stdout] error[E0308]: mismatched types
[INFO] [stdout]    --> crates/dropbox-fs/src/recovery.rs:224:57
[INFO] [stdout]     |
[INFO] [stdout] 224 |                 .and_then(|seconds| seconds.checked_add(stat.st_mtime_nsec)),
[INFO] [stdout]     |                                             ----------- ^^^^^^^^^^^^^^^^^^ expected `i64`, found `u64`
[INFO] [stdout]     |                                             |
[INFO] [stdout]     |                                             arguments to this method are incorrect
[INFO] [stdout]     |
[INFO] [stdout] note: method defined here
[INFO] [stdout]    --> /rustc/3154cc1a3e6424e44f438a95007d043ed5ceaaf6/library/core/src/num/int_macros.rs:594:21
[INFO] [stdout]    --> /rustc/3154cc1a3e6424e44f438a95007d043ed5ceaaf6/library/core/src/num/mod.rs:458:4
[INFO] [stdout]    ::: /rustc/3154cc1a3e6424e44f438a95007d043ed5ceaaf6/library/core/src/num/mod.rs:477:5
[INFO] [stdout]     |
[INFO] [stdout]     = note: in this macro invocation
[INFO] [stdout]     = note: this error originates in the macro `int_impl` (in Nightly builds, run with -Z macro-backtrace for more info)
[INFO] [stdout] help: you can convert a `u64` to an `i64` and panic if the converted value doesn't fit
[INFO] [stdout]     |
[INFO] [stdout] 224 |                 .and_then(|seconds| seconds.checked_add(stat.st_mtime_nsec.try_into().unwrap())),
[INFO] [stdout]     |                                                                           ++++++++++++++++++++
[INFO] [stdout] 
[INFO] [stdout] 
[INFO] [stdout] error[E0308]: mismatched types
[INFO] [stdout]    --> crates/dropbox-fs/src/scan.rs:144:107
[INFO] [stdout]     |
[INFO] [stdout] 144 |                 mtime_ns: stat.st_mtime.checked_mul(1_000_000_000).and_then(|seconds| seconds.checked_add(stat.st_mtime_nsec)),
[INFO] [stdout]     |                                                                                               ----------- ^^^^^^^^^^^^^^^^^^ expected `i64`, found `u64`
[INFO] [stdout]     |                                                                                               |
[INFO] [stdout]     |                                                                                               arguments to this method are incorrect
[INFO] [stdout]     |
[INFO] [stdout] note: method defined here
[INFO] [stdout]    --> /rustc/3154cc1a3e6424e44f438a95007d043ed5ceaaf6/library/core/src/num/int_macros.rs:594:21
[INFO] [stdout]    --> /rustc/3154cc1a3e6424e44f438a95007d043ed5ceaaf6/library/core/src/num/mod.rs:458:4
[INFO] [stdout]    ::: /rustc/3154cc1a3e6424e44f438a95007d043ed5ceaaf6/library/core/src/num/mod.rs:477:5
[INFO] [stdout]     |
[INFO] [stdout]     = note: in this macro invocation
[INFO] [stdout]     = note: this error originates in the macro `int_impl` (in Nightly builds, run with -Z macro-backtrace for more info)
[INFO] [stdout] help: you can convert a `u64` to an `i64` and panic if the converted value doesn't fit
[INFO] [stdout]     |
[INFO] [stdout] 144 |                 mtime_ns: stat.st_mtime.checked_mul(1_000_000_000).and_then(|seconds| seconds.checked_add(stat.st_mtime_nsec.try_into().unwrap())),
[INFO] [stdout]     |                                                                                                                             ++++++++++++++++++++
[INFO] [stdout] 
[INFO] [stdout] 
[INFO] [stdout] For more information about this error, try `rustc --explain E0308`.
[INFO] [stdout] 
[INFO] [stderr] error: could not compile `dropbox-fs` (lib) due to 7 previous errors
[INFO] [stderr] warning: build failed, waiting for other jobs to finish...
[INFO] [stdout] For more information about this error, try `rustc --explain E0308`.
[INFO] [stdout] 
[INFO] [stderr] error: could not compile `dropbox-fs` (lib test) due to 7 previous errors
[INFO] [stderr] warning: unused dependency `bytes`
[INFO] [stderr]   --> crates/dropbox-protocol/Cargo.toml:11:1
[INFO] [stderr]    |
[INFO] [stderr] 11 | bytes.workspace = true
[INFO] [stderr]    | ^^^^^
[INFO] [stderr]    |
[INFO] [stderr]    = note: `cargo::unused_dependencies` is set to `warn` by default
[INFO] [stderr] help: consider removing the dependency on `bytes`
[INFO] [stderr] warning: `dropbox-protocol` (manifest) generated 1 warning
[INFO] running `Command { std: "docker" "inspect" "a0a7d6e31a5c85ba6617818c634a312bf33601cfe131e92323c308bc94ad6484", kill_on_drop: false }`
[INFO] running `Command { std: "docker" "rm" "-f" "a0a7d6e31a5c85ba6617818c634a312bf33601cfe131e92323c308bc94ad6484", kill_on_drop: false }`
[INFO] [stdout] a0a7d6e31a5c85ba6617818c634a312bf33601cfe131e92323c308bc94ad6484
