[INFO] cloning repository https://github.com/joshjowen/go-notes
[INFO] running `Command { std: "git" "-c" "credential.helper=" "-c" "credential.helper=/workspace/cargo-home/bin/git-credential-null" "clone" "--bare" "https://github.com/joshjowen/go-notes" "/workspace/cache/git-repos/https%3A%2F%2Fgithub.com%2Fjoshjowen%2Fgo-notes", kill_on_drop: false }`
[INFO] [stderr] Cloning into bare repository '/workspace/cache/git-repos/https%3A%2F%2Fgithub.com%2Fjoshjowen%2Fgo-notes'...
[INFO] running `Command { std: "git" "rev-parse" "HEAD", kill_on_drop: false }`
[INFO] [stdout] ef15e022020bea53cb59db9a53b3e9c6cb99364d
[INFO] checking joshjowen/go-notes against 3154cc1a3e6424e44f438a95007d043ed5ceaaf6 for pr-133502-30
[INFO] running `Command { std: "git" "clone" "/workspace/cache/git-repos/https%3A%2F%2Fgithub.com%2Fjoshjowen%2Fgo-notes" "/workspace/builds/worker-2-tc2/source", kill_on_drop: false }`
[INFO] [stderr] Cloning into '/workspace/builds/worker-2-tc2/source'...
[INFO] [stderr] done.
[INFO] started tweaking git repo https://github.com/joshjowen/go-notes
[INFO] finished tweaking git repo https://github.com/joshjowen/go-notes
[INFO] tweaked toml for git repo https://github.com/joshjowen/go-notes written to /workspace/builds/worker-2-tc2/source/Cargo.toml
[INFO] validating manifest of git repo https://github.com/joshjowen/go-notes on toolchain 3154cc1a3e6424e44f438a95007d043ed5ceaaf6
[INFO] running `Command { std: CARGO_HOME="/workspace/cargo-home" RUSTUP_HOME="/workspace/rustup-home" "/workspace/cargo-home/bin/cargo" "+3154cc1a3e6424e44f438a95007d043ed5ceaaf6" "metadata" "--manifest-path" "Cargo.toml" "--no-deps", kill_on_drop: false }`
[INFO] crate git repo https://github.com/joshjowen/go-notes already has a lockfile, it will not be regenerated
[INFO] running `Command { std: CARGO_HOME="/workspace/cargo-home" RUSTUP_HOME="/workspace/rustup-home" "/workspace/cargo-home/bin/cargo" "+3154cc1a3e6424e44f438a95007d043ed5ceaaf6" "fetch" "--manifest-path" "Cargo.toml", kill_on_drop: false }`
[INFO] running `Command { std: "docker" "create" "-v" "/var/lib/crater-agent-workspace/builds/worker-2-tc2/source:/opt/rustwide/workdir:ro,Z" "-v" "/var/lib/crater-agent-workspace/builds/worker-2-tc2/target:/opt/rustwide/target:rw,Z" "-v" "/var/lib/crater-agent-workspace/cargo-home:/opt/rustwide/cargo-home:ro,Z" "-v" "/var/lib/crater-agent-workspace/rustup-home:/opt/rustwide/rustup-home:ro,Z" "-m" "1610612736" "--network" "none" "ghcr.io/rust-lang/crates-build-env/linux@sha256:77db811e55d90add9212f6832c23229e3de5f1c1f9905e8cb07319ea15df73ac" "sleep" "infinity", kill_on_drop: false }`
[INFO] [stdout] e66522899aacf26a6ed5e823762462fdc0906e6ed2122ff20dfad234639bae5f
[INFO] running `Command { std: "docker" "start" "e66522899aacf26a6ed5e823762462fdc0906e6ed2122ff20dfad234639bae5f", kill_on_drop: false }`
[INFO] running `Command { std: "docker" "inspect" "e66522899aacf26a6ed5e823762462fdc0906e6ed2122ff20dfad234639bae5f", kill_on_drop: false }`
[INFO] running `Command { std: "docker" "exec" "-e" "SOURCE_DIR=/opt/rustwide/workdir" "-e" "CARGO_HOME=/opt/rustwide/cargo-home" "-e" "RUSTUP_HOME=/opt/rustwide/rustup-home" "-e" "CARGO_TARGET_DIR=/opt/rustwide/target" "-w" "/opt/rustwide/workdir" "--user" "0:0" "e66522899aacf26a6ed5e823762462fdc0906e6ed2122ff20dfad234639bae5f" "/opt/rustwide/cargo-home/bin/cargo" "+3154cc1a3e6424e44f438a95007d043ed5ceaaf6" "metadata" "--no-deps" "--format-version=1", kill_on_drop: false }`
[INFO] running `Command { std: "docker" "inspect" "e66522899aacf26a6ed5e823762462fdc0906e6ed2122ff20dfad234639bae5f", kill_on_drop: false }`
[INFO] running `Command { std: "docker" "exec" "-e" "SOURCE_DIR=/opt/rustwide/workdir" "-e" "CARGO_HOME=/opt/rustwide/cargo-home" "-e" "RUSTUP_HOME=/opt/rustwide/rustup-home" "-e" "CARGO_TARGET_DIR=/opt/rustwide/target" "-e" "CARGO_INCREMENTAL=0" "-e" "RUST_BACKTRACE=full" "-e" "RUSTFLAGS=--cap-lints=forbid" "-e" "RUSTDOCFLAGS=--cap-lints=forbid" "-w" "/opt/rustwide/workdir" "--user" "0:0" "e66522899aacf26a6ed5e823762462fdc0906e6ed2122ff20dfad234639bae5f" "/opt/rustwide/cargo-home/bin/cargo" "+3154cc1a3e6424e44f438a95007d043ed5ceaaf6" "check" "--frozen" "--all" "--all-targets" "--message-format=json", kill_on_drop: false }`
[INFO] [stderr]    Compiling proc-macro2 v1.0.107
[INFO] [stderr]    Compiling serde_core v1.0.229
[INFO] [stderr]     Checking futures-core v0.3.33
[INFO] [stderr]     Checking zeroize v1.9.0
[INFO] [stderr]     Checking futures-sink v0.3.33
[INFO] [stderr]     Checking futures-io v0.3.33
[INFO] [stderr]     Checking futures-task v0.3.33
[INFO] [stderr]    Compiling thiserror v2.0.19
[INFO] [stderr]     Checking futures-channel v0.3.33
[INFO] [stderr]     Checking log v0.4.33
[INFO] [stderr]    Compiling serde_json v1.0.151
[INFO] [stderr]     Checking generic-array v0.14.9
[INFO] [stderr]    Compiling cc v1.4.0
[INFO] [stderr]    Compiling getrandom v0.4.3
[INFO] [stderr]     Checking mio v1.2.2
[INFO] [stderr]    Compiling wasm-bindgen-shared v0.2.126
[INFO] [stderr]    Compiling num-traits v0.2.19
[INFO] [stderr]    Compiling stable_deref_trait v1.2.1
[INFO] [stderr]     Checking base64ct v1.8.3
[INFO] [stderr]    Compiling bumpalo v3.20.3
[INFO] [stderr]    Compiling quote v1.0.47
[INFO] [stderr]     Checking crypto-common v0.1.6
[INFO] [stderr]     Checking block-buffer v0.10.4
[INFO] [stderr]     Checking digest v0.10.7
[INFO] [stderr]    Compiling syn v2.0.119
[INFO] [stderr]    Compiling syn v3.0.3
[INFO] [stderr]    Compiling wasm-bindgen v0.2.126
[INFO] [stderr]    Compiling rustls v0.23.43
[INFO] [stderr]     Checking pem-rfc7468 v0.7.0
[INFO] [stderr]    Compiling rand_core v0.10.1
[INFO] [stderr]     Checking bitflags v2.13.1
[INFO] [stderr]     Checking der v0.7.10
[INFO] [stderr]    Compiling cmov v0.5.4
[INFO] [stderr]    Compiling ctutils v0.4.2
[INFO] [stderr]     Checking rustls-pki-types v1.15.1
[INFO] [stderr]    Compiling ring v0.17.14
[INFO] [stderr]    Compiling litemap v0.8.2
[INFO] [stderr]    Compiling writeable v0.6.3
[INFO] [stderr]    Compiling digest v0.11.3
[INFO] [stderr]    Compiling sha2 v0.10.9
[INFO] [stderr]    Compiling proc-macro-error-attr2 v2.0.0
[INFO] [stderr]     Checking spki v0.7.3
[INFO] [stderr]     Checking pkcs8 v0.10.2
[INFO] [stderr]    Compiling uuid v1.24.0
[INFO] [stderr]    Compiling pin-project-lite v0.2.17
[INFO] [stderr]    Compiling icu_normalizer_data v2.2.0
[INFO] [stderr]    Compiling icu_properties_data v2.2.0
[INFO] [stderr]     Checking aho-corasick v1.1.4
[INFO] [stderr]    Compiling unicode-segmentation v1.13.3
[INFO] [stderr]     Checking spin v0.9.9
[INFO] [stderr]    Compiling zerocopy v0.8.55
[INFO] [stderr]     Checking yansi v1.0.1
[INFO] [stderr]    Compiling convert_case v0.11.0
[INFO] [stderr]     Checking hmac v0.12.1
[INFO] [stderr]    Compiling getrandom v0.2.17
[INFO] [stderr]     Checking sync_wrapper v1.0.2
[INFO] [stderr]    Compiling untrusted v0.9.0
[INFO] [stderr]     Checking regex-automata v0.4.16
[INFO] [stderr]    Compiling sha2 v0.11.0
[INFO] [stderr]     Checking webpki-roots v1.0.9
[INFO] [stderr]     Checking http-body-util v0.1.4
[INFO] [stderr]     Checking signature v2.2.0
[INFO] [stderr]     Checking ff v0.13.1
[INFO] [stderr]    Compiling socket2 v0.6.5
[INFO] [stderr]    Compiling allocator-api2 v0.2.21
[INFO] [stderr]    Compiling tinyvec_macros v0.1.1
[INFO] [stderr]    Compiling foldhash v0.2.0
[INFO] [stderr]     Checking ipnet v2.12.0
[INFO] [stderr]    Compiling percent-encoding v2.3.2
[INFO] [stderr]    Compiling tokio v1.53.1
[INFO] [stderr]    Compiling serde_derive v1.0.229
[INFO] [stderr]    Compiling displaydoc v0.2.7
[INFO] [stderr]    Compiling synstructure v0.13.2
[INFO] [stderr]    Compiling thiserror-impl v2.0.19
[INFO] [stderr]    Compiling tokio-macros v2.7.2
[INFO] [stderr]    Compiling wasm-bindgen-macro-support v0.2.126
[INFO] [stderr]    Compiling proc-macro2-diagnostics v0.10.1
[INFO] [stderr]    Compiling proc-macro-error2 v2.0.1
[INFO] [stderr]    Compiling zerofrom-derive v0.1.7
[INFO] [stderr]    Compiling yoke-derive v0.8.2
[INFO] [stderr]    Compiling zerovec-derive v0.11.3
[INFO] [stderr]    Compiling futures-macro v0.3.33
[INFO] [stderr]     Checking zerofrom v0.1.8
[INFO] [stderr]     Checking yoke v0.8.3
[INFO] [stderr]    Compiling tracing-attributes v0.1.31
[INFO] [stderr]     Checking zerovec v0.11.6
[INFO] [stderr]     Checking serde v1.0.229
[INFO] [stderr]     Checking futures-util v0.3.33
[INFO] [stderr]     Checking tinystr v0.8.3
[INFO] [stderr]     Checking smallvec v1.15.2
[INFO] [stderr]     Checking icu_locale_core v2.2.0
[INFO] [stderr]     Checking potential_utf v0.1.5
[INFO] [stderr]     Checking zerotrie v0.2.4
[INFO] [stderr]     Checking icu_collections v2.2.0
[INFO] [stderr]     Checking tracing v0.1.44
[INFO] [stderr]     Checking either v1.17.0
[INFO] [stderr]     Checking icu_provider v2.2.0
[INFO] [stderr]    Compiling thiserror-impl v1.0.69
[INFO] [stderr]     Checking icu_properties v2.2.0
[INFO] [stderr]     Checking icu_normalizer v2.2.0
[INFO] [stderr]     Checking chrono v0.4.45
[INFO] [stderr]     Checking thiserror v1.0.69
[INFO] [stderr]     Checking rustls-webpki v0.103.13
[INFO] [stderr]    Compiling parking_lot_core v0.9.12
[INFO] [stderr]    Compiling wasm-bindgen-macro v0.2.126
[INFO] [stderr]    Compiling parking_lot v0.12.5
[INFO] [stderr]     Checking idna_adapter v1.2.2
[INFO] [stderr]     Checking idna v1.1.0
[INFO] [stderr]     Checking futures-executor v0.3.33
[INFO] [stderr]     Checking hyper v1.11.0
[INFO] [stderr]     Checking url v2.5.8
[INFO] [stderr]     Checking tower v0.5.3
[INFO] [stderr]     Checking futures v0.3.33
[INFO] [stderr]     Checking ppv-lite86 v0.2.21
[INFO] [stderr]    Compiling form_urlencoded v1.2.2
[INFO] [stderr]    Compiling hashbrown v0.16.1
[INFO] [stderr]     Checking sec1 v0.7.3
[INFO] [stderr]    Compiling tinyvec v1.12.0
[INFO] [stderr]     Checking hyper-util v0.1.20
[INFO] [stderr]     Checking js-sys v0.3.103
[INFO] [stderr]     Checking group v0.13.0
[INFO] [stderr]    Compiling tracing-core v0.1.36
[INFO] [stderr]     Checking hkdf v0.12.4
[INFO] [stderr]    Compiling crossbeam-utils v0.8.22
[INFO] [stderr]     Checking crypto-bigint v0.5.5
[INFO] [stderr]    Compiling iana-time-zone v0.1.65
[INFO] [stderr]    Compiling slab v0.4.12
[INFO] [stderr]    Compiling crc-catalog v2.5.0
[INFO] [stderr]    Compiling subtle v2.6.1
[INFO] [stderr]    Compiling parking v2.2.1
[INFO] [stderr]     Checking or_poisoned v0.1.0
[INFO] [stderr]    Compiling event-listener v5.4.2
[INFO] [stderr]    Compiling crossbeam-queue v0.3.13
[INFO] [stderr]    Compiling crc v3.4.0
[INFO] [stderr]    Compiling const_format_proc_macros v0.2.34
[INFO] [stderr]    Compiling darling_core v0.23.0
[INFO] [stderr]     Checking elliptic-curve v0.13.8
[INFO] [stderr]    Compiling hashlink v0.11.1
[INFO] [stderr]    Compiling unicode-normalization v0.1.25
[INFO] [stderr]     Checking rand_chacha v0.3.1
[INFO] [stderr]    Compiling futures-intrusive v0.5.0
[INFO] [stderr]    Compiling tokio-stream v0.1.19
[INFO] [stderr]    Compiling proc-macro-utils v0.10.0
[INFO] [stderr]     Checking serde_urlencoded v0.7.1
[INFO] [stderr]     Checking lazy_static v1.5.0
[INFO] [stderr]    Compiling chacha20 v0.10.1
[INFO] [stderr]    Compiling hmac v0.13.0
[INFO] [stderr]     Checking throw_error v0.3.1
[INFO] [stderr]    Compiling konst_macro_rules v0.2.19
[INFO] [stderr]    Compiling unicode-properties v0.1.4
[INFO] [stderr]    Compiling unicode-bidi v0.3.18
[INFO] [stderr]    Compiling base64 v0.22.1
[INFO] [stderr]    Compiling inotify-sys v0.1.8
[INFO] [stderr]     Checking miniz_oxide v0.8.9
[INFO] [stderr]     Checking rustls-native-certs v0.8.4
[INFO] [stderr]    Compiling konst v0.2.20
[INFO] [stderr]    Compiling stringprep v0.1.5
[INFO] [stderr]    Compiling rand v0.10.2
[INFO] [stderr]    Compiling darling_macro v0.23.0
[INFO] [stderr]    Compiling hkdf v0.13.0
[INFO] [stderr]     Checking rand v0.8.7
[INFO] [stderr]     Checking tokio-rustls v0.26.4
[INFO] [stderr]    Compiling derive-where v1.6.1
[INFO] [stderr]    Compiling atoi v2.0.0
[INFO] [stderr]    Compiling sqlx-core v0.9.0
[INFO] [stderr]     Checking rfc6979 v0.4.0
[INFO] [stderr]     Checking serde_path_to_error v0.1.20
[INFO] [stderr]    Compiling md-5 v0.11.0
[INFO] [stderr]     Checking event-listener-strategy v0.5.4
[INFO] [stderr]     Checking num-integer v0.1.46
[INFO] [stderr]     Checking send_wrapper v0.6.0
[INFO] [stderr]    Compiling reactive_graph v0.2.14
[INFO] [stderr]    Compiling server_fn_macro v0.8.10
[INFO] [stderr]    Compiling multer v3.1.0
[INFO] [stderr]    Compiling hex v0.4.3
[INFO] [stderr]    Compiling byteorder v1.5.0
[INFO] [stderr]    Compiling camino v1.2.5
[INFO] [stderr]    Compiling dotenvy v0.15.7
[INFO] [stderr]    Compiling whoami v2.1.2
[INFO] [stderr]     Checking anstyle-parse v1.0.0
[INFO] [stderr]     Checking num-iter v0.1.46
[INFO] [stderr]     Checking async-lock v3.4.2
[INFO] [stderr]     Checking ecdsa v0.16.9
[INFO] [stderr]     Checking hyper-rustls v0.27.9
[INFO] [stderr]     Checking flate2 v1.1.9
[INFO] [stderr]    Compiling darling v0.23.0
[INFO] [stderr]    Compiling const_format v0.2.36
[INFO] [stderr]     Checking hydration_context v0.3.1
[INFO] [stderr]     Checking primeorder v0.13.6
[INFO] [stderr]     Checking tower-http v0.6.11
[INFO] [stderr]     Checking serde_spanned v0.6.9
[INFO] [stderr]     Checking toml_datetime v0.6.11
[INFO] [stderr]    Compiling syn_derive v0.2.0
[INFO] [stderr]    Compiling curve25519-dalek-derive v0.1.1
[INFO] [stderr]    Compiling uncased v0.9.10
[INFO] [stderr]    Compiling cookie v0.18.1
[INFO] [stderr]     Checking toml_write v0.1.2
[INFO] [stderr]     Checking anstyle v1.0.14
[INFO] [stderr]     Checking anstyle-query v1.1.5
[INFO] [stderr]     Checking colorchoice v1.0.5
[INFO] [stderr]    Compiling xxhash-rust v0.8.18
[INFO] [stderr]     Checking guardian v1.3.0
[INFO] [stderr]     Checking winnow v0.7.15
[INFO] [stderr]     Checking is_terminal_polyfill v1.70.2
[INFO] [stderr]     Checking time v0.3.54
[INFO] [stderr]     Checking anstream v1.0.0
[INFO] [stderr]     Checking compression-codecs v0.4.38
[INFO] [stderr]    Compiling mime_guess v2.0.5
[INFO] [stderr]     Checking curve25519-dalek v4.1.3
[INFO] [stderr]     Checking wasm-bindgen-futures v0.4.76
[INFO] [stderr]     Checking web-sys v0.3.103
[INFO] [stderr]     Checking any_spawner v0.3.0
[INFO] [stderr]    Compiling sqlx-postgres v0.9.0
[INFO] [stderr]     Checking reqwest v0.12.28
[INFO] [stderr]     Checking inotify v0.11.4
[INFO] [stderr]     Checking toml_edit v0.22.27
[INFO] [stderr]    Compiling serde_with_macros v3.21.0
[INFO] [stderr]     Checking num-bigint-dig v0.8.6
[INFO] [stderr]    Compiling manyhow-macros v0.11.4
[INFO] [stderr]    Compiling quote-use-macros v0.8.4
[INFO] [stderr]     Checking go-notes-shared v0.1.0 (/opt/rustwide/workdir/crates/shared)
[INFO] [stderr]     Checking itertools v0.14.0
[INFO] [stderr]     Checking axum-core v0.5.6
[INFO] [stderr]    Compiling reactive_stores_macro v0.4.3
[INFO] [stderr]    Compiling axum-macros v0.5.1
[INFO] [stderr]    Compiling pear_codegen v0.2.9
[INFO] [stderr]    Compiling pin-project-internal v1.1.13
[INFO] [stderr]    Compiling rust-embed-utils v8.12.0
[INFO] [stderr]     Checking ed25519 v2.2.3
[INFO] [stderr]     Checking pkcs1 v0.7.5
[INFO] [stderr]    Compiling blake3 v1.8.5
[INFO] [stderr]     Checking notify-types v2.1.0
[INFO] [stderr]     Checking sha1 v0.10.7
[INFO] [stderr]     Checking ordered-float v2.10.1
[INFO] [stderr]     Checking headers-core v0.3.0
[INFO] [stderr]    Compiling tachys v0.2.18
[INFO] [stderr]    Compiling figment v0.10.19
[INFO] [stderr]     Checking clap_lex v1.1.0
[INFO] [stderr]    Compiling prettyplease v0.2.37
[INFO] [stderr]    Compiling pulldown-cmark v0.13.4
[INFO] [stderr]     Checking matchit v0.8.4
[INFO] [stderr]     Checking inlinable_string v0.1.15
[INFO] [stderr]     Checking web-time v1.1.0
[INFO] [stderr]     Checking cfb v0.14.0
[INFO] [stderr]     Checking clap_builder v4.6.2
[INFO] [stderr]     Checking pear v0.2.9
[INFO] [stderr]     Checking axum v0.8.9
[INFO] [stderr]     Checking reactive_stores v0.4.3
[INFO] [stderr]     Checking toml_parser v1.1.3+spec-1.1.0
[INFO] [stderr]     Checking serde-value v0.7.0
[INFO] [stderr]     Checking pin-project v1.1.13
[INFO] [stderr]     Checking headers v0.4.1
[INFO] [stderr]     Checking notify v8.2.0
[INFO] [stderr]    Compiling sqlx-macros-core v0.9.0
[INFO] [stderr]     Checking rsa v0.9.10
[INFO] [stderr]     Checking ed25519-dalek v2.2.0
[INFO] [stderr]    Compiling rust-embed-impl v8.12.0
[INFO] [stderr]     Checking toml v0.8.23
[INFO] [stderr]     Checking serde_with v3.21.0
[INFO] [stderr]    Compiling quote-use v0.8.4
[INFO] [stderr]    Compiling manyhow v0.11.4
[INFO] [stderr]     Checking oauth2 v5.0.0
[INFO] [stderr]     Checking async-compression v0.4.43
[INFO] [stderr]     Checking p256 v0.13.2
[INFO] [stderr]     Checking p384 v0.13.1
[INFO] [stderr]     Checking either_of v0.1.9
[INFO] [stderr]    Compiling sqlx-macros v0.9.0
[INFO] [stderr]    Compiling clap_derive v4.6.4
[INFO] [stderr]     Checking sharded-slab v0.1.7
[INFO] [stderr]     Checking tokio-util v0.7.19
[INFO] [stderr]     Checking itertools v0.10.5
[INFO] [stderr]     Checking oco_ref v0.2.1
[INFO] [stderr]     Checking serde_plain v1.0.2
[INFO] [stderr]     Checking matchers v0.2.0
[INFO] [stderr]    Compiling async-trait v0.1.91
[INFO] [stderr]     Checking toml_datetime v1.1.1+spec-1.1.0
[INFO] [stderr]     Checking serde_spanned v1.1.1
[INFO] [stderr]     Checking blake2 v0.10.6
[INFO] [stderr]     Checking password-hash v0.5.0
[INFO] [stderr]     Checking tracing-log v0.2.0
[INFO] [stderr]    Compiling server_fn v0.8.13
[INFO] [stderr]     Checking rtoolbox v0.0.5
[INFO] [stderr]     Checking html-escape v0.2.14
[INFO] [stderr]     Checking const_str_slice_concat v0.1.0
[INFO] [stderr]     Checking file-id v0.2.3
[INFO] [stderr]     Checking drain_filter_polyfill v0.1.3
[INFO] [stderr]    Compiling interpolator v0.5.0
[INFO] [stderr]    Compiling collection_literals v1.0.3
[INFO] [stderr]     Checking unsafe-libyaml v0.2.11
[INFO] [stderr]     Checking next_tuple v0.1.0
[INFO] [stderr]    Compiling rustix v1.1.4
[INFO] [stderr]     Checking erased v0.1.2
[INFO] [stderr]     Checking arrayvec v0.7.8
[INFO] [stderr]     Checking constant_time_eq v0.4.2
[INFO] [stderr]    Compiling attribute-derive-macro v0.10.5
[INFO] [stderr]     Checking axum-extra v0.12.6
[INFO] [stderr]     Checking openidconnect v4.0.1
[INFO] [stderr]     Checking convert_case v0.6.0
[INFO] [stderr]     Checking serde_yaml_ng v0.10.0
[INFO] [stderr]     Checking notify-debouncer-full v0.7.0
[INFO] [stderr]     Checking rpassword v7.5.4
[INFO] [stderr]     Checking tracing-subscriber v0.3.23
[INFO] [stderr]     Checking clap v4.6.4
[INFO] [stderr]     Checking argon2 v0.5.3
[INFO] [stderr]     Checking toml v1.1.4+spec-1.1.0
[INFO] [stderr]     Checking tower-http v0.7.0
[INFO] [stderr]     Checking sqlx v0.9.0
[INFO] [stderr]     Checking rust-embed v8.12.0
[INFO] [stderr]     Checking infer v0.22.0
[INFO] [stderr]    Compiling server_fn_macro_default v0.8.5
[INFO] [stderr]    Compiling rstml v0.12.1
[INFO] [stderr]     Checking serde_qs v0.15.0
[INFO] [stderr]    Compiling typed-builder-macro v0.23.2
[INFO] [stderr]    Compiling leptos_macro v0.8.17
[INFO] [stderr]     Checking const-str v1.1.0
[INFO] [stderr]    Compiling base16 v0.2.1
[INFO] [stderr]     Checking linux-raw-sys v0.12.1
[INFO] [stderr]     Checking base64 v0.23.0
[INFO] [stderr]    Compiling wasm_split_macros v0.2.2
[INFO] [stderr]    Compiling leptos_hot_reload v0.8.6
[INFO] [stderr]     Checking config v0.15.25
[INFO] [stderr]    Compiling attribute-derive v0.10.5
[INFO] [stderr]     Checking typed-builder v0.23.2
[INFO] [stderr]     Checking codee v0.3.5
[INFO] [stderr]     Checking regex v1.13.1
[INFO] [stderr]    Compiling convert_case_extras v0.2.0
[INFO] [stderr]    Compiling leptos v0.8.20
[INFO] [stderr]     Checking async-once-cell v0.5.4
[INFO] [stderr]     Checking leptos_config v0.8.10
[INFO] [stderr]     Checking wasm_split_helpers v0.2.3
[INFO] [stderr]    Compiling leptos_router v0.8.15
[INFO] [stderr]     Checking go-notes-server v0.1.0 (/opt/rustwide/workdir/crates/server)
[INFO] [stderr]    Compiling leptos_router_macro v0.8.6
[INFO] [stderr]     Checking gloo-timers v0.3.0
[INFO] [stderr]     Checking console_error_panic_hook v0.1.7
[INFO] [stdout] error: #[derive(RustEmbed)] folder '/opt/rustwide/workdir/crates/server/../ui/dist/' does not exist. cwd: '/opt/rustwide/workdir'
[INFO] [stdout]   --> crates/server/src/web.rs:14:1
[INFO] [stdout]    |
[INFO] [stdout] 14 | / /// The Leptos frontend, compiled to WebAssembly by Trunk and baked into the
[INFO] [stdout] 15 | | /// binary so the container ships as a single file with no web server in front
[INFO] [stdout] 16 | | /// of it.
[INFO] [stdout] 17 | | ///
[INFO] [stdout] ...  |
[INFO] [stdout] 21 | | #[folder = "../ui/dist/"]
[INFO] [stdout] 22 | | struct Assets;
[INFO] [stdout]    | |______________^
[INFO] [stdout] 
[INFO] [stdout] 
[INFO] [stderr]     Checking tempfile v3.27.0
[INFO] [stdout] error: #[derive(RustEmbed)] folder '/opt/rustwide/workdir/crates/server/../ui/dist/' does not exist. cwd: '/opt/rustwide/workdir'
[INFO] [stdout]   --> crates/server/src/web.rs:14:1
[INFO] [stdout]    |
[INFO] [stdout] 14 | / /// The Leptos frontend, compiled to WebAssembly by Trunk and baked into the
[INFO] [stdout] 15 | | /// binary so the container ships as a single file with no web server in front
[INFO] [stdout] 16 | | /// of it.
[INFO] [stdout] 17 | | ///
[INFO] [stdout] ...  |
[INFO] [stdout] 21 | | #[folder = "../ui/dist/"]
[INFO] [stdout] 22 | | struct Assets;
[INFO] [stdout]    | |______________^
[INFO] [stdout] 
[INFO] [stdout] 
[INFO] [stderr]     Checking gloo-utils v0.2.0
[INFO] [stderr]     Checking wasm-streams v0.5.0
[INFO] [stderr]     Checking gloo-net v0.6.0
[INFO] [stdout] error[E0599]: no associated function or constant named `get` found for struct `Assets` in the current scope
[INFO] [stdout]    --> crates/server/src/web.rs:287:38
[INFO] [stdout]     |
[INFO] [stdout]  22 | struct Assets;
[INFO] [stdout]     | ------------- associated function or constant `get` not found for this struct
[INFO] [stdout] ...
[INFO] [stdout] 287 |         if let Some(asset) = Assets::get(path) {
[INFO] [stdout]     |                                      ^^^ associated function or constant not found in `Assets`
[INFO] [stdout]     |
[INFO] [stdout]     = help: items from traits can only be used if the trait is implemented and in scope
[INFO] [stdout]     = note: the following traits define an item `get`, perhaps you need to implement one of them:
[INFO] [stdout]             candidate #1: `Embed`
[INFO] [stdout]             candidate #2: `Row`
[INFO] [stdout]             candidate #3: `SliceIndex`
[INFO] [stdout]             candidate #4: `icu_collections::codepointtrie::cptrie::TypedCodePointTrie`
[INFO] [stdout]             candidate #5: `icu_properties::names::PropertyEnumToValueNameLookup`
[INFO] [stdout]             candidate #6: `icu_provider::baked::DataStore`
[INFO] [stdout]             candidate #7: `rustls::server::server_conn::StoresServerSessions`
[INFO] [stdout]             candidate #8: `toml_edit::table::TableLike`
[INFO] [stdout] 
[INFO] [stdout] 
[INFO] [stdout] error[E0599]: no associated function or constant named `get` found for struct `Assets` in the current scope
[INFO] [stdout]    --> crates/server/src/web.rs:311:19
[INFO] [stdout]     |
[INFO] [stdout]  22 | struct Assets;
[INFO] [stdout]     | ------------- associated function or constant `get` not found for this struct
[INFO] [stdout] ...
[INFO] [stdout] 311 |     match Assets::get("index.html") {
[INFO] [stdout]     |                   ^^^ associated function or constant not found in `Assets`
[INFO] [stdout]     |
[INFO] [stdout]     = help: items from traits can only be used if the trait is implemented and in scope
[INFO] [stdout]     = note: the following traits define an item `get`, perhaps you need to implement one of them:
[INFO] [stdout]             candidate #1: `Embed`
[INFO] [stdout]             candidate #2: `Row`
[INFO] [stdout]             candidate #3: `SliceIndex`
[INFO] [stdout]             candidate #4: `icu_collections::codepointtrie::cptrie::TypedCodePointTrie`
[INFO] [stdout]             candidate #5: `icu_properties::names::PropertyEnumToValueNameLookup`
[INFO] [stdout]             candidate #6: `icu_provider::baked::DataStore`
[INFO] [stdout]             candidate #7: `rustls::server::server_conn::StoresServerSessions`
[INFO] [stdout]             candidate #8: `toml_edit::table::TableLike`
[INFO] [stdout] 
[INFO] [stdout] 
[INFO] [stdout] error[E0599]: no associated function or constant named `get` found for struct `Assets` in the current scope
[INFO] [stdout]    --> crates/server/src/web.rs:287:38
[INFO] [stdout]     |
[INFO] [stdout]  22 | struct Assets;
[INFO] [stdout]     | ------------- associated function or constant `get` not found for this struct
[INFO] [stdout] ...
[INFO] [stdout] 287 |         if let Some(asset) = Assets::get(path) {
[INFO] [stdout]     |                                      ^^^ associated function or constant not found in `Assets`
[INFO] [stdout]     |
[INFO] [stdout]     = help: items from traits can only be used if the trait is implemented and in scope
[INFO] [stdout]     = note: the following traits define an item `get`, perhaps you need to implement one of them:
[INFO] [stdout]             candidate #1: `Embed`
[INFO] [stdout]             candidate #2: `SliceIndex`
[INFO] [stdout]             candidate #3: `icu_collections::codepointtrie::cptrie::TypedCodePointTrie`
[INFO] [stdout]             candidate #4: `icu_properties::names::PropertyEnumToValueNameLookup`
[INFO] [stdout]             candidate #5: `icu_provider::baked::DataStore`
[INFO] [stdout]             candidate #6: `rustls::server::server_conn::StoresServerSessions`
[INFO] [stdout]             candidate #7: `sqlx::Row`
[INFO] [stdout]             candidate #8: `toml_edit::table::TableLike`
[INFO] [stdout] 
[INFO] [stdout] 
[INFO] [stdout] error[E0599]: no associated function or constant named `get` found for struct `Assets` in the current scope
[INFO] [stdout]    --> crates/server/src/web.rs:311:19
[INFO] [stdout]     |
[INFO] [stdout]  22 | struct Assets;
[INFO] [stdout]     | ------------- associated function or constant `get` not found for this struct
[INFO] [stdout] ...
[INFO] [stdout] 311 |     match Assets::get("index.html") {
[INFO] [stdout]     |                   ^^^ associated function or constant not found in `Assets`
[INFO] [stdout]     |
[INFO] [stdout]     = help: items from traits can only be used if the trait is implemented and in scope
[INFO] [stdout]     = note: the following traits define an item `get`, perhaps you need to implement one of them:
[INFO] [stdout]             candidate #1: `Embed`
[INFO] [stdout]             candidate #2: `SliceIndex`
[INFO] [stdout]             candidate #3: `icu_collections::codepointtrie::cptrie::TypedCodePointTrie`
[INFO] [stdout]             candidate #4: `icu_properties::names::PropertyEnumToValueNameLookup`
[INFO] [stdout]             candidate #5: `icu_provider::baked::DataStore`
[INFO] [stdout]             candidate #6: `rustls::server::server_conn::StoresServerSessions`
[INFO] [stdout]             candidate #7: `sqlx::Row`
[INFO] [stdout]             candidate #8: `toml_edit::table::TableLike`
[INFO] [stdout] 
[INFO] [stdout] 
[INFO] [stdout] error[E0599]: no associated function or constant named `get` found for struct `Assets` in the current scope
[INFO] [stdout]   --> crates/server/src/web.rs:93:31
[INFO] [stdout]    |
[INFO] [stdout] 22 | struct Assets;
[INFO] [stdout]    | ------------- associated function or constant `get` not found for this struct
[INFO] [stdout] ...
[INFO] [stdout] 93 |     let Some(index) = Assets::get("index.html") else {
[INFO] [stdout]    |                               ^^^ associated function or constant not found in `Assets`
[INFO] [stdout]    |
[INFO] [stdout]    = help: items from traits can only be used if the trait is implemented and in scope
[INFO] [stdout]    = note: the following traits define an item `get`, perhaps you need to implement one of them:
[INFO] [stdout]            candidate #1: `Embed`
[INFO] [stdout]            candidate #2: `Row`
[INFO] [stdout]            candidate #3: `SliceIndex`
[INFO] [stdout]            candidate #4: `icu_collections::codepointtrie::cptrie::TypedCodePointTrie`
[INFO] [stdout]            candidate #5: `icu_properties::names::PropertyEnumToValueNameLookup`
[INFO] [stdout]            candidate #6: `icu_provider::baked::DataStore`
[INFO] [stdout]            candidate #7: `rustls::server::server_conn::StoresServerSessions`
[INFO] [stdout]            candidate #8: `toml_edit::table::TableLike`
[INFO] [stdout] 
[INFO] [stdout] 
[INFO] [stdout] For more information about this error, try `rustc --explain E0599`.
[INFO] [stdout] 
[INFO] [stderr] error: could not compile `go-notes-server` (lib) due to 4 previous errors
[INFO] [stderr] warning: build failed, waiting for other jobs to finish...
[INFO] [stdout] error[E0599]: no associated function or constant named `get` found for struct `Assets` in the current scope
[INFO] [stdout]   --> crates/server/src/web.rs:93:31
[INFO] [stdout]    |
[INFO] [stdout] 22 | struct Assets;
[INFO] [stdout]    | ------------- associated function or constant `get` not found for this struct
[INFO] [stdout] ...
[INFO] [stdout] 93 |     let Some(index) = Assets::get("index.html") else {
[INFO] [stdout]    |                               ^^^ associated function or constant not found in `Assets`
[INFO] [stdout]    |
[INFO] [stdout]    = help: items from traits can only be used if the trait is implemented and in scope
[INFO] [stdout]    = note: the following traits define an item `get`, perhaps you need to implement one of them:
[INFO] [stdout]            candidate #1: `Embed`
[INFO] [stdout]            candidate #2: `SliceIndex`
[INFO] [stdout]            candidate #3: `icu_collections::codepointtrie::cptrie::TypedCodePointTrie`
[INFO] [stdout]            candidate #4: `icu_properties::names::PropertyEnumToValueNameLookup`
[INFO] [stdout]            candidate #5: `icu_provider::baked::DataStore`
[INFO] [stdout]            candidate #6: `rustls::server::server_conn::StoresServerSessions`
[INFO] [stdout]            candidate #7: `sqlx::Row`
[INFO] [stdout]            candidate #8: `toml_edit::table::TableLike`
[INFO] [stdout] 
[INFO] [stdout] 
[INFO] [stdout] For more information about this error, try `rustc --explain E0599`.
[INFO] [stdout] 
[INFO] [stderr] error: could not compile `go-notes-server` (lib test) due to 4 previous errors
[INFO] [stderr] warning: unused dependency `serde_json`
[INFO] [stderr]   --> crates/shared/Cargo.toml:11:1
[INFO] [stderr]    |
[INFO] [stderr] 11 | serde_json = { workspace = true }
[INFO] [stderr]    | ^^^^^^^^^^^^^^^^^^^^^^^^^^^^^^^^^
[INFO] [stderr]    |
[INFO] [stderr]    = note: `cargo::unused_dependencies` is set to `warn` by default
[INFO] [stderr] help: consider removing the dependency on `serde_json`
[INFO] [stderr] warning: `go-notes-shared` (manifest) generated 1 warning
[INFO] running `Command { std: "docker" "inspect" "e66522899aacf26a6ed5e823762462fdc0906e6ed2122ff20dfad234639bae5f", kill_on_drop: false }`
[INFO] running `Command { std: "docker" "rm" "-f" "e66522899aacf26a6ed5e823762462fdc0906e6ed2122ff20dfad234639bae5f", kill_on_drop: false }`
[INFO] [stdout] e66522899aacf26a6ed5e823762462fdc0906e6ed2122ff20dfad234639bae5f
