[INFO] cloning repository https://github.com/johnchita/Kern
[INFO] running `Command { std: "git" "-c" "credential.helper=" "-c" "credential.helper=/workspace/cargo-home/bin/git-credential-null" "clone" "--bare" "https://github.com/johnchita/Kern" "/workspace/cache/git-repos/https%3A%2F%2Fgithub.com%2Fjohnchita%2FKern", kill_on_drop: false }`
[INFO] [stderr] Cloning into bare repository '/workspace/cache/git-repos/https%3A%2F%2Fgithub.com%2Fjohnchita%2FKern'...
[INFO] running `Command { std: "git" "rev-parse" "HEAD", kill_on_drop: false }`
[INFO] [stdout] 181dc2ca48dc9cf5ed1055d94da9fad7976c7147
[INFO] checking johnchita/Kern against 3154cc1a3e6424e44f438a95007d043ed5ceaaf6+rustflags=-Znext-solver=coherence for pr-133502-30
[INFO] running `Command { std: "git" "clone" "/workspace/cache/git-repos/https%3A%2F%2Fgithub.com%2Fjohnchita%2FKern" "/workspace/builds/worker-1-tc1/source", kill_on_drop: false }`
[INFO] [stderr] Cloning into '/workspace/builds/worker-1-tc1/source'...
[INFO] [stderr] done.
[INFO] removed /workspace/builds/worker-1-tc1/source/rust-toolchain.toml
[INFO] started tweaking git repo https://github.com/johnchita/Kern
[INFO] finished tweaking git repo https://github.com/johnchita/Kern
[INFO] tweaked toml for git repo https://github.com/johnchita/Kern written to /workspace/builds/worker-1-tc1/source/Cargo.toml
[INFO] validating manifest of git repo https://github.com/johnchita/Kern on toolchain 3154cc1a3e6424e44f438a95007d043ed5ceaaf6
[INFO] running `Command { std: CARGO_HOME="/workspace/cargo-home" RUSTUP_HOME="/workspace/rustup-home" "/workspace/cargo-home/bin/cargo" "+3154cc1a3e6424e44f438a95007d043ed5ceaaf6" "metadata" "--manifest-path" "Cargo.toml" "--no-deps", kill_on_drop: false }`
[INFO] crate git repo https://github.com/johnchita/Kern already has a lockfile, it will not be regenerated
[INFO] running `Command { std: CARGO_HOME="/workspace/cargo-home" RUSTUP_HOME="/workspace/rustup-home" "/workspace/cargo-home/bin/cargo" "+3154cc1a3e6424e44f438a95007d043ed5ceaaf6" "fetch" "--manifest-path" "Cargo.toml", kill_on_drop: false }`
[INFO] [stderr] warning: unused field `description` in `workspace.package`
[INFO] [stderr]   --> Cargo.toml:68:1
[INFO] [stderr]    |
[INFO] [stderr] 68 | description = "Kern — the open-source runtime for reliable, long-running AI agents."
[INFO] [stderr]    | ^^^^^^^^^^^
[INFO] [stderr]    |
[INFO] [stderr]    = note: `cargo::unused_workspace_package_fields` is set to `warn` by default
[INFO] [stderr] help: consider removing the field `workspace.package.description`
[INFO] [stderr] warning: workspace (manifest) generated 1 warning
[INFO] [stderr]  Downloading crates ...
[INFO] [stderr]   Downloaded jsonschema-regex v0.49.9
[INFO] [stderr]   Downloaded referencing v0.49.9
[INFO] [stderr]   Downloaded jsonschema-value v0.49.9
[INFO] [stderr]   Downloaded cron v0.12.1
[INFO] [stderr]   Downloaded fancy-regex v0.19.0
[INFO] [stderr]   Downloaded jsonschema v0.49.9
[INFO] running `Command { std: "docker" "create" "-v" "/var/lib/crater-agent-workspace/builds/worker-1-tc1/source:/opt/rustwide/workdir:ro,Z" "-v" "/var/lib/crater-agent-workspace/builds/worker-1-tc1/target:/opt/rustwide/target:rw,Z" "-v" "/var/lib/crater-agent-workspace/cargo-home:/opt/rustwide/cargo-home:ro,Z" "-v" "/var/lib/crater-agent-workspace/rustup-home:/opt/rustwide/rustup-home:ro,Z" "-m" "1610612736" "--network" "none" "ghcr.io/rust-lang/crates-build-env/linux@sha256:77db811e55d90add9212f6832c23229e3de5f1c1f9905e8cb07319ea15df73ac" "sleep" "infinity", kill_on_drop: false }`
[INFO] [stdout] 1f2084c5685251699d0f470a6058e8b3f0572f942b9f4a595253fbb0ff5205e4
[INFO] running `Command { std: "docker" "start" "1f2084c5685251699d0f470a6058e8b3f0572f942b9f4a595253fbb0ff5205e4", kill_on_drop: false }`
[INFO] running `Command { std: "docker" "inspect" "1f2084c5685251699d0f470a6058e8b3f0572f942b9f4a595253fbb0ff5205e4", kill_on_drop: false }`
[INFO] running `Command { std: "docker" "exec" "-e" "SOURCE_DIR=/opt/rustwide/workdir" "-e" "CARGO_HOME=/opt/rustwide/cargo-home" "-e" "RUSTUP_HOME=/opt/rustwide/rustup-home" "-e" "CARGO_TARGET_DIR=/opt/rustwide/target" "-w" "/opt/rustwide/workdir" "--user" "0:0" "1f2084c5685251699d0f470a6058e8b3f0572f942b9f4a595253fbb0ff5205e4" "/opt/rustwide/cargo-home/bin/cargo" "+3154cc1a3e6424e44f438a95007d043ed5ceaaf6" "metadata" "--no-deps" "--format-version=1", kill_on_drop: false }`
[INFO] running `Command { std: "docker" "inspect" "1f2084c5685251699d0f470a6058e8b3f0572f942b9f4a595253fbb0ff5205e4", kill_on_drop: false }`
[INFO] running `Command { std: "docker" "exec" "-e" "SOURCE_DIR=/opt/rustwide/workdir" "-e" "CARGO_HOME=/opt/rustwide/cargo-home" "-e" "RUSTUP_HOME=/opt/rustwide/rustup-home" "-e" "CARGO_TARGET_DIR=/opt/rustwide/target" "-e" "CARGO_INCREMENTAL=0" "-e" "RUST_BACKTRACE=full" "-e" "RUSTFLAGS=--cap-lints=forbid -Znext-solver=coherence" "-e" "RUSTDOCFLAGS=--cap-lints=forbid" "-w" "/opt/rustwide/workdir" "--user" "0:0" "1f2084c5685251699d0f470a6058e8b3f0572f942b9f4a595253fbb0ff5205e4" "/opt/rustwide/cargo-home/bin/cargo" "+3154cc1a3e6424e44f438a95007d043ed5ceaaf6" "check" "--frozen" "--all" "--all-targets" "--message-format=json", kill_on_drop: false }`
[INFO] [stderr] warning: unused field `description` in `workspace.package`
[INFO] [stderr]   --> Cargo.toml:68:1
[INFO] [stderr]    |
[INFO] [stderr] 68 | description = "Kern — the open-source runtime for reliable, long-running AI agents."
[INFO] [stderr]    | ^^^^^^^^^^^
[INFO] [stderr]    |
[INFO] [stderr]    = note: `cargo::unused_workspace_package_fields` is set to `warn` by default
[INFO] [stderr] help: consider removing the field `workspace.package.description`
[INFO] [stderr] warning: workspace (manifest) generated 1 warning
[INFO] [stderr]     Checking once_cell v1.21.4
[INFO] [stderr]     Checking futures-core v0.3.34
[INFO] [stderr]    Compiling libc v0.2.189
[INFO] [stderr]    Compiling serde_core v1.0.229
[INFO] [stderr]    Compiling serde v1.0.229
[INFO] [stderr]     Checking futures-sink v0.3.34
[INFO] [stderr]    Compiling syn v3.0.3
[INFO] [stderr]    Compiling zerocopy v0.8.56
[INFO] [stderr]     Checking http v1.5.0
[INFO] [stderr]     Checking foldhash v0.2.0
[INFO] [stderr]     Checking allocator-api2 v0.2.21
[INFO] [stderr]    Compiling serde_json v1.0.151
[INFO] [stderr]    Compiling zerocopy-derive v0.8.56
[INFO] [stderr]     Checking zerofrom v0.1.8
[INFO] [stderr]     Checking litemap v0.8.3
[INFO] [stderr]     Checking writeable v0.6.4
[INFO] [stderr]     Checking futures-task v0.3.34
[INFO] [stderr]     Checking yoke v0.8.3
[INFO] [stderr]     Checking futures-io v0.3.34
[INFO] [stderr]    Compiling icu_normalizer_data v2.3.0
[INFO] [stderr]    Compiling icu_properties_data v2.3.0
[INFO] [stderr]     Checking futures-channel v0.3.34
[INFO] [stderr]    Compiling rustls v0.23.43
[INFO] [stderr]     Checking tracing-core v0.1.36
[INFO] [stderr]     Checking regex-syntax v0.8.11
[INFO] [stderr]     Checking sync_wrapper v1.0.2
[INFO] [stderr]     Checking aho-corasick v1.1.5
[INFO] [stderr]     Checking futures-util v0.3.34
[INFO] [stderr]     Checking ipnet v2.12.1
[INFO] [stderr]    Compiling ahash v0.8.12
[INFO] [stderr]     Checking num-integer v0.1.47
[INFO] [stderr]    Compiling getrandom v0.4.3
[INFO] [stderr]    Compiling ref-cast v1.0.26
[INFO] [stderr]     Checking lazy_static v1.5.0
[INFO] [stderr]     Checking tracing v0.1.44
[INFO] [stderr]    Compiling thiserror v2.0.20
[INFO] [stderr]     Checking num-complex v0.4.6
[INFO] [stderr]     Checking hashbrown v0.17.1
[INFO] [stderr]     Checking borrow-or-share v0.2.4
[INFO] [stderr]     Checking bit-vec v0.8.0
[INFO] [stderr]    Compiling unicode-general-category v1.1.0
[INFO] [stderr]    Compiling strum_macros v0.28.0
[INFO] [stderr]     Checking micromap v0.3.0
[INFO] [stderr]     Checking num-bigint v0.4.8
[INFO] [stderr]     Checking num-iter v0.1.46
[INFO] [stderr]     Checking bit-set v0.8.0
[INFO] [stderr]     Checking num-cmp v0.1.0
[INFO] [stderr]     Checking vsimd v0.8.0
[INFO] [stderr]     Checking bytecount v0.6.9
[INFO] [stderr]     Checking outref v0.5.2
[INFO] [stderr]     Checking parking_lot_core v0.9.12
[INFO] [stderr]     Checking errno v0.3.14
[INFO] [stderr]     Checking socket2 v0.6.5
[INFO] [stderr]     Checking mio v1.2.2
[INFO] [stderr]     Checking indexmap v2.14.0
[INFO] [stderr]     Checking http-body v1.1.0
[INFO] [stderr]     Checking signal-hook-registry v1.4.8
[INFO] [stderr]     Checking parking_lot v0.12.5
[INFO] [stderr]     Checking getrandom v0.3.4
[INFO] [stderr]     Checking getrandom v0.2.17
[INFO] [stderr]     Checking http-body-util v0.1.5
[INFO] [stderr]     Checking siphasher v1.0.3
[INFO] [stderr]     Checking iana-time-zone v0.1.65
[INFO] [stderr]     Checking uuid-simd v0.8.0
[INFO] [stderr]     Checking minimal-lexical v0.2.1
[INFO] [stderr]     Checking uuid v1.24.1
[INFO] [stderr]     Checking clap_lex v1.1.0
[INFO] [stderr]     Checking phf_shared v0.12.1
[INFO] [stderr]     Checking strsim v0.11.1
[INFO] [stderr]     Checking mime v0.3.17
[INFO] [stderr]    Compiling chrono-tz v0.10.4
[INFO] [stderr]     Checking phf v0.12.1
[INFO] [stderr]    Compiling rustix v1.1.4
[INFO] [stderr]    Compiling jobserver v0.1.35
[INFO] [stderr]     Checking clap_builder v4.6.6
[INFO] [stderr]     Checking nom v7.1.3
[INFO] [stderr]     Checking axum-core v0.5.6
[INFO] [stderr]     Checking sharded-slab v0.1.7
[INFO] [stderr]     Checking tracing-log v0.2.0
[INFO] [stderr]     Checking thread_local v1.1.10
[INFO] [stderr]     Checking matchit v0.8.4
[INFO] [stderr]     Checking linux-raw-sys v0.12.1
[INFO] [stderr]     Checking num-rational v0.4.2
[INFO] [stderr]     Checking nu-ansi-term v0.50.3
[INFO] [stderr]    Compiling cc v1.4.3
[INFO] [stderr]     Checking fallible-iterator v0.3.0
[INFO] [stderr]     Checking unsafe-libyaml v0.2.11
[INFO] [stderr]     Checking fallible-streaming-iterator v0.1.9
[INFO] [stderr]     Checking glob v0.3.4
[INFO] [stderr]     Checking num v0.4.3
[INFO] [stderr]     Checking fraction v0.15.4
[INFO] [stderr]     Checking fastrand v2.5.0
[INFO] [stderr]     Checking either v1.17.0
[INFO] [stderr]     Checking ciborium-io v0.2.2
[INFO] [stderr]     Checking serde_path_to_error v0.1.20
[INFO] [stderr]     Checking itertools v0.10.5
[INFO] [stderr]     Checking cast v0.3.0
[INFO] [stderr]     Checking same-file v1.0.6
[INFO] [stderr]     Checking is-terminal v0.4.17
[INFO] [stderr]     Checking oorandom v11.1.5
[INFO] [stderr]     Checking anes v0.1.6
[INFO] [stderr]     Checking walkdir v2.5.0
[INFO] [stderr]     Checking rand_core v0.9.5
[INFO] [stderr]     Checking similar v2.7.0
[INFO] [stderr]     Checking colored v3.1.1
[INFO] [stderr]     Checking strum v0.28.0
[INFO] [stderr]     Checking regex-automata v0.4.18
[INFO] [stderr]     Checking jsonschema-regex v0.49.9
[INFO] [stderr]     Checking criterion-plot v0.5.0
[INFO] [stderr]    Compiling cmake v0.1.58
[INFO] [stderr]    Compiling aws-lc-sys v0.44.0
[INFO] [stderr]    Compiling ring v0.17.14
[INFO] [stderr]    Compiling libsqlite3-sys v0.30.1
[INFO] [stderr]     Checking tempfile v3.27.0
[INFO] [stderr]     Checking regex v1.13.1
[INFO] [stderr]     Checking fancy-regex v0.19.0
[INFO] [stderr]     Checking matchers v0.2.0
[INFO] [stderr]    Compiling serde_derive v1.0.229
[INFO] [stderr]    Compiling tokio-macros v2.7.2
[INFO] [stderr]    Compiling zerovec-derive v0.11.4
[INFO] [stderr]    Compiling displaydoc v0.2.7
[INFO] [stderr]    Compiling thiserror-impl v2.0.20
[INFO] [stderr]    Compiling ref-cast-impl v1.0.26
[INFO] [stderr]    Compiling async-trait v0.1.92
[INFO] [stderr]    Compiling clap_derive v4.6.4
[INFO] [stderr]     Checking zerotrie v0.2.5
[INFO] [stderr]     Checking tokio v1.53.1
[INFO] [stderr]     Checking zerovec v0.11.7
[INFO] [stderr]     Checking half v2.7.1
[INFO] [stderr]     Checking ppv-lite86 v0.2.21
[INFO] [stderr]     Checking clap v4.6.6
[INFO] [stderr]     Checking ciborium-ll v0.2.2
[INFO] [stderr]     Checking tinystr v0.8.4
[INFO] [stderr]     Checking potential_utf v0.1.6
[INFO] [stderr]     Checking icu_collections v2.3.0
[INFO] [stderr]     Checking icu_locale_core v2.3.0
[INFO] [stderr]     Checking rand_chacha v0.9.0
[INFO] [stderr]     Checking rand v0.9.5
[INFO] [stderr]     Checking icu_provider v2.3.0
[INFO] [stderr]     Checking icu_properties v2.3.0
[INFO] [stderr]     Checking icu_normalizer v2.3.0
[INFO] [stderr]     Checking serde_urlencoded v0.7.1
[INFO] [stderr]     Checking fluent-uri v0.4.1
[INFO] [stderr]     Checking email_address v0.2.9
[INFO] [stderr]     Checking chrono v0.4.45
[INFO] [stderr]     Checking tracing-serde v0.2.0
[INFO] [stderr]     Checking serde_yaml v0.9.34+deprecated
[INFO] [stderr]     Checking jsonschema-value v0.49.9
[INFO] [stderr]     Checking hashbrown v0.14.5
[INFO] [stderr]     Checking ciborium v0.2.2
[INFO] [stderr]     Checking tracing-subscriber v0.3.23
[INFO] [stderr]     Checking tinytemplate v1.2.1
[INFO] [stderr]     Checking assert-json-diff v2.0.2
[INFO] [stderr]     Checking referencing v0.49.9
[INFO] [stderr]     Checking criterion v0.5.1
[INFO] [stderr]     Checking hashlink v0.9.1
[INFO] [stderr]     Checking idna_adapter v1.2.2
[INFO] [stderr]     Checking idna v1.1.0
[INFO] [stderr]     Checking cron v0.12.1
[INFO] [stderr]     Checking url v2.5.8
[INFO] [stderr]     Checking tokio-util v0.7.19
[INFO] [stderr]     Checking tower v0.5.3
[INFO] [stderr]     Checking tokio-stream v0.1.19
[INFO] [stderr]     Checking tower-http v0.6.11
[INFO] [stderr]     Checking h2 v0.4.15
[INFO] [stderr]     Checking rusqlite v0.32.1
[INFO] [stderr]    Compiling aws-lc-rs v1.18.0
[INFO] [stderr]     Checking hyper v1.11.0
[INFO] [stderr]     Checking hyper-util v0.1.20
[INFO] [stderr]     Checking rustls-webpki v0.103.14
[INFO] [stderr]     Checking axum v0.8.9
[INFO] [stderr]     Checking mockito v1.7.2
[INFO] [stderr]     Checking tokio-rustls v0.26.4
[INFO] [stderr]     Checking rustls-platform-verifier v0.7.0
[INFO] [stderr]     Checking hyper-rustls v0.27.9
[INFO] [stderr]     Checking reqwest v0.12.28
[INFO] [stderr]     Checking reqwest v0.13.4
[INFO] [stderr]     Checking jsonschema v0.49.9
[INFO] [stderr]     Checking kern-model v0.1.0 (/opt/rustwide/workdir/crates/kern-model)
[INFO] [stderr]     Checking kern-tool v0.1.0 (/opt/rustwide/workdir/crates/kern-tool)
[INFO] [stderr]     Checking kern-core v0.1.0 (/opt/rustwide/workdir/crates/kern-core)
[INFO] [stderr]     Checking kern-cli v0.1.0 (/opt/rustwide/workdir/crates/kern-cli)
[INFO] [stdout] error[E0599]: no associated function or constant named `command` found for struct `Cli` in the current scope
[INFO] [stdout]    --> crates/kern-cli/src/main.rs:130:20
[INFO] [stdout]     |
[INFO] [stdout]  33 | struct Cli {
[INFO] [stdout]     | ---------- associated function or constant `command` not found for this struct
[INFO] [stdout] ...
[INFO] [stdout] 130 |     let cli = Cli::command().before_help(branding::banner()).get_matches();
[INFO] [stdout]     |                    ^^^^^^^ associated function or constant not found in `Cli`
[INFO] [stdout]     |
[INFO] [stdout]     = help: items from traits can only be used if the trait is in scope
[INFO] [stdout] help: trait `CommandFactory` which provides `command` is implemented but not in scope; perhaps you want to import it
[INFO] [stdout]     |
[INFO] [stdout]  11 + use clap::CommandFactory;
[INFO] [stdout]     |
[INFO] [stdout] 
[INFO] [stdout] 
[INFO] [stdout] error[E0599]: no associated function or constant named `from_arg_matches` found for struct `Cli` in the current scope
[INFO] [stdout]    --> crates/kern-cli/src/main.rs:131:20
[INFO] [stdout]     |
[INFO] [stdout]  33 | struct Cli {
[INFO] [stdout]     | ---------- associated function or constant `from_arg_matches` not found for this struct
[INFO] [stdout] ...
[INFO] [stdout] 131 |     let cli = Cli::from_arg_matches(&cli).expect("clap should match");
[INFO] [stdout]     |                    ^^^^^^^^^^^^^^^^ associated function or constant not found in `Cli`
[INFO] [stdout]     |
[INFO] [stdout]     = help: items from traits can only be used if the trait is in scope
[INFO] [stdout] help: trait `FromArgMatches` which provides `from_arg_matches` is implemented but not in scope; perhaps you want to import it
[INFO] [stdout]     |
[INFO] [stdout]  11 + use clap::FromArgMatches;
[INFO] [stdout]     |
[INFO] [stdout] help: there is an associated function `from_arg_matches_mut` with a similar name
[INFO] [stdout]     |
[INFO] [stdout] 131 |     let cli = Cli::from_arg_matches_mut(&cli).expect("clap should match");
[INFO] [stdout]     |                                    ++++
[INFO] [stdout] 
[INFO] [stdout] 
[INFO] [stdout] error[E0599]: no associated function or constant named `command` found for struct `Cli` in the current scope
[INFO] [stdout]    --> crates/kern-cli/src/main.rs:130:20
[INFO] [stdout]     |
[INFO] [stdout]  33 | struct Cli {
[INFO] [stdout]     | ---------- associated function or constant `command` not found for this struct
[INFO] [stdout] ...
[INFO] [stdout] 130 |     let cli = Cli::command().before_help(branding::banner()).get_matches();
[INFO] [stdout]     |                    ^^^^^^^ associated function or constant not found in `Cli`
[INFO] [stdout]     |
[INFO] [stdout]     = help: items from traits can only be used if the trait is in scope
[INFO] [stdout] help: trait `CommandFactory` which provides `command` is implemented but not in scope; perhaps you want to import it
[INFO] [stdout]     |
[INFO] [stdout]  11 + use clap::CommandFactory;
[INFO] [stdout]     |
[INFO] [stdout] 
[INFO] [stdout] 
[INFO] [stdout] error[E0599]: no associated function or constant named `from_arg_matches` found for struct `Cli` in the current scope
[INFO] [stdout]    --> crates/kern-cli/src/main.rs:131:20
[INFO] [stdout]     |
[INFO] [stdout]  33 | struct Cli {
[INFO] [stdout]     | ---------- associated function or constant `from_arg_matches` not found for this struct
[INFO] [stdout] ...
[INFO] [stdout] 131 |     let cli = Cli::from_arg_matches(&cli).expect("clap should match");
[INFO] [stdout]     |                    ^^^^^^^^^^^^^^^^ associated function or constant not found in `Cli`
[INFO] [stdout]     |
[INFO] [stdout]     = help: items from traits can only be used if the trait is in scope
[INFO] [stdout] help: trait `FromArgMatches` which provides `from_arg_matches` is implemented but not in scope; perhaps you want to import it
[INFO] [stdout]     |
[INFO] [stdout]  11 + use clap::FromArgMatches;
[INFO] [stdout]     |
[INFO] [stdout] help: there is an associated function `from_arg_matches_mut` with a similar name
[INFO] [stdout]     |
[INFO] [stdout] 131 |     let cli = Cli::from_arg_matches_mut(&cli).expect("clap should match");
[INFO] [stdout]     |                                    ++++
[INFO] [stdout] 
[INFO] [stdout] 
[INFO] [stdout] For more information about this error, try `rustc --explain E0599`.
[INFO] [stdout] 
[INFO] [stderr] error: could not compile `kern-cli` (bin "kern") due to 2 previous errors
[INFO] [stderr] warning: build failed, waiting for other jobs to finish...
[INFO] [stdout] For more information about this error, try `rustc --explain E0599`.
[INFO] [stdout] 
[INFO] [stderr] error: could not compile `kern-cli` (bin "kern" test) due to 2 previous errors
[INFO] [stderr] warning: unused dependency `uuid`
[INFO] [stderr]   --> crates/kern-model/Cargo.toml:14:1
[INFO] [stderr]    |
[INFO] [stderr] 14 | uuid = { workspace = true }
[INFO] [stderr]    | ^^^^^^^^^^^^^^^^^^^^^^^^^^^
[INFO] [stderr]    |
[INFO] [stderr]    = note: `cargo::unused_dependencies` is set to `warn` by default
[INFO] [stderr] help: consider removing the dependency on `uuid`
[INFO] [stderr] warning: `kern-model` (manifest) generated 1 warning
[INFO] running `Command { std: "docker" "inspect" "1f2084c5685251699d0f470a6058e8b3f0572f942b9f4a595253fbb0ff5205e4", kill_on_drop: false }`
[INFO] running `Command { std: "docker" "rm" "-f" "1f2084c5685251699d0f470a6058e8b3f0572f942b9f4a595253fbb0ff5205e4", kill_on_drop: false }`
[INFO] [stdout] 1f2084c5685251699d0f470a6058e8b3f0572f942b9f4a595253fbb0ff5205e4
