[INFO] cloning repository https://github.com/john33fiao/pov-story
[INFO] running `Command { std: "git" "-c" "credential.helper=" "-c" "credential.helper=/workspace/cargo-home/bin/git-credential-null" "clone" "--bare" "https://github.com/john33fiao/pov-story" "/workspace/cache/git-repos/https%3A%2F%2Fgithub.com%2Fjohn33fiao%2Fpov-story", kill_on_drop: false }`
[INFO] [stderr] Cloning into bare repository '/workspace/cache/git-repos/https%3A%2F%2Fgithub.com%2Fjohn33fiao%2Fpov-story'...
[INFO] running `Command { std: "git" "rev-parse" "HEAD", kill_on_drop: false }`
[INFO] [stdout] b4842523f6eeca055b843c886bb2427f9c5e7faa
[INFO] checking john33fiao/pov-story against 3154cc1a3e6424e44f438a95007d043ed5ceaaf6 for pr-133502-30
[INFO] running `Command { std: "git" "clone" "/workspace/cache/git-repos/https%3A%2F%2Fgithub.com%2Fjohn33fiao%2Fpov-story" "/workspace/builds/worker-6-tc2/source", kill_on_drop: false }`
[INFO] [stderr] Cloning into '/workspace/builds/worker-6-tc2/source'...
[INFO] [stderr] done.
[INFO] removed /workspace/builds/worker-6-tc2/source/rust-toolchain.toml
[INFO] started tweaking git repo https://github.com/john33fiao/pov-story
[INFO] finished tweaking git repo https://github.com/john33fiao/pov-story
[INFO] tweaked toml for git repo https://github.com/john33fiao/pov-story written to /workspace/builds/worker-6-tc2/source/Cargo.toml
[INFO] validating manifest of git repo https://github.com/john33fiao/pov-story on toolchain 3154cc1a3e6424e44f438a95007d043ed5ceaaf6
[INFO] running `Command { std: CARGO_HOME="/workspace/cargo-home" RUSTUP_HOME="/workspace/rustup-home" "/workspace/cargo-home/bin/cargo" "+3154cc1a3e6424e44f438a95007d043ed5ceaaf6" "metadata" "--manifest-path" "Cargo.toml" "--no-deps", kill_on_drop: false }`
[INFO] crate git repo https://github.com/john33fiao/pov-story already has a lockfile, it will not be regenerated
[INFO] running `Command { std: CARGO_HOME="/workspace/cargo-home" RUSTUP_HOME="/workspace/rustup-home" "/workspace/cargo-home/bin/cargo" "+3154cc1a3e6424e44f438a95007d043ed5ceaaf6" "fetch" "--manifest-path" "Cargo.toml", kill_on_drop: false }`
[INFO] running `Command { std: "docker" "create" "-v" "/var/lib/crater-agent-workspace/builds/worker-6-tc2/source:/opt/rustwide/workdir:ro,Z" "-v" "/var/lib/crater-agent-workspace/builds/worker-6-tc2/target:/opt/rustwide/target:rw,Z" "-v" "/var/lib/crater-agent-workspace/cargo-home:/opt/rustwide/cargo-home:ro,Z" "-v" "/var/lib/crater-agent-workspace/rustup-home:/opt/rustwide/rustup-home:ro,Z" "-m" "1610612736" "--network" "none" "ghcr.io/rust-lang/crates-build-env/linux@sha256:77db811e55d90add9212f6832c23229e3de5f1c1f9905e8cb07319ea15df73ac" "sleep" "infinity", kill_on_drop: false }`
[INFO] [stdout] ee0375b22a1331558581fc01a8948b64bb5eb61befacf9c6c63cda7bf049dd58
[INFO] running `Command { std: "docker" "start" "ee0375b22a1331558581fc01a8948b64bb5eb61befacf9c6c63cda7bf049dd58", kill_on_drop: false }`
[INFO] running `Command { std: "docker" "inspect" "ee0375b22a1331558581fc01a8948b64bb5eb61befacf9c6c63cda7bf049dd58", kill_on_drop: false }`
[INFO] running `Command { std: "docker" "exec" "-e" "SOURCE_DIR=/opt/rustwide/workdir" "-e" "CARGO_HOME=/opt/rustwide/cargo-home" "-e" "RUSTUP_HOME=/opt/rustwide/rustup-home" "-e" "CARGO_TARGET_DIR=/opt/rustwide/target" "-w" "/opt/rustwide/workdir" "--user" "0:0" "ee0375b22a1331558581fc01a8948b64bb5eb61befacf9c6c63cda7bf049dd58" "/opt/rustwide/cargo-home/bin/cargo" "+3154cc1a3e6424e44f438a95007d043ed5ceaaf6" "metadata" "--no-deps" "--format-version=1", kill_on_drop: false }`
[INFO] running `Command { std: "docker" "inspect" "ee0375b22a1331558581fc01a8948b64bb5eb61befacf9c6c63cda7bf049dd58", kill_on_drop: false }`
[INFO] running `Command { std: "docker" "exec" "-e" "SOURCE_DIR=/opt/rustwide/workdir" "-e" "CARGO_HOME=/opt/rustwide/cargo-home" "-e" "RUSTUP_HOME=/opt/rustwide/rustup-home" "-e" "CARGO_TARGET_DIR=/opt/rustwide/target" "-e" "CARGO_INCREMENTAL=0" "-e" "RUST_BACKTRACE=full" "-e" "RUSTFLAGS=--cap-lints=forbid" "-e" "RUSTDOCFLAGS=--cap-lints=forbid" "-w" "/opt/rustwide/workdir" "--user" "0:0" "ee0375b22a1331558581fc01a8948b64bb5eb61befacf9c6c63cda7bf049dd58" "/opt/rustwide/cargo-home/bin/cargo" "+3154cc1a3e6424e44f438a95007d043ed5ceaaf6" "check" "--frozen" "--all" "--all-targets" "--message-format=json", kill_on_drop: false }`
[INFO] [stderr]     Checking hybrid-array v0.4.13
[INFO] [stderr]    Compiling syn v2.0.119
[INFO] [stderr]     Checking futures-io v0.3.33
[INFO] [stderr]     Checking subtle v2.6.1
[INFO] [stderr]    Compiling libsqlite3-sys v0.35.0
[INFO] [stderr]    Compiling rustix v1.1.4
[INFO] [stderr]    Compiling nix v0.31.3
[INFO] [stderr]    Compiling serde v1.0.229
[INFO] [stderr]    Compiling curve25519-dalek v5.0.0
[INFO] [stderr]     Checking crypto-common v0.1.7
[INFO] [stderr]     Checking linux-raw-sys v0.12.1
[INFO] [stderr]     Checking digest v0.10.7
[INFO] [stderr]     Checking signature v3.0.0
[INFO] [stderr]     Checking rand_core v0.6.4
[INFO] [stderr]     Checking ed25519 v3.0.0
[INFO] [stderr]     Checking password-hash v0.5.0
[INFO] [stderr]     Checking blake2 v0.10.6
[INFO] [stderr]     Checking argon2 v0.5.3
[INFO] [stderr]     Checking uuid v1.24.0
[INFO] [stderr]     Checking crypto-common v0.2.2
[INFO] [stderr]     Checking block-buffer v0.12.1
[INFO] [stderr]     Checking http-body v1.1.0
[INFO] [stderr]     Checking tracing v0.1.44
[INFO] [stderr]     Checking http-body-util v0.1.4
[INFO] [stderr]     Checking serde_urlencoded v0.7.1
[INFO] [stderr]     Checking axum-core v0.5.6
[INFO] [stderr]     Checking digest v0.11.3
[INFO] [stderr]     Checking sha2 v0.11.0
[INFO] [stderr]     Checking pov-platform v0.1.0 (/opt/rustwide/workdir/crates/pov-platform)
[INFO] [stderr]     Checking rust-embed-utils v8.12.0
[INFO] [stderr]    Compiling tokio-macros v2.7.1
[INFO] [stderr]    Compiling futures-macro v0.3.33
[INFO] [stderr]    Compiling curve25519-dalek-derive v0.1.1
[INFO] [stderr]    Compiling rust-embed-impl v8.12.0
[INFO] [stderr]     Checking tokio v1.53.1
[INFO] [stderr]     Checking tempfile v3.27.0
[INFO] [stderr]     Checking futures-util v0.3.33
[INFO] [stderr]     Checking rust-embed v8.12.0
[INFO] [stderr]     Checking ed25519-dalek v3.0.0
[INFO] [stderr]     Checking futures-executor v0.3.33
[INFO] [stderr]     Checking futures v0.3.33
[INFO] [stderr]     Checking process-wrap v9.1.0
[INFO] [stderr]     Checking tokio-util v0.7.19
[INFO] [stderr]     Checking hyper v1.11.0
[INFO] [stderr]     Checking tower v0.5.3
[INFO] [stderr]     Checking hyper-util v0.1.20
[INFO] [stderr]     Checking axum v0.8.9
[INFO] [stderr]     Checking rusqlite v0.37.0
[INFO] [stderr]     Checking tokio-rusqlite v0.7.0
[INFO] [stderr]     Checking pov-core v0.1.0 (/opt/rustwide/workdir/crates/pov-core)
[INFO] [stderr]     Checking pov-api v0.1.0 (/opt/rustwide/workdir/crates/pov-api)
[INFO] [stdout] error: #[derive(RustEmbed)] folder '/opt/rustwide/workdir/crates/pov-api/../../web/dist/' does not exist. cwd: '/opt/rustwide/workdir'
[INFO] [stdout]   --> crates/pov-api/src/lib.rs:70:1
[INFO] [stdout]    |
[INFO] [stdout] 70 | / #[folder = "../../web/dist/"]
[INFO] [stdout] 71 | | struct WebAssets;
[INFO] [stdout]    | |_________________^
[INFO] [stdout] 
[INFO] [stdout] 
[INFO] [stdout] error: #[derive(RustEmbed)] folder '/opt/rustwide/workdir/crates/pov-api/../../web/dist/' does not exist. cwd: '/opt/rustwide/workdir'
[INFO] [stdout]   --> crates/pov-api/src/lib.rs:70:1
[INFO] [stdout]    |
[INFO] [stdout] 70 | / #[folder = "../../web/dist/"]
[INFO] [stdout] 71 | | struct WebAssets;
[INFO] [stdout]    | |_________________^
[INFO] [stdout] 
[INFO] [stdout] 
[INFO] [stdout] error[E0599]: no associated function or constant named `get` found for struct `WebAssets` in the current scope
[INFO] [stdout]     --> crates/pov-api/src/lib.rs:1580:26
[INFO] [stdout]      |
[INFO] [stdout]   71 | struct WebAssets;
[INFO] [stdout]      | ---------------- associated function or constant `get` not found for this struct
[INFO] [stdout] ...
[INFO] [stdout] 1580 |     } else if WebAssets::get(requested_path).is_some() {
[INFO] [stdout]      |                          ^^^ associated function or constant not found in `WebAssets`
[INFO] [stdout]      |
[INFO] [stdout]      = help: items from traits can only be used if the trait is implemented and in scope
[INFO] [stdout]      = note: the following traits define an item `get`, perhaps you need to implement one of them:
[INFO] [stdout]              candidate #1: `RustEmbed`
[INFO] [stdout]              candidate #2: `SliceIndex`
[INFO] [stdout]              candidate #3: `fallible_streaming_iterator::FallibleStreamingIterator`
[INFO] [stdout] 
[INFO] [stdout] 
[INFO] [stdout] error[E0599]: no associated function or constant named `get` found for struct `WebAssets` in the current scope
[INFO] [stdout]     --> crates/pov-api/src/lib.rs:1580:26
[INFO] [stdout]      |
[INFO] [stdout]   71 | struct WebAssets;
[INFO] [stdout]      | ---------------- associated function or constant `get` not found for this struct
[INFO] [stdout] ...
[INFO] [stdout] 1580 |     } else if WebAssets::get(requested_path).is_some() {
[INFO] [stdout]      |                          ^^^ associated function or constant not found in `WebAssets`
[INFO] [stdout]      |
[INFO] [stdout]      = help: items from traits can only be used if the trait is implemented and in scope
[INFO] [stdout]      = note: the following traits define an item `get`, perhaps you need to implement one of them:
[INFO] [stdout]              candidate #1: `RustEmbed`
[INFO] [stdout]              candidate #2: `SliceIndex`
[INFO] [stdout]              candidate #3: `fallible_streaming_iterator::FallibleStreamingIterator`
[INFO] [stdout] 
[INFO] [stdout] 
[INFO] [stdout] error[E0599]: no associated function or constant named `get` found for struct `WebAssets` in the current scope
[INFO] [stdout]     --> crates/pov-api/src/lib.rs:1604:34
[INFO] [stdout]      |
[INFO] [stdout]   71 | struct WebAssets;
[INFO] [stdout]      | ---------------- associated function or constant `get` not found for this struct
[INFO] [stdout] ...
[INFO] [stdout] 1604 |     let Some(asset) = WebAssets::get(path) else {
[INFO] [stdout]      |                                  ^^^ associated function or constant not found in `WebAssets`
[INFO] [stdout]      |
[INFO] [stdout]      = help: items from traits can only be used if the trait is implemented and in scope
[INFO] [stdout]      = note: the following traits define an item `get`, perhaps you need to implement one of them:
[INFO] [stdout]              candidate #1: `RustEmbed`
[INFO] [stdout]              candidate #2: `SliceIndex`
[INFO] [stdout]              candidate #3: `fallible_streaming_iterator::FallibleStreamingIterator`
[INFO] [stdout] 
[INFO] [stdout] 
[INFO] [stdout] error[E0599]: no associated function or constant named `get` found for struct `WebAssets` in the current scope
[INFO] [stdout]     --> crates/pov-api/src/lib.rs:1604:34
[INFO] [stdout]      |
[INFO] [stdout]   71 | struct WebAssets;
[INFO] [stdout]      | ---------------- associated function or constant `get` not found for this struct
[INFO] [stdout] ...
[INFO] [stdout] 1604 |     let Some(asset) = WebAssets::get(path) else {
[INFO] [stdout]      |                                  ^^^ associated function or constant not found in `WebAssets`
[INFO] [stdout]      |
[INFO] [stdout]      = help: items from traits can only be used if the trait is implemented and in scope
[INFO] [stdout]      = note: the following traits define an item `get`, perhaps you need to implement one of them:
[INFO] [stdout]              candidate #1: `RustEmbed`
[INFO] [stdout]              candidate #2: `SliceIndex`
[INFO] [stdout]              candidate #3: `fallible_streaming_iterator::FallibleStreamingIterator`
[INFO] [stdout] 
[INFO] [stdout] 
[INFO] [stdout] For more information about this error, try `rustc --explain E0599`.
[INFO] [stdout] 
[INFO] [stderr] error: could not compile `pov-api` (lib test) due to 3 previous errors
[INFO] [stderr] warning: build failed, waiting for other jobs to finish...
[INFO] [stdout] For more information about this error, try `rustc --explain E0599`.
[INFO] [stdout] 
[INFO] [stderr] error: could not compile `pov-api` (lib) due to 3 previous errors
[INFO] [stdout] warning: associated function `parse_persisted` is never used
[INFO] [stdout]   --> crates/pov-core/src/auth/jwt.rs:44:25
[INFO] [stdout]    |
[INFO] [stdout] 29 | impl AuthProfile {
[INFO] [stdout]    | ---------------- associated function in this implementation
[INFO] [stdout] ...
[INFO] [stdout] 44 |     pub(crate) const fn parse_persisted(value: &str) -> Option<Self> {
[INFO] [stdout]    |                         ^^^^^^^^^^^^^^^
[INFO] [stdout]    |
[INFO] [stdout]    = note: `#[warn(dead_code)]` (part of `#[warn(unused)]`) on by default
[INFO] [stdout] 
[INFO] [stdout] 
[INFO] [stdout] warning: multiple methods are never used
[INFO] [stdout]     --> crates/pov-core/src/auth/maintenance.rs:1223:8
[INFO] [stdout]      |
[INFO] [stdout]   57 | impl AuthMaintenanceActor {
[INFO] [stdout]      | ------------------------- methods in this implementation
[INFO] [stdout] ...
[INFO] [stdout] 1223 |     fn start_rollback_retire_pre_source_with_after_rollback_gate(
[INFO] [stdout]      |        ^^^^^^^^^^^^^^^^^^^^^^^^^^^^^^^^^^^^^^^^^^^^^^^^^^^^^^^^^
[INFO] [stdout] ...
[INFO] [stdout] 1324 |     fn start_commit_planned_rotation_source_with_pre_mutation_gate(
[INFO] [stdout]      |        ^^^^^^^^^^^^^^^^^^^^^^^^^^^^^^^^^^^^^^^^^^^^^^^^^^^^^^^^^^^
[INFO] [stdout] ...
[INFO] [stdout] 1333 |     fn start_commit_planned_rotation_source_with_post_mutation_gate(
[INFO] [stdout]      |        ^^^^^^^^^^^^^^^^^^^^^^^^^^^^^^^^^^^^^^^^^^^^^^^^^^^^^^^^^^^^
[INFO] [stdout] ...
[INFO] [stdout] 1353 |     fn start_install_planned_rotation_active_key_with_before_exchange_gate(
[INFO] [stdout]      |        ^^^^^^^^^^^^^^^^^^^^^^^^^^^^^^^^^^^^^^^^^^^^^^^^^^^^^^^^^^^^^^^^^^^
[INFO] [stdout] ...
[INFO] [stdout] 1364 |     fn start_install_planned_rotation_active_key_with_after_exchange_gate(
[INFO] [stdout]      |        ^^^^^^^^^^^^^^^^^^^^^^^^^^^^^^^^^^^^^^^^^^^^^^^^^^^^^^^^^^^^^^^^^^
[INFO] [stdout] ...
[INFO] [stdout] 1375 |     fn start_install_planned_rotation_active_key_with_after_old_active_removal_gate(
[INFO] [stdout]      |        ^^^^^^^^^^^^^^^^^^^^^^^^^^^^^^^^^^^^^^^^^^^^^^^^^^^^^^^^^^^^^^^^^^^^^^^^^^^^
[INFO] [stdout] ...
[INFO] [stdout] 1397 |     fn start_commit_planned_rotation_final_lifecycle_with_before_mutation_gate(
[INFO] [stdout]      |        ^^^^^^^^^^^^^^^^^^^^^^^^^^^^^^^^^^^^^^^^^^^^^^^^^^^^^^^^^^^^^^^^^^^^^^^
[INFO] [stdout] ...
[INFO] [stdout] 1408 |     fn start_commit_planned_rotation_final_lifecycle_with_after_mutation_gate(
[INFO] [stdout]      |        ^^^^^^^^^^^^^^^^^^^^^^^^^^^^^^^^^^^^^^^^^^^^^^^^^^^^^^^^^^^^^^^^^^^^^^
[INFO] [stdout] ...
[INFO] [stdout] 1428 |     fn start_cleanup_planned_rotation_with_before_rename_gate(
[INFO] [stdout]      |        ^^^^^^^^^^^^^^^^^^^^^^^^^^^^^^^^^^^^^^^^^^^^^^^^^^^^^^
[INFO] [stdout] ...
[INFO] [stdout] 1437 |     fn start_cleanup_planned_rotation_with_after_cleanup_gate(
[INFO] [stdout]      |        ^^^^^^^^^^^^^^^^^^^^^^^^^^^^^^^^^^^^^^^^^^^^^^^^^^^^^^
[INFO] [stdout] 
[INFO] [stdout] 
[INFO] [stdout] warning: method `expected_key_activated_at_micros` is never used
[INFO] [stdout]    --> crates/pov-core/src/auth/transition.rs:585:8
[INFO] [stdout]     |
[INFO] [stdout] 577 | pub(crate) trait KeyTransitionSourceExpectation: Copy {
[INFO] [stdout]     |                  ------------------------------ method in this trait
[INFO] [stdout] ...
[INFO] [stdout] 585 |     fn expected_key_activated_at_micros(self) -> i64;
[INFO] [stdout]     |        ^^^^^^^^^^^^^^^^^^^^^^^^^^^^^^^^
[INFO] [stdout] 
[INFO] [stdout] 
[INFO] [stdout] warning: method `expected_key_activated_at_micros` is never used
[INFO] [stdout]     --> crates/pov-core/src/auth/transition.rs:1912:19
[INFO] [stdout]      |
[INFO] [stdout] 1890 | impl<'a> RetireSourceExpectation<'a> {
[INFO] [stdout]      | ------------------------------------ method in this implementation
[INFO] [stdout] ...
[INFO] [stdout] 1912 |     pub(crate) fn expected_key_activated_at_micros(self) -> i64 {
[INFO] [stdout]      |                   ^^^^^^^^^^^^^^^^^^^^^^^^^^^^^^^^
[INFO] [stdout] 
[INFO] [stdout] 
[INFO] [stderr] warning: unused dependency `serde`
[INFO] [stderr]   --> crates/pov-core/Cargo.toml:16:1
[INFO] [stderr]    |
[INFO] [stderr] 16 | serde.workspace = true
[INFO] [stderr]    | ^^^^^
[INFO] [stderr]    |
[INFO] [stderr]    = note: `cargo::unused_dependencies` is set to `warn` by default
[INFO] [stderr] help: consider removing the dependency on `serde`
[INFO] [stderr] warning: `pov-core` (manifest) generated 1 warning
[INFO] running `Command { std: "docker" "inspect" "ee0375b22a1331558581fc01a8948b64bb5eb61befacf9c6c63cda7bf049dd58", kill_on_drop: false }`
[INFO] running `Command { std: "docker" "rm" "-f" "ee0375b22a1331558581fc01a8948b64bb5eb61befacf9c6c63cda7bf049dd58", kill_on_drop: false }`
[INFO] [stdout] ee0375b22a1331558581fc01a8948b64bb5eb61befacf9c6c63cda7bf049dd58
