[INFO] cloning repository https://github.com/joern19-slop/sync-stuff-opinionated
[INFO] running `Command { std: "git" "-c" "credential.helper=" "-c" "credential.helper=/workspace/cargo-home/bin/git-credential-null" "clone" "--bare" "https://github.com/joern19-slop/sync-stuff-opinionated" "/workspace/cache/git-repos/https%3A%2F%2Fgithub.com%2Fjoern19-slop%2Fsync-stuff-opinionated", kill_on_drop: false }`
[INFO] [stderr] Cloning into bare repository '/workspace/cache/git-repos/https%3A%2F%2Fgithub.com%2Fjoern19-slop%2Fsync-stuff-opinionated'...
[INFO] running `Command { std: "git" "rev-parse" "HEAD", kill_on_drop: false }`
[INFO] [stdout] 6cdf47a3fd3b7852ee2b976e2e37fe9af44290e5
[INFO] checking joern19-slop/sync-stuff-opinionated against 3154cc1a3e6424e44f438a95007d043ed5ceaaf6+rustflags=-Znext-solver=coherence for pr-133502-30
[INFO] running `Command { std: "git" "clone" "/workspace/cache/git-repos/https%3A%2F%2Fgithub.com%2Fjoern19-slop%2Fsync-stuff-opinionated" "/workspace/builds/worker-3-tc1/source", kill_on_drop: false }`
[INFO] [stderr] Cloning into '/workspace/builds/worker-3-tc1/source'...
[INFO] [stderr] done.
[INFO] started tweaking git repo https://github.com/joern19-slop/sync-stuff-opinionated
[INFO] finished tweaking git repo https://github.com/joern19-slop/sync-stuff-opinionated
[INFO] tweaked toml for git repo https://github.com/joern19-slop/sync-stuff-opinionated written to /workspace/builds/worker-3-tc1/source/Cargo.toml
[INFO] validating manifest of git repo https://github.com/joern19-slop/sync-stuff-opinionated on toolchain 3154cc1a3e6424e44f438a95007d043ed5ceaaf6
[INFO] running `Command { std: CARGO_HOME="/workspace/cargo-home" RUSTUP_HOME="/workspace/rustup-home" "/workspace/cargo-home/bin/cargo" "+3154cc1a3e6424e44f438a95007d043ed5ceaaf6" "metadata" "--manifest-path" "Cargo.toml" "--no-deps", kill_on_drop: false }`
[INFO] crate git repo https://github.com/joern19-slop/sync-stuff-opinionated already has a lockfile, it will not be regenerated
[INFO] running `Command { std: CARGO_HOME="/workspace/cargo-home" RUSTUP_HOME="/workspace/rustup-home" "/workspace/cargo-home/bin/cargo" "+3154cc1a3e6424e44f438a95007d043ed5ceaaf6" "fetch" "--manifest-path" "Cargo.toml", kill_on_drop: false }`
[INFO] [stderr]     Updating crates.io index
[INFO] [stderr]     Blocking waiting for file lock on package cache
[INFO] [stderr]  Downloading crates ...
[INFO] [stderr]   Downloaded wasm-bindgen-test v0.3.78
[INFO] [stderr]   Downloaded wasm-bindgen-test-macro v0.3.78
[INFO] [stderr]   Downloaded wasm-bindgen-test-shared v0.2.128
[INFO] [stderr]   Downloaded minicov v0.3.8
[INFO] [stderr]   Downloaded wiremock v0.6.5
[INFO] [stderr]   Downloaded deadpool v0.12.3
[INFO] [stderr]   Downloaded deadpool-runtime v0.1.4
[INFO] [stderr]   Downloaded testcontainers v0.23.3
[INFO] [stderr]   Downloaded tokio-tar v0.3.1
[INFO] [stderr]   Downloaded structmeta-derive v0.3.0
[INFO] [stderr]   Downloaded structmeta v0.3.0
[INFO] [stderr]   Downloaded parse-display-derive v0.9.1
[INFO] [stderr]   Downloaded parse-display v0.9.1
[INFO] [stderr]   Downloaded bollard-stubs v1.47.1-rc.27.3.1
[INFO] [stderr]   Downloaded docker_credential v1.4.0
[INFO] [stderr]   Downloaded bollard v0.18.1
[INFO] [stderr]   Downloaded hyper-named-pipe v0.1.1
[INFO] [stderr]   Downloaded threeway_merge v0.1.20
[INFO] [stderr]   Downloaded axum-extra v0.12.6
[INFO] [stderr]   Downloaded tower-http v0.7.1
[INFO] running `Command { std: "docker" "create" "-v" "/var/lib/crater-agent-workspace/builds/worker-3-tc1/source:/opt/rustwide/workdir:ro,Z" "-v" "/var/lib/crater-agent-workspace/builds/worker-3-tc1/target:/opt/rustwide/target:rw,Z" "-v" "/var/lib/crater-agent-workspace/cargo-home:/opt/rustwide/cargo-home:ro,Z" "-v" "/var/lib/crater-agent-workspace/rustup-home:/opt/rustwide/rustup-home:ro,Z" "-m" "1610612736" "--network" "none" "ghcr.io/rust-lang/crates-build-env/linux@sha256:77db811e55d90add9212f6832c23229e3de5f1c1f9905e8cb07319ea15df73ac" "sleep" "infinity", kill_on_drop: false }`
[INFO] [stdout] 1ccd717f886e0470a2fecf18f20a42d4ae370dd9b35bf75478fca887606388a9
[INFO] running `Command { std: "docker" "start" "1ccd717f886e0470a2fecf18f20a42d4ae370dd9b35bf75478fca887606388a9", kill_on_drop: false }`
[INFO] running `Command { std: "docker" "inspect" "1ccd717f886e0470a2fecf18f20a42d4ae370dd9b35bf75478fca887606388a9", kill_on_drop: false }`
[INFO] running `Command { std: "docker" "exec" "-e" "SOURCE_DIR=/opt/rustwide/workdir" "-e" "CARGO_HOME=/opt/rustwide/cargo-home" "-e" "RUSTUP_HOME=/opt/rustwide/rustup-home" "-e" "CARGO_TARGET_DIR=/opt/rustwide/target" "-w" "/opt/rustwide/workdir" "--user" "0:0" "1ccd717f886e0470a2fecf18f20a42d4ae370dd9b35bf75478fca887606388a9" "/opt/rustwide/cargo-home/bin/cargo" "+3154cc1a3e6424e44f438a95007d043ed5ceaaf6" "metadata" "--no-deps" "--format-version=1", kill_on_drop: false }`
[INFO] running `Command { std: "docker" "inspect" "1ccd717f886e0470a2fecf18f20a42d4ae370dd9b35bf75478fca887606388a9", kill_on_drop: false }`
[INFO] running `Command { std: "docker" "exec" "-e" "SOURCE_DIR=/opt/rustwide/workdir" "-e" "CARGO_HOME=/opt/rustwide/cargo-home" "-e" "RUSTUP_HOME=/opt/rustwide/rustup-home" "-e" "CARGO_TARGET_DIR=/opt/rustwide/target" "-e" "CARGO_INCREMENTAL=0" "-e" "RUST_BACKTRACE=full" "-e" "RUSTFLAGS=--cap-lints=forbid -Znext-solver=coherence" "-e" "RUSTDOCFLAGS=--cap-lints=forbid" "-w" "/opt/rustwide/workdir" "--user" "0:0" "1ccd717f886e0470a2fecf18f20a42d4ae370dd9b35bf75478fca887606388a9" "/opt/rustwide/cargo-home/bin/cargo" "+3154cc1a3e6424e44f438a95007d043ed5ceaaf6" "check" "--frozen" "--all" "--all-targets" "--message-format=json", kill_on_drop: false }`
[INFO] [stderr]    Compiling serde_core v1.0.229
[INFO] [stderr]     Checking futures-task v0.3.34
[INFO] [stderr]     Checking http v1.5.0
[INFO] [stderr]     Checking tokio v1.53.1
[INFO] [stderr]     Checking tracing v0.1.44
[INFO] [stderr]    Compiling serde_json v1.0.151
[INFO] [stderr]     Checking icu_normalizer v2.3.0
[INFO] [stderr]    Compiling thiserror-impl v1.0.69
[INFO] [stderr]     Checking futures-util v0.3.34
[INFO] [stderr]     Checking regex-automata v0.4.18
[INFO] [stderr]    Compiling rustls v0.23.44
[INFO] [stderr]    Compiling memchr v2.8.3
[INFO] [stderr]     Checking idna_adapter v1.2.2
[INFO] [stderr]     Checking idna v1.1.0
[INFO] [stderr]     Checking http-body v1.1.0
[INFO] [stderr]     Checking http-body-util v0.1.5
[INFO] [stderr]    Compiling aho-corasick v1.1.5
[INFO] [stderr]     Checking subtle v2.6.1
[INFO] [stderr]    Compiling wasm-bindgen-shared v0.2.128
[INFO] [stderr]     Checking axum-core v0.5.6
[INFO] [stderr]     Checking thiserror v1.0.69
[INFO] [stderr]     Checking sha1 v0.10.7
[INFO] [stderr]     Checking headers-core v0.3.0
[INFO] [stderr]    Compiling threeway_merge v0.1.20
[INFO] [stderr]    Compiling structmeta-derive v0.3.0
[INFO] [stderr]     Checking filetime v0.2.29
[INFO] [stderr]    Compiling structmeta v0.3.0
[INFO] [stderr]     Checking serde v1.0.229
[INFO] [stderr]     Checking serde_path_to_error v0.1.20
[INFO] [stderr]     Checking matchers v0.2.0
[INFO] [stderr]     Checking tracing-subscriber v0.3.23
[INFO] [stderr]     Checking regex v1.13.1
[INFO] [stderr]     Checking url v2.5.8
[INFO] [stderr]     Checking protocol-types v0.1.0 (/opt/rustwide/workdir/crates/protocol-types)
[INFO] [stderr]     Checking serde_urlencoded v0.7.1
[INFO] [stderr]     Checking futures-executor v0.3.34
[INFO] [stderr]     Checking serde_with v3.23.0
[INFO] [stderr]     Checking headers v0.4.1
[INFO] [stderr]     Checking home v0.5.12
[INFO] [stderr]     Checking time v0.3.55
[INFO] [stderr]     Checking rustls-native-certs v0.8.4
[INFO] [stderr]     Checking futures v0.3.34
[INFO] [stderr]     Checking xattr v1.6.1
[INFO] [stderr]     Checking tower-http v0.7.1
[INFO] [stderr]     Checking rustls-pemfile v2.2.0
[INFO] [stderr]     Checking deadpool-runtime v0.1.4
[INFO] [stderr]     Checking etcetera v0.8.0
[INFO] [stderr]     Checking assert-json-diff v2.0.2
[INFO] [stderr]     Checking docker_credential v1.4.0
[INFO] [stderr]     Checking either v1.18.0
[INFO] [stderr]    Compiling wasm-bindgen v0.2.128
[INFO] [stderr]    Compiling wasm-bindgen-macro-support v0.2.128
[INFO] [stderr]    Compiling libdbus-sys v0.2.7
[INFO] [stderr]    Compiling num-traits v0.2.19
[INFO] [stderr]    Compiling inotify-sys v0.1.8
[INFO] [stderr]    Compiling mime_guess v2.0.5
[INFO] [stderr]     Checking tokio-util v0.7.19
[INFO] [stderr]     Checking tower v0.5.3
[INFO] [stderr]     Checking tokio-rustls v0.26.5
[INFO] [stderr]     Checking tokio-stream v0.1.19
[INFO] [stderr]     Checking deadpool v0.12.3
[INFO] [stderr]     Checking tower-http v0.6.11
[INFO] [stderr]     Checking h2 v0.4.19
[INFO] [stderr]     Checking tokio-tar v0.3.1
[INFO] [stderr]     Checking futures-lite v2.6.1
[INFO] [stderr]     Checking bollard-stubs v1.47.1-rc.27.3.1
[INFO] [stderr]     Checking dbus v0.9.12
[INFO] [stderr]    Compiling wasm-bindgen-test-macro v0.3.78
[INFO] [stderr]     Checking cast v0.3.0
[INFO] [stderr]     Checking wasm-bindgen-test-shared v0.2.128
[INFO] [stderr]     Checking oorandom v11.1.5
[INFO] [stderr]     Checking inotify v0.11.5
[INFO] [stderr]     Checking tempfile v3.27.0
[INFO] [stderr]    Compiling parse-display-derive v0.9.1
[INFO] [stderr]     Checking parse-display v0.9.1
[INFO] [stderr]     Checking notify-rust v4.18.0
[INFO] [stderr]    Compiling wasm-bindgen-macro v0.2.128
[INFO] [stderr]     Checking hyper v1.11.1
[INFO] [stderr]     Checking hyper-util v0.1.20
[INFO] [stderr]     Checking js-sys v0.3.105
[INFO] [stderr]     Checking reqwest v0.13.4
[INFO] [stderr]     Checking axum v0.8.9
[INFO] [stderr]     Checking hyperlocal v0.9.1
[INFO] [stderr]     Checking hyper-rustls v0.27.9
[INFO] [stderr]     Checking wiremock v0.6.5
[INFO] [stderr]     Checking common v0.1.0 (/opt/rustwide/workdir/crates/common)
[INFO] [stderr]     Checking client-core v0.1.0 (/opt/rustwide/workdir/crates/client-core)
[INFO] [stdout] error[E0432]: unresolved import `crate::hub::HubError`
[INFO] [stdout]   --> crates/client-core/src/engine.rs:23:42
[INFO] [stdout]    |
[INFO] [stdout] 23 | use crate::hub::{FileContent, HubClient, HubError};
[INFO] [stdout]    |                                          ^^^^^^^^ no `HubError` in `hub`
[INFO] [stdout] 
[INFO] [stdout] 
[INFO] [stdout] error[E0432]: unresolved import `hub::HubError`
[INFO] [stdout]   --> crates/client-core/src/lib.rs:19:39
[INFO] [stdout]    |
[INFO] [stdout] 19 | pub use hub::{FileContent, HubClient, HubError};
[INFO] [stdout]    |                                       ^^^^^^^^ no `HubError` in `hub`
[INFO] [stdout] 
[INFO] [stdout] 
[INFO] [stdout] error[E0599]: no method named `id` found for reference `&HubClient` in the current scope
[INFO] [stdout]    --> crates/client-core/src/engine.rs:128:36
[INFO] [stdout]     |
[INFO] [stdout] 128 |           tracing::warn!(hub = hub.id(), error = %e, "pull from hub failed");
[INFO] [stdout]     |                                    ^^ method not found in `&HubClient`
[INFO] [stdout] 
[INFO] [stdout] 
[INFO] [stdout] error[E0599]: no method named `id` found for reference `&HubClient` in the current scope
[INFO] [stdout]    --> crates/client-core/src/engine.rs:137:37
[INFO] [stdout]     |
[INFO] [stdout] 137 |     let ck_key = checkpoint_key(hub.id());
[INFO] [stdout]     |                                     ^^ method not found in `&HubClient`
[INFO] [stdout] 
[INFO] [stdout] 
[INFO] [stdout] error[E0599]: no method named `id` found for reference `&HubClient` in the current scope
[INFO] [stdout]    --> crates/client-core/src/engine.rs:147:16
[INFO] [stdout]     |
[INFO] [stdout] 147 |       hub: hub.id().to_string(),
[INFO] [stdout]     |                ^^ method not found in `&HubClient`
[INFO] [stdout] 
[INFO] [stdout] 
[INFO] [stdout] error[E0599]: no method named `id` found for reference `&HubClient` in the current scope
[INFO] [stdout]    --> crates/client-core/src/engine.rs:217:36
[INFO] [stdout]     |
[INFO] [stdout] 217 |           tracing::warn!(hub = hub.id(), error = %e, "push to hub failed");
[INFO] [stdout]     |                                    ^^ method not found in `&HubClient`
[INFO] [stdout] 
[INFO] [stdout] 
[INFO] [stdout] error[E0599]: no method named `id` found for reference `&HubClient` in the current scope
[INFO] [stdout]    --> crates/client-core/src/engine.rs:233:16
[INFO] [stdout]     |
[INFO] [stdout] 233 |       hub: hub.id().to_string(),
[INFO] [stdout]     |                ^^ method not found in `&HubClient`
[INFO] [stdout] 
[INFO] [stdout] 
[INFO] [stdout] error[E0599]: no method named `encode` found for struct `GeneralPurpose` in the current scope
[INFO] [stdout]    --> crates/client-core/src/engine.rs:441:44
[INFO] [stdout]     |
[INFO] [stdout] 441 |         (Some(content_type), Some(STANDARD.encode(&content)))
[INFO] [stdout]     |                                            ^^^^^^
[INFO] [stdout]     |
[INFO] [stdout]    ::: /opt/rustwide/cargo-home/registry/src/index.crates.io-1949cf8c6b5b557f/base64-0.22.1/src/engine/mod.rs:115:8
[INFO] [stdout]     |
[INFO] [stdout] 115 |     fn encode<T: AsRef<[u8]>>(&self, input: T) -> String {
[INFO] [stdout]     |        ------ the method is available for `GeneralPurpose` here
[INFO] [stdout]     |
[INFO] [stdout]     = help: items from traits can only be used if the trait is in scope
[INFO] [stdout] help: there is a method `encode_slice` with a similar name, but with different arguments
[INFO] [stdout]    --> /opt/rustwide/cargo-home/registry/src/index.crates.io-1949cf8c6b5b557f/base64-0.22.1/src/engine/mod.rs:194:5
[INFO] [stdout]     |
[INFO] [stdout] 194 | /     fn encode_slice<T: AsRef<[u8]>>(
[INFO] [stdout] 195 | |         &self,
[INFO] [stdout] 196 | |         input: T,
[INFO] [stdout] 197 | |         output_buf: &mut [u8],
[INFO] [stdout] 198 | |     ) -> Result<usize, EncodeSliceError> {
[INFO] [stdout]     | |________________________________________^
[INFO] [stdout] help: trait `Engine` which provides `encode` is implemented but not in scope; perhaps you want to import it
[INFO] [stdout]     |
[INFO] [stdout]  16 + use base64::Engine;
[INFO] [stdout]     |
[INFO] [stdout] 
[INFO] [stdout] 
[INFO] [stdout] Some errors have detailed explanations: E0432, E0599.
[INFO] [stdout] 
[INFO] [stdout] For more information about an error, try `rustc --explain E0432`.
[INFO] [stdout] 
[INFO] [stderr] error: could not compile `client-core` (lib) due to 8 previous errors
[INFO] [stderr] warning: build failed, waiting for other jobs to finish...
[INFO] running `Command { std: "docker" "inspect" "1ccd717f886e0470a2fecf18f20a42d4ae370dd9b35bf75478fca887606388a9", kill_on_drop: false }`
[INFO] running `Command { std: "docker" "rm" "-f" "1ccd717f886e0470a2fecf18f20a42d4ae370dd9b35bf75478fca887606388a9", kill_on_drop: false }`
[INFO] [stdout] 1ccd717f886e0470a2fecf18f20a42d4ae370dd9b35bf75478fca887606388a9
