[INFO] cloning repository https://github.com/joeblau/gitzero
[INFO] running `Command { std: "git" "-c" "credential.helper=" "-c" "credential.helper=/workspace/cargo-home/bin/git-credential-null" "clone" "--bare" "https://github.com/joeblau/gitzero" "/workspace/cache/git-repos/https%3A%2F%2Fgithub.com%2Fjoeblau%2Fgitzero", kill_on_drop: false }`
[INFO] [stderr] Cloning into bare repository '/workspace/cache/git-repos/https%3A%2F%2Fgithub.com%2Fjoeblau%2Fgitzero'...
[INFO] running `Command { std: "git" "rev-parse" "HEAD", kill_on_drop: false }`
[INFO] [stdout] e0c36624410509dc97d1a931035c7897ad2f177e
[INFO] checking joeblau/gitzero against 3154cc1a3e6424e44f438a95007d043ed5ceaaf6+rustflags=-Znext-solver=coherence for pr-133502-30
[INFO] running `Command { std: "git" "clone" "/workspace/cache/git-repos/https%3A%2F%2Fgithub.com%2Fjoeblau%2Fgitzero" "/workspace/builds/worker-2-tc1/source", kill_on_drop: false }`
[INFO] [stderr] Cloning into '/workspace/builds/worker-2-tc1/source'...
[INFO] [stderr] done.
[INFO] removed /workspace/builds/worker-2-tc1/source/rust-toolchain.toml
[INFO] started tweaking git repo https://github.com/joeblau/gitzero
[INFO] finished tweaking git repo https://github.com/joeblau/gitzero
[INFO] tweaked toml for git repo https://github.com/joeblau/gitzero written to /workspace/builds/worker-2-tc1/source/Cargo.toml
[INFO] validating manifest of git repo https://github.com/joeblau/gitzero on toolchain 3154cc1a3e6424e44f438a95007d043ed5ceaaf6
[INFO] running `Command { std: CARGO_HOME="/workspace/cargo-home" RUSTUP_HOME="/workspace/rustup-home" "/workspace/cargo-home/bin/cargo" "+3154cc1a3e6424e44f438a95007d043ed5ceaaf6" "metadata" "--manifest-path" "Cargo.toml" "--no-deps", kill_on_drop: false }`
[INFO] crate git repo https://github.com/joeblau/gitzero already has a lockfile, it will not be regenerated
[INFO] running `Command { std: CARGO_HOME="/workspace/cargo-home" RUSTUP_HOME="/workspace/rustup-home" "/workspace/cargo-home/bin/cargo" "+3154cc1a3e6424e44f438a95007d043ed5ceaaf6" "fetch" "--manifest-path" "Cargo.toml", kill_on_drop: false }`
[INFO] [stderr]     Updating crates.io index
[INFO] [stderr]  Downloading crates ...
[INFO] [stderr]   Downloaded subfeature v1.30.0-rc1
[INFO] [stderr]   Downloaded zerovec-derive v0.11.4
[INFO] [stderr]   Downloaded github-actions-expressions v1.30.0-rc1
[INFO] running `Command { std: "docker" "create" "-v" "/var/lib/crater-agent-workspace/builds/worker-2-tc1/source:/opt/rustwide/workdir:ro,Z" "-v" "/var/lib/crater-agent-workspace/builds/worker-2-tc1/target:/opt/rustwide/target:rw,Z" "-v" "/var/lib/crater-agent-workspace/cargo-home:/opt/rustwide/cargo-home:ro,Z" "-v" "/var/lib/crater-agent-workspace/rustup-home:/opt/rustwide/rustup-home:ro,Z" "-m" "1610612736" "--network" "none" "ghcr.io/rust-lang/crates-build-env/linux@sha256:77db811e55d90add9212f6832c23229e3de5f1c1f9905e8cb07319ea15df73ac" "sleep" "infinity", kill_on_drop: false }`
[INFO] [stdout] 69a048399faacb36d08a0d95af45a160f49c0936409c64ad31fe13cfb10c105a
[INFO] running `Command { std: "docker" "start" "69a048399faacb36d08a0d95af45a160f49c0936409c64ad31fe13cfb10c105a", kill_on_drop: false }`
[INFO] running `Command { std: "docker" "inspect" "69a048399faacb36d08a0d95af45a160f49c0936409c64ad31fe13cfb10c105a", kill_on_drop: false }`
[INFO] running `Command { std: "docker" "exec" "-e" "SOURCE_DIR=/opt/rustwide/workdir" "-e" "CARGO_HOME=/opt/rustwide/cargo-home" "-e" "RUSTUP_HOME=/opt/rustwide/rustup-home" "-e" "CARGO_TARGET_DIR=/opt/rustwide/target" "-w" "/opt/rustwide/workdir" "--user" "0:0" "69a048399faacb36d08a0d95af45a160f49c0936409c64ad31fe13cfb10c105a" "/opt/rustwide/cargo-home/bin/cargo" "+3154cc1a3e6424e44f438a95007d043ed5ceaaf6" "metadata" "--no-deps" "--format-version=1", kill_on_drop: false }`
[INFO] running `Command { std: "docker" "inspect" "69a048399faacb36d08a0d95af45a160f49c0936409c64ad31fe13cfb10c105a", kill_on_drop: false }`
[INFO] running `Command { std: "docker" "exec" "-e" "SOURCE_DIR=/opt/rustwide/workdir" "-e" "CARGO_HOME=/opt/rustwide/cargo-home" "-e" "RUSTUP_HOME=/opt/rustwide/rustup-home" "-e" "CARGO_TARGET_DIR=/opt/rustwide/target" "-e" "CARGO_INCREMENTAL=0" "-e" "RUST_BACKTRACE=full" "-e" "RUSTFLAGS=--cap-lints=forbid -Znext-solver=coherence" "-e" "RUSTDOCFLAGS=--cap-lints=forbid" "-w" "/opt/rustwide/workdir" "--user" "0:0" "69a048399faacb36d08a0d95af45a160f49c0936409c64ad31fe13cfb10c105a" "/opt/rustwide/cargo-home/bin/cargo" "+3154cc1a3e6424e44f438a95007d043ed5ceaaf6" "check" "--frozen" "--all" "--all-targets" "--message-format=json", kill_on_drop: false }`
[INFO] [stderr]    Compiling syn v3.0.3
[INFO] [stderr]    Compiling serde_core v1.0.229
[INFO] [stderr]    Compiling find-msvc-tools v0.1.11
[INFO] [stderr]     Checking bytes v1.12.1
[INFO] [stderr]    Compiling serde_json v1.0.151
[INFO] [stderr]     Checking aho-corasick v1.1.5
[INFO] [stderr]    Compiling aws-lc-rs v1.18.0
[INFO] [stderr]     Checking futures-sink v0.3.34
[INFO] [stderr]     Checking digest v0.11.3
[INFO] [stderr]    Compiling icu_properties_data v2.3.0
[INFO] [stderr]    Compiling cc v1.4.3
[INFO] [stderr]     Checking slab v0.4.12
[INFO] [stderr]     Checking futures-task v0.3.34
[INFO] [stderr]    Compiling rustls v0.23.43
[INFO] [stderr]    Compiling icu_normalizer_data v2.3.0
[INFO] [stderr]     Checking tracing v0.1.44
[INFO] [stderr]     Checking futures-channel v0.3.34
[INFO] [stderr]     Checking sync_wrapper v1.0.2
[INFO] [stderr]     Checking bstr v1.13.1
[INFO] [stderr]     Checking bitflags v2.13.1
[INFO] [stderr]     Checking sha2 v0.11.0
[INFO] [stderr]     Checking ipnet v2.12.1
[INFO] [stderr]     Checking http v1.5.0
[INFO] [stderr]     Checking rand v0.10.2
[INFO] [stderr]     Checking sha1 v0.11.0
[INFO] [stderr]     Checking data-encoding v2.11.1
[INFO] [stderr]     Checking regex-automata v0.4.18
[INFO] [stderr]     Checking rustix v1.1.4
[INFO] [stderr]     Checking clap_builder v4.6.6
[INFO] [stderr]    Compiling cmake v0.1.58
[INFO] [stderr]     Checking http-body v1.1.0
[INFO] [stderr]     Checking http-body-util v0.1.5
[INFO] [stderr]     Checking axum-core v0.5.6
[INFO] [stderr]     Checking tracing-log v0.2.0
[INFO] [stderr]    Compiling aws-lc-sys v0.44.0
[INFO] [stderr]     Checking indexmap v2.14.0
[INFO] [stderr]     Checking uuid v1.24.1
[INFO] [stderr]     Checking serde_path_to_error v0.1.20
[INFO] [stderr]     Checking tempfile v3.27.0
[INFO] [stderr]     Checking regex v1.13.1
[INFO] [stderr]     Checking globset v0.4.20
[INFO] [stderr]     Checking matchers v0.2.0
[INFO] [stderr]    Compiling serde_derive v1.0.229
[INFO] [stderr]    Compiling zerovec-derive v0.11.4
[INFO] [stderr]    Compiling displaydoc v0.2.7
[INFO] [stderr]    Compiling tokio-macros v2.7.2
[INFO] [stderr]    Compiling thiserror-impl v2.0.20
[INFO] [stderr]    Compiling futures-macro v0.3.34
[INFO] [stderr]    Compiling clap_derive v4.6.4
[INFO] [stderr]     Checking tokio v1.53.1
[INFO] [stderr]     Checking zerotrie v0.2.5
[INFO] [stderr]     Checking futures-util v0.3.34
[INFO] [stderr]     Checking zerovec v0.11.7
[INFO] [stderr]     Checking thiserror v2.0.20
[INFO] [stderr]     Checking tinystr v0.8.4
[INFO] [stderr]     Checking potential_utf v0.1.6
[INFO] [stderr]     Checking icu_locale_core v2.3.0
[INFO] [stderr]     Checking icu_collections v2.3.0
[INFO] [stderr]     Checking clap v4.6.6
[INFO] [stderr]     Checking icu_provider v2.3.0
[INFO] [stderr]     Checking icu_properties v2.3.0
[INFO] [stderr]     Checking icu_normalizer v2.3.0
[INFO] [stderr]     Checking serde v1.0.229
[INFO] [stderr]     Checking subfeature v1.30.0-rc1
[INFO] [stderr]     Checking github-actions-expressions v1.30.0-rc1
[INFO] [stderr]     Checking serde_urlencoded v0.7.1
[INFO] [stderr]     Checking serde_yaml_ng v0.10.0
[INFO] [stderr]     Checking gitzero-expression v0.1.0 (/opt/rustwide/workdir/crates/gitzero-expression)
[INFO] [stderr]     Checking tracing-serde v0.2.0
[INFO] [stderr]     Checking gitzero-protocol v0.1.0 (/opt/rustwide/workdir/crates/gitzero-protocol)
[INFO] [stderr]     Checking tracing-subscriber v0.3.23
[INFO] [stderr]     Checking idna_adapter v1.2.2
[INFO] [stderr]     Checking idna v1.1.0
[INFO] [stderr]     Checking url v2.5.8
[INFO] [stderr]     Checking gitzero-workflow v0.1.0 (/opt/rustwide/workdir/crates/gitzero-workflow)
[INFO] [stderr]     Checking hyper v1.11.0
[INFO] [stderr]     Checking tower v0.5.3
[INFO] [stderr]     Checking tokio-util v0.7.19
[INFO] [stderr]     Checking tower-http v0.6.11
[INFO] [stderr]     Checking hyper-util v0.1.20
[INFO] [stderr]     Checking axum v0.8.9
[INFO] [stderr]     Checking rustls-webpki v0.103.14
[INFO] [stderr]     Checking tokio-rustls v0.26.4
[INFO] [stderr]     Checking tungstenite v0.30.0
[INFO] [stderr]     Checking rustls-platform-verifier v0.7.0
[INFO] [stderr]     Checking hyper-rustls v0.27.9
[INFO] [stderr]     Checking reqwest v0.13.4
[INFO] [stderr]     Checking tokio-tungstenite v0.30.0
[INFO] [stderr]     Checking gitzero-agent v0.1.0 (/opt/rustwide/workdir/crates/gitzero-agent)
[INFO] [stdout] error[E0425]: cannot find function `git` in this scope
[INFO] [stdout]      --> crates/gitzero-agent/src/executor.rs:13677:9
[INFO] [stdout]       |
[INFO] [stdout] 13677 |         git(&source, ["init", "--initial-branch=main"]);
[INFO] [stdout]       |         ^^^ not found in this scope
[INFO] [stdout] 
[INFO] [stdout] 
[INFO] [stdout] error[E0425]: cannot find function `git` in this scope
[INFO] [stdout]      --> crates/gitzero-agent/src/executor.rs:13678:9
[INFO] [stdout]       |
[INFO] [stdout] 13678 |         git(&source, ["config", "user.email", "gitzero@example.test"]);
[INFO] [stdout]       |         ^^^ not found in this scope
[INFO] [stdout] 
[INFO] [stdout] 
[INFO] [stdout] error[E0425]: cannot find function `git` in this scope
[INFO] [stdout]      --> crates/gitzero-agent/src/executor.rs:13679:9
[INFO] [stdout]       |
[INFO] [stdout] 13679 |         git(&source, ["config", "user.name", "GitZero Test"]);
[INFO] [stdout]       |         ^^^ not found in this scope
[INFO] [stdout] 
[INFO] [stdout] 
[INFO] [stdout] error[E0425]: cannot find function `git` in this scope
[INFO] [stdout]      --> crates/gitzero-agent/src/executor.rs:13682:9
[INFO] [stdout]       |
[INFO] [stdout] 13682 |         git(&source, ["add", "private.txt"]);
[INFO] [stdout]       |         ^^^ not found in this scope
[INFO] [stdout] 
[INFO] [stdout] 
[INFO] [stdout] error[E0425]: cannot find function `git` in this scope
[INFO] [stdout]      --> crates/gitzero-agent/src/executor.rs:13683:9
[INFO] [stdout]       |
[INFO] [stdout] 13683 |         git(&source, ["commit", "-m", "private fixture"]);
[INFO] [stdout]       |         ^^^ not found in this scope
[INFO] [stdout] 
[INFO] [stdout] 
[INFO] [stdout] error[E0308]: arguments to this function are incorrect
[INFO] [stdout]      --> crates/gitzero-agent/src/executor.rs:13684:31
[INFO] [stdout]       |
[INFO] [stdout] 13684 |         let expected_commit = git_output(&source, ["rev-parse", "HEAD"]);
[INFO] [stdout]       |                               ^^^^^^^^^^ -------  --------------------- expected `&str`, found `[&str; 2]`
[INFO] [stdout]       |                                          |
[INFO] [stdout]       |                                          types differ in mutability
[INFO] [stdout]       |
[INFO] [stdout]       = note: expected mutable reference `&mut tokio::process::Command`
[INFO] [stdout]                          found reference `&std::path::PathBuf`
[INFO] [stdout] note: function defined here
[INFO] [stdout]      --> crates/gitzero-agent/src/executor.rs:8461:10
[INFO] [stdout]       |
[INFO] [stdout]  8461 | async fn git_output(command: &mut Command, operation: &str) -> Result<String> {
[INFO] [stdout]       |          ^^^^^^^^^^ ---------------------  ---------------
[INFO] [stdout] 
[INFO] [stdout] 
[INFO] [stdout] error[E0425]: cannot find function `git` in this scope
[INFO] [stdout]      --> crates/gitzero-agent/src/executor.rs:13685:9
[INFO] [stdout]       |
[INFO] [stdout] 13685 |         git(
[INFO] [stdout]       |         ^^^ not found in this scope
[INFO] [stdout] 
[INFO] [stdout] 
[INFO] [stdout] error[E0425]: cannot find function `git` in this scope
[INFO] [stdout]      --> crates/gitzero-agent/src/executor.rs:13689:9
[INFO] [stdout]       |
[INFO] [stdout] 13689 |         git(
[INFO] [stdout]       |         ^^^ not found in this scope
[INFO] [stdout] 
[INFO] [stdout] 
[INFO] [stdout] error[E0425]: cannot find function `git` in this scope
[INFO] [stdout]      --> crates/gitzero-agent/src/executor.rs:13698:9
[INFO] [stdout]       |
[INFO] [stdout] 13698 |         git(&source, ["push", "origin", "main"]);
[INFO] [stdout]       |         ^^^ not found in this scope
[INFO] [stdout] 
[INFO] [stdout] 
[INFO] [stdout] error[E0277]: can't compare `std::string::String` with `impl futures_util::Future<Output = Result<std::string::String, anyhow::Error>>`
[INFO] [stdout]      --> crates/gitzero-agent/src/executor.rs:13797:9
[INFO] [stdout]       |
[INFO] [stdout] 13797 |         assert_eq!(outputs["commit"], expected_commit);
[INFO] [stdout]       |         ^^^^^^^^^^^^^^^^^^^^^^^^^^^^^^^^^^^^^^^^^^^^^^ no implementation for `std::string::String == impl futures_util::Future<Output = Result<std::string::String, anyhow::Error>>`
[INFO] [stdout]       |
[INFO] [stdout]       = help: the trait `PartialEq<impl futures_util::Future<Output = Result<std::string::String, anyhow::Error>>>` is not implemented for `std::string::String`
[INFO] [stdout]       = help: `std::string::String` implements trait `PartialEq<Rhs>`:
[INFO] [stdout]                 PartialEq<&bstr::bstr::BStr>
[INFO] [stdout]                 PartialEq<&str>
[INFO] [stdout]                 PartialEq<Authority>
[INFO] [stdout]                 PartialEq<ByteStr>
[INFO] [stdout]                 PartialEq<ByteString>
[INFO] [stdout]                 PartialEq<BytesMut>
[INFO] [stdout]                 PartialEq<Cow<'_, str>>
[INFO] [stdout]                 PartialEq<HeaderValue>
[INFO] [stdout]               and 12 others
[INFO] [stdout] 
[INFO] [stdout] 
[INFO] [stdout] error[E0277]: `impl futures_util::Future<Output = Result<std::string::String, anyhow::Error>>` doesn't implement `Debug`
[INFO] [stdout]      --> crates/gitzero-agent/src/executor.rs:13797:9
[INFO] [stdout]       |
[INFO] [stdout] 13797 |         assert_eq!(outputs["commit"], expected_commit);
[INFO] [stdout]       |         ^^^^^^^^^^^^^^^^^^^^^^^^^^^^^^^^^^^^^^^^^^^^^^ the trait `Debug` is not implemented for `impl futures_util::Future<Output = Result<std::string::String, anyhow::Error>>`
[INFO] [stdout] 
[INFO] [stdout] 
[INFO] [stdout] Some errors have detailed explanations: E0277, E0308, E0425.
[INFO] [stdout] 
[INFO] [stdout] For more information about an error, try `rustc --explain E0277`.
[INFO] [stdout] 
[INFO] [stderr] error: could not compile `gitzero-agent` (bin "gitzero-agent" test) due to 11 previous errors
[INFO] running `Command { std: "docker" "inspect" "69a048399faacb36d08a0d95af45a160f49c0936409c64ad31fe13cfb10c105a", kill_on_drop: false }`
[INFO] running `Command { std: "docker" "rm" "-f" "69a048399faacb36d08a0d95af45a160f49c0936409c64ad31fe13cfb10c105a", kill_on_drop: false }`
[INFO] [stdout] 69a048399faacb36d08a0d95af45a160f49c0936409c64ad31fe13cfb10c105a
