[INFO] cloning repository https://github.com/jinsulei/codexpp-pro
[INFO] running `Command { std: "git" "-c" "credential.helper=" "-c" "credential.helper=/workspace/cargo-home/bin/git-credential-null" "clone" "--bare" "https://github.com/jinsulei/codexpp-pro" "/workspace/cache/git-repos/https%3A%2F%2Fgithub.com%2Fjinsulei%2Fcodexpp-pro", kill_on_drop: false }`
[INFO] [stderr] Cloning into bare repository '/workspace/cache/git-repos/https%3A%2F%2Fgithub.com%2Fjinsulei%2Fcodexpp-pro'...
[INFO] running `Command { std: "git" "rev-parse" "HEAD", kill_on_drop: false }`
[INFO] [stdout] 249f168c16db6250e91199e3ba1f59dd9f913066
[INFO] checking jinsulei/codexpp-pro against 3154cc1a3e6424e44f438a95007d043ed5ceaaf6 for pr-133502-30
[INFO] running `Command { std: "git" "clone" "/workspace/cache/git-repos/https%3A%2F%2Fgithub.com%2Fjinsulei%2Fcodexpp-pro" "/workspace/builds/worker-5-tc2/source", kill_on_drop: false }`
[INFO] [stderr] Cloning into '/workspace/builds/worker-5-tc2/source'...
[INFO] [stderr] done.
[INFO] removed /workspace/builds/worker-5-tc2/source/.cargo/config.toml
[INFO] started tweaking git repo https://github.com/jinsulei/codexpp-pro
[INFO] finished tweaking git repo https://github.com/jinsulei/codexpp-pro
[INFO] tweaked toml for git repo https://github.com/jinsulei/codexpp-pro written to /workspace/builds/worker-5-tc2/source/Cargo.toml
[INFO] validating manifest of git repo https://github.com/jinsulei/codexpp-pro on toolchain 3154cc1a3e6424e44f438a95007d043ed5ceaaf6
[INFO] running `Command { std: CARGO_HOME="/workspace/cargo-home" RUSTUP_HOME="/workspace/rustup-home" "/workspace/cargo-home/bin/cargo" "+3154cc1a3e6424e44f438a95007d043ed5ceaaf6" "metadata" "--manifest-path" "Cargo.toml" "--no-deps", kill_on_drop: false }`
[INFO] crate git repo https://github.com/jinsulei/codexpp-pro already has a lockfile, it will not be regenerated
[INFO] running `Command { std: CARGO_HOME="/workspace/cargo-home" RUSTUP_HOME="/workspace/rustup-home" "/workspace/cargo-home/bin/cargo" "+3154cc1a3e6424e44f438a95007d043ed5ceaaf6" "fetch" "--manifest-path" "Cargo.toml", kill_on_drop: false }`
[INFO] [stderr] warning: unused workspace dependency `futures-util`
[INFO] [stderr]   --> Cargo.toml:11:1
[INFO] [stderr]    |
[INFO] [stderr] 11 | futures-util = "0.3"
[INFO] [stderr]    | ^^^^^^^^^^^^
[INFO] [stderr]    |
[INFO] [stderr]    = note: `cargo::unused_workspace_dependencies` is set to `warn` by default
[INFO] [stderr] help: consider removing the workspace dependency `futures-util`
[INFO] [stderr] warning: unused workspace dependency `url`
[INFO] [stderr]   --> Cargo.toml:18:1
[INFO] [stderr]    |
[INFO] [stderr] 18 | url = "2"
[INFO] [stderr]    | ^^^
[INFO] [stderr]    |
[INFO] [stderr] help: consider removing the workspace dependency `url`
[INFO] [stderr] warning: workspace (manifest) generated 2 warnings
[INFO] running `Command { std: "docker" "create" "-v" "/var/lib/crater-agent-workspace/builds/worker-5-tc2/source:/opt/rustwide/workdir:ro,Z" "-v" "/var/lib/crater-agent-workspace/builds/worker-5-tc2/target:/opt/rustwide/target:rw,Z" "-v" "/var/lib/crater-agent-workspace/cargo-home:/opt/rustwide/cargo-home:ro,Z" "-v" "/var/lib/crater-agent-workspace/rustup-home:/opt/rustwide/rustup-home:ro,Z" "-m" "1610612736" "--network" "none" "ghcr.io/rust-lang/crates-build-env/linux@sha256:77db811e55d90add9212f6832c23229e3de5f1c1f9905e8cb07319ea15df73ac" "sleep" "infinity", kill_on_drop: false }`
[INFO] [stdout] e499dda31d33c6a87bdd179fde951d811feb2c595031e171428611de27096f3d
[INFO] running `Command { std: "docker" "start" "e499dda31d33c6a87bdd179fde951d811feb2c595031e171428611de27096f3d", kill_on_drop: false }`
[INFO] running `Command { std: "docker" "inspect" "e499dda31d33c6a87bdd179fde951d811feb2c595031e171428611de27096f3d", kill_on_drop: false }`
[INFO] running `Command { std: "docker" "exec" "-e" "SOURCE_DIR=/opt/rustwide/workdir" "-e" "CARGO_HOME=/opt/rustwide/cargo-home" "-e" "RUSTUP_HOME=/opt/rustwide/rustup-home" "-e" "CARGO_TARGET_DIR=/opt/rustwide/target" "-w" "/opt/rustwide/workdir" "--user" "0:0" "e499dda31d33c6a87bdd179fde951d811feb2c595031e171428611de27096f3d" "/opt/rustwide/cargo-home/bin/cargo" "+3154cc1a3e6424e44f438a95007d043ed5ceaaf6" "metadata" "--no-deps" "--format-version=1", kill_on_drop: false }`
[INFO] running `Command { std: "docker" "inspect" "e499dda31d33c6a87bdd179fde951d811feb2c595031e171428611de27096f3d", kill_on_drop: false }`
[INFO] running `Command { std: "docker" "exec" "-e" "SOURCE_DIR=/opt/rustwide/workdir" "-e" "CARGO_HOME=/opt/rustwide/cargo-home" "-e" "RUSTUP_HOME=/opt/rustwide/rustup-home" "-e" "CARGO_TARGET_DIR=/opt/rustwide/target" "-e" "CARGO_INCREMENTAL=0" "-e" "RUST_BACKTRACE=full" "-e" "RUSTFLAGS=--cap-lints=forbid" "-e" "RUSTDOCFLAGS=--cap-lints=forbid" "-w" "/opt/rustwide/workdir" "--user" "0:0" "e499dda31d33c6a87bdd179fde951d811feb2c595031e171428611de27096f3d" "/opt/rustwide/cargo-home/bin/cargo" "+3154cc1a3e6424e44f438a95007d043ed5ceaaf6" "check" "--frozen" "--all" "--all-targets" "--message-format=json", kill_on_drop: false }`
[INFO] [stderr] warning: unused workspace dependency `futures-util`
[INFO] [stderr]   --> Cargo.toml:11:1
[INFO] [stderr]    |
[INFO] [stderr] 11 | futures-util = "0.3"
[INFO] [stderr]    | ^^^^^^^^^^^^
[INFO] [stderr]    |
[INFO] [stderr]    = note: `cargo::unused_workspace_dependencies` is set to `warn` by default
[INFO] [stderr] help: consider removing the workspace dependency `futures-util`
[INFO] [stderr] warning: unused workspace dependency `url`
[INFO] [stderr]   --> Cargo.toml:18:1
[INFO] [stderr]    |
[INFO] [stderr] 18 | url = "2"
[INFO] [stderr]    | ^^^
[INFO] [stderr]    |
[INFO] [stderr] help: consider removing the workspace dependency `url`
[INFO] [stderr] warning: workspace (manifest) generated 2 warnings
[INFO] [stderr]    Compiling proc-macro2 v1.0.106
[INFO] [stderr]    Compiling serde v1.0.228
[INFO] [stderr]    Compiling serde_core v1.0.228
[INFO] [stderr]    Compiling smallvec v1.15.1
[INFO] [stderr]    Compiling jobserver v0.1.35
[INFO] [stderr]     Checking bitflags v2.11.1
[INFO] [stderr]     Checking typenum v1.20.0
[INFO] [stderr]     Checking rand_core v0.6.4
[INFO] [stderr]    Compiling serde_json v1.0.149
[INFO] [stderr]    Compiling cfg-expr v0.15.8
[INFO] [stderr]     Checking simd-adler32 v0.3.9
[INFO] [stderr]     Checking dirs-sys v0.5.0
[INFO] [stderr]    Compiling cc v1.2.62
[INFO] [stderr]     Checking uuid v1.23.1
[INFO] [stderr]     Checking miniz_oxide v0.8.9
[INFO] [stderr]    Compiling quote v1.0.45
[INFO] [stderr]     Checking tracing v0.1.44
[INFO] [stderr]     Checking flate2 v1.1.9
[INFO] [stderr]    Compiling syn v2.0.117
[INFO] [stderr]     Checking rand_chacha v0.9.0
[INFO] [stderr]     Checking ahash v0.8.12
[INFO] [stderr]     Checking rustls-native-certs v0.8.4
[INFO] [stderr]     Checking hashbrown v0.14.5
[INFO] [stderr]     Checking rand v0.9.4
[INFO] [stderr]     Checking winnow v0.5.40
[INFO] [stderr]    Compiling zip v2.4.2
[INFO] [stderr]     Checking zopfli v0.8.3
[INFO] [stderr]     Checking generic-array v0.14.7
[INFO] [stderr]     Checking hashlink v0.9.1
[INFO] [stderr]     Checking fallible-iterator v0.3.0
[INFO] [stderr]     Checking fallible-streaming-iterator v0.1.9
[INFO] [stderr]     Checking directories v6.0.0
[INFO] [stderr]     Checking fs2 v0.4.3
[INFO] [stderr]     Checking crypto-common v0.1.7
[INFO] [stderr]     Checking block-buffer v0.10.4
[INFO] [stderr]    Compiling ring v0.17.14
[INFO] [stderr]    Compiling zstd-sys v2.0.16+zstd.1.5.7
[INFO] [stderr]     Checking inout v0.1.4
[INFO] [stderr]     Checking digest v0.10.7
[INFO] [stderr]     Checking cipher v0.4.4
[INFO] [stderr]     Checking universal-hash v0.5.1
[INFO] [stderr]    Compiling libsqlite3-sys v0.30.1
[INFO] [stderr]     Checking polyval v0.6.2
[INFO] [stderr]     Checking sha1 v0.10.6
[INFO] [stderr]     Checking ghash v0.5.1
[INFO] [stderr]     Checking ctr v0.9.2
[INFO] [stderr]     Checking aes v0.8.4
[INFO] [stderr]     Checking aead v0.5.2
[INFO] [stderr]     Checking sha2 v0.10.9
[INFO] [stderr]    Compiling fastrand v2.4.1
[INFO] [stderr]     Checking aes-gcm v0.10.3
[INFO] [stderr]    Compiling semver v1.0.28
[INFO] [stderr]    Compiling phf_generator v0.13.1
[INFO] [stderr]     Checking rustix v1.1.4
[INFO] [stderr]    Compiling memchr v2.8.0
[INFO] [stderr]    Compiling winnow v1.0.3
[INFO] [stderr]    Compiling serde_spanned v1.1.1
[INFO] [stderr]    Compiling num-conv v0.2.1
[INFO] [stderr]    Compiling toml_parser v1.1.2+spec-1.1.0
[INFO] [stderr]    Compiling toml_writer v1.1.1+spec-1.1.0
[INFO] [stderr]    Compiling proc-macro-error-attr v1.0.4
[INFO] [stderr]    Compiling syn v1.0.109
[INFO] [stderr]    Compiling phf_codegen v0.13.1
[INFO] [stderr]    Compiling rustc_version v0.4.1
[INFO] [stderr]    Compiling toml_datetime v1.1.1+spec-1.1.0
[INFO] [stderr]    Compiling proc-macro-error v1.0.4
[INFO] [stderr]     Checking num_cpus v1.17.0
[INFO] [stderr]     Checking deadpool-runtime v0.1.4
[INFO] [stderr]     Checking tempfile v3.27.0
[INFO] [stderr]    Compiling toml v1.1.2+spec-1.1.0
[INFO] [stderr]    Compiling parking_lot_core v0.9.12
[INFO] [stderr]    Compiling string_cache_codegen v0.6.1
[INFO] [stderr]    Compiling parking_lot v0.12.5
[INFO] [stderr]    Compiling ctor-proc-macro v0.0.7
[INFO] [stderr]    Compiling synstructure v0.13.2
[INFO] [stderr]    Compiling rustls v0.23.40
[INFO] [stderr]    Compiling darling_core v0.23.0
[INFO] [stderr]    Compiling web_atoms v0.2.4
[INFO] [stderr]    Compiling string_cache v0.9.0
[INFO] [stderr]    Compiling getrandom v0.4.2
[INFO] [stderr]    Compiling utf-8 v0.7.6
[INFO] [stderr]    Compiling tendril v0.5.0
[INFO] [stderr]    Compiling selectors v0.36.1
[INFO] [stderr]    Compiling aho-corasick v1.1.4
[INFO] [stderr]     Checking rustls-webpki v0.103.13
[INFO] [stderr]    Compiling indexmap v1.9.3
[INFO] [stderr]    Compiling serde_derive v1.0.228
[INFO] [stderr]    Compiling zerofrom-derive v0.1.7
[INFO] [stderr]    Compiling yoke-derive v0.8.2
[INFO] [stderr]    Compiling zerovec-derive v0.11.3
[INFO] [stderr]    Compiling displaydoc v0.2.5
[INFO] [stderr]    Compiling futures-macro v0.3.32
[INFO] [stderr]    Compiling thiserror-impl v2.0.18
[INFO] [stderr]     Checking zerofrom v0.1.8
[INFO] [stderr]     Checking yoke v0.8.2
[INFO] [stderr]    Compiling tokio-macros v2.7.0
[INFO] [stderr]     Checking zerovec v0.11.6
[INFO] [stderr]     Checking futures-util v0.3.32
[INFO] [stderr]     Checking zerotrie v0.2.4
[INFO] [stderr]     Checking tinystr v0.8.3
[INFO] [stderr]     Checking potential_utf v0.1.5
[INFO] [stderr]     Checking icu_collections v2.2.0
[INFO] [stderr]     Checking icu_locale_core v2.2.0
[INFO] [stderr]     Checking tokio v1.52.3
[INFO] [stderr]     Checking thiserror v2.0.18
[INFO] [stderr]    Compiling thiserror-impl v1.0.69
[INFO] [stderr]     Checking icu_provider v2.2.0
[INFO] [stderr]     Checking icu_properties v2.2.0
[INFO] [stderr]    Compiling toml_datetime v0.6.11
[INFO] [stderr]    Compiling serde_spanned v0.6.9
[INFO] [stderr]    Compiling toml_edit v0.20.2
[INFO] [stderr]     Checking icu_normalizer v2.2.0
[INFO] [stderr]     Checking futures-executor v0.3.32
[INFO] [stderr]     Checking tungstenite v0.26.2
[INFO] [stderr]     Checking serde_urlencoded v0.7.1
[INFO] [stderr]     Checking rusqlite v0.32.1
[INFO] [stderr]     Checking toml_edit v0.22.27
[INFO] [stderr]     Checking idna_adapter v1.2.2
[INFO] [stderr]     Checking idna v1.1.0
[INFO] [stderr]     Checking url v2.5.8
[INFO] [stderr]    Compiling async-trait v0.1.89
[INFO] [stderr]    Compiling phf_macros v0.13.1
[INFO] [stderr]     Checking toml v0.8.2
[INFO] [stderr]     Checking thiserror v1.0.69
[INFO] [stderr]     Checking futures v0.3.32
[INFO] [stderr]     Checking assert-json-diff v2.0.2
[INFO] [stderr]    Compiling darling_macro v0.23.0
[INFO] [stderr]    Compiling phf v0.13.1
[INFO] [stderr]    Compiling derive_more-impl v2.1.1
[INFO] [stderr]    Compiling cssparser-macros v0.6.1
[INFO] [stderr]    Compiling proc-macro-crate v2.0.0
[INFO] [stderr]    Compiling system-deps v6.2.2
[INFO] [stderr]    Compiling darling v0.23.0
[INFO] [stderr]    Compiling serde_with_macros v3.20.0
[INFO] [stderr]     Checking tokio-util v0.7.18
[INFO] [stderr]     Checking tokio-rustls v0.26.4
[INFO] [stderr]     Checking tower v0.5.3
[INFO] [stderr]     Checking tokio-tungstenite v0.26.2
[INFO] [stderr]    Compiling glib-sys v0.18.1
[INFO] [stderr]     Checking h2 v0.4.15
[INFO] [stderr]    Compiling gobject-sys v0.18.0
[INFO] [stderr]    Compiling gio-sys v0.18.1
[INFO] [stderr]    Compiling gdk-sys v0.18.2
[INFO] [stderr]    Compiling gdk-pixbuf-sys v0.18.0
[INFO] [stderr]     Checking tower-http v0.6.10
[INFO] [stderr]    Compiling atk-sys v0.18.2
[INFO] [stderr]    Compiling pango-sys v0.18.0
[INFO] [stderr]    Compiling cairo-sys-rs v0.18.2
[INFO] [stderr]     Checking deadpool v0.12.3
[INFO] [stderr]    Compiling glib-macros v0.18.5
[INFO] [stderr]    Compiling gtk-sys v0.18.2
[INFO] [stderr]    Compiling camino v1.2.2
[INFO] [stderr]    Compiling regex-syntax v0.8.10
[INFO] [stderr]    Compiling alloc-no-stdlib v2.0.4
[INFO] [stderr]    Compiling unic-char-range v0.9.0
[INFO] [stderr]    Compiling unic-common v0.9.0
[INFO] [stderr]    Compiling unic-ucd-version v0.9.0
[INFO] [stderr]    Compiling zstd-safe v7.2.4
[INFO] [stderr]    Compiling unic-char-property v0.9.0
[INFO] [stderr]    Compiling deranged v0.5.8
[INFO] [stderr]     Checking zstd v0.13.3
[INFO] [stderr]    Compiling alloc-stdlib v0.2.2
[INFO] [stderr]    Compiling markup5ever v0.38.0
[INFO] [stderr]    Compiling derive_more v2.1.1
[INFO] [stderr]    Compiling cssparser v0.36.0
[INFO] [stderr]    Compiling serde_derive_internals v0.29.1
[INFO] [stderr]    Compiling cfb v0.7.3
[INFO] [stderr]    Compiling time v0.3.47
[INFO] [stderr]    Compiling regex-automata v0.4.14
[INFO] [stderr]     Checking hyper v1.9.0
[INFO] [stderr]    Compiling schemars_derive v0.8.22
[INFO] [stderr]    Compiling erased-serde v0.4.10
[INFO] [stderr]     Checking glib v0.18.5
[INFO] [stderr]    Compiling html5ever v0.38.0
[INFO] [stderr]    Compiling brotli-decompressor v5.0.0
[INFO] [stderr]     Checking hyper-util v0.1.20
[INFO] [stderr]    Compiling unic-ucd-ident v0.9.0
[INFO] [stderr]    Compiling jsonptr v0.6.3
[INFO] [stderr]    Compiling cargo-platform v0.1.9
[INFO] [stderr]    Compiling quick-xml v0.39.4
[INFO] [stderr]    Compiling base64 v0.22.1
[INFO] [stderr]    Compiling http v1.4.0
[INFO] [stderr]    Compiling schemars v0.8.22
[INFO] [stderr]    Compiling brotli v8.0.2
[INFO] [stderr]    Compiling dom_query v0.27.0
[INFO] [stderr]     Checking hyper-rustls v0.27.9
[INFO] [stderr]     Checking reqwest v0.12.28
[INFO] [stderr]     Checking wiremock v0.6.5
[INFO] [stderr]    Compiling regex v1.12.3
[INFO] [stderr]    Compiling urlpattern v0.3.0
[INFO] [stderr]    Compiling plist v1.9.0
[INFO] [stderr]    Compiling cargo_metadata v0.19.2
[INFO] [stderr]     Checking codex-plus-core v1.0.1 (/opt/rustwide/workdir/crates/codex-plus-core)
[INFO] [stderr]    Compiling json-patch v3.0.1
[INFO] [stderr]    Compiling serde-untagged v0.1.9
[INFO] [stderr]    Compiling infer v0.19.0
[INFO] [stderr]    Compiling serde_with v3.20.0
[INFO] [stderr]    Compiling ctor v0.8.0
[INFO] [stderr]    Compiling toml_edit v0.19.15
[INFO] [stderr]    Compiling field-offset v0.3.6
[INFO] [stderr]    Compiling gtk v0.18.2
[INFO] [stderr]    Compiling toml_datetime v0.7.5+spec-1.1.0
[INFO] [stderr]    Compiling toml v0.9.12+spec-1.1.0
[INFO] [stderr]    Compiling javascriptcore-rs-sys v1.1.1
[INFO] [stderr]    Compiling soup3-sys v0.5.0
[INFO] [stderr]    Compiling embed-resource v3.0.9
[INFO] [stderr]    Compiling tauri-winres v0.3.6
[INFO] [stderr]    Compiling dirs v6.0.0
[INFO] [stderr]    Compiling webkit2gtk-sys v2.0.2
[INFO] [stderr]    Compiling time-macros v0.2.27
[INFO] [stderr]    Compiling num-traits v0.2.19
[INFO] [stderr]    Compiling x11 v2.21.0
[INFO] [stderr]    Compiling cargo_toml v0.22.3
[INFO] [stderr]    Compiling proc-macro-crate v1.3.1
[INFO] [stderr]    Compiling tauri-utils v2.9.1
[INFO] [stderr]    Compiling gdkx11-sys v0.18.2
[INFO] [stderr]     Checking dpi v0.1.2
[INFO] [stderr]    Compiling gtk3-macros v0.18.2
[INFO] [stderr]     Checking gio v0.18.4
[INFO] [stderr]     Checking cairo-rs v0.18.5
[INFO] [stderr]     Checking atk v0.18.2
[INFO] [stderr]    Compiling cookie v0.18.1
[INFO] [stderr]    Compiling libdbus-sys v0.2.7
[INFO] [stderr]     Checking chrono v0.4.44
[INFO] [stderr]     Checking crossbeam-channel v0.5.15
[INFO] [stderr]     Checking javascriptcore-rs v1.1.2
[INFO] [stderr]    Compiling fdeflate v0.3.7
[INFO] [stderr]    Compiling png v0.17.16
[INFO] [stderr]     Checking x11-dl v2.21.0
[INFO] [stdout] warning: constant `WINDOWS_USER_ENV_KEY` is never used
[INFO] [stdout]  --> crates/codex-plus-core/src/env_conflicts.rs:4:7
[INFO] [stdout]   |
[INFO] [stdout] 4 | const WINDOWS_USER_ENV_KEY: &str = "Environment";
[INFO] [stdout]   |       ^^^^^^^^^^^^^^^^^^^^
[INFO] [stdout]   |
[INFO] [stdout]   = note: `#[warn(dead_code)]` (part of `#[warn(unused)]`) on by default
[INFO] [stdout] 
[INFO] [stdout] 
[INFO] [stdout] warning: trait `Pipe` is never used
[INFO] [stdout]    --> crates/codex-plus-core/src/env_conflicts.rs:187:7
[INFO] [stdout]     |
[INFO] [stdout] 187 | trait Pipe: Sized {
[INFO] [stdout]     |       ^^^^
[INFO] [stdout] 
[INFO] [stdout] 
[INFO] [stdout] warning: constant `UNINSTALL_SUBKEY` is never used
[INFO] [stdout]  --> crates/codex-plus-core/src/install/windows.rs:8:7
[INFO] [stdout]   |
[INFO] [stdout] 8 | const UNINSTALL_SUBKEY: &str = r"Software\Microsoft\Windows\CurrentVersion\Uninstall\CodexPlusPlus";
[INFO] [stdout]   |       ^^^^^^^^^^^^^^^^
[INFO] [stdout] 
[INFO] [stdout] 
[INFO] [stdout] warning: constant `LEGACY_UNINSTALL_SUBKEY` is never used
[INFO] [stdout]  --> crates/codex-plus-core/src/install/windows.rs:9:7
[INFO] [stdout]   |
[INFO] [stdout] 9 | const LEGACY_UNINSTALL_SUBKEY: &str =
[INFO] [stdout]   |       ^^^^^^^^^^^^^^^^^^^^^^^
[INFO] [stdout] 
[INFO] [stdout] 
[INFO] [stdout] warning: constant `URL_PROTOCOL_SUBKEY` is never used
[INFO] [stdout]   --> crates/codex-plus-core/src/install/windows.rs:11:7
[INFO] [stdout]    |
[INFO] [stdout] 11 | const URL_PROTOCOL_SUBKEY: &str = r"Software\Classes\codexplusplus";
[INFO] [stdout]    |       ^^^^^^^^^^^^^^^^^^^
[INFO] [stdout] 
[INFO] [stdout] 
[INFO] [stdout] warning: constant `DREAM_SKIN_URL_PROTOCOL_SUBKEY` is never used
[INFO] [stdout]   --> crates/codex-plus-core/src/install/windows.rs:12:7
[INFO] [stdout]    |
[INFO] [stdout] 12 | const DREAM_SKIN_URL_PROTOCOL_SUBKEY: &str = r"Software\Classes\dreamskin";
[INFO] [stdout]    |       ^^^^^^^^^^^^^^^^^^^^^^^^^^^^^^
[INFO] [stdout] 
[INFO] [stdout] 
[INFO] [stdout] warning: static `PET_CURSOR_DRIVER_FAILED` is never used
[INFO] [stdout]   --> crates/codex-plus-core/src/launcher.rs:23:8
[INFO] [stdout]    |
[INFO] [stdout] 23 | static PET_CURSOR_DRIVER_FAILED: AtomicBool = AtomicBool::new(false);
[INFO] [stdout]    |        ^^^^^^^^^^^^^^^^^^^^^^^^
[INFO] [stdout] 
[INFO] [stdout] 
[INFO] [stdout] warning: function `confirmed_pet_overlay_targets` is never used
[INFO] [stdout]     --> crates/codex-plus-core/src/launcher.rs:2427:10
[INFO] [stdout]      |
[INFO] [stdout] 2427 | async fn confirmed_pet_overlay_targets(
[INFO] [stdout]      |          ^^^^^^^^^^^^^^^^^^^^^^^^^^^^^
[INFO] [stdout] 
[INFO] [stdout] 
[INFO] [stdout] warning: function `normalize_proxy_url` is never used
[INFO] [stdout]   --> crates/codex-plus-core/src/proxy.rs:20:4
[INFO] [stdout]    |
[INFO] [stdout] 20 | fn normalize_proxy_url(value: &str) -> Option<String> {
[INFO] [stdout]    |    ^^^^^^^^^^^^^^^^^^^
[INFO] [stdout] 
[INFO] [stdout] 
[INFO] [stdout] warning: function `parse_windows_proxy_server` is never used
[INFO] [stdout]   --> crates/codex-plus-core/src/proxy.rs:31:4
[INFO] [stdout]    |
[INFO] [stdout] 31 | fn parse_windows_proxy_server(value: &str) -> Option<String> {
[INFO] [stdout]    |    ^^^^^^^^^^^^^^^^^^^^^^^^^^
[INFO] [stdout] 
[INFO] [stdout] 
[INFO] [stdout] warning: constant `RESTART_STOP_WAIT_INTERVAL_MS` is never used
[INFO] [stdout]   --> crates/codex-plus-core/src/watcher.rs:15:7
[INFO] [stdout]    |
[INFO] [stdout] 15 | const RESTART_STOP_WAIT_INTERVAL_MS: u64 = 100;
[INFO] [stdout]    |       ^^^^^^^^^^^^^^^^^^^^^^^^^^^^^
[INFO] [stdout] 
[INFO] [stdout] 
[INFO] [stderr]    Compiling dlopen2_derive v0.4.3
[INFO] [stderr]     Checking libloading v0.7.4
[INFO] [stderr]    Compiling wry v0.55.1
[INFO] [stderr]    Compiling tauri-runtime v2.11.1
[INFO] [stderr]     Checking unicode-segmentation v1.13.2
[INFO] [stderr]     Checking codex-plus-data v1.0.1 (/opt/rustwide/workdir/crates/codex-plus-data)
[INFO] [stderr]     Checking libappindicator-sys v0.9.0
[INFO] [stderr]     Checking keyboard-types v0.7.0
[INFO] [stderr]     Checking dlopen2 v0.8.2
[INFO] [stderr]     Checking dbus v0.9.11
[INFO] [stderr]    Compiling ico v0.5.0
[INFO] [stderr]     Checking gdkwayland-sys v0.18.2
[INFO] [stderr]    Compiling tauri-runtime-wry v2.11.1
[INFO] [stderr]    Compiling serialize-to-javascript-impl v0.1.2
[INFO] [stderr]    Compiling serde_repr v0.1.20
[INFO] [stderr]     Checking png v0.18.1
[INFO] [stderr]    Compiling rfd v0.16.0
[INFO] [stderr]     Checking serialize-to-javascript v0.1.2
[INFO] [stderr]     Checking http-range v0.1.5
[INFO] [stderr]    Compiling winresource v0.1.31
[INFO] [stderr]    Compiling codex-plus-launcher v1.0.1 (/opt/rustwide/workdir/apps/codex-plus-launcher)
[INFO] [stdout] warning: variable does not need to be mutable
[INFO] [stdout]    --> apps/codex-plus-launcher/src/main.rs:226:9
[INFO] [stdout]     |
[INFO] [stdout] 226 |     let mut activated = false;
[INFO] [stdout]     |         ----^^^^^^^^^
[INFO] [stdout]     |         |
[INFO] [stdout]     |         help: remove this `mut`
[INFO] [stdout]     |
[INFO] [stdout]     = note: `#[warn(unused_mut)]` (part of `#[warn(unused)]`) on by default
[INFO] [stdout] 
[INFO] [stdout] 
[INFO] [stdout] warning: variable does not need to be mutable
[INFO] [stdout]    --> apps/codex-plus-launcher/src/main.rs:226:9
[INFO] [stdout]     |
[INFO] [stdout] 226 |     let mut activated = false;
[INFO] [stdout]     |         ----^^^^^^^^^
[INFO] [stdout]     |         |
[INFO] [stdout]     |         help: remove this `mut`
[INFO] [stdout]     |
[INFO] [stdout]     = note: `#[warn(unused_mut)]` (part of `#[warn(unused)]`) on by default
[INFO] [stdout] 
[INFO] [stdout] 
[INFO] [stderr]    Compiling tauri-build v2.6.1
[INFO] [stderr]    Compiling tauri-plugin v2.6.1
[INFO] [stderr]    Compiling tauri-codegen v2.6.1
[INFO] [stderr] error: could not compile `tauri-utils` (lib)
[INFO] [stderr] 
[INFO] [stderr] Caused by:
[INFO] [stderr]   process didn't exit successfully: `/opt/rustwide/rustup-home/toolchains/3154cc1a3e6424e44f438a95007d043ed5ceaaf6/bin/rustc --crate-name tauri_utils --edition=2021 /opt/rustwide/cargo-home/registry/src/index.crates.io-1949cf8c6b5b557f/tauri-utils-2.9.1/src/lib.rs --error-format=json --json=diagnostic-rendered-ansi,artifacts,future-incompat,unused-externs-silent --crate-type lib --emit=dep-info,metadata,link -Z embed-metadata=no -C embed-bitcode=no --cfg 'feature="brotli"' --cfg 'feature="build-2"' --cfg 'feature="cargo_metadata"' --cfg 'feature="compression"' --cfg 'feature="html-manipulation-2"' --cfg 'feature="proc-macro2"' --cfg 'feature="quote"' --cfg 'feature="resources"' --cfg 'feature="schema"' --cfg 'feature="schemars"' --cfg 'feature="swift-rs"' --cfg 'feature="walkdir"' --check-cfg 'cfg(docsrs,test)' --check-cfg 'cfg(feature, values("aes-gcm", "brotli", "build", "build-2", "cargo_metadata", "compression", "config-json5", "config-toml", "getrandom", "html-manipulation", "html-manipulation-2", "isolation", "json5", "proc-macro2", "process-relaunch-dangerous-allow-symlink-macos", "quote", "resources", "schema", "schemars", "serialize-to-javascript", "swift-rs", "walkdir"))' -C metadata=551ecf7ab40aa9a2 -C extra-filename=-ca3d5725f939c94a --out-dir /opt/rustwide/target/debug/build/tauri-utils/ca3d5725f939c94a/out -L dependency=/opt/rustwide/target/debug/build/aho-corasick/2412effc83fd09ed/out -L dependency=/opt/rustwide/target/debug/build/alloc-no-stdlib/481e926020947070/out -L dependency=/opt/rustwide/target/debug/build/alloc-stdlib/5eea47b2f83dbba5/out -L dependency=/opt/rustwide/target/debug/build/base64/c3f6fce0270f46f0/out -L dependency=/opt/rustwide/target/debug/build/bit-set/6da90ebc149128b0/out -L dependency=/opt/rustwide/target/debug/build/bit-vec/4081f11a561ca3d3/out -L dependency=/opt/rustwide/target/debug/build/bitflags/77a38ef0a5ab383c/out -L dependency=/opt/rustwide/target/debug/build/brotli-decompressor/b8460fa70b060444/out -L dependency=/opt/rustwide/target/debug/build/byteorder/118a9ce0d0c0f5ff/out -L dependency=/opt/rustwide/target/debug/build/bytes/9c004ef7aaee1ac4/out -L dependency=/opt/rustwide/target/debug/build/camino/f044af273929d956/out -L dependency=/opt/rustwide/target/debug/build/cargo-platform/e016b835d0d72e36/out -L dependency=/opt/rustwide/target/debug/build/cfb/805eb4427afbb443/out -L dependency=/opt/rustwide/target/debug/build/cfg-if/9c7f9eb9639deea5/out -L dependency=/opt/rustwide/target/debug/build/cssparser-macros/61df38c3261bebb5/out -L dependency=/opt/rustwide/target/debug/build/cssparser/c722dece31b9052c/out -L dependency=/opt/rustwide/target/debug/build/ctor-proc-macro/eecc9a2706ab3292/out -L dependency=/opt/rustwide/target/debug/build/deranged/62653a4f91fe5682/out -L dependency=/opt/rustwide/target/debug/build/derive_more-impl/cb489f933af495fe/out -L dependency=/opt/rustwide/target/debug/build/derive_more/afe03bcd2449e6e4/out -L dependency=/opt/rustwide/target/debug/build/displaydoc/2ea09e5c52c41b80/out -L dependency=/opt/rustwide/target/debug/build/dtoa-short/d4fbfd45a5cc1754/out -L dependency=/opt/rustwide/target/debug/build/dtoa/c0979c39f7fc3969/out -L dependency=/opt/rustwide/target/debug/build/dyn-clone/9dfe35385ed711ee/out -L dependency=/opt/rustwide/target/debug/build/equivalent/1cd2a250f2449a60/out -L dependency=/opt/rustwide/target/debug/build/erased-serde/92470d993a922325/out -L dependency=/opt/rustwide/target/debug/build/fnv/bd60753855300b18/out -L dependency=/opt/rustwide/target/debug/build/foldhash/d70aa99bc2fbe001/out -L dependency=/opt/rustwide/target/debug/build/form_urlencoded/a8c9e280eab86494/out -L dependency=/opt/rustwide/target/debug/build/getrandom/b511aa40d4615848/out -L dependency=/opt/rustwide/target/debug/build/hashbrown/88203a650ce9f298/out -L dependency=/opt/rustwide/target/debug/build/hashbrown/e6a297648138f250/out -L dependency=/opt/rustwide/target/debug/build/html5ever/7f39ba39fc1a5295/out -L dependency=/opt/rustwide/target/debug/build/icu_collections/6fc3b8fc36d6a828/out -L dependency=/opt/rustwide/target/debug/build/icu_locale_core/6c6f7087d13de582/out -L dependency=/opt/rustwide/target/debug/build/icu_normalizer/26bf150919083f41/out -L dependency=/opt/rustwide/target/debug/build/icu_normalizer_data/1b6c8874d99a5eda/out -L dependency=/opt/rustwide/target/debug/build/icu_properties/d8102cc572fd0c84/out -L dependency=/opt/rustwide/target/debug/build/icu_properties_data/627524c7c16c6dd3/out -L dependency=/opt/rustwide/target/debug/build/icu_provider/35091a2befb2ce86/out -L dependency=/opt/rustwide/target/debug/build/idna/4ea19935f44d2a7b/out -L dependency=/opt/rustwide/target/debug/build/idna_adapter/d8c04443211cb079/out -L dependency=/opt/rustwide/target/debug/build/indexmap/4fb158964f0af1f0/out -L dependency=/opt/rustwide/target/debug/build/indexmap/bd806c38a2be607c/out -L dependency=/opt/rustwide/target/debug/build/itoa/8df6d4253752101e/out -L dependency=/opt/rustwide/target/debug/build/jsonptr/0826eac589359cfc/out -L dependency=/opt/rustwide/target/debug/build/libc/9c12716ac42b770e/out -L dependency=/opt/rustwide/target/debug/build/litemap/483f8291379d5ef1/out -L dependency=/opt/rustwide/target/debug/build/lock_api/886e26369390df02/out -L dependency=/opt/rustwide/target/debug/build/log/3ed344fefb710324/out -L dependency=/opt/rustwide/target/debug/build/markup5ever/3a8b767aacd328a2/out -L dependency=/opt/rustwide/target/debug/build/memchr/9f16a2ed58d5c44b/out -L dependency=/opt/rustwide/target/debug/build/new_debug_unreachable/ded5321d275224be/out -L dependency=/opt/rustwide/target/debug/build/num-conv/acff88f1a0be34a6/out -L dependency=/opt/rustwide/target/debug/build/parking_lot/d77f7b12b17ca8c1/out -L dependency=/opt/rustwide/target/debug/build/parking_lot_core/b778367e0a892d9c/out -L dependency=/opt/rustwide/target/debug/build/percent-encoding/4dba5c4fe26bc40a/out -L dependency=/opt/rustwide/target/debug/build/phf/fb0325be33e551c1/out -L dependency=/opt/rustwide/target/debug/build/phf_macros/9c6907a7c024c06b/out -L dependency=/opt/rustwide/target/debug/build/phf_shared/d641fe0f4e2df121/out -L dependency=/opt/rustwide/target/debug/build/potential_utf/379fb756d17f6290/out -L dependency=/opt/rustwide/target/debug/build/powerfmt/d4be3a962e830dc0/out -L dependency=/opt/rustwide/target/debug/build/precomputed-hash/537e948e8edfb962/out -L dependency=/opt/rustwide/target/debug/build/proc-macro2/a2d87d99a0278af7/out -L dependency=/opt/rustwide/target/debug/build/quick-xml/4b88d2c31a85420f/out -L dependency=/opt/rustwide/target/debug/build/regex-automata/6d0b5d5e5d9a1934/out -L dependency=/opt/rustwide/target/debug/build/regex-syntax/f8ed72d78990c0ba/out -L dependency=/opt/rustwide/target/debug/build/regex/13b4460dba5abfd6/out -L dependency=/opt/rustwide/target/debug/build/rustc-hash/417d1844ec2127b9/out -L dependency=/opt/rustwide/target/debug/build/same-file/d0318c27bac25c56/out -L dependency=/opt/rustwide/target/debug/build/schemars_derive/9fcea03ffd2bef36/out -L dependency=/opt/rustwide/target/debug/build/scopeguard/22e389c5edc90715/out -L dependency=/opt/rustwide/target/debug/build/selectors/2192aad3c2d1a38b/out -L dependency=/opt/rustwide/target/debug/build/semver/a6276097f088c613/out -L dependency=/opt/rustwide/target/debug/build/serde/e6eb9364dccba1bf/out -L dependency=/opt/rustwide/target/debug/build/serde_core/013fdac01c174124/out -L dependency=/opt/rustwide/target/debug/build/serde_derive/f70af590d92f08fa/out -L dependency=/opt/rustwide/target/debug/build/serde_json/407d5a4f93c8b213/out -L dependency=/opt/rustwide/target/debug/build/serde_spanned/3ab507901c128d29/out -L dependency=/opt/rustwide/target/debug/build/serde_with_macros/ef852188eec97618/out -L dependency=/opt/rustwide/target/debug/build/servo_arc/a454d32a2ed1a395/out -L dependency=/opt/rustwide/target/debug/build/siphasher/7703005b7a34f1d2/out -L dependency=/opt/rustwide/target/debug/build/smallvec/f002a74aede8c00e/out -L dependency=/opt/rustwide/target/debug/build/stable_deref_trait/7ec5d9b2284a889a/out -L dependency=/opt/rustwide/target/debug/build/string_cache/d9af258840eaadb6/out -L dependency=/opt/rustwide/target/debug/build/tendril/7af5126bbe8bb62d/out -L dependency=/opt/rustwide/target/debug/build/thiserror-impl/00bde5487b05d959/out -L dependency=/opt/rustwide/target/debug/build/thiserror-impl/18af85c6aa362430/out -L dependency=/opt/rustwide/target/debug/build/thiserror/4395687f2e2a8622/out -L dependency=/opt/rustwide/target/debug/build/thiserror/d0257679514814fc/out -L dependency=/opt/rustwide/target/debug/build/time-core/de8249f7ee18910e/out -L dependency=/opt/rustwide/target/debug/build/time/2adb34df7eee5593/out -L dependency=/opt/rustwide/target/debug/build/tinystr/b1aae733e4eef7cd/out -L dependency=/opt/rustwide/target/debug/build/toml_datetime/94f2a06f4d497a8e/out -L dependency=/opt/rustwide/target/debug/build/toml_parser/a5e6f986135fc2a0/out -L dependency=/opt/rustwide/target/debug/build/toml_writer/e9354ffb8d446ab2/out -L dependency=/opt/rustwide/target/debug/build/typeid/5ee579849530ca46/out -L dependency=/opt/rustwide/target/debug/build/unic-char-property/72b78f8d8a650d82/out -L dependency=/opt/rustwide/target/debug/build/unic-char-range/d34d4d4e5bf037ec/out -L dependency=/opt/rustwide/target/debug/build/unic-common/d348f1ffc33cc1b6/out -L dependency=/opt/rustwide/target/debug/build/unic-ucd-ident/18c498c6ca86b3ee/out -L dependency=/opt/rustwide/target/debug/build/unic-ucd-version/e9cb1a3bf84fd16a/out -L dependency=/opt/rustwide/target/debug/build/unicode-ident/8c98a1a0e58216a9/out -L dependency=/opt/rustwide/target/debug/build/url/a998479e3528eda2/out -L dependency=/opt/rustwide/target/debug/build/utf-8/6c6ea5e2cf9fa100/out -L dependency=/opt/rustwide/target/debug/build/utf8_iter/83d48b7642e6f3cb/out -L dependency=/opt/rustwide/target/debug/build/uuid/a045b2042d2246e2/out -L dependency=/opt/rustwide/target/debug/build/web_atoms/318b77e674830ab5/out -L dependency=/opt/rustwide/target/debug/build/winnow/c2ac88eef162ff03/out -L dependency=/opt/rustwide/target/debug/build/writeable/7d7c037a1a27ba38/out -L dependency=/opt/rustwide/target/debug/build/yoke-derive/478d43df57526621/out -L dependency=/opt/rustwide/target/debug/build/yoke/32b1f708c6f3369c/out -L dependency=/opt/rustwide/target/debug/build/zerofrom-derive/e77a84b5ab4f7553/out -L dependency=/opt/rustwide/target/debug/build/zerofrom/4d272759d07bda70/out -L dependency=/opt/rustwide/target/debug/build/zerotrie/538ff165e007d137/out -L dependency=/opt/rustwide/target/debug/build/zerovec-derive/fddab31cdfed244e/out -L dependency=/opt/rustwide/target/debug/build/zerovec/9e219799242a63d7/out -L dependency=/opt/rustwide/target/debug/build/zmij/2daadf050838570a/out --extern anyhow=/opt/rustwide/target/debug/build/anyhow/74152a885211d1a5/out/libanyhow-74152a885211d1a5.rmeta --extern brotli=/opt/rustwide/target/debug/build/brotli/798da372df1b9f54/out/libbrotli-798da372df1b9f54.rmeta --extern cargo_metadata=/opt/rustwide/target/debug/build/cargo_metadata/b83a66c018cdf569/out/libcargo_metadata-b83a66c018cdf569.rmeta --extern ctor=/opt/rustwide/target/debug/build/ctor/1b44ac9100fc0057/out/libctor-1b44ac9100fc0057.rmeta --extern dom_query=/opt/rustwide/target/debug/build/dom_query/415100dd7851e49d/out/libdom_query-415100dd7851e49d.rmeta --extern dunce=/opt/rustwide/target/debug/build/dunce/17efee76a01ab9cf/out/libdunce-17efee76a01ab9cf.rmeta --extern glob=/opt/rustwide/target/debug/build/glob/2a70d14a7a68e908/out/libglob-2a70d14a7a68e908.rmeta --extern http=/opt/rustwide/target/debug/build/http/961cea2ec21b789b/out/libhttp-961cea2ec21b789b.rmeta --extern infer=/opt/rustwide/target/debug/build/infer/e5ed1debd9e83e69/out/libinfer-e5ed1debd9e83e69.rmeta --extern json_patch=/opt/rustwide/target/debug/build/json-patch/b64e28b40d36ba3d/out/libjson_patch-b64e28b40d36ba3d.rmeta --extern log=/opt/rustwide/target/debug/build/log/3ed344fefb710324/out/liblog-3ed344fefb710324.rmeta --extern memchr=/opt/rustwide/target/debug/build/memchr/9f16a2ed58d5c44b/out/libmemchr-9f16a2ed58d5c44b.rmeta --extern phf=/opt/rustwide/target/debug/build/phf/fb0325be33e551c1/out/libphf-fb0325be33e551c1.rmeta --extern plist=/opt/rustwide/target/debug/build/plist/9b273c4feacbae0a/out/libplist-9b273c4feacbae0a.rmeta --extern proc_macro2=/opt/rustwide/target/debug/build/proc-macro2/a2d87d99a0278af7/out/libproc_macro2-a2d87d99a0278af7.rmeta --extern quote=/opt/rustwide/target/debug/build/quote/2ea4bb573c4892b3/out/libquote-2ea4bb573c4892b3.rmeta --extern regex=/opt/rustwide/target/debug/build/regex/13b4460dba5abfd6/out/libregex-13b4460dba5abfd6.rmeta --extern schemars=/opt/rustwide/target/debug/build/schemars/63a08037125c2433/out/libschemars-63a08037125c2433.rmeta --extern semver=/opt/rustwide/target/debug/build/semver/a6276097f088c613/out/libsemver-a6276097f088c613.rmeta --extern serde=/opt/rustwide/target/debug/build/serde/e6eb9364dccba1bf/out/libserde-e6eb9364dccba1bf.rmeta --extern serde_untagged=/opt/rustwide/target/debug/build/serde-untagged/c1657cdc8e1ff2f6/out/libserde_untagged-c1657cdc8e1ff2f6.rmeta --extern serde_json=/opt/rustwide/target/debug/build/serde_json/407d5a4f93c8b213/out/libserde_json-407d5a4f93c8b213.rmeta --extern serde_with=/opt/rustwide/target/debug/build/serde_with/7a48d1064974854b/out/libserde_with-7a48d1064974854b.rmeta --extern thiserror=/opt/rustwide/target/debug/build/thiserror/4395687f2e2a8622/out/libthiserror-4395687f2e2a8622.rmeta --extern toml=/opt/rustwide/target/debug/build/toml/670a8c0a83c338bb/out/libtoml-670a8c0a83c338bb.rmeta --extern url=/opt/rustwide/target/debug/build/url/a998479e3528eda2/out/liburl-a998479e3528eda2.rmeta --extern urlpattern=/opt/rustwide/target/debug/build/urlpattern/85bf64be27595fde/out/liburlpattern-85bf64be27595fde.rmeta --extern uuid=/opt/rustwide/target/debug/build/uuid/a045b2042d2246e2/out/libuuid-a045b2042d2246e2.rmeta --extern walkdir=/opt/rustwide/target/debug/build/walkdir/a30c0625979b09c8/out/libwalkdir-a30c0625979b09c8.rmeta --cap-lints allow --cap-lints=forbid --force-warn=unused_crate_dependencies` (signal: 9, SIGKILL: kill)
[INFO] [stderr] warning: build failed, waiting for other jobs to finish...
[INFO] [stdout] warning: constant `WINDOWS_USER_ENV_KEY` is never used
[INFO] [stdout]  --> crates/codex-plus-core/src/env_conflicts.rs:4:7
[INFO] [stdout]   |
[INFO] [stdout] 4 | const WINDOWS_USER_ENV_KEY: &str = "Environment";
[INFO] [stdout]   |       ^^^^^^^^^^^^^^^^^^^^
[INFO] [stdout]   |
[INFO] [stdout]   = note: `#[warn(dead_code)]` (part of `#[warn(unused)]`) on by default
[INFO] [stdout] 
[INFO] [stdout] 
[INFO] [stdout] warning: trait `Pipe` is never used
[INFO] [stdout]    --> crates/codex-plus-core/src/env_conflicts.rs:187:7
[INFO] [stdout]     |
[INFO] [stdout] 187 | trait Pipe: Sized {
[INFO] [stdout]     |       ^^^^
[INFO] [stdout] 
[INFO] [stdout] 
[INFO] [stdout] warning: constant `UNINSTALL_SUBKEY` is never used
[INFO] [stdout]  --> crates/codex-plus-core/src/install/windows.rs:8:7
[INFO] [stdout]   |
[INFO] [stdout] 8 | const UNINSTALL_SUBKEY: &str = r"Software\Microsoft\Windows\CurrentVersion\Uninstall\CodexPlusPlus";
[INFO] [stdout]   |       ^^^^^^^^^^^^^^^^
[INFO] [stdout] 
[INFO] [stdout] 
[INFO] [stdout] warning: constant `LEGACY_UNINSTALL_SUBKEY` is never used
[INFO] [stdout]  --> crates/codex-plus-core/src/install/windows.rs:9:7
[INFO] [stdout]   |
[INFO] [stdout] 9 | const LEGACY_UNINSTALL_SUBKEY: &str =
[INFO] [stdout]   |       ^^^^^^^^^^^^^^^^^^^^^^^
[INFO] [stdout] 
[INFO] [stdout] 
[INFO] [stdout] warning: constant `URL_PROTOCOL_SUBKEY` is never used
[INFO] [stdout]   --> crates/codex-plus-core/src/install/windows.rs:11:7
[INFO] [stdout]    |
[INFO] [stdout] 11 | const URL_PROTOCOL_SUBKEY: &str = r"Software\Classes\codexplusplus";
[INFO] [stdout]    |       ^^^^^^^^^^^^^^^^^^^
[INFO] [stdout] 
[INFO] [stdout] 
[INFO] [stdout] warning: constant `DREAM_SKIN_URL_PROTOCOL_SUBKEY` is never used
[INFO] [stdout]   --> crates/codex-plus-core/src/install/windows.rs:12:7
[INFO] [stdout]    |
[INFO] [stdout] 12 | const DREAM_SKIN_URL_PROTOCOL_SUBKEY: &str = r"Software\Classes\dreamskin";
[INFO] [stdout]    |       ^^^^^^^^^^^^^^^^^^^^^^^^^^^^^^
[INFO] [stdout] 
[INFO] [stdout] 
[INFO] [stdout] warning: static `PET_CURSOR_DRIVER_FAILED` is never used
[INFO] [stdout]   --> crates/codex-plus-core/src/launcher.rs:23:8
[INFO] [stdout]    |
[INFO] [stdout] 23 | static PET_CURSOR_DRIVER_FAILED: AtomicBool = AtomicBool::new(false);
[INFO] [stdout]    |        ^^^^^^^^^^^^^^^^^^^^^^^^
[INFO] [stdout] 
[INFO] [stdout] 
[INFO] [stdout] warning: function `confirmed_pet_overlay_targets` is never used
[INFO] [stdout]     --> crates/codex-plus-core/src/launcher.rs:2427:10
[INFO] [stdout]      |
[INFO] [stdout] 2427 | async fn confirmed_pet_overlay_targets(
[INFO] [stdout]      |          ^^^^^^^^^^^^^^^^^^^^^^^^^^^^^
[INFO] [stdout] 
[INFO] [stdout] 
[INFO] [stdout] warning: constant `RESTART_STOP_WAIT_INTERVAL_MS` is never used
[INFO] [stdout]   --> crates/codex-plus-core/src/watcher.rs:15:7
[INFO] [stdout]    |
[INFO] [stdout] 15 | const RESTART_STOP_WAIT_INTERVAL_MS: u64 = 100;
[INFO] [stdout]    |       ^^^^^^^^^^^^^^^^^^^^^^^^^^^^^
[INFO] [stdout] 
[INFO] [stdout] 
[INFO] [stderr] warning: unused dependency `aes-gcm`
[INFO] [stderr]  --> crates/codex-plus-core/Cargo.toml:9:1
[INFO] [stderr]   |
[INFO] [stderr] 9 | aes-gcm.workspace = true
[INFO] [stderr]   | ^^^^^^^
[INFO] [stderr]   |
[INFO] [stderr]   = note: `cargo::unused_dependencies` is set to `warn` by default
[INFO] [stderr] help: consider removing the dependency on `aes-gcm`
[INFO] [stderr] warning: `codex-plus-core` (manifest) generated 1 warning
[INFO] [stderr] warning: unused dependency `winresource`
[INFO] [stderr]   --> apps/codex-plus-launcher/Cargo.toml:22:1
[INFO] [stderr]    |
[INFO] [stderr] 22 | winresource.workspace = true
[INFO] [stderr]    | ^^^^^^^^^^^
[INFO] [stderr]    |
[INFO] [stderr]    = note: `cargo::unused_dependencies` is set to `warn` by default
[INFO] [stderr] help: consider removing the dependency on `winresource`
[INFO] [stderr] warning: `codex-plus-launcher` (manifest) generated 1 warning
[INFO] running `Command { std: "docker" "inspect" "e499dda31d33c6a87bdd179fde951d811feb2c595031e171428611de27096f3d", kill_on_drop: false }`
[INFO] running `Command { std: "docker" "rm" "-f" "e499dda31d33c6a87bdd179fde951d811feb2c595031e171428611de27096f3d", kill_on_drop: false }`
[INFO] [stdout] e499dda31d33c6a87bdd179fde951d811feb2c595031e171428611de27096f3d
