[INFO] cloning repository https://github.com/jimmystridh/streamdeckd
[INFO] running `Command { std: "git" "-c" "credential.helper=" "-c" "credential.helper=/workspace/cargo-home/bin/git-credential-null" "clone" "--bare" "https://github.com/jimmystridh/streamdeckd" "/workspace/cache/git-repos/https%3A%2F%2Fgithub.com%2Fjimmystridh%2Fstreamdeckd", kill_on_drop: false }`
[INFO] [stderr] Cloning into bare repository '/workspace/cache/git-repos/https%3A%2F%2Fgithub.com%2Fjimmystridh%2Fstreamdeckd'...
[INFO] running `Command { std: "git" "rev-parse" "HEAD", kill_on_drop: false }`
[INFO] [stdout] 7f1f776fb9e2564bfa5af0f74ff665f3a6e900aa
[INFO] checking jimmystridh/streamdeckd against 3154cc1a3e6424e44f438a95007d043ed5ceaaf6 for pr-133502-30
[INFO] running `Command { std: "git" "clone" "/workspace/cache/git-repos/https%3A%2F%2Fgithub.com%2Fjimmystridh%2Fstreamdeckd" "/workspace/builds/worker-1-tc2/source", kill_on_drop: false }`
[INFO] [stderr] Cloning into '/workspace/builds/worker-1-tc2/source'...
[INFO] [stderr] done.
[INFO] started tweaking git repo https://github.com/jimmystridh/streamdeckd
[INFO] finished tweaking git repo https://github.com/jimmystridh/streamdeckd
[INFO] tweaked toml for git repo https://github.com/jimmystridh/streamdeckd written to /workspace/builds/worker-1-tc2/source/Cargo.toml
[INFO] validating manifest of git repo https://github.com/jimmystridh/streamdeckd on toolchain 3154cc1a3e6424e44f438a95007d043ed5ceaaf6
[INFO] running `Command { std: CARGO_HOME="/workspace/cargo-home" RUSTUP_HOME="/workspace/rustup-home" "/workspace/cargo-home/bin/cargo" "+3154cc1a3e6424e44f438a95007d043ed5ceaaf6" "metadata" "--manifest-path" "Cargo.toml" "--no-deps", kill_on_drop: false }`
[INFO] crate git repo https://github.com/jimmystridh/streamdeckd already has a lockfile, it will not be regenerated
[INFO] running `Command { std: CARGO_HOME="/workspace/cargo-home" RUSTUP_HOME="/workspace/rustup-home" "/workspace/cargo-home/bin/cargo" "+3154cc1a3e6424e44f438a95007d043ed5ceaaf6" "fetch" "--manifest-path" "Cargo.toml", kill_on_drop: false }`
[INFO] [stderr] warning: unused workspace dependency `rustybuzz`
[INFO] [stderr]   --> Cargo.toml:15:1
[INFO] [stderr]    |
[INFO] [stderr] 15 | rustybuzz = "0.20"
[INFO] [stderr]    | ^^^^^^^^^
[INFO] [stderr]    |
[INFO] [stderr]    = note: `cargo::unused_workspace_dependencies` is set to `warn` by default
[INFO] [stderr] help: consider removing the workspace dependency `rustybuzz`
[INFO] [stderr] warning: workspace (manifest) generated 1 warning
[INFO] [stderr]     Blocking waiting for file lock on package cache
[INFO] [stderr]     Blocking waiting for file lock on package cache
[INFO] running `Command { std: "docker" "create" "-v" "/var/lib/crater-agent-workspace/builds/worker-1-tc2/source:/opt/rustwide/workdir:ro,Z" "-v" "/var/lib/crater-agent-workspace/builds/worker-1-tc2/target:/opt/rustwide/target:rw,Z" "-v" "/var/lib/crater-agent-workspace/cargo-home:/opt/rustwide/cargo-home:ro,Z" "-v" "/var/lib/crater-agent-workspace/rustup-home:/opt/rustwide/rustup-home:ro,Z" "-m" "1610612736" "--network" "none" "ghcr.io/rust-lang/crates-build-env/linux@sha256:77db811e55d90add9212f6832c23229e3de5f1c1f9905e8cb07319ea15df73ac" "sleep" "infinity", kill_on_drop: false }`
[INFO] [stdout] 019428830f353717b8eb73379ad1a54adf8faaa41f30ba40030d24564ec4e215
[INFO] running `Command { std: "docker" "start" "019428830f353717b8eb73379ad1a54adf8faaa41f30ba40030d24564ec4e215", kill_on_drop: false }`
[INFO] running `Command { std: "docker" "inspect" "019428830f353717b8eb73379ad1a54adf8faaa41f30ba40030d24564ec4e215", kill_on_drop: false }`
[INFO] running `Command { std: "docker" "exec" "-e" "SOURCE_DIR=/opt/rustwide/workdir" "-e" "CARGO_HOME=/opt/rustwide/cargo-home" "-e" "RUSTUP_HOME=/opt/rustwide/rustup-home" "-e" "CARGO_TARGET_DIR=/opt/rustwide/target" "-w" "/opt/rustwide/workdir" "--user" "0:0" "019428830f353717b8eb73379ad1a54adf8faaa41f30ba40030d24564ec4e215" "/opt/rustwide/cargo-home/bin/cargo" "+3154cc1a3e6424e44f438a95007d043ed5ceaaf6" "metadata" "--no-deps" "--format-version=1", kill_on_drop: false }`
[INFO] running `Command { std: "docker" "inspect" "019428830f353717b8eb73379ad1a54adf8faaa41f30ba40030d24564ec4e215", kill_on_drop: false }`
[INFO] running `Command { std: "docker" "exec" "-e" "SOURCE_DIR=/opt/rustwide/workdir" "-e" "CARGO_HOME=/opt/rustwide/cargo-home" "-e" "RUSTUP_HOME=/opt/rustwide/rustup-home" "-e" "CARGO_TARGET_DIR=/opt/rustwide/target" "-e" "CARGO_INCREMENTAL=0" "-e" "RUST_BACKTRACE=full" "-e" "RUSTFLAGS=--cap-lints=forbid" "-e" "RUSTDOCFLAGS=--cap-lints=forbid" "-w" "/opt/rustwide/workdir" "--user" "0:0" "019428830f353717b8eb73379ad1a54adf8faaa41f30ba40030d24564ec4e215" "/opt/rustwide/cargo-home/bin/cargo" "+3154cc1a3e6424e44f438a95007d043ed5ceaaf6" "check" "--frozen" "--all" "--all-targets" "--message-format=json", kill_on_drop: false }`
[INFO] [stderr] warning: unused workspace dependency `rustybuzz`
[INFO] [stderr]   --> Cargo.toml:15:1
[INFO] [stderr]    |
[INFO] [stderr] 15 | rustybuzz = "0.20"
[INFO] [stderr]    | ^^^^^^^^^
[INFO] [stderr]    |
[INFO] [stderr]    = note: `cargo::unused_workspace_dependencies` is set to `warn` by default
[INFO] [stderr] help: consider removing the workspace dependency `rustybuzz`
[INFO] [stderr] warning: workspace (manifest) generated 1 warning
[INFO] [stderr]    Compiling libc v0.2.189
[INFO] [stderr]     Checking memchr v2.8.3
[INFO] [stderr]     Checking log v0.4.33
[INFO] [stderr]     Checking bytes v1.12.1
[INFO] [stderr]     Checking futures-core v0.3.33
[INFO] [stderr]    Compiling serde_core v1.0.229
[INFO] [stderr]    Compiling serde v1.0.229
[INFO] [stderr]    Compiling num-traits v0.2.19
[INFO] [stderr]    Compiling zmij v1.0.23
[INFO] [stderr]     Checking tracing-core v0.1.36
[INFO] [stderr]     Checking futures-sink v0.3.33
[INFO] [stderr]    Compiling serde_json v1.0.151
[INFO] [stderr]     Checking futures-io v0.3.33
[INFO] [stderr]    Compiling syn v2.0.119
[INFO] [stderr]    Compiling syn v3.0.3
[INFO] [stderr]     Checking futures-task v0.3.33
[INFO] [stderr]    Compiling cc v1.4.0
[INFO] [stderr]     Checking regex-syntax v0.8.11
[INFO] [stderr]     Checking siphasher v1.0.3
[INFO] [stderr]    Compiling thiserror v2.0.19
[INFO] [stderr]     Checking futures-channel v0.3.33
[INFO] [stderr]    Compiling chrono-tz v0.10.4
[INFO] [stderr]     Checking toml_write v0.1.2
[INFO] [stderr]     Checking phf_shared v0.12.1
[INFO] [stderr]     Checking winnow v0.7.15
[INFO] [stderr]     Checking phf v0.12.1
[INFO] [stderr]    Compiling getrandom v0.4.3
[INFO] [stderr]    Compiling anyhow v1.0.104
[INFO] [stderr]    Compiling zerocopy v0.8.55
[INFO] [stderr]     Checking smallvec v1.15.2
[INFO] [stderr]    Compiling libdbus-sys v0.2.7
[INFO] [stderr]     Checking fdeflate v0.3.7
[INFO] [stderr]     Checking http v1.4.2
[INFO] [stderr]    Compiling syn v1.0.109
[INFO] [stderr]     Checking bytemuck v1.25.2
[INFO] [stderr]    Compiling rustversion v1.0.23
[INFO] [stderr]     Checking aho-corasick v1.1.4
[INFO] [stderr]     Checking zeroize v1.9.0
[INFO] [stderr]     Checking rustls-pki-types v1.15.1
[INFO] [stderr]     Checking untrusted v0.9.0
[INFO] [stderr]     Checking zune-core v0.5.1
[INFO] [stderr]     Checking pxfm v0.1.30
[INFO] [stderr]    Compiling unicode-xid v0.2.6
[INFO] [stderr]     Checking clap_builder v4.6.2
[INFO] [stderr]     Checking zune-jpeg v0.5.15
[INFO] [stderr]     Checking http-body v1.1.0
[INFO] [stderr]     Checking png v0.18.1
[INFO] [stderr]    Compiling ring v0.17.14
[INFO] [stderr]     Checking lazy_static v1.5.0
[INFO] [stderr]     Checking byteorder-lite v0.1.0
[INFO] [stderr]     Checking errno v0.3.14
[INFO] [stderr]     Checking mio v1.2.2
[INFO] [stderr]     Checking signal-hook-registry v1.4.8
[INFO] [stderr]     Checking socket2 v0.6.5
[INFO] [stderr]     Checking getrandom v0.3.4
[INFO] [stderr]     Checking getrandom v0.2.17
[INFO] [stderr]     Checking rand_core v0.9.5
[INFO] [stderr]    Compiling rustls v0.23.42
[INFO] [stderr]    Compiling heck v0.4.1
[INFO] [stderr]     Checking regex-automata v0.4.16
[INFO] [stderr]    Compiling rustix v1.1.4
[INFO] [stderr]    Compiling nix v0.30.1
[INFO] [stderr]     Checking tiny-skia-path v0.11.4
[INFO] [stderr]     Checking png v0.17.16
[INFO] [stderr]    Compiling hidapi v2.6.6
[INFO] [stderr]    Compiling inotify-sys v0.1.8
[INFO] [stderr]     Checking compression-core v0.4.32
[INFO] [stderr]     Checking linux-raw-sys v0.12.1
[INFO] [stderr]     Checking compression-codecs v0.4.38
[INFO] [stderr]     Checking nix v0.27.1
[INFO] [stderr]     Checking sync_wrapper v1.0.2
[INFO] [stderr]     Checking uuid v1.24.0
[INFO] [stderr]     Checking ttf-parser v0.25.1
[INFO] [stderr]     Checking fastrand v1.9.0
[INFO] [stderr]     Checking waker-fn v1.2.0
[INFO] [stderr]     Checking parking v2.2.1
[INFO] [stderr]     Checking macaddr v1.0.1
[INFO] [stderr]    Compiling synstructure v0.12.6
[INFO] [stderr]     Checking fastrand v2.5.0
[INFO] [stderr]     Checking tiny-skia v0.11.4
[INFO] [stderr]     Checking futures-lite v1.13.0
[INFO] [stderr]     Checking dirs-sys v0.5.0
[INFO] [stderr]     Checking http-body-util v0.1.4
[INFO] [stderr]     Checking webpki-roots v1.0.9
[INFO] [stderr]     Checking same-file v1.0.6
[INFO] [stderr]     Checking walkdir v2.5.0
[INFO] [stderr]     Checking inotify v0.11.4
[INFO] [stderr]     Checking directories v6.0.0
[INFO] [stderr]     Checking moxcms v0.8.1
[INFO] [stderr]     Checking fs2 v0.4.3
[INFO] [stderr]     Checking sharded-slab v0.1.7
[INFO] [stderr]     Checking notify-types v2.1.0
[INFO] [stderr]     Checking thread_local v1.1.10
[INFO] [stderr]    Compiling custom_debug_derive v0.5.1
[INFO] [stderr]    Compiling streamdeckd v0.1.0 (/opt/rustwide/workdir/crates/streamdeckd)
[INFO] [stderr]     Checking nu-ansi-term v0.50.3
[INFO] [stderr]     Checking notify v8.2.0
[INFO] [stderr]     Checking wait-timeout v0.2.1
[INFO] [stderr]     Checking bit-vec v0.8.0
[INFO] [stderr]     Checking quick-error v1.2.3
[INFO] [stderr]     Checking rand_xorshift v0.4.0
[INFO] [stderr]     Checking custom_debug v0.5.1
[INFO] [stderr]     Checking unarray v0.1.4
[INFO] [stderr]    Compiling serde_derive v1.0.229
[INFO] [stderr]    Compiling thiserror-impl v2.0.19
[INFO] [stderr]    Compiling async-trait v0.1.91
[INFO] [stderr]    Compiling clap_derive v4.6.4
[INFO] [stderr]     Checking bit-set v0.8.0
[INFO] [stderr]     Checking tempfile v3.27.0
[INFO] [stderr]     Checking rusty-fork v0.3.1
[INFO] [stderr]     Checking clap v4.6.4
[INFO] [stderr]     Checking streamdeck-alert v0.1.0 (/opt/rustwide/workdir/crates/streamdeck-alert)
[INFO] [stdout] warning: variant `Start` is never constructed
[INFO] [stdout]   --> crates/streamdeck-alert/src/main.rs:34:5
[INFO] [stdout]    |
[INFO] [stdout] 33 | enum Choice {
[INFO] [stdout]    |      ------ variant in this enum
[INFO] [stdout] 34 |     Start,
[INFO] [stdout]    |     ^^^^^
[INFO] [stdout]    |
[INFO] [stdout]    = note: `Choice` has derived impls for the traits `Clone` and `Debug`, but these are intentionally ignored during dead code analysis
[INFO] [stdout]    = note: `#[warn(dead_code)]` (part of `#[warn(unused)]`) on by default
[INFO] [stdout] 
[INFO] [stdout] 
[INFO] [stderr]     Checking ppv-lite86 v0.2.21
[INFO] [stderr]    Compiling synstructure v0.13.2
[INFO] [stderr]     Checking rustls-webpki v0.103.13
[INFO] [stderr]     Checking regex v1.13.1
[INFO] [stderr]     Checking matchers v0.2.0
[INFO] [stderr]     Checking rand_chacha v0.9.0
[INFO] [stderr]    Compiling tokio-macros v2.7.1
[INFO] [stderr]    Compiling tracing-attributes v0.1.31
[INFO] [stderr]    Compiling zerofrom-derive v0.1.7
[INFO] [stderr]    Compiling yoke-derive v0.8.2
[INFO] [stderr]    Compiling displaydoc v0.2.6
[INFO] [stderr]    Compiling futures-macro v0.3.33
[INFO] [stderr]    Compiling zerovec-derive v0.11.3
[INFO] [stderr]    Compiling pin-project-internal v1.1.13
[INFO] [stderr]    Compiling strum_macros v0.25.3
[INFO] [stderr]    Compiling num-derive v0.4.2
[INFO] [stderr]     Checking rand v0.9.5
[INFO] [stderr]     Checking image v0.25.10
[INFO] [stderr]     Checking tokio v1.53.1
[INFO] [stderr]     Checking zerofrom v0.1.8
[INFO] [stderr]     Checking pin-project v1.1.13
[INFO] [stderr]     Checking futures-util v0.3.33
[INFO] [stderr]     Checking yoke v0.8.3
[INFO] [stderr]     Checking atomic-write-file v0.3.0
[INFO] [stderr]     Checking proptest v1.11.0
[INFO] [stderr]     Checking tracing v0.1.44
[INFO] [stderr]     Checking zerovec v0.11.6
[INFO] [stderr]     Checking zerotrie v0.2.4
[INFO] [stderr]     Checking strum v0.25.0
[INFO] [stderr]     Checking tracing-subscriber v0.3.23
[INFO] [stderr]     Checking toml_datetime v0.6.11
[INFO] [stderr]     Checking serde_spanned v0.6.9
[INFO] [stderr]     Checking chrono v0.4.45
[INFO] [stderr]     Checking serde_urlencoded v0.7.1
[INFO] [stderr]     Checking toml_edit v0.22.27
[INFO] [stderr]    Compiling bluer v0.16.1
[INFO] [stderr]     Checking tinystr v0.8.3
[INFO] [stderr]     Checking potential_utf v0.1.5
[INFO] [stderr]     Checking icu_collections v2.2.0
[INFO] [stderr]     Checking icu_locale_core v2.2.0
[INFO] [stderr]     Checking icu_provider v2.2.0
[INFO] [stderr]     Checking icu_properties v2.2.0
[INFO] [stderr]     Checking icu_normalizer v2.2.0
[INFO] [stderr]     Checking toml v0.8.23
[INFO] [stderr]     Checking idna_adapter v1.2.2
[INFO] [stderr]     Checking idna v1.1.0
[INFO] [stderr]     Checking url v2.5.8
[INFO] [stderr]     Checking dbus v0.9.12
[INFO] [stderr]     Checking futures-executor v0.3.33
[INFO] [stderr]     Checking futures v0.3.33
[INFO] [stderr]     Checking tokio-util v0.7.19
[INFO] [stderr]     Checking tokio-stream v0.1.19
[INFO] [stderr]     Checking tokio-rustls v0.26.4
[INFO] [stderr]     Checking async-compression v0.4.42
[INFO] [stderr]     Checking tower v0.5.3
[INFO] [stderr]     Checking elgato-streamdeck v0.13.1
[INFO] [stderr]     Checking dbus-crossroads v0.5.3
[INFO] [stderr]     Checking dbus-tokio v0.7.6
[INFO] [stderr]     Checking h2 v0.4.15
[INFO] [stderr]     Checking tower-http v0.6.11
[INFO] [stdout] error[E0277]: the trait bound `!: ReadAll` is not satisfied
[INFO] [stdout]    --> /opt/rustwide/cargo-home/registry/src/index.crates.io-1949cf8c6b5b557f/bluer-0.16.1/src/adapter.rs:244:21
[INFO] [stdout]     |
[INFO] [stdout] 244 |                     self.call_method("SetDiscoveryFilter", (self.discovery_filter().await.into_dict(),)).await?;
[INFO] [stdout]     |                     ^^^^^^^^^^^^^^^^^^^^^^^^^^^^^^^^^^^^^^^^^^^^^^^^^^^^^^^^^^^^^^^^^^^^^^^^^^^^^^^^^^^^ the trait `ReadAll` is not implemented for `!`
[INFO] [stdout]     |
[INFO] [stdout]    ::: /opt/rustwide/cargo-home/registry/src/index.crates.io-1949cf8c6b5b557f/bluer-0.16.1/src/lib.rs:196
[INFO] [stdout]     |
[INFO] [stdout] 196 | macro_rules! dbus_default_interface {
[INFO] [stdout]     |
[INFO] [stdout]     = help: the following other types implement trait `ReadAll`:
[INFO] [stdout]               ()
[INFO] [stdout]               (A,)
[INFO] [stdout]               (A, B)
[INFO] [stdout]               (A, B, C)
[INFO] [stdout]               (A, B, C, D)
[INFO] [stdout]               (A, B, C, D, E)
[INFO] [stdout]               (A, B, C, D, E, F)
[INFO] [stdout]               (A, B, C, D, E, F, G)
[INFO] [stdout]             and 34 others
[INFO] [stdout]     = note: this error might have been caused by changes to Rust's type-inference algorithm (see issue #148922 <https://github.com/rust-lang/rust/issues/148922> for more information)
[INFO] [stdout]     = help: you might have intended to use the type `()` here instead
[INFO] [stdout] note: required by a bound in `adapter::Adapter::call_method`
[INFO] [stdout]    --> /opt/rustwide/cargo-home/registry/src/index.crates.io-1949cf8c6b5b557f/bluer-0.16.1/src/lib.rs:226:16
[INFO] [stdout]     |
[INFO] [stdout] 223 |         async fn call_method<A, R>(&self, name: &str, args: A) -> crate::Result<R>
[INFO] [stdout] ...
[INFO] [stdout] 226 |             R: dbus::arg::ReadAll + std::fmt::Debug + 'static,
[INFO] [stdout]     |                ^^^^^^^^^^^^^^^^^^ required by this bound in `Adapter::call_method`
[INFO] [stdout]     |
[INFO] [stdout]    ::: /opt/rustwide/cargo-home/registry/src/index.crates.io-1949cf8c6b5b557f/bluer-0.16.1/src/adapter.rs:56
[INFO] [stdout]     |
[INFO] [stdout]  56 | impl Adapter {
[INFO] [stdout] ...
[INFO] [stdout] 261 |     dbus_default_interface!(INTERFACE);
[INFO] [stdout]     |     ---------------------------------- in this macro invocation
[INFO] [stdout] 
[INFO] [stdout] 
[INFO] [stdout] error[E0277]: the trait bound `!: ReadAll` is not satisfied
[INFO] [stdout]    --> /opt/rustwide/cargo-home/registry/src/index.crates.io-1949cf8c6b5b557f/bluer-0.16.1/src/adapter.rs:245:21
[INFO] [stdout]     |
[INFO] [stdout] 245 |                     self.call_method("StartDiscovery", ()).await?;
[INFO] [stdout]     |                     ^^^^^^^^^^^^^^^^^^^^^^^^^^^^^^^^^^^^^^ the trait `ReadAll` is not implemented for `!`
[INFO] [stdout]     |
[INFO] [stdout]    ::: /opt/rustwide/cargo-home/registry/src/index.crates.io-1949cf8c6b5b557f/bluer-0.16.1/src/lib.rs:196
[INFO] [stdout]     |
[INFO] [stdout] 196 | macro_rules! dbus_default_interface {
[INFO] [stdout]     |
[INFO] [stdout]     = help: the following other types implement trait `ReadAll`:
[INFO] [stdout]               ()
[INFO] [stdout]               (A,)
[INFO] [stdout]               (A, B)
[INFO] [stdout]               (A, B, C)
[INFO] [stdout]               (A, B, C, D)
[INFO] [stdout]               (A, B, C, D, E)
[INFO] [stdout]               (A, B, C, D, E, F)
[INFO] [stdout]               (A, B, C, D, E, F, G)
[INFO] [stdout]             and 34 others
[INFO] [stdout]     = note: this error might have been caused by changes to Rust's type-inference algorithm (see issue #148922 <https://github.com/rust-lang/rust/issues/148922> for more information)
[INFO] [stdout]     = help: you might have intended to use the type `()` here instead
[INFO] [stdout] note: required by a bound in `adapter::Adapter::call_method`
[INFO] [stdout]    --> /opt/rustwide/cargo-home/registry/src/index.crates.io-1949cf8c6b5b557f/bluer-0.16.1/src/lib.rs:226:16
[INFO] [stdout]     |
[INFO] [stdout] 223 |         async fn call_method<A, R>(&self, name: &str, args: A) -> crate::Result<R>
[INFO] [stdout] ...
[INFO] [stdout] 226 |             R: dbus::arg::ReadAll + std::fmt::Debug + 'static,
[INFO] [stdout]     |                ^^^^^^^^^^^^^^^^^^ required by this bound in `Adapter::call_method`
[INFO] [stdout]     |
[INFO] [stdout]    ::: /opt/rustwide/cargo-home/registry/src/index.crates.io-1949cf8c6b5b557f/bluer-0.16.1/src/adapter.rs:56
[INFO] [stdout]     |
[INFO] [stdout]  56 | impl Adapter {
[INFO] [stdout] ...
[INFO] [stdout] 261 |     dbus_default_interface!(INTERFACE);
[INFO] [stdout]     |     ---------------------------------- in this macro invocation
[INFO] [stdout] 
[INFO] [stdout] 
[INFO] [stdout] error[E0277]: the trait bound `!: ReadAll` is not satisfied
[INFO] [stdout]    --> /opt/rustwide/cargo-home/registry/src/index.crates.io-1949cf8c6b5b557f/bluer-0.16.1/src/adapter.rs:349:9
[INFO] [stdout]     |
[INFO] [stdout] 349 |         self.call_method("RemoveDevice", ((path),)).await?;
[INFO] [stdout]     |         ^^^^^^^^^^^^^^^^^^^^^^^^^^^^^^^^^^^^^^^^^^^ the trait `ReadAll` is not implemented for `!`
[INFO] [stdout]     |
[INFO] [stdout]    ::: /opt/rustwide/cargo-home/registry/src/index.crates.io-1949cf8c6b5b557f/bluer-0.16.1/src/lib.rs:196
[INFO] [stdout]     |
[INFO] [stdout] 196 | macro_rules! dbus_default_interface {
[INFO] [stdout]     |
[INFO] [stdout]     = help: the following other types implement trait `ReadAll`:
[INFO] [stdout]               ()
[INFO] [stdout]               (A,)
[INFO] [stdout]               (A, B)
[INFO] [stdout]               (A, B, C)
[INFO] [stdout]               (A, B, C, D)
[INFO] [stdout]               (A, B, C, D, E)
[INFO] [stdout]               (A, B, C, D, E, F)
[INFO] [stdout]               (A, B, C, D, E, F, G)
[INFO] [stdout]             and 34 others
[INFO] [stdout]     = note: this error might have been caused by changes to Rust's type-inference algorithm (see issue #148922 <https://github.com/rust-lang/rust/issues/148922> for more information)
[INFO] [stdout]     = help: you might have intended to use the type `()` here instead
[INFO] [stdout] note: required by a bound in `adapter::Adapter::call_method`
[INFO] [stdout]    --> /opt/rustwide/cargo-home/registry/src/index.crates.io-1949cf8c6b5b557f/bluer-0.16.1/src/lib.rs:226:16
[INFO] [stdout]     |
[INFO] [stdout] 223 |         async fn call_method<A, R>(&self, name: &str, args: A) -> crate::Result<R>
[INFO] [stdout] ...
[INFO] [stdout] 226 |             R: dbus::arg::ReadAll + std::fmt::Debug + 'static,
[INFO] [stdout]     |                ^^^^^^^^^^^^^^^^^^ required by this bound in `Adapter::call_method`
[INFO] [stdout]     |
[INFO] [stdout]    ::: /opt/rustwide/cargo-home/registry/src/index.crates.io-1949cf8c6b5b557f/bluer-0.16.1/src/adapter.rs:56
[INFO] [stdout]     |
[INFO] [stdout]  56 | impl Adapter {
[INFO] [stdout] ...
[INFO] [stdout] 261 |     dbus_default_interface!(INTERFACE);
[INFO] [stdout]     |     ---------------------------------- in this macro invocation
[INFO] [stdout] 
[INFO] [stdout] 
[INFO] [stdout] error[E0277]: the trait bound `!: ReadAll` is not satisfied
[INFO] [stdout]    --> /opt/rustwide/cargo-home/registry/src/index.crates.io-1949cf8c6b5b557f/bluer-0.16.1/src/adv.rs:310:15
[INFO] [stdout]     |
[INFO] [stdout] 310 |         proxy.method_call(MANAGER_INTERFACE, "RegisterAdvertisement", (name.clone(), PropMap::new())).await?;
[INFO] [stdout]     |               ^^^^^^^^^^^ the trait `ReadAll` is not implemented for `!`
[INFO] [stdout]     |
[INFO] [stdout]     = help: the following other types implement trait `ReadAll`:
[INFO] [stdout]               ()
[INFO] [stdout]               (A,)
[INFO] [stdout]               (A, B)
[INFO] [stdout]               (A, B, C)
[INFO] [stdout]               (A, B, C, D)
[INFO] [stdout]               (A, B, C, D, E)
[INFO] [stdout]               (A, B, C, D, E, F)
[INFO] [stdout]               (A, B, C, D, E, F, G)
[INFO] [stdout]             and 34 others
[INFO] [stdout]     = note: this error might have been caused by changes to Rust's type-inference algorithm (see issue #148922 <https://github.com/rust-lang/rust/issues/148922> for more information)
[INFO] [stdout]     = help: you might have intended to use the type `()` here instead
[INFO] [stdout] note: required by a bound in `dbus::nonblock::Proxy::<'a, C>::method_call`
[INFO] [stdout]    --> /opt/rustwide/cargo-home/registry/src/index.crates.io-1949cf8c6b5b557f/dbus-0.9.12/src/nonblock.rs:538:35
[INFO] [stdout]     |
[INFO] [stdout] 516 | impl<'a, T, C> Proxy<'a, C>
[INFO] [stdout] ...
[INFO] [stdout] 538 |     pub fn method_call<'i, 'm, R: ReadAll + 'static, A: AppendAll, I: Into<Interface<'i>>, M: Into<Member<'m>>>(&self, i: I, m: M, ...
[INFO] [stdout]     |                                   ^^^^^^^ required by this bound in `Proxy::<'a, C>::method_call`
[INFO] [stdout] 
[INFO] [stdout] 
[INFO] [stdout] error[E0277]: the trait bound `!: ReadAll` is not satisfied
[INFO] [stdout]    --> /opt/rustwide/cargo-home/registry/src/index.crates.io-1949cf8c6b5b557f/bluer-0.16.1/src/agent.rs:469:15
[INFO] [stdout]     |
[INFO] [stdout] 469 |         proxy.method_call(MANAGER_INTERFACE, "RegisterAgent", (name.clone(), capability)).await?;
[INFO] [stdout]     |               ^^^^^^^^^^^ the trait `ReadAll` is not implemented for `!`
[INFO] [stdout]     |
[INFO] [stdout]     = help: the following other types implement trait `ReadAll`:
[INFO] [stdout]               ()
[INFO] [stdout]               (A,)
[INFO] [stdout]               (A, B)
[INFO] [stdout]               (A, B, C)
[INFO] [stdout]               (A, B, C, D)
[INFO] [stdout]               (A, B, C, D, E)
[INFO] [stdout]               (A, B, C, D, E, F)
[INFO] [stdout]               (A, B, C, D, E, F, G)
[INFO] [stdout]             and 34 others
[INFO] [stdout]     = note: this error might have been caused by changes to Rust's type-inference algorithm (see issue #148922 <https://github.com/rust-lang/rust/issues/148922> for more information)
[INFO] [stdout]     = help: you might have intended to use the type `()` here instead
[INFO] [stdout] note: required by a bound in `dbus::nonblock::Proxy::<'a, C>::method_call`
[INFO] [stdout]    --> /opt/rustwide/cargo-home/registry/src/index.crates.io-1949cf8c6b5b557f/dbus-0.9.12/src/nonblock.rs:538:35
[INFO] [stdout]     |
[INFO] [stdout] 516 | impl<'a, T, C> Proxy<'a, C>
[INFO] [stdout] ...
[INFO] [stdout] 538 |     pub fn method_call<'i, 'm, R: ReadAll + 'static, A: AppendAll, I: Into<Interface<'i>>, M: Into<Member<'m>>>(&self, i: I, m: M, ...
[INFO] [stdout]     |                                   ^^^^^^^ required by this bound in `Proxy::<'a, C>::method_call`
[INFO] [stdout] 
[INFO] [stdout] 
[INFO] [stdout] error[E0277]: the trait bound `!: ReadAll` is not satisfied
[INFO] [stdout]    --> /opt/rustwide/cargo-home/registry/src/index.crates.io-1949cf8c6b5b557f/bluer-0.16.1/src/agent.rs:489:19
[INFO] [stdout]     |
[INFO] [stdout] 489 |             proxy.method_call(MANAGER_INTERFACE, "RequestDefaultAgent", (name.clone(),)).await?;
[INFO] [stdout]     |                   ^^^^^^^^^^^ the trait `ReadAll` is not implemented for `!`
[INFO] [stdout]     |
[INFO] [stdout]     = help: the following other types implement trait `ReadAll`:
[INFO] [stdout]               ()
[INFO] [stdout]               (A,)
[INFO] [stdout]               (A, B)
[INFO] [stdout]               (A, B, C)
[INFO] [stdout]               (A, B, C, D)
[INFO] [stdout]               (A, B, C, D, E)
[INFO] [stdout]               (A, B, C, D, E, F)
[INFO] [stdout]               (A, B, C, D, E, F, G)
[INFO] [stdout]             and 34 others
[INFO] [stdout]     = note: this error might have been caused by changes to Rust's type-inference algorithm (see issue #148922 <https://github.com/rust-lang/rust/issues/148922> for more information)
[INFO] [stdout]     = help: you might have intended to use the type `()` here instead
[INFO] [stdout] note: required by a bound in `dbus::nonblock::Proxy::<'a, C>::method_call`
[INFO] [stdout]    --> /opt/rustwide/cargo-home/registry/src/index.crates.io-1949cf8c6b5b557f/dbus-0.9.12/src/nonblock.rs:538:35
[INFO] [stdout]     |
[INFO] [stdout] 516 | impl<'a, T, C> Proxy<'a, C>
[INFO] [stdout] ...
[INFO] [stdout] 538 |     pub fn method_call<'i, 'm, R: ReadAll + 'static, A: AppendAll, I: Into<Interface<'i>>, M: Into<Member<'m>>>(&self, i: I, m: M, ...
[INFO] [stdout]     |                                   ^^^^^^^ required by this bound in `Proxy::<'a, C>::method_call`
[INFO] [stdout] 
[INFO] [stdout] 
[INFO] [stdout] error[E0277]: the trait bound `!: ReadAll` is not satisfied
[INFO] [stdout]     --> /opt/rustwide/cargo-home/registry/src/index.crates.io-1949cf8c6b5b557f/bluer-0.16.1/src/gatt/local.rs:1353:15
[INFO] [stdout]      |
[INFO] [stdout] 1353 |         proxy.method_call(MANAGER_INTERFACE, "RegisterApplication", (app_path.clone(), PropMap::new())).await?;
[INFO] [stdout]      |               ^^^^^^^^^^^ the trait `ReadAll` is not implemented for `!`
[INFO] [stdout]      |
[INFO] [stdout]      = help: the following other types implement trait `ReadAll`:
[INFO] [stdout]                ()
[INFO] [stdout]                (A,)
[INFO] [stdout]                (A, B)
[INFO] [stdout]                (A, B, C)
[INFO] [stdout]                (A, B, C, D)
[INFO] [stdout]                (A, B, C, D, E)
[INFO] [stdout]                (A, B, C, D, E, F)
[INFO] [stdout]                (A, B, C, D, E, F, G)
[INFO] [stdout]              and 34 others
[INFO] [stdout]      = note: this error might have been caused by changes to Rust's type-inference algorithm (see issue #148922 <https://github.com/rust-lang/rust/issues/148922> for more information)
[INFO] [stdout]      = help: you might have intended to use the type `()` here instead
[INFO] [stdout] note: required by a bound in `dbus::nonblock::Proxy::<'a, C>::method_call`
[INFO] [stdout]     --> /opt/rustwide/cargo-home/registry/src/index.crates.io-1949cf8c6b5b557f/dbus-0.9.12/src/nonblock.rs:538:35
[INFO] [stdout]      |
[INFO] [stdout]  516 | impl<'a, T, C> Proxy<'a, C>
[INFO] [stdout] ...
[INFO] [stdout]  538 |     pub fn method_call<'i, 'm, R: ReadAll + 'static, A: AppendAll, I: Into<Interface<'i>>, M: Into<Member<'m>>>(&self, i: I, m: M,...
[INFO] [stdout]      |                                   ^^^^^^^ required by this bound in `Proxy::<'a, C>::method_call`
[INFO] [stdout] 
[INFO] [stdout] 
[INFO] [stderr]     Checking streamdeck-core v0.1.0 (/opt/rustwide/workdir/crates/streamdeck-core)
[INFO] [stdout] error[E0277]: the trait bound `!: ReadAll` is not satisfied
[INFO] [stdout]     --> /opt/rustwide/cargo-home/registry/src/index.crates.io-1949cf8c6b5b557f/bluer-0.16.1/src/gatt/local.rs:1441:14
[INFO] [stdout]      |
[INFO] [stdout] 1441 |             .method_call(MANAGER_INTERFACE, "RegisterApplication", (profile_path.clone(), PropMap::new()))
[INFO] [stdout]      |              ^^^^^^^^^^^ the trait `ReadAll` is not implemented for `!`
[INFO] [stdout]      |
[INFO] [stdout]      = help: the following other types implement trait `ReadAll`:
[INFO] [stdout]                ()
[INFO] [stdout]                (A,)
[INFO] [stdout]                (A, B)
[INFO] [stdout]                (A, B, C)
[INFO] [stdout]                (A, B, C, D)
[INFO] [stdout]                (A, B, C, D, E)
[INFO] [stdout]                (A, B, C, D, E, F)
[INFO] [stdout]                (A, B, C, D, E, F, G)
[INFO] [stdout]              and 34 others
[INFO] [stdout]      = note: this error might have been caused by changes to Rust's type-inference algorithm (see issue #148922 <https://github.com/rust-lang/rust/issues/148922> for more information)
[INFO] [stdout]      = help: you might have intended to use the type `()` here instead
[INFO] [stdout] note: required by a bound in `dbus::nonblock::Proxy::<'a, C>::method_call`
[INFO] [stdout]     --> /opt/rustwide/cargo-home/registry/src/index.crates.io-1949cf8c6b5b557f/dbus-0.9.12/src/nonblock.rs:538:35
[INFO] [stdout]      |
[INFO] [stdout]  516 | impl<'a, T, C> Proxy<'a, C>
[INFO] [stdout] ...
[INFO] [stdout]  538 |     pub fn method_call<'i, 'm, R: ReadAll + 'static, A: AppendAll, I: Into<Interface<'i>>, M: Into<Member<'m>>>(&self, i: I, m: M,...
[INFO] [stdout]      |                                   ^^^^^^^ required by this bound in `Proxy::<'a, C>::method_call`
[INFO] [stdout] 
[INFO] [stdout] 
[INFO] [stdout] error[E0277]: the trait bound `!: ReadAll` is not satisfied
[INFO] [stdout]    --> /opt/rustwide/cargo-home/registry/src/index.crates.io-1949cf8c6b5b557f/bluer-0.16.1/src/gatt/remote.rs:333:9
[INFO] [stdout]     |
[INFO] [stdout] 333 |         self.call_method("WriteValue", (value, req.to_dict())).await?;
[INFO] [stdout]     |         ^^^^^^^^^^^^^^^^^^^^^^^^^^^^^^^^^^^^^^^^^^^^^^^^^^^^^^ the trait `ReadAll` is not implemented for `!`
[INFO] [stdout]     |
[INFO] [stdout]    ::: /opt/rustwide/cargo-home/registry/src/index.crates.io-1949cf8c6b5b557f/bluer-0.16.1/src/lib.rs:196
[INFO] [stdout]     |
[INFO] [stdout] 196 | macro_rules! dbus_default_interface {
[INFO] [stdout]     |
[INFO] [stdout]     = help: the following other types implement trait `ReadAll`:
[INFO] [stdout]               ()
[INFO] [stdout]               (A,)
[INFO] [stdout]               (A, B)
[INFO] [stdout]               (A, B, C)
[INFO] [stdout]               (A, B, C, D)
[INFO] [stdout]               (A, B, C, D, E)
[INFO] [stdout]               (A, B, C, D, E, F)
[INFO] [stdout]               (A, B, C, D, E, F, G)
[INFO] [stdout]             and 34 others
[INFO] [stdout]     = note: this error might have been caused by changes to Rust's type-inference algorithm (see issue #148922 <https://github.com/rust-lang/rust/issues/148922> for more information)
[INFO] [stdout]     = help: you might have intended to use the type `()` here instead
[INFO] [stdout] note: required by a bound in `remote::Characteristic::call_method`
[INFO] [stdout]    --> /opt/rustwide/cargo-home/registry/src/index.crates.io-1949cf8c6b5b557f/bluer-0.16.1/src/lib.rs:226:16
[INFO] [stdout]     |
[INFO] [stdout] 223 |         async fn call_method<A, R>(&self, name: &str, args: A) -> crate::Result<R>
[INFO] [stdout] ...
[INFO] [stdout] 226 |             R: dbus::arg::ReadAll + std::fmt::Debug + 'static,
[INFO] [stdout]     |                ^^^^^^^^^^^^^^^^^^ required by this bound in `Characteristic::call_method`
[INFO] [stdout]     |
[INFO] [stdout]    ::: /opt/rustwide/cargo-home/registry/src/index.crates.io-1949cf8c6b5b557f/bluer-0.16.1/src/gatt/remote.rs:204
[INFO] [stdout]     |
[INFO] [stdout] 204 | impl Characteristic {
[INFO] [stdout] ...
[INFO] [stdout] 447 |     dbus_default_interface!(CHARACTERISTIC_INTERFACE);
[INFO] [stdout]     |     ------------------------------------------------- in this macro invocation
[INFO] [stdout] 
[INFO] [stdout] 
[INFO] [stdout] error[E0277]: the trait bound `!: ReadAll` is not satisfied
[INFO] [stdout]    --> /opt/rustwide/cargo-home/registry/src/index.crates.io-1949cf8c6b5b557f/bluer-0.16.1/src/gatt/remote.rs:396:21
[INFO] [stdout]     |
[INFO] [stdout] 396 |                     self.call_method("StartNotify", ()).await?;
[INFO] [stdout]     |                     ^^^^^^^^^^^^^^^^^^^^^^^^^^^^^^^^^^^ the trait `ReadAll` is not implemented for `!`
[INFO] [stdout]     |
[INFO] [stdout]    ::: /opt/rustwide/cargo-home/registry/src/index.crates.io-1949cf8c6b5b557f/bluer-0.16.1/src/lib.rs:196
[INFO] [stdout]     |
[INFO] [stdout] 196 | macro_rules! dbus_default_interface {
[INFO] [stdout]     |
[INFO] [stdout]     = help: the following other types implement trait `ReadAll`:
[INFO] [stdout]               ()
[INFO] [stdout]               (A,)
[INFO] [stdout]               (A, B)
[INFO] [stdout]               (A, B, C)
[INFO] [stdout]               (A, B, C, D)
[INFO] [stdout]               (A, B, C, D, E)
[INFO] [stdout]               (A, B, C, D, E, F)
[INFO] [stdout]               (A, B, C, D, E, F, G)
[INFO] [stdout]             and 34 others
[INFO] [stdout]     = note: this error might have been caused by changes to Rust's type-inference algorithm (see issue #148922 <https://github.com/rust-lang/rust/issues/148922> for more information)
[INFO] [stdout]     = help: you might have intended to use the type `()` here instead
[INFO] [stdout] note: required by a bound in `remote::Characteristic::call_method`
[INFO] [stdout]    --> /opt/rustwide/cargo-home/registry/src/index.crates.io-1949cf8c6b5b557f/bluer-0.16.1/src/lib.rs:226:16
[INFO] [stdout]     |
[INFO] [stdout] 223 |         async fn call_method<A, R>(&self, name: &str, args: A) -> crate::Result<R>
[INFO] [stdout] ...
[INFO] [stdout] 226 |             R: dbus::arg::ReadAll + std::fmt::Debug + 'static,
[INFO] [stdout]     |                ^^^^^^^^^^^^^^^^^^ required by this bound in `Characteristic::call_method`
[INFO] [stdout]     |
[INFO] [stdout]    ::: /opt/rustwide/cargo-home/registry/src/index.crates.io-1949cf8c6b5b557f/bluer-0.16.1/src/gatt/remote.rs:204
[INFO] [stdout]     |
[INFO] [stdout] 204 | impl Characteristic {
[INFO] [stdout] ...
[INFO] [stdout] 447 |     dbus_default_interface!(CHARACTERISTIC_INTERFACE);
[INFO] [stdout]     |     ------------------------------------------------- in this macro invocation
[INFO] [stdout] 
[INFO] [stdout] 
[INFO] [stdout] error[E0277]: the trait bound `!: ReadAll` is not satisfied
[INFO] [stdout]    --> /opt/rustwide/cargo-home/registry/src/index.crates.io-1949cf8c6b5b557f/bluer-0.16.1/src/gatt/remote.rs:680:9
[INFO] [stdout]     |
[INFO] [stdout] 680 |         self.call_method("WriteValue", (value, req.to_dict())).await?;
[INFO] [stdout]     |         ^^^^^^^^^^^^^^^^^^^^^^^^^^^^^^^^^^^^^^^^^^^^^^^^^^^^^^ the trait `ReadAll` is not implemented for `!`
[INFO] [stdout]     |
[INFO] [stdout]    ::: /opt/rustwide/cargo-home/registry/src/index.crates.io-1949cf8c6b5b557f/bluer-0.16.1/src/lib.rs:196
[INFO] [stdout]     |
[INFO] [stdout] 196 | macro_rules! dbus_default_interface {
[INFO] [stdout]     |
[INFO] [stdout]     = help: the following other types implement trait `ReadAll`:
[INFO] [stdout]               ()
[INFO] [stdout]               (A,)
[INFO] [stdout]               (A, B)
[INFO] [stdout]               (A, B, C)
[INFO] [stdout]               (A, B, C, D)
[INFO] [stdout]               (A, B, C, D, E)
[INFO] [stdout]               (A, B, C, D, E, F)
[INFO] [stdout]               (A, B, C, D, E, F, G)
[INFO] [stdout]             and 34 others
[INFO] [stdout]     = note: this error might have been caused by changes to Rust's type-inference algorithm (see issue #148922 <https://github.com/rust-lang/rust/issues/148922> for more information)
[INFO] [stdout]     = help: you might have intended to use the type `()` here instead
[INFO] [stdout] note: required by a bound in `remote::Descriptor::call_method`
[INFO] [stdout]    --> /opt/rustwide/cargo-home/registry/src/index.crates.io-1949cf8c6b5b557f/bluer-0.16.1/src/lib.rs:226:16
[INFO] [stdout]     |
[INFO] [stdout] 223 |         async fn call_method<A, R>(&self, name: &str, args: A) -> crate::Result<R>
[INFO] [stdout] ...
[INFO] [stdout] 226 |             R: dbus::arg::ReadAll + std::fmt::Debug + 'static,
[INFO] [stdout]     |                ^^^^^^^^^^^^^^^^^^ required by this bound in `Descriptor::call_method`
[INFO] [stdout]     |
[INFO] [stdout]    ::: /opt/rustwide/cargo-home/registry/src/index.crates.io-1949cf8c6b5b557f/bluer-0.16.1/src/gatt/remote.rs:571
[INFO] [stdout]     |
[INFO] [stdout] 571 | impl Descriptor {
[INFO] [stdout] ...
[INFO] [stdout] 652 |     dbus_default_interface!(DESCRIPTOR_INTERFACE);
[INFO] [stdout]     |     --------------------------------------------- in this macro invocation
[INFO] [stdout] 
[INFO] [stdout] 
[INFO] [stdout] error[E0277]: the trait bound `!: ReadAll` is not satisfied
[INFO] [stdout]    --> /opt/rustwide/cargo-home/registry/src/index.crates.io-1949cf8c6b5b557f/bluer-0.16.1/src/monitor.rs:401:15
[INFO] [stdout]     |
[INFO] [stdout] 401 |         proxy.method_call(MANAGER_INTERFACE, "RegisterMonitor", (root.clone(),)).await?;
[INFO] [stdout]     |               ^^^^^^^^^^^ the trait `ReadAll` is not implemented for `!`
[INFO] [stdout]     |
[INFO] [stdout]     = help: the following other types implement trait `ReadAll`:
[INFO] [stdout]               ()
[INFO] [stdout]               (A,)
[INFO] [stdout]               (A, B)
[INFO] [stdout]               (A, B, C)
[INFO] [stdout]               (A, B, C, D)
[INFO] [stdout]               (A, B, C, D, E)
[INFO] [stdout]               (A, B, C, D, E, F)
[INFO] [stdout]               (A, B, C, D, E, F, G)
[INFO] [stdout]             and 34 others
[INFO] [stdout]     = note: this error might have been caused by changes to Rust's type-inference algorithm (see issue #148922 <https://github.com/rust-lang/rust/issues/148922> for more information)
[INFO] [stdout]     = help: you might have intended to use the type `()` here instead
[INFO] [stdout] note: required by a bound in `dbus::nonblock::Proxy::<'a, C>::method_call`
[INFO] [stdout]    --> /opt/rustwide/cargo-home/registry/src/index.crates.io-1949cf8c6b5b557f/dbus-0.9.12/src/nonblock.rs:538:35
[INFO] [stdout]     |
[INFO] [stdout] 516 | impl<'a, T, C> Proxy<'a, C>
[INFO] [stdout] ...
[INFO] [stdout] 538 |     pub fn method_call<'i, 'm, R: ReadAll + 'static, A: AppendAll, I: Into<Interface<'i>>, M: Into<Member<'m>>>(&self, i: I, m: M, ...
[INFO] [stdout]     |                                   ^^^^^^^ required by this bound in `Proxy::<'a, C>::method_call`
[INFO] [stdout] 
[INFO] [stdout] 
[INFO] [stderr]     Checking hyper v1.11.0
[INFO] [stderr]     Checking hyper-util v0.1.20
[INFO] [stdout] For more information about this error, try `rustc --explain E0277`.
[INFO] [stdout] 
[INFO] [stderr] error: could not compile `bluer` (lib) due to 12 previous errors
[INFO] [stderr] warning: build failed, waiting for other jobs to finish...
[INFO] [stderr] warning: unused dependency `anyhow`
[INFO] [stderr]   --> crates/streamdeck-core/Cargo.toml:12:1
[INFO] [stderr]    |
[INFO] [stderr] 12 | anyhow.workspace = true
[INFO] [stderr]    | ^^^^^^
[INFO] [stderr]    |
[INFO] [stderr]    = note: `cargo::unused_dependencies` is set to `warn` by default
[INFO] [stderr] help: consider removing the dependency on `anyhow`
[INFO] [stderr] warning: unused dependency `tracing`
[INFO] [stderr]   --> crates/streamdeck-core/Cargo.toml:19:1
[INFO] [stderr]    |
[INFO] [stderr] 19 | tracing.workspace = true
[INFO] [stderr]    | ^^^^^^^
[INFO] [stderr]    |
[INFO] [stderr] help: consider removing the dependency on `tracing`
[INFO] [stderr] warning: `streamdeck-core` (manifest) generated 2 warnings
[INFO] running `Command { std: "docker" "inspect" "019428830f353717b8eb73379ad1a54adf8faaa41f30ba40030d24564ec4e215", kill_on_drop: false }`
[INFO] running `Command { std: "docker" "rm" "-f" "019428830f353717b8eb73379ad1a54adf8faaa41f30ba40030d24564ec4e215", kill_on_drop: false }`
[INFO] [stdout] 019428830f353717b8eb73379ad1a54adf8faaa41f30ba40030d24564ec4e215
