[INFO] cloning repository https://github.com/jimmystridh/applecider
[INFO] running `Command { std: "git" "-c" "credential.helper=" "-c" "credential.helper=/workspace/cargo-home/bin/git-credential-null" "clone" "--bare" "https://github.com/jimmystridh/applecider" "/workspace/cache/git-repos/https%3A%2F%2Fgithub.com%2Fjimmystridh%2Fapplecider", kill_on_drop: false }`
[INFO] [stderr] Cloning into bare repository '/workspace/cache/git-repos/https%3A%2F%2Fgithub.com%2Fjimmystridh%2Fapplecider'...
[INFO] running `Command { std: "git" "rev-parse" "HEAD", kill_on_drop: false }`
[INFO] [stdout] d7e931ee635b3431d59da4fdba278ef0770674d0
[INFO] checking jimmystridh/applecider against 3154cc1a3e6424e44f438a95007d043ed5ceaaf6+rustflags=-Znext-solver=coherence for pr-133502-30
[INFO] running `Command { std: "git" "clone" "/workspace/cache/git-repos/https%3A%2F%2Fgithub.com%2Fjimmystridh%2Fapplecider" "/workspace/builds/worker-1-tc1/source", kill_on_drop: false }`
[INFO] [stderr] Cloning into '/workspace/builds/worker-1-tc1/source'...
[INFO] [stderr] done.
[INFO] started tweaking git repo https://github.com/jimmystridh/applecider
[INFO] finished tweaking git repo https://github.com/jimmystridh/applecider
[INFO] tweaked toml for git repo https://github.com/jimmystridh/applecider written to /workspace/builds/worker-1-tc1/source/Cargo.toml
[INFO] validating manifest of git repo https://github.com/jimmystridh/applecider on toolchain 3154cc1a3e6424e44f438a95007d043ed5ceaaf6
[INFO] running `Command { std: CARGO_HOME="/workspace/cargo-home" RUSTUP_HOME="/workspace/rustup-home" "/workspace/cargo-home/bin/cargo" "+3154cc1a3e6424e44f438a95007d043ed5ceaaf6" "metadata" "--manifest-path" "Cargo.toml" "--no-deps", kill_on_drop: false }`
[INFO] crate git repo https://github.com/jimmystridh/applecider already has a lockfile, it will not be regenerated
[INFO] running `Command { std: CARGO_HOME="/workspace/cargo-home" RUSTUP_HOME="/workspace/rustup-home" "/workspace/cargo-home/bin/cargo" "+3154cc1a3e6424e44f438a95007d043ed5ceaaf6" "fetch" "--manifest-path" "Cargo.toml", kill_on_drop: false }`
[INFO] [stderr]     Updating crates.io index
[INFO] [stderr]  Downloading crates ...
[INFO] [stderr]   Downloaded applesauce-core v0.4.12
[INFO] [stderr]   Downloaded resource-fork v0.3.10
[INFO] [stderr]   Downloaded jwalk v0.8.1
[INFO] [stderr]   Downloaded lzfse-sys v2.0.0
[INFO] [stderr]   Downloaded applesauce v0.8.8
[INFO] [stderr]   Downloaded libdeflater v1.25.2
[INFO] [stderr]   Downloaded libdeflate-sys v1.25.2
[INFO] running `Command { std: "docker" "create" "-v" "/var/lib/crater-agent-workspace/builds/worker-1-tc1/source:/opt/rustwide/workdir:ro,Z" "-v" "/var/lib/crater-agent-workspace/builds/worker-1-tc1/target:/opt/rustwide/target:rw,Z" "-v" "/var/lib/crater-agent-workspace/cargo-home:/opt/rustwide/cargo-home:ro,Z" "-v" "/var/lib/crater-agent-workspace/rustup-home:/opt/rustwide/rustup-home:ro,Z" "-m" "1610612736" "--network" "none" "ghcr.io/rust-lang/crates-build-env/linux@sha256:77db811e55d90add9212f6832c23229e3de5f1c1f9905e8cb07319ea15df73ac" "sleep" "infinity", kill_on_drop: false }`
[INFO] [stdout] f16875a05ff37e23472a987d4bc1f64b5c9d9f8210cfc0dc72d31198e7ebe1e9
[INFO] running `Command { std: "docker" "start" "f16875a05ff37e23472a987d4bc1f64b5c9d9f8210cfc0dc72d31198e7ebe1e9", kill_on_drop: false }`
[INFO] running `Command { std: "docker" "inspect" "f16875a05ff37e23472a987d4bc1f64b5c9d9f8210cfc0dc72d31198e7ebe1e9", kill_on_drop: false }`
[INFO] running `Command { std: "docker" "exec" "-e" "SOURCE_DIR=/opt/rustwide/workdir" "-e" "CARGO_HOME=/opt/rustwide/cargo-home" "-e" "RUSTUP_HOME=/opt/rustwide/rustup-home" "-e" "CARGO_TARGET_DIR=/opt/rustwide/target" "-w" "/opt/rustwide/workdir" "--user" "0:0" "f16875a05ff37e23472a987d4bc1f64b5c9d9f8210cfc0dc72d31198e7ebe1e9" "/opt/rustwide/cargo-home/bin/cargo" "+3154cc1a3e6424e44f438a95007d043ed5ceaaf6" "metadata" "--no-deps" "--format-version=1", kill_on_drop: false }`
[INFO] running `Command { std: "docker" "inspect" "f16875a05ff37e23472a987d4bc1f64b5c9d9f8210cfc0dc72d31198e7ebe1e9", kill_on_drop: false }`
[INFO] running `Command { std: "docker" "exec" "-e" "SOURCE_DIR=/opt/rustwide/workdir" "-e" "CARGO_HOME=/opt/rustwide/cargo-home" "-e" "RUSTUP_HOME=/opt/rustwide/rustup-home" "-e" "CARGO_TARGET_DIR=/opt/rustwide/target" "-e" "CARGO_INCREMENTAL=0" "-e" "RUST_BACKTRACE=full" "-e" "RUSTFLAGS=--cap-lints=forbid -Znext-solver=coherence" "-e" "RUSTDOCFLAGS=--cap-lints=forbid" "-w" "/opt/rustwide/workdir" "--user" "0:0" "f16875a05ff37e23472a987d4bc1f64b5c9d9f8210cfc0dc72d31198e7ebe1e9" "/opt/rustwide/cargo-home/bin/cargo" "+3154cc1a3e6424e44f438a95007d043ed5ceaaf6" "check" "--frozen" "--all" "--all-targets" "--message-format=json", kill_on_drop: false }`
[INFO] [stderr]    Compiling syn v3.0.3
[INFO] [stderr]    Compiling syn v2.0.119
[INFO] [stderr]     Checking smallvec v1.15.2
[INFO] [stderr]    Compiling libdeflate-sys v1.25.2
[INFO] [stderr]    Compiling lzfse-sys v2.0.0
[INFO] [stderr]     Checking serde_json v1.0.151
[INFO] [stderr]    Compiling libsqlite3-sys v0.35.0
[INFO] [stderr]     Checking crossbeam-queue v0.3.13
[INFO] [stderr]     Checking either v1.17.0
[INFO] [stderr]     Checking tempfile v3.27.0
[INFO] [stderr]     Checking mio v1.2.2
[INFO] [stderr]     Checking resource-fork v0.3.10
[INFO] [stderr]     Checking oneshot v0.2.1
[INFO] [stdout] error[E0432]: unresolved import `libc::XATTR_SHOWCOMPRESSION`
[INFO] [stdout]  --> /opt/rustwide/cargo-home/registry/src/index.crates.io-1949cf8c6b5b557f/resource-fork-0.3.10/src/lib.rs:7:5
[INFO] [stdout]   |
[INFO] [stdout] 7 | use libc::XATTR_SHOWCOMPRESSION;
[INFO] [stdout]   |     ^^^^^^---------------------
[INFO] [stdout]   |           |
[INFO] [stdout]   |           no `XATTR_SHOWCOMPRESSION` in the root
[INFO] [stdout] 
[INFO] [stdout] 
[INFO] [stdout] error[E0061]: this function takes 2 arguments but 3 arguments were supplied
[INFO] [stdout]     --> /opt/rustwide/cargo-home/registry/src/index.crates.io-1949cf8c6b5b557f/resource-fork-0.3.10/src/lib.rs:59:13
[INFO] [stdout]      |
[INFO] [stdout]   59 |             libc::fremovexattr(
[INFO] [stdout]      |             ^^^^^^^^^^^^^^^^^^
[INFO] [stdout] ...
[INFO] [stdout]   62 |                 XATTR_SHOWCOMPRESSION,
[INFO] [stdout]      |                 --------------------- unexpected argument #3
[INFO] [stdout]      |
[INFO] [stdout] note: function defined here
[INFO] [stdout]     --> /opt/rustwide/cargo-home/registry/src/index.crates.io-1949cf8c6b5b557f/libc-0.2.189/src/unix/linux_like/linux/mod.rs:3576:12
[INFO] [stdout]      |
[INFO] [stdout] 3576 |     pub fn fremovexattr(filedes: c_int, name: *const c_char) -> c_int;
[INFO] [stdout]      |            ^^^^^^^^^^^^
[INFO] [stdout] help: remove the extra argument
[INFO] [stdout]      |
[INFO] [stdout]   61 -                 XATTR_NAME.as_ptr(),
[INFO] [stdout]   62 -                 XATTR_SHOWCOMPRESSION,
[INFO] [stdout]   61 +                 XATTR_NAME.as_ptr(),
[INFO] [stdout]      |
[INFO] [stdout] 
[INFO] [stdout] 
[INFO] [stdout] error[E0061]: this function takes 5 arguments but 6 arguments were supplied
[INFO] [stdout]     --> /opt/rustwide/cargo-home/registry/src/index.crates.io-1949cf8c6b5b557f/resource-fork-0.3.10/src/lib.rs:86:13
[INFO] [stdout]      |
[INFO] [stdout]   86 |             libc::fsetxattr(
[INFO] [stdout]      |             ^^^^^^^^^^^^^^^
[INFO] [stdout] ...
[INFO] [stdout]   91 |                 self.position,
[INFO] [stdout]      |                 ------------- expected `i32`, found `u32`
[INFO] [stdout]   92 |                 XATTR_SHOWCOMPRESSION,
[INFO] [stdout]      |                 --------------------- unexpected argument #6
[INFO] [stdout]      |
[INFO] [stdout] note: function defined here
[INFO] [stdout]     --> /opt/rustwide/cargo-home/registry/src/index.crates.io-1949cf8c6b5b557f/libc-0.2.189/src/unix/linux_like/linux/mod.rs:3564:12
[INFO] [stdout]      |
[INFO] [stdout] 3564 |     pub fn fsetxattr(
[INFO] [stdout]      |            ^^^^^^^^^
[INFO] [stdout] help: you can convert a `u32` to an `i32` and panic if the converted value doesn't fit
[INFO] [stdout]      |
[INFO] [stdout]   91 |                 self.position.try_into().unwrap(),
[INFO] [stdout]      |                              ++++++++++++++++++++
[INFO] [stdout] help: remove the extra argument
[INFO] [stdout]      |
[INFO] [stdout]   91 -                 self.position,
[INFO] [stdout]   92 -                 XATTR_SHOWCOMPRESSION,
[INFO] [stdout]   91 +                 /* i32 */,
[INFO] [stdout]      |
[INFO] [stdout] 
[INFO] [stdout] 
[INFO] [stdout] error[E0061]: this function takes 4 arguments but 6 arguments were supplied
[INFO] [stdout]     --> /opt/rustwide/cargo-home/registry/src/index.crates.io-1949cf8c6b5b557f/resource-fork-0.3.10/src/lib.rs:118:13
[INFO] [stdout]      |
[INFO] [stdout]  118 |             libc::fgetxattr(
[INFO] [stdout]      |             ^^^^^^^^^^^^^^^
[INFO] [stdout] ...
[INFO] [stdout]  123 |                 self.position,
[INFO] [stdout]      |                 ------------- unexpected argument #5 of type `u32`
[INFO] [stdout]  124 |                 XATTR_SHOWCOMPRESSION,
[INFO] [stdout]      |                 --------------------- unexpected argument #6
[INFO] [stdout]      |
[INFO] [stdout] note: function defined here
[INFO] [stdout]     --> /opt/rustwide/cargo-home/registry/src/index.crates.io-1949cf8c6b5b557f/libc-0.2.189/src/unix/linux_like/linux/mod.rs:3544:12
[INFO] [stdout]      |
[INFO] [stdout] 3544 |     pub fn fgetxattr(
[INFO] [stdout]      |            ^^^^^^^^^
[INFO] [stdout] help: remove the extra arguments
[INFO] [stdout]      |
[INFO] [stdout]  122 -                 buf.len(),
[INFO] [stdout]  123 -                 self.position,
[INFO] [stdout]  124 -                 XATTR_SHOWCOMPRESSION,
[INFO] [stdout]  122 +                 buf.len(),
[INFO] [stdout]      |
[INFO] [stdout] 
[INFO] [stdout] 
[INFO] [stdout] error[E0061]: this function takes 4 arguments but 6 arguments were supplied
[INFO] [stdout]     --> /opt/rustwide/cargo-home/registry/src/index.crates.io-1949cf8c6b5b557f/resource-fork-0.3.10/src/lib.rs:153:21
[INFO] [stdout]      |
[INFO] [stdout]  153 |                     libc::fgetxattr(
[INFO] [stdout]      |                     ^^^^^^^^^^^^^^^
[INFO] [stdout] ...
[INFO] [stdout]  158 |                         0,
[INFO] [stdout]      |                         - unexpected argument #5 of type `{integer}`
[INFO] [stdout]  159 |                         XATTR_SHOWCOMPRESSION,
[INFO] [stdout]      |                         --------------------- unexpected argument #6
[INFO] [stdout]      |
[INFO] [stdout] note: function defined here
[INFO] [stdout]     --> /opt/rustwide/cargo-home/registry/src/index.crates.io-1949cf8c6b5b557f/libc-0.2.189/src/unix/linux_like/linux/mod.rs:3544:12
[INFO] [stdout]      |
[INFO] [stdout] 3544 |     pub fn fgetxattr(
[INFO] [stdout]      |            ^^^^^^^^^
[INFO] [stdout] help: remove the extra arguments
[INFO] [stdout]      |
[INFO] [stdout]  157 -                         0,
[INFO] [stdout]  158 -                         0,
[INFO] [stdout]  159 -                         XATTR_SHOWCOMPRESSION,
[INFO] [stdout]  157 +                         0,
[INFO] [stdout]      |
[INFO] [stdout] 
[INFO] [stdout] 
[INFO] [stdout] Some errors have detailed explanations: E0061, E0432.
[INFO] [stdout] 
[INFO] [stdout] For more information about an error, try `rustc --explain E0061`.
[INFO] [stdout] 
[INFO] [stderr] error: could not compile `resource-fork` (lib) due to 5 previous errors
[INFO] [stderr] warning: build failed, waiting for other jobs to finish...
[INFO] running `Command { std: "docker" "inspect" "f16875a05ff37e23472a987d4bc1f64b5c9d9f8210cfc0dc72d31198e7ebe1e9", kill_on_drop: false }`
[INFO] running `Command { std: "docker" "rm" "-f" "f16875a05ff37e23472a987d4bc1f64b5c9d9f8210cfc0dc72d31198e7ebe1e9", kill_on_drop: false }`
[INFO] [stdout] f16875a05ff37e23472a987d4bc1f64b5c9d9f8210cfc0dc72d31198e7ebe1e9
