[INFO] cloning repository https://github.com/jimd-den/ats2-rustified-to-llvm
[INFO] running `Command { std: "git" "-c" "credential.helper=" "-c" "credential.helper=/workspace/cargo-home/bin/git-credential-null" "clone" "--bare" "https://github.com/jimd-den/ats2-rustified-to-llvm" "/workspace/cache/git-repos/https%3A%2F%2Fgithub.com%2Fjimd-den%2Fats2-rustified-to-llvm", kill_on_drop: false }`
[INFO] [stderr] Cloning into bare repository '/workspace/cache/git-repos/https%3A%2F%2Fgithub.com%2Fjimd-den%2Fats2-rustified-to-llvm'...
[INFO] running `Command { std: "git" "rev-parse" "HEAD", kill_on_drop: false }`
[INFO] [stdout] 72e1e623dc63b34ad012d1fe9c30ab5ea9f16424
[INFO] checking jimd-den/ats2-rustified-to-llvm against 3154cc1a3e6424e44f438a95007d043ed5ceaaf6 for pr-133502-30
[INFO] running `Command { std: "git" "clone" "/workspace/cache/git-repos/https%3A%2F%2Fgithub.com%2Fjimd-den%2Fats2-rustified-to-llvm" "/workspace/builds/worker-5-tc2/source", kill_on_drop: false }`
[INFO] [stderr] Cloning into '/workspace/builds/worker-5-tc2/source'...
[INFO] [stderr] done.
[INFO] started tweaking git repo https://github.com/jimd-den/ats2-rustified-to-llvm
[INFO] finished tweaking git repo https://github.com/jimd-den/ats2-rustified-to-llvm
[INFO] tweaked toml for git repo https://github.com/jimd-den/ats2-rustified-to-llvm written to /workspace/builds/worker-5-tc2/source/Cargo.toml
[INFO] validating manifest of git repo https://github.com/jimd-den/ats2-rustified-to-llvm on toolchain 3154cc1a3e6424e44f438a95007d043ed5ceaaf6
[INFO] running `Command { std: CARGO_HOME="/workspace/cargo-home" RUSTUP_HOME="/workspace/rustup-home" "/workspace/cargo-home/bin/cargo" "+3154cc1a3e6424e44f438a95007d043ed5ceaaf6" "metadata" "--manifest-path" "Cargo.toml" "--no-deps", kill_on_drop: false }`
[INFO] crate git repo https://github.com/jimd-den/ats2-rustified-to-llvm already has a lockfile, it will not be regenerated
[INFO] running `Command { std: CARGO_HOME="/workspace/cargo-home" RUSTUP_HOME="/workspace/rustup-home" "/workspace/cargo-home/bin/cargo" "+3154cc1a3e6424e44f438a95007d043ed5ceaaf6" "fetch" "--manifest-path" "Cargo.toml", kill_on_drop: false }`
[INFO] running `Command { std: "docker" "create" "-v" "/var/lib/crater-agent-workspace/builds/worker-5-tc2/source:/opt/rustwide/workdir:ro,Z" "-v" "/var/lib/crater-agent-workspace/builds/worker-5-tc2/target:/opt/rustwide/target:rw,Z" "-v" "/var/lib/crater-agent-workspace/cargo-home:/opt/rustwide/cargo-home:ro,Z" "-v" "/var/lib/crater-agent-workspace/rustup-home:/opt/rustwide/rustup-home:ro,Z" "-m" "1610612736" "--network" "none" "ghcr.io/rust-lang/crates-build-env/linux@sha256:77db811e55d90add9212f6832c23229e3de5f1c1f9905e8cb07319ea15df73ac" "sleep" "infinity", kill_on_drop: false }`
[INFO] [stdout] ae1325cb7399232a2d5127e7bec6ce296222d7dde0d2152c2186d61decb7cd97
[INFO] running `Command { std: "docker" "start" "ae1325cb7399232a2d5127e7bec6ce296222d7dde0d2152c2186d61decb7cd97", kill_on_drop: false }`
[INFO] running `Command { std: "docker" "inspect" "ae1325cb7399232a2d5127e7bec6ce296222d7dde0d2152c2186d61decb7cd97", kill_on_drop: false }`
[INFO] running `Command { std: "docker" "exec" "-e" "SOURCE_DIR=/opt/rustwide/workdir" "-e" "CARGO_HOME=/opt/rustwide/cargo-home" "-e" "RUSTUP_HOME=/opt/rustwide/rustup-home" "-e" "CARGO_TARGET_DIR=/opt/rustwide/target" "-w" "/opt/rustwide/workdir" "--user" "0:0" "ae1325cb7399232a2d5127e7bec6ce296222d7dde0d2152c2186d61decb7cd97" "/opt/rustwide/cargo-home/bin/cargo" "+3154cc1a3e6424e44f438a95007d043ed5ceaaf6" "metadata" "--no-deps" "--format-version=1", kill_on_drop: false }`
[INFO] running `Command { std: "docker" "inspect" "ae1325cb7399232a2d5127e7bec6ce296222d7dde0d2152c2186d61decb7cd97", kill_on_drop: false }`
[INFO] running `Command { std: "docker" "exec" "-e" "SOURCE_DIR=/opt/rustwide/workdir" "-e" "CARGO_HOME=/opt/rustwide/cargo-home" "-e" "RUSTUP_HOME=/opt/rustwide/rustup-home" "-e" "CARGO_TARGET_DIR=/opt/rustwide/target" "-e" "CARGO_INCREMENTAL=0" "-e" "RUST_BACKTRACE=full" "-e" "RUSTFLAGS=--cap-lints=forbid" "-e" "RUSTDOCFLAGS=--cap-lints=forbid" "-w" "/opt/rustwide/workdir" "--user" "0:0" "ae1325cb7399232a2d5127e7bec6ce296222d7dde0d2152c2186d61decb7cd97" "/opt/rustwide/cargo-home/bin/cargo" "+3154cc1a3e6424e44f438a95007d043ed5ceaaf6" "check" "--frozen" "--all" "--all-targets" "--message-format=json", kill_on_drop: false }`
[INFO] [stderr]     Checking ats2-domain v0.1.0 (/opt/rustwide/workdir/crates/domain)
[INFO] [stderr]     Checking ats2-application v0.1.0 (/opt/rustwide/workdir/crates/application)
[INFO] [stderr]     Checking ats2-infrastructure v0.1.0 (/opt/rustwide/workdir/crates/infrastructure)
[INFO] [stdout] error[E0761]: file for module `lexer` found at both "crates/infrastructure/src/lexer.rs" and "crates/infrastructure/src/lexer/mod.rs"
[INFO] [stdout]   --> crates/infrastructure/src/lib.rs:15:1
[INFO] [stdout]    |
[INFO] [stdout] 15 | pub mod lexer;
[INFO] [stdout]    | ^^^^^^^^^^^^^^
[INFO] [stdout]    |
[INFO] [stdout]    = help: delete or rename one of them to remove the ambiguity
[INFO] [stdout] 
[INFO] [stdout] 
[INFO] [stdout] error[E0761]: file for module `llvm_ir` found at both "crates/infrastructure/src/llvm_ir.rs" and "crates/infrastructure/src/llvm_ir/mod.rs"
[INFO] [stdout]   --> crates/infrastructure/src/lib.rs:17:1
[INFO] [stdout]    |
[INFO] [stdout] 17 | pub mod llvm_ir;
[INFO] [stdout]    | ^^^^^^^^^^^^^^^^
[INFO] [stdout]    |
[INFO] [stdout]    = help: delete or rename one of them to remove the ambiguity
[INFO] [stdout] 
[INFO] [stdout] 
[INFO] [stdout] error[E0761]: file for module `lexer` found at both "crates/infrastructure/src/lexer.rs" and "crates/infrastructure/src/lexer/mod.rs"
[INFO] [stdout]   --> crates/infrastructure/src/lib.rs:15:1
[INFO] [stdout]    |
[INFO] [stdout] 15 | pub mod lexer;
[INFO] [stdout]    | ^^^^^^^^^^^^^^
[INFO] [stdout]    |
[INFO] [stdout]    = help: delete or rename one of them to remove the ambiguity
[INFO] [stdout] 
[INFO] [stdout] 
[INFO] [stdout] error[E0761]: file for module `llvm_ir` found at both "crates/infrastructure/src/llvm_ir.rs" and "crates/infrastructure/src/llvm_ir/mod.rs"
[INFO] [stdout]   --> crates/infrastructure/src/lib.rs:17:1
[INFO] [stdout]    |
[INFO] [stdout] 17 | pub mod llvm_ir;
[INFO] [stdout]    | ^^^^^^^^^^^^^^^^
[INFO] [stdout]    |
[INFO] [stdout]    = help: delete or rename one of them to remove the ambiguity
[INFO] [stdout] 
[INFO] [stdout] 
[INFO] [stdout] error[E0761]: file for module `prelude` found at both "crates/infrastructure/src/prelude.rs" and "crates/infrastructure/src/prelude/mod.rs"
[INFO] [stdout]   --> crates/infrastructure/src/lib.rs:20:1
[INFO] [stdout]    |
[INFO] [stdout] 20 | pub mod prelude;
[INFO] [stdout]    | ^^^^^^^^^^^^^^^^
[INFO] [stdout]    |
[INFO] [stdout]    = help: delete or rename one of them to remove the ambiguity
[INFO] [stdout] 
[INFO] [stdout] 
[INFO] [stdout] error[E0761]: file for module `prelude` found at both "crates/infrastructure/src/prelude.rs" and "crates/infrastructure/src/prelude/mod.rs"
[INFO] [stdout]   --> crates/infrastructure/src/lib.rs:20:1
[INFO] [stdout]    |
[INFO] [stdout] 20 | pub mod prelude;
[INFO] [stdout]    | ^^^^^^^^^^^^^^^^
[INFO] [stdout]    |
[INFO] [stdout]    = help: delete or rename one of them to remove the ambiguity
[INFO] [stdout] 
[INFO] [stdout] 
[INFO] [stdout] warning: unused import: `crate::adapters::*`
[INFO] [stdout]   --> crates/infrastructure/src/cli.rs:13:5
[INFO] [stdout]    |
[INFO] [stdout] 13 | use crate::adapters::*;
[INFO] [stdout]    |     ^^^^^^^^^^^^^^^^^^
[INFO] [stdout]    |
[INFO] [stdout]    = note: `#[warn(unused_imports)]` (part of `#[warn(unused)]`) on by default
[INFO] [stdout] 
[INFO] [stdout] 
[INFO] [stdout] warning: unused imports: `LlvmEmitterPort` and `ParserPort`
[INFO] [stdout]   --> crates/infrastructure/src/cli.rs:26:48
[INFO] [stdout]    |
[INFO] [stdout] 26 | use ats2_application::ports::{DiagnosticsPort, LlvmEmitterPort, OutputPort, ParserPort};
[INFO] [stdout]    |                                                ^^^^^^^^^^^^^^^              ^^^^^^^^^^
[INFO] [stdout] 
[INFO] [stdout] 
[INFO] [stdout] warning: unused import: `TokenKind`
[INFO] [stdout]  --> crates/infrastructure/src/parser/mod.rs:3:45
[INFO] [stdout]   |
[INFO] [stdout] 3 | use ats2_domain::tokens::{Pos, Span, Token, TokenKind};
[INFO] [stdout]   |                                             ^^^^^^^^^
[INFO] [stdout] 
[INFO] [stdout] 
[INFO] [stdout] warning: unused import: `super::patterns::*`
[INFO] [stdout]  --> crates/infrastructure/src/parser/expr.rs:3:5
[INFO] [stdout]   |
[INFO] [stdout] 3 | use super::patterns::*;
[INFO] [stdout]   |     ^^^^^^^^^^^^^^^^^^
[INFO] [stdout] 
[INFO] [stdout] 
[INFO] [stdout] warning: unused import: `super::types::*`
[INFO] [stdout]  --> crates/infrastructure/src/parser/expr.rs:4:5
[INFO] [stdout]   |
[INFO] [stdout] 4 | use super::types::*;
[INFO] [stdout]   |     ^^^^^^^^^^^^^^^
[INFO] [stdout] 
[INFO] [stdout] 
[INFO] [stdout] warning: unused import: `ats2_domain::statics::*`
[INFO] [stdout]  --> crates/infrastructure/src/parser/expr.rs:7:5
[INFO] [stdout]   |
[INFO] [stdout] 7 | use ats2_domain::statics::*;
[INFO] [stdout]   |     ^^^^^^^^^^^^^^^^^^^^^^^
[INFO] [stdout] 
[INFO] [stdout] 
[INFO] [stdout] warning: unused imports: `HashMap` and `HashSet`
[INFO] [stdout]  --> crates/infrastructure/src/parser/expr.rs:9:24
[INFO] [stdout]   |
[INFO] [stdout] 9 | use std::collections::{HashMap, HashSet};
[INFO] [stdout]   |                        ^^^^^^^  ^^^^^^^
[INFO] [stdout] 
[INFO] [stdout] 
[INFO] [stdout] warning: unused import: `super::expr::*`
[INFO] [stdout]  --> crates/infrastructure/src/parser/patterns.rs:3:5
[INFO] [stdout]   |
[INFO] [stdout] 3 | use super::expr::*;
[INFO] [stdout]   |     ^^^^^^^^^^^^^^
[INFO] [stdout] 
[INFO] [stdout] 
[INFO] [stdout] warning: unused import: `super::types::*`
[INFO] [stdout]  --> crates/infrastructure/src/parser/patterns.rs:4:5
[INFO] [stdout]   |
[INFO] [stdout] 4 | use super::types::*;
[INFO] [stdout]   |     ^^^^^^^^^^^^^^^
[INFO] [stdout] 
[INFO] [stdout] 
[INFO] [stdout] warning: unused imports: `HashMap` and `HashSet`
[INFO] [stdout]  --> crates/infrastructure/src/parser/patterns.rs:9:24
[INFO] [stdout]   |
[INFO] [stdout] 9 | use std::collections::{HashMap, HashSet};
[INFO] [stdout]   |                        ^^^^^^^  ^^^^^^^
[INFO] [stdout] 
[INFO] [stdout] 
[INFO] [stdout] warning: unused import: `super::decode::*`
[INFO] [stdout]  --> crates/infrastructure/src/parser/toplevel.rs:2:5
[INFO] [stdout]   |
[INFO] [stdout] 2 | use super::decode::*;
[INFO] [stdout]   |     ^^^^^^^^^^^^^^^^
[INFO] [stdout] 
[INFO] [stdout] 
[INFO] [stdout] warning: unused import: `super::expr::*`
[INFO] [stdout]  --> crates/infrastructure/src/parser/toplevel.rs:3:5
[INFO] [stdout]   |
[INFO] [stdout] 3 | use super::expr::*;
[INFO] [stdout]   |     ^^^^^^^^^^^^^^
[INFO] [stdout] 
[INFO] [stdout] 
[INFO] [stdout] warning: unused import: `super::patterns::*`
[INFO] [stdout]  --> crates/infrastructure/src/parser/toplevel.rs:4:5
[INFO] [stdout]   |
[INFO] [stdout] 4 | use super::patterns::*;
[INFO] [stdout]   |     ^^^^^^^^^^^^^^^^^^
[INFO] [stdout] 
[INFO] [stdout] 
[INFO] [stdout] warning: unused import: `super::types::*`
[INFO] [stdout]  --> crates/infrastructure/src/parser/toplevel.rs:5:5
[INFO] [stdout]   |
[INFO] [stdout] 5 | use super::types::*;
[INFO] [stdout]   |     ^^^^^^^^^^^^^^^
[INFO] [stdout] 
[INFO] [stdout] 
[INFO] [stdout] warning: unused imports: `HashMap` and `HashSet`
[INFO] [stdout]   --> crates/infrastructure/src/parser/toplevel.rs:10:24
[INFO] [stdout]    |
[INFO] [stdout] 10 | use std::collections::{HashMap, HashSet};
[INFO] [stdout]    |                        ^^^^^^^  ^^^^^^^
[INFO] [stdout] 
[INFO] [stdout] 
[INFO] [stdout] warning: unused import: `super::decode::*`
[INFO] [stdout]  --> crates/infrastructure/src/parser/types.rs:2:5
[INFO] [stdout]   |
[INFO] [stdout] 2 | use super::decode::*;
[INFO] [stdout]   |     ^^^^^^^^^^^^^^^^
[INFO] [stdout] 
[INFO] [stdout] 
[INFO] [stdout] warning: unused import: `super::expr::*`
[INFO] [stdout]  --> crates/infrastructure/src/parser/types.rs:3:5
[INFO] [stdout]   |
[INFO] [stdout] 3 | use super::expr::*;
[INFO] [stdout]   |     ^^^^^^^^^^^^^^
[INFO] [stdout] 
[INFO] [stdout] 
[INFO] [stdout] warning: unused import: `super::patterns::*`
[INFO] [stdout]  --> crates/infrastructure/src/parser/types.rs:4:5
[INFO] [stdout]   |
[INFO] [stdout] 4 | use super::patterns::*;
[INFO] [stdout]   |     ^^^^^^^^^^^^^^^^^^
[INFO] [stdout] 
[INFO] [stdout] 
[INFO] [stdout] warning: unused import: `HashSet`
[INFO] [stdout]  --> crates/infrastructure/src/parser/types.rs:9:33
[INFO] [stdout]   |
[INFO] [stdout] 9 | use std::collections::{HashMap, HashSet};
[INFO] [stdout]   |                                 ^^^^^^^
[INFO] [stdout] 
[INFO] [stdout] 
[INFO] [stdout] error[E0277]: the size for values of type `[CompileError]` cannot be known at compilation time
[INFO] [stdout]    --> crates/infrastructure/src/cli.rs:157:13
[INFO] [stdout]     |
[INFO] [stdout] 157 |         Err(errors) => {
[INFO] [stdout]     |             ^^^^^^ doesn't have a size known at compile-time
[INFO] [stdout]     |
[INFO] [stdout]     = help: the trait `Sized` is not implemented for `[CompileError]`
[INFO] [stdout]     = note: all local variables must have a statically known size
[INFO] [stdout] 
[INFO] [stdout] 
[INFO] [stdout] error[E0277]: the size for values of type `[CompileError]` cannot be known at compilation time
[INFO] [stdout]    --> crates/infrastructure/src/cli.rs:157:9
[INFO] [stdout]     |
[INFO] [stdout] 157 |         Err(errors) => {
[INFO] [stdout]     |         ^^^^^^^^^^^ doesn't have a size known at compile-time
[INFO] [stdout]     |
[INFO] [stdout]     = help: the trait `Sized` is not implemented for `[CompileError]`
[INFO] [stdout] note: required by a bound in `Err`
[INFO] [stdout]    --> /rustc/3154cc1a3e6424e44f438a95007d043ed5ceaaf6/library/core/src/result.rs:567:4
[INFO] [stdout] 
[INFO] [stdout] 
[INFO] [stdout] error[E0277]: the size for values of type `str` cannot be known at compilation time
[INFO] [stdout]    --> crates/infrastructure/src/cli.rs:170:12
[INFO] [stdout]     |
[INFO] [stdout] 170 |         Ok(ir) => match &cli.ir {
[INFO] [stdout]     |            ^^ doesn't have a size known at compile-time
[INFO] [stdout]     |
[INFO] [stdout]     = help: the trait `Sized` is not implemented for `str`
[INFO] [stdout]     = note: all local variables must have a statically known size
[INFO] [stdout] 
[INFO] [stdout] 
[INFO] [stdout] error[E0277]: the size for values of type `str` cannot be known at compilation time
[INFO] [stdout]    --> crates/infrastructure/src/cli.rs:170:9
[INFO] [stdout]     |
[INFO] [stdout] 170 |         Ok(ir) => match &cli.ir {
[INFO] [stdout]     |         ^^^^^^ doesn't have a size known at compile-time
[INFO] [stdout]     |
[INFO] [stdout]     = help: the trait `Sized` is not implemented for `str`
[INFO] [stdout] note: required by a bound in `Ok`
[INFO] [stdout]    --> /rustc/3154cc1a3e6424e44f438a95007d043ed5ceaaf6/library/core/src/result.rs:562:4
[INFO] [stdout] 
[INFO] [stdout] 
[INFO] [stdout] error[E0277]: the size for values of type `str` cannot be known at compilation time
[INFO] [stdout]    --> crates/infrastructure/src/cli.rs:182:25
[INFO] [stdout]     |
[INFO] [stdout] 182 |                 print!("{ir}");
[INFO] [stdout]     |                         ^^^^ doesn't have a size known at compile-time
[INFO] [stdout]     |
[INFO] [stdout]     = help: the trait `Sized` is not implemented for `str`
[INFO] [stdout] 
[INFO] [stdout] 
[INFO] [stdout] error[E0277]: the size for values of type `[CompileError]` cannot be known at compilation time
[INFO] [stdout]    --> crates/infrastructure/src/cli.rs:186:13
[INFO] [stdout]     |
[INFO] [stdout] 186 |         Err(errors) => {
[INFO] [stdout]     |             ^^^^^^ doesn't have a size known at compile-time
[INFO] [stdout]     |
[INFO] [stdout]     = help: the trait `Sized` is not implemented for `[CompileError]`
[INFO] [stdout]     = note: all local variables must have a statically known size
[INFO] [stdout] 
[INFO] [stdout] 
[INFO] [stdout] error[E0277]: the size for values of type `[CompileError]` cannot be known at compilation time
[INFO] [stdout]    --> crates/infrastructure/src/cli.rs:186:9
[INFO] [stdout]     |
[INFO] [stdout] 186 |         Err(errors) => {
[INFO] [stdout]     |         ^^^^^^^^^^^ doesn't have a size known at compile-time
[INFO] [stdout]     |
[INFO] [stdout]     = help: the trait `Sized` is not implemented for `[CompileError]`
[INFO] [stdout] note: required by a bound in `Err`
[INFO] [stdout]    --> /rustc/3154cc1a3e6424e44f438a95007d043ed5ceaaf6/library/core/src/result.rs:567:4
[INFO] [stdout] 
[INFO] [stdout] 
[INFO] [stdout] warning: unused import: `crate::adapters::*`
[INFO] [stdout]   --> crates/infrastructure/src/cli.rs:13:5
[INFO] [stdout]    |
[INFO] [stdout] 13 | use crate::adapters::*;
[INFO] [stdout]    |     ^^^^^^^^^^^^^^^^^^
[INFO] [stdout]    |
[INFO] [stdout]    = note: `#[warn(unused_imports)]` (part of `#[warn(unused)]`) on by default
[INFO] [stdout] 
[INFO] [stdout] 
[INFO] [stdout] warning: unused imports: `LlvmEmitterPort` and `ParserPort`
[INFO] [stdout]   --> crates/infrastructure/src/cli.rs:26:48
[INFO] [stdout]    |
[INFO] [stdout] 26 | use ats2_application::ports::{DiagnosticsPort, LlvmEmitterPort, OutputPort, ParserPort};
[INFO] [stdout]    |                                                ^^^^^^^^^^^^^^^              ^^^^^^^^^^
[INFO] [stdout] 
[INFO] [stdout] 
[INFO] [stdout] warning: unused import: `TokenKind`
[INFO] [stdout]  --> crates/infrastructure/src/parser/mod.rs:3:45
[INFO] [stdout]   |
[INFO] [stdout] 3 | use ats2_domain::tokens::{Pos, Span, Token, TokenKind};
[INFO] [stdout]   |                                             ^^^^^^^^^
[INFO] [stdout] 
[INFO] [stdout] 
[INFO] [stdout] warning: unused import: `super::patterns::*`
[INFO] [stdout]  --> crates/infrastructure/src/parser/expr.rs:3:5
[INFO] [stdout]   |
[INFO] [stdout] 3 | use super::patterns::*;
[INFO] [stdout]   |     ^^^^^^^^^^^^^^^^^^
[INFO] [stdout] 
[INFO] [stdout] 
[INFO] [stdout] warning: unused import: `super::types::*`
[INFO] [stdout]  --> crates/infrastructure/src/parser/expr.rs:4:5
[INFO] [stdout]   |
[INFO] [stdout] 4 | use super::types::*;
[INFO] [stdout]   |     ^^^^^^^^^^^^^^^
[INFO] [stdout] 
[INFO] [stdout] 
[INFO] [stdout] warning: unused import: `ats2_domain::statics::*`
[INFO] [stdout]  --> crates/infrastructure/src/parser/expr.rs:7:5
[INFO] [stdout]   |
[INFO] [stdout] 7 | use ats2_domain::statics::*;
[INFO] [stdout]   |     ^^^^^^^^^^^^^^^^^^^^^^^
[INFO] [stdout] 
[INFO] [stdout] 
[INFO] [stdout] warning: unused imports: `HashMap` and `HashSet`
[INFO] [stdout]  --> crates/infrastructure/src/parser/expr.rs:9:24
[INFO] [stdout]   |
[INFO] [stdout] 9 | use std::collections::{HashMap, HashSet};
[INFO] [stdout]   |                        ^^^^^^^  ^^^^^^^
[INFO] [stdout] 
[INFO] [stdout] 
[INFO] [stdout] warning: unused import: `super::expr::*`
[INFO] [stdout]  --> crates/infrastructure/src/parser/patterns.rs:3:5
[INFO] [stdout]   |
[INFO] [stdout] 3 | use super::expr::*;
[INFO] [stdout]   |     ^^^^^^^^^^^^^^
[INFO] [stdout] 
[INFO] [stdout] 
[INFO] [stdout] warning: unused import: `super::types::*`
[INFO] [stdout]  --> crates/infrastructure/src/parser/patterns.rs:4:5
[INFO] [stdout]   |
[INFO] [stdout] 4 | use super::types::*;
[INFO] [stdout]   |     ^^^^^^^^^^^^^^^
[INFO] [stdout] 
[INFO] [stdout] 
[INFO] [stdout] warning: unused imports: `HashMap` and `HashSet`
[INFO] [stdout]  --> crates/infrastructure/src/parser/patterns.rs:9:24
[INFO] [stdout]   |
[INFO] [stdout] 9 | use std::collections::{HashMap, HashSet};
[INFO] [stdout]   |                        ^^^^^^^  ^^^^^^^
[INFO] [stdout] 
[INFO] [stdout] 
[INFO] [stdout] warning: unused import: `super::decode::*`
[INFO] [stdout]  --> crates/infrastructure/src/parser/toplevel.rs:2:5
[INFO] [stdout]   |
[INFO] [stdout] 2 | use super::decode::*;
[INFO] [stdout]   |     ^^^^^^^^^^^^^^^^
[INFO] [stdout] 
[INFO] [stdout] 
[INFO] [stdout] warning: unused import: `super::expr::*`
[INFO] [stdout]  --> crates/infrastructure/src/parser/toplevel.rs:3:5
[INFO] [stdout]   |
[INFO] [stdout] 3 | use super::expr::*;
[INFO] [stdout]   |     ^^^^^^^^^^^^^^
[INFO] [stdout] 
[INFO] [stdout] 
[INFO] [stdout] warning: unused import: `super::patterns::*`
[INFO] [stdout]  --> crates/infrastructure/src/parser/toplevel.rs:4:5
[INFO] [stdout]   |
[INFO] [stdout] 4 | use super::patterns::*;
[INFO] [stdout]   |     ^^^^^^^^^^^^^^^^^^
[INFO] [stdout] 
[INFO] [stdout] 
[INFO] [stdout] warning: unused import: `super::types::*`
[INFO] [stdout]  --> crates/infrastructure/src/parser/toplevel.rs:5:5
[INFO] [stdout]   |
[INFO] [stdout] 5 | use super::types::*;
[INFO] [stdout]   |     ^^^^^^^^^^^^^^^
[INFO] [stdout] 
[INFO] [stdout] 
[INFO] [stdout] warning: unused imports: `HashMap` and `HashSet`
[INFO] [stdout]   --> crates/infrastructure/src/parser/toplevel.rs:10:24
[INFO] [stdout]    |
[INFO] [stdout] 10 | use std::collections::{HashMap, HashSet};
[INFO] [stdout]    |                        ^^^^^^^  ^^^^^^^
[INFO] [stdout] 
[INFO] [stdout] 
[INFO] [stdout] warning: unused import: `super::decode::*`
[INFO] [stdout]  --> crates/infrastructure/src/parser/types.rs:2:5
[INFO] [stdout]   |
[INFO] [stdout] 2 | use super::decode::*;
[INFO] [stdout]   |     ^^^^^^^^^^^^^^^^
[INFO] [stdout] 
[INFO] [stdout] 
[INFO] [stdout] warning: unused import: `super::expr::*`
[INFO] [stdout]  --> crates/infrastructure/src/parser/types.rs:3:5
[INFO] [stdout]   |
[INFO] [stdout] 3 | use super::expr::*;
[INFO] [stdout]   |     ^^^^^^^^^^^^^^
[INFO] [stdout] 
[INFO] [stdout] 
[INFO] [stdout] warning: unused import: `super::patterns::*`
[INFO] [stdout]  --> crates/infrastructure/src/parser/types.rs:4:5
[INFO] [stdout]   |
[INFO] [stdout] 4 | use super::patterns::*;
[INFO] [stdout]   |     ^^^^^^^^^^^^^^^^^^
[INFO] [stdout] 
[INFO] [stdout] 
[INFO] [stdout] warning: unused import: `HashSet`
[INFO] [stdout]  --> crates/infrastructure/src/parser/types.rs:9:33
[INFO] [stdout]   |
[INFO] [stdout] 9 | use std::collections::{HashMap, HashSet};
[INFO] [stdout]   |                                 ^^^^^^^
[INFO] [stdout] 
[INFO] [stdout] 
[INFO] [stdout] warning: unused import: `ats2_domain::tokens::*`
[INFO] [stdout]  --> crates/infrastructure/src/parser/tests.rs:5:5
[INFO] [stdout]   |
[INFO] [stdout] 5 | use ats2_domain::tokens::*;
[INFO] [stdout]   |     ^^^^^^^^^^^^^^^^^^^^^^
[INFO] [stdout] 
[INFO] [stdout] 
[INFO] [stdout] warning: cannot test inner items
[INFO] [stdout]     --> crates/infrastructure/src/parser/tests.rs:3499:5
[INFO] [stdout]      |
[INFO] [stdout] 3499 |     #[test]
[INFO] [stdout]      |     ^^^^^^^
[INFO] [stdout]      |
[INFO] [stdout]      = note: `#[warn(unnameable_test_items)]` on by default
[INFO] [stdout] 
[INFO] [stdout] 
[INFO] [stdout] error[E0277]: the size for values of type `[CompileError]` cannot be known at compilation time
[INFO] [stdout]    --> crates/infrastructure/src/cli.rs:157:13
[INFO] [stdout]     |
[INFO] [stdout] 157 |         Err(errors) => {
[INFO] [stdout]     |             ^^^^^^ doesn't have a size known at compile-time
[INFO] [stdout]     |
[INFO] [stdout]     = help: the trait `Sized` is not implemented for `[CompileError]`
[INFO] [stdout]     = note: all local variables must have a statically known size
[INFO] [stdout] 
[INFO] [stdout] 
[INFO] [stdout] error[E0277]: the size for values of type `[CompileError]` cannot be known at compilation time
[INFO] [stdout]    --> crates/infrastructure/src/cli.rs:157:9
[INFO] [stdout]     |
[INFO] [stdout] 157 |         Err(errors) => {
[INFO] [stdout]     |         ^^^^^^^^^^^ doesn't have a size known at compile-time
[INFO] [stdout]     |
[INFO] [stdout]     = help: the trait `Sized` is not implemented for `[CompileError]`
[INFO] [stdout] note: required by a bound in `Err`
[INFO] [stdout]    --> /rustc/3154cc1a3e6424e44f438a95007d043ed5ceaaf6/library/core/src/result.rs:567:4
[INFO] [stdout] 
[INFO] [stdout] 
[INFO] [stdout] error[E0277]: the size for values of type `str` cannot be known at compilation time
[INFO] [stdout]    --> crates/infrastructure/src/cli.rs:170:12
[INFO] [stdout]     |
[INFO] [stdout] 170 |         Ok(ir) => match &cli.ir {
[INFO] [stdout]     |            ^^ doesn't have a size known at compile-time
[INFO] [stdout]     |
[INFO] [stdout]     = help: the trait `Sized` is not implemented for `str`
[INFO] [stdout]     = note: all local variables must have a statically known size
[INFO] [stdout] 
[INFO] [stdout] 
[INFO] [stdout] error[E0277]: the size for values of type `str` cannot be known at compilation time
[INFO] [stdout]    --> crates/infrastructure/src/cli.rs:170:9
[INFO] [stdout]     |
[INFO] [stdout] 170 |         Ok(ir) => match &cli.ir {
[INFO] [stdout]     |         ^^^^^^ doesn't have a size known at compile-time
[INFO] [stdout]     |
[INFO] [stdout]     = help: the trait `Sized` is not implemented for `str`
[INFO] [stdout] note: required by a bound in `Ok`
[INFO] [stdout]    --> /rustc/3154cc1a3e6424e44f438a95007d043ed5ceaaf6/library/core/src/result.rs:562:4
[INFO] [stdout] 
[INFO] [stdout] 
[INFO] [stdout] error[E0277]: the size for values of type `str` cannot be known at compilation time
[INFO] [stdout]    --> crates/infrastructure/src/cli.rs:182:25
[INFO] [stdout]     |
[INFO] [stdout] 182 |                 print!("{ir}");
[INFO] [stdout]     |                         ^^^^ doesn't have a size known at compile-time
[INFO] [stdout]     |
[INFO] [stdout]     = help: the trait `Sized` is not implemented for `str`
[INFO] [stdout] 
[INFO] [stdout] 
[INFO] [stdout] error[E0277]: the size for values of type `[CompileError]` cannot be known at compilation time
[INFO] [stdout]    --> crates/infrastructure/src/cli.rs:186:13
[INFO] [stdout]     |
[INFO] [stdout] 186 |         Err(errors) => {
[INFO] [stdout]     |             ^^^^^^ doesn't have a size known at compile-time
[INFO] [stdout]     |
[INFO] [stdout]     = help: the trait `Sized` is not implemented for `[CompileError]`
[INFO] [stdout]     = note: all local variables must have a statically known size
[INFO] [stdout] 
[INFO] [stdout] 
[INFO] [stdout] error[E0277]: the size for values of type `[CompileError]` cannot be known at compilation time
[INFO] [stdout]    --> crates/infrastructure/src/cli.rs:186:9
[INFO] [stdout]     |
[INFO] [stdout] 186 |         Err(errors) => {
[INFO] [stdout]     |         ^^^^^^^^^^^ doesn't have a size known at compile-time
[INFO] [stdout]     |
[INFO] [stdout]     = help: the trait `Sized` is not implemented for `[CompileError]`
[INFO] [stdout] note: required by a bound in `Err`
[INFO] [stdout]    --> /rustc/3154cc1a3e6424e44f438a95007d043ed5ceaaf6/library/core/src/result.rs:567:4
[INFO] [stdout] 
[INFO] [stdout] 
[INFO] [stdout] warning: unused variable: `min_bp`
[INFO] [stdout]     --> crates/infrastructure/src/parser/expr.rs:1089:40
[INFO] [stdout]      |
[INFO] [stdout] 1089 |     pub(crate) fn parse_try(&mut self, min_bp: u8) -> Result<Expr, CompileError> {
[INFO] [stdout]      |                                        ^^^^^^ help: if this is intentional, prefix it with an underscore: `_min_bp`
[INFO] [stdout]      |
[INFO] [stdout]      = note: `#[warn(unused_variables)]` (part of `#[warn(unused)]`) on by default
[INFO] [stdout] 
[INFO] [stdout] 
[INFO] [stdout] warning: variable `alias` is assigned to, but never used
[INFO] [stdout]    --> crates/infrastructure/src/parser/toplevel.rs:408:21
[INFO] [stdout]     |
[INFO] [stdout] 408 |                 let mut alias = None;
[INFO] [stdout]     |                     ^^^^^^^^^
[INFO] [stdout]     |
[INFO] [stdout]     = note: consider using `_alias` instead
[INFO] [stdout] 
[INFO] [stdout] 
[INFO] [stdout] warning: value assigned to `alias` is never read
[INFO] [stdout]    --> crates/infrastructure/src/parser/toplevel.rs:411:25
[INFO] [stdout]     |
[INFO] [stdout] 411 |                         alias = Some(a.clone());
[INFO] [stdout]     |                         ^^^^^
[INFO] [stdout]     |
[INFO] [stdout]     = help: maybe it is overwritten before being read?
[INFO] [stdout]     = note: `#[warn(unused_assignments)]` (part of `#[warn(unused)]`) on by default
[INFO] [stdout] 
[INFO] [stdout] 
[INFO] [stdout] Some errors have detailed explanations: E0277, E0761.
[INFO] [stdout] 
[INFO] [stdout] For more information about an error, try `rustc --explain E0277`.
[INFO] [stdout] 
[INFO] [stderr] error: could not compile `ats2-infrastructure` (lib) due to 10 previous errors; 22 warnings emitted
[INFO] [stderr] warning: build failed, waiting for other jobs to finish...
[INFO] [stdout] warning: unused variable: `min_bp`
[INFO] [stdout]     --> crates/infrastructure/src/parser/expr.rs:1089:40
[INFO] [stdout]      |
[INFO] [stdout] 1089 |     pub(crate) fn parse_try(&mut self, min_bp: u8) -> Result<Expr, CompileError> {
[INFO] [stdout]      |                                        ^^^^^^ help: if this is intentional, prefix it with an underscore: `_min_bp`
[INFO] [stdout]      |
[INFO] [stdout]      = note: `#[warn(unused_variables)]` (part of `#[warn(unused)]`) on by default
[INFO] [stdout] 
[INFO] [stdout] 
[INFO] [stdout] warning: variable `alias` is assigned to, but never used
[INFO] [stdout]    --> crates/infrastructure/src/parser/toplevel.rs:408:21
[INFO] [stdout]     |
[INFO] [stdout] 408 |                 let mut alias = None;
[INFO] [stdout]     |                     ^^^^^^^^^
[INFO] [stdout]     |
[INFO] [stdout]     = note: consider using `_alias` instead
[INFO] [stdout] 
[INFO] [stdout] 
[INFO] [stdout] warning: value assigned to `alias` is never read
[INFO] [stdout]    --> crates/infrastructure/src/parser/toplevel.rs:411:25
[INFO] [stdout]     |
[INFO] [stdout] 411 |                         alias = Some(a.clone());
[INFO] [stdout]     |                         ^^^^^
[INFO] [stdout]     |
[INFO] [stdout]     = help: maybe it is overwritten before being read?
[INFO] [stdout]     = note: `#[warn(unused_assignments)]` (part of `#[warn(unused)]`) on by default
[INFO] [stdout] 
[INFO] [stdout] 
[INFO] [stdout] Some errors have detailed explanations: E0277, E0761.
[INFO] [stdout] 
[INFO] [stdout] For more information about an error, try `rustc --explain E0277`.
[INFO] [stdout] 
[INFO] [stderr] error: could not compile `ats2-infrastructure` (lib test) due to 10 previous errors; 24 warnings emitted
[INFO] running `Command { std: "docker" "inspect" "ae1325cb7399232a2d5127e7bec6ce296222d7dde0d2152c2186d61decb7cd97", kill_on_drop: false }`
[INFO] running `Command { std: "docker" "rm" "-f" "ae1325cb7399232a2d5127e7bec6ce296222d7dde0d2152c2186d61decb7cd97", kill_on_drop: false }`
[INFO] [stdout] ae1325cb7399232a2d5127e7bec6ce296222d7dde0d2152c2186d61decb7cd97
