[INFO] cloning repository https://github.com/jgespiga/crustmem
[INFO] running `Command { std: "git" "-c" "credential.helper=" "-c" "credential.helper=/workspace/cargo-home/bin/git-credential-null" "clone" "--bare" "https://github.com/jgespiga/crustmem" "/workspace/cache/git-repos/https%3A%2F%2Fgithub.com%2Fjgespiga%2Fcrustmem", kill_on_drop: false }`
[INFO] [stderr] Cloning into bare repository '/workspace/cache/git-repos/https%3A%2F%2Fgithub.com%2Fjgespiga%2Fcrustmem'...
[INFO] running `Command { std: "git" "rev-parse" "HEAD", kill_on_drop: false }`
[INFO] [stdout] 2cfa4a8dc235c423f064b737c958804fedbd8bfd
[INFO] checking jgespiga/crustmem against 3154cc1a3e6424e44f438a95007d043ed5ceaaf6+rustflags=-Znext-solver=coherence for pr-133502-30
[INFO] running `Command { std: "git" "clone" "/workspace/cache/git-repos/https%3A%2F%2Fgithub.com%2Fjgespiga%2Fcrustmem" "/workspace/builds/worker-4-tc1/source", kill_on_drop: false }`
[INFO] [stderr] Cloning into '/workspace/builds/worker-4-tc1/source'...
[INFO] [stderr] done.
[INFO] started tweaking git repo https://github.com/jgespiga/crustmem
[INFO] finished tweaking git repo https://github.com/jgespiga/crustmem
[INFO] tweaked toml for git repo https://github.com/jgespiga/crustmem written to /workspace/builds/worker-4-tc1/source/Cargo.toml
[INFO] validating manifest of git repo https://github.com/jgespiga/crustmem on toolchain 3154cc1a3e6424e44f438a95007d043ed5ceaaf6
[INFO] running `Command { std: CARGO_HOME="/workspace/cargo-home" RUSTUP_HOME="/workspace/rustup-home" "/workspace/cargo-home/bin/cargo" "+3154cc1a3e6424e44f438a95007d043ed5ceaaf6" "metadata" "--manifest-path" "Cargo.toml" "--no-deps", kill_on_drop: false }`
[INFO] crate git repo https://github.com/jgespiga/crustmem already has a lockfile, it will not be regenerated
[INFO] running `Command { std: CARGO_HOME="/workspace/cargo-home" RUSTUP_HOME="/workspace/rustup-home" "/workspace/cargo-home/bin/cargo" "+3154cc1a3e6424e44f438a95007d043ed5ceaaf6" "fetch" "--manifest-path" "Cargo.toml", kill_on_drop: false }`
[INFO] running `Command { std: "docker" "create" "-v" "/var/lib/crater-agent-workspace/builds/worker-4-tc1/source:/opt/rustwide/workdir:ro,Z" "-v" "/var/lib/crater-agent-workspace/builds/worker-4-tc1/target:/opt/rustwide/target:rw,Z" "-v" "/var/lib/crater-agent-workspace/cargo-home:/opt/rustwide/cargo-home:ro,Z" "-v" "/var/lib/crater-agent-workspace/rustup-home:/opt/rustwide/rustup-home:ro,Z" "-m" "1610612736" "--network" "none" "ghcr.io/rust-lang/crates-build-env/linux@sha256:77db811e55d90add9212f6832c23229e3de5f1c1f9905e8cb07319ea15df73ac" "sleep" "infinity", kill_on_drop: false }`
[INFO] [stdout] fd34cddd1f9e300ccaa8fa0dbfd29b702a2694f76206b072abe05ed97c982e84
[INFO] running `Command { std: "docker" "start" "fd34cddd1f9e300ccaa8fa0dbfd29b702a2694f76206b072abe05ed97c982e84", kill_on_drop: false }`
[INFO] running `Command { std: "docker" "inspect" "fd34cddd1f9e300ccaa8fa0dbfd29b702a2694f76206b072abe05ed97c982e84", kill_on_drop: false }`
[INFO] running `Command { std: "docker" "exec" "-e" "SOURCE_DIR=/opt/rustwide/workdir" "-e" "CARGO_HOME=/opt/rustwide/cargo-home" "-e" "RUSTUP_HOME=/opt/rustwide/rustup-home" "-e" "CARGO_TARGET_DIR=/opt/rustwide/target" "-w" "/opt/rustwide/workdir" "--user" "0:0" "fd34cddd1f9e300ccaa8fa0dbfd29b702a2694f76206b072abe05ed97c982e84" "/opt/rustwide/cargo-home/bin/cargo" "+3154cc1a3e6424e44f438a95007d043ed5ceaaf6" "metadata" "--no-deps" "--format-version=1", kill_on_drop: false }`
[INFO] running `Command { std: "docker" "inspect" "fd34cddd1f9e300ccaa8fa0dbfd29b702a2694f76206b072abe05ed97c982e84", kill_on_drop: false }`
[INFO] running `Command { std: "docker" "exec" "-e" "SOURCE_DIR=/opt/rustwide/workdir" "-e" "CARGO_HOME=/opt/rustwide/cargo-home" "-e" "RUSTUP_HOME=/opt/rustwide/rustup-home" "-e" "CARGO_TARGET_DIR=/opt/rustwide/target" "-e" "CARGO_INCREMENTAL=0" "-e" "RUST_BACKTRACE=full" "-e" "RUSTFLAGS=--cap-lints=forbid -Znext-solver=coherence" "-e" "RUSTDOCFLAGS=--cap-lints=forbid" "-w" "/opt/rustwide/workdir" "--user" "0:0" "fd34cddd1f9e300ccaa8fa0dbfd29b702a2694f76206b072abe05ed97c982e84" "/opt/rustwide/cargo-home/bin/cargo" "+3154cc1a3e6424e44f438a95007d043ed5ceaaf6" "check" "--frozen" "--all" "--all-targets" "--message-format=json", kill_on_drop: false }`
[INFO] [stderr]    Compiling libc v0.2.189
[INFO] [stderr]    Compiling proc-macro2 v1.0.107
[INFO] [stderr]    Compiling unicode-ident v1.0.24
[INFO] [stderr]    Compiling quote v1.0.47
[INFO] [stderr]     Checking smallvec v1.15.2
[INFO] [stderr]     Checking pin-project-lite v0.2.17
[INFO] [stderr]     Checking bytes v1.12.1
[INFO] [stderr]    Compiling syn v3.0.3
[INFO] [stderr]     Checking parking_lot_core v0.9.12
[INFO] [stderr]     Checking errno v0.3.14
[INFO] [stderr]     Checking socket2 v0.6.5
[INFO] [stderr]     Checking mio v1.2.2
[INFO] [stderr]     Checking signal-hook-registry v1.4.8
[INFO] [stderr]     Checking parking_lot v0.12.5
[INFO] [stderr]    Compiling tokio-macros v2.7.2
[INFO] [stderr]     Checking tokio v1.53.1
[INFO] [stderr]     Checking crustmem v0.1.0 (/opt/rustwide/workdir)
[INFO] [stdout] error[E0599]: no method named `get` found for reference `&Db` in the current scope
[INFO] [stdout]    --> src/command.rs:176:46
[INFO] [stdout]     |
[INFO] [stdout] 176 |             Command::Get { key } => match db.get(&key) {
[INFO] [stdout]     |                                              ^^^ method not found in `&Db`
[INFO] [stdout]     |
[INFO] [stdout]     = help: items from traits can only be used if the trait is implemented and in scope
[INFO] [stdout]     = note: the following trait defines an item `get`, perhaps you need to implement it:
[INFO] [stdout]             candidate #1: `SliceIndex`
[INFO] [stdout] 
[INFO] [stdout] 
[INFO] [stdout] error[E0599]: no method named `set` found for reference `&Db` in the current scope
[INFO] [stdout]    --> src/command.rs:182:20
[INFO] [stdout]     |
[INFO] [stdout] 182 |                 db.set(key, value, expire);
[INFO] [stdout]     |                    ^^^ method not found in `&Db`
[INFO] [stdout] 
[INFO] [stdout] 
[INFO] [stdout] error[E0599]: no method named `del` found for reference `&Db` in the current scope
[INFO] [stdout]    --> src/command.rs:186:60
[INFO] [stdout]     |
[INFO] [stdout] 186 |             Command::Del { keys } => RespFrame::Integer(db.del(&keys) as i64),
[INFO] [stdout]     |                                                            ^^^ method not found in `&Db`
[INFO] [stdout] 
[INFO] [stdout] 
[INFO] [stdout] For more information about this error, try `rustc --explain E0599`.
[INFO] [stdout] 
[INFO] [stdout] error[E0599]: no method named `get` found for reference `&Db` in the current scope
[INFO] [stdout]    --> src/command.rs:176:46
[INFO] [stdout]     |
[INFO] [stdout] 176 |             Command::Get { key } => match db.get(&key) {
[INFO] [stdout]     |                                              ^^^ method not found in `&Db`
[INFO] [stdout]     |
[INFO] [stdout]     = help: items from traits can only be used if the trait is implemented and in scope
[INFO] [stdout]     = note: the following trait defines an item `get`, perhaps you need to implement it:
[INFO] [stdout]             candidate #1: `SliceIndex`
[INFO] [stdout] 
[INFO] [stdout] 
[INFO] [stderr] error: could not compile `crustmem` (bin "crustmem") due to 3 previous errors
[INFO] [stderr] warning: build failed, waiting for other jobs to finish...
[INFO] [stdout] error[E0599]: no method named `set` found for reference `&Db` in the current scope
[INFO] [stdout]    --> src/command.rs:182:20
[INFO] [stdout]     |
[INFO] [stdout] 182 |                 db.set(key, value, expire);
[INFO] [stdout]     |                    ^^^ method not found in `&Db`
[INFO] [stdout] 
[INFO] [stdout] 
[INFO] [stdout] error[E0599]: no method named `del` found for reference `&Db` in the current scope
[INFO] [stdout]    --> src/command.rs:186:60
[INFO] [stdout]     |
[INFO] [stdout] 186 |             Command::Del { keys } => RespFrame::Integer(db.del(&keys) as i64),
[INFO] [stdout]     |                                                            ^^^ method not found in `&Db`
[INFO] [stdout] 
[INFO] [stdout] 
[INFO] [stdout] For more information about this error, try `rustc --explain E0599`.
[INFO] [stdout] 
[INFO] [stderr] error: could not compile `crustmem` (bin "crustmem" test) due to 3 previous errors
[INFO] running `Command { std: "docker" "inspect" "fd34cddd1f9e300ccaa8fa0dbfd29b702a2694f76206b072abe05ed97c982e84", kill_on_drop: false }`
[INFO] running `Command { std: "docker" "rm" "-f" "fd34cddd1f9e300ccaa8fa0dbfd29b702a2694f76206b072abe05ed97c982e84", kill_on_drop: false }`
[INFO] [stdout] fd34cddd1f9e300ccaa8fa0dbfd29b702a2694f76206b072abe05ed97c982e84
