[INFO] cloning repository https://github.com/jerry78424/System-OOM-Guard
[INFO] running `Command { std: "git" "-c" "credential.helper=" "-c" "credential.helper=/workspace/cargo-home/bin/git-credential-null" "clone" "--bare" "https://github.com/jerry78424/System-OOM-Guard" "/workspace/cache/git-repos/https%3A%2F%2Fgithub.com%2Fjerry78424%2FSystem-OOM-Guard", kill_on_drop: false }`
[INFO] [stderr] Cloning into bare repository '/workspace/cache/git-repos/https%3A%2F%2Fgithub.com%2Fjerry78424%2FSystem-OOM-Guard'...
[INFO] running `Command { std: "git" "rev-parse" "HEAD", kill_on_drop: false }`
[INFO] [stdout] 2b74f2f8d2824232d268ae815833b4c91c997d96
[INFO] checking jerry78424/System-OOM-Guard against 3154cc1a3e6424e44f438a95007d043ed5ceaaf6 for pr-133502-30
[INFO] running `Command { std: "git" "clone" "/workspace/cache/git-repos/https%3A%2F%2Fgithub.com%2Fjerry78424%2FSystem-OOM-Guard" "/workspace/builds/worker-0-tc2/source", kill_on_drop: false }`
[INFO] [stderr] Cloning into '/workspace/builds/worker-0-tc2/source'...
[INFO] [stderr] done.
[INFO] started tweaking git repo https://github.com/jerry78424/System-OOM-Guard
[INFO] finished tweaking git repo https://github.com/jerry78424/System-OOM-Guard
[INFO] tweaked toml for git repo https://github.com/jerry78424/System-OOM-Guard written to /workspace/builds/worker-0-tc2/source/Cargo.toml
[INFO] validating manifest of git repo https://github.com/jerry78424/System-OOM-Guard on toolchain 3154cc1a3e6424e44f438a95007d043ed5ceaaf6
[INFO] running `Command { std: CARGO_HOME="/workspace/cargo-home" RUSTUP_HOME="/workspace/rustup-home" "/workspace/cargo-home/bin/cargo" "+3154cc1a3e6424e44f438a95007d043ed5ceaaf6" "metadata" "--manifest-path" "Cargo.toml" "--no-deps", kill_on_drop: false }`
[INFO] crate git repo https://github.com/jerry78424/System-OOM-Guard already has a lockfile, it will not be regenerated
[INFO] running `Command { std: CARGO_HOME="/workspace/cargo-home" RUSTUP_HOME="/workspace/rustup-home" "/workspace/cargo-home/bin/cargo" "+3154cc1a3e6424e44f438a95007d043ed5ceaaf6" "fetch" "--manifest-path" "Cargo.toml", kill_on_drop: false }`
[INFO] running `Command { std: "docker" "create" "-v" "/var/lib/crater-agent-workspace/builds/worker-0-tc2/source:/opt/rustwide/workdir:ro,Z" "-v" "/var/lib/crater-agent-workspace/builds/worker-0-tc2/target:/opt/rustwide/target:rw,Z" "-v" "/var/lib/crater-agent-workspace/cargo-home:/opt/rustwide/cargo-home:ro,Z" "-v" "/var/lib/crater-agent-workspace/rustup-home:/opt/rustwide/rustup-home:ro,Z" "-m" "1610612736" "--network" "none" "ghcr.io/rust-lang/crates-build-env/linux@sha256:77db811e55d90add9212f6832c23229e3de5f1c1f9905e8cb07319ea15df73ac" "sleep" "infinity", kill_on_drop: false }`
[INFO] [stdout] fe489e75751ba365ca127c3b3478b8da2cde26d5b7d8293d7f948e8198008c6d
[INFO] running `Command { std: "docker" "start" "fe489e75751ba365ca127c3b3478b8da2cde26d5b7d8293d7f948e8198008c6d", kill_on_drop: false }`
[INFO] running `Command { std: "docker" "inspect" "fe489e75751ba365ca127c3b3478b8da2cde26d5b7d8293d7f948e8198008c6d", kill_on_drop: false }`
[INFO] running `Command { std: "docker" "exec" "-e" "SOURCE_DIR=/opt/rustwide/workdir" "-e" "CARGO_HOME=/opt/rustwide/cargo-home" "-e" "RUSTUP_HOME=/opt/rustwide/rustup-home" "-e" "CARGO_TARGET_DIR=/opt/rustwide/target" "-w" "/opt/rustwide/workdir" "--user" "0:0" "fe489e75751ba365ca127c3b3478b8da2cde26d5b7d8293d7f948e8198008c6d" "/opt/rustwide/cargo-home/bin/cargo" "+3154cc1a3e6424e44f438a95007d043ed5ceaaf6" "metadata" "--no-deps" "--format-version=1", kill_on_drop: false }`
[INFO] running `Command { std: "docker" "inspect" "fe489e75751ba365ca127c3b3478b8da2cde26d5b7d8293d7f948e8198008c6d", kill_on_drop: false }`
[INFO] running `Command { std: "docker" "exec" "-e" "SOURCE_DIR=/opt/rustwide/workdir" "-e" "CARGO_HOME=/opt/rustwide/cargo-home" "-e" "RUSTUP_HOME=/opt/rustwide/rustup-home" "-e" "CARGO_TARGET_DIR=/opt/rustwide/target" "-e" "CARGO_INCREMENTAL=0" "-e" "RUST_BACKTRACE=full" "-e" "RUSTFLAGS=--cap-lints=forbid" "-e" "RUSTDOCFLAGS=--cap-lints=forbid" "-w" "/opt/rustwide/workdir" "--user" "0:0" "fe489e75751ba365ca127c3b3478b8da2cde26d5b7d8293d7f948e8198008c6d" "/opt/rustwide/cargo-home/bin/cargo" "+3154cc1a3e6424e44f438a95007d043ed5ceaaf6" "check" "--frozen" "--all" "--all-targets" "--message-format=json", kill_on_drop: false }`
[INFO] [stderr]    Compiling proc-macro2 v1.0.107
[INFO] [stderr]    Compiling quote v1.0.47
[INFO] [stderr]     Checking windows-link v0.2.1
[INFO] [stderr]    Compiling toml v1.1.4+spec-1.1.0
[INFO] [stderr]     Checking serde_json v1.0.151
[INFO] [stderr]     Checking windows-sys v0.61.2
[INFO] [stderr]    Compiling syn v3.0.3
[INFO] [stderr]    Compiling winresource v0.1.31
[INFO] [stderr]    Compiling oomguard v1.0.0 (/opt/rustwide/workdir)
[INFO] [stderr]    Compiling serde_derive v1.0.229
[INFO] [stderr]     Checking serde v1.0.229
[INFO] [stdout] error[E0433]: cannot find `windows` in `os`
[INFO] [stdout]  --> src/autostart.rs:1:14
[INFO] [stdout]   |
[INFO] [stdout] 1 | use std::os::windows::process::CommandExt;
[INFO] [stdout]   |              ^^^^^^^ could not find `windows` in `os`
[INFO] [stdout]   |
[INFO] [stdout] note: found an item that was configured out
[INFO] [stdout]  --> /rustc/3154cc1a3e6424e44f438a95007d043ed5ceaaf6/library/std/src/os/mod.rs:62:4
[INFO] [stdout]   |
[INFO] [stdout]   = note: the item is gated behind the `windows` feature
[INFO] [stdout] 
[INFO] [stdout] 
[INFO] [stdout] error[E0433]: cannot find `windows` in `os`
[INFO] [stdout]  --> src/autostart.rs:1:14
[INFO] [stdout]   |
[INFO] [stdout] 1 | use std::os::windows::process::CommandExt;
[INFO] [stdout]   |              ^^^^^^^ could not find `windows` in `os`
[INFO] [stdout]   |
[INFO] [stdout] note: found an item that was configured out
[INFO] [stdout]  --> /rustc/3154cc1a3e6424e44f438a95007d043ed5ceaaf6/library/std/src/os/mod.rs:62:4
[INFO] [stdout]   |
[INFO] [stdout]   = note: the item is gated behind the `windows` feature
[INFO] [stdout] 
[INFO] [stdout] 
[INFO] [stdout] error[E0599]: no method named `creation_flags` found for mutable reference `&mut Command` in the current scope
[INFO] [stdout]   --> src/autostart.rs:11:10
[INFO] [stdout]    |
[INFO] [stdout]  9 |     match Command::new("schtasks.exe")
[INFO] [stdout] 10 |         .args(["/Query", "/TN", TASK_NAME])
[INFO] [stdout] 11 |         .creation_flags(CREATE_NO_WINDOW)
[INFO] [stdout]    |          ^^^^^^^^^^^^^^ method not found in `&mut Command`
[INFO] [stdout] 
[INFO] [stdout] 
[INFO] [stdout] error[E0599]: no method named `creation_flags` found for mutable reference `&mut Command` in the current scope
[INFO] [stdout]   --> src/autostart.rs:23:10
[INFO] [stdout]    |
[INFO] [stdout] 21 |     let _ = Command::new("schtasks.exe")
[INFO] [stdout] 22 |         .args(["/Create", "/TN", TASK_NAME, "/TR", &tr, "/SC", "ONLOGON", "/RL", "HIGHEST", "/F"])
[INFO] [stdout] 23 |         .creation_flags(CREATE_NO_WINDOW)
[INFO] [stdout]    |          ^^^^^^^^^^^^^^ method not found in `&mut Command`
[INFO] [stdout] 
[INFO] [stdout] 
[INFO] [stdout] error[E0599]: no method named `creation_flags` found for mutable reference `&mut Command` in the current scope
[INFO] [stdout]   --> src/autostart.rs:31:10
[INFO] [stdout]    |
[INFO] [stdout] 29 |     let _ = Command::new("schtasks.exe")
[INFO] [stdout] 30 |         .args(["/Delete", "/TN", TASK_NAME, "/F"])
[INFO] [stdout] 31 |         .creation_flags(CREATE_NO_WINDOW)
[INFO] [stdout]    |          ^^^^^^^^^^^^^^ method not found in `&mut Command`
[INFO] [stdout] 
[INFO] [stdout] 
[INFO] [stdout] error[E0599]: no method named `creation_flags` found for mutable reference `&mut Command` in the current scope
[INFO] [stdout]   --> src/autostart.rs:41:10
[INFO] [stdout]    |
[INFO] [stdout] 39 |     let _ = Command::new("schtasks.exe")
[INFO] [stdout] 40 |         .args(["/Create", "/TN", WATCH_TASK, "/TR", &tr, "/SC", "MINUTE", "/MO", "1", "/RL", "HIGHEST", "/F"])
[INFO] [stdout] 41 |         .creation_flags(CREATE_NO_WINDOW)
[INFO] [stdout]    |          ^^^^^^^^^^^^^^ method not found in `&mut Command`
[INFO] [stdout] 
[INFO] [stdout] 
[INFO] [stdout] error[E0599]: no method named `creation_flags` found for mutable reference `&mut Command` in the current scope
[INFO] [stdout]   --> src/autostart.rs:49:10
[INFO] [stdout]    |
[INFO] [stdout] 47 |     let _ = Command::new("schtasks.exe")
[INFO] [stdout] 48 |         .args(["/Delete", "/TN", WATCH_TASK, "/F"])
[INFO] [stdout] 49 |         .creation_flags(CREATE_NO_WINDOW)
[INFO] [stdout]    |          ^^^^^^^^^^^^^^ method not found in `&mut Command`
[INFO] [stdout] 
[INFO] [stdout] 
[INFO] [stdout] error[E0599]: no method named `creation_flags` found for mutable reference `&mut Command` in the current scope
[INFO] [stdout]   --> src/autostart.rs:61:10
[INFO] [stdout]    |
[INFO] [stdout] 59 |     let _ = Command::new("powershell.exe")
[INFO] [stdout] 60 |         .args(["-NoProfile", "-NonInteractive", "-WindowStyle", "Hidden", "-Command", cmd])
[INFO] [stdout] 61 |         .creation_flags(CREATE_NO_WINDOW)
[INFO] [stdout]    |          ^^^^^^^^^^^^^^ method not found in `&mut Command`
[INFO] [stdout] 
[INFO] [stdout] 
[INFO] [stdout] error[E0599]: no method named `creation_flags` found for mutable reference `&mut Command` in the current scope
[INFO] [stdout]   --> src/autostart.rs:11:10
[INFO] [stdout]    |
[INFO] [stdout]  9 |     match Command::new("schtasks.exe")
[INFO] [stdout] 10 |         .args(["/Query", "/TN", TASK_NAME])
[INFO] [stdout] 11 |         .creation_flags(CREATE_NO_WINDOW)
[INFO] [stdout]    |          ^^^^^^^^^^^^^^ method not found in `&mut Command`
[INFO] [stdout] 
[INFO] [stdout] 
[INFO] [stdout] error[E0599]: no method named `creation_flags` found for mutable reference `&mut Command` in the current scope
[INFO] [stdout]   --> src/autostart.rs:23:10
[INFO] [stdout]    |
[INFO] [stdout] 21 |     let _ = Command::new("schtasks.exe")
[INFO] [stdout] 22 |         .args(["/Create", "/TN", TASK_NAME, "/TR", &tr, "/SC", "ONLOGON", "/RL", "HIGHEST", "/F"])
[INFO] [stdout] 23 |         .creation_flags(CREATE_NO_WINDOW)
[INFO] [stdout]    |          ^^^^^^^^^^^^^^ method not found in `&mut Command`
[INFO] [stdout] 
[INFO] [stdout] 
[INFO] [stdout] error[E0599]: no method named `creation_flags` found for mutable reference `&mut Command` in the current scope
[INFO] [stdout]   --> src/autostart.rs:31:10
[INFO] [stdout]    |
[INFO] [stdout] 29 |     let _ = Command::new("schtasks.exe")
[INFO] [stdout] 30 |         .args(["/Delete", "/TN", TASK_NAME, "/F"])
[INFO] [stdout] 31 |         .creation_flags(CREATE_NO_WINDOW)
[INFO] [stdout]    |          ^^^^^^^^^^^^^^ method not found in `&mut Command`
[INFO] [stdout] 
[INFO] [stdout] 
[INFO] [stdout] error[E0599]: no method named `creation_flags` found for mutable reference `&mut Command` in the current scope
[INFO] [stdout]   --> src/autostart.rs:41:10
[INFO] [stdout]    |
[INFO] [stdout] 39 |     let _ = Command::new("schtasks.exe")
[INFO] [stdout] 40 |         .args(["/Create", "/TN", WATCH_TASK, "/TR", &tr, "/SC", "MINUTE", "/MO", "1", "/RL", "HIGHEST", "/F"])
[INFO] [stdout] 41 |         .creation_flags(CREATE_NO_WINDOW)
[INFO] [stdout]    |          ^^^^^^^^^^^^^^ method not found in `&mut Command`
[INFO] [stdout] 
[INFO] [stdout] 
[INFO] [stdout] error[E0599]: no method named `creation_flags` found for mutable reference `&mut Command` in the current scope
[INFO] [stdout]   --> src/autostart.rs:49:10
[INFO] [stdout]    |
[INFO] [stdout] 47 |     let _ = Command::new("schtasks.exe")
[INFO] [stdout] 48 |         .args(["/Delete", "/TN", WATCH_TASK, "/F"])
[INFO] [stdout] 49 |         .creation_flags(CREATE_NO_WINDOW)
[INFO] [stdout]    |          ^^^^^^^^^^^^^^ method not found in `&mut Command`
[INFO] [stdout] 
[INFO] [stdout] 
[INFO] [stdout] error[E0599]: no method named `creation_flags` found for mutable reference `&mut Command` in the current scope
[INFO] [stdout]   --> src/autostart.rs:61:10
[INFO] [stdout]    |
[INFO] [stdout] 59 |     let _ = Command::new("powershell.exe")
[INFO] [stdout] 60 |         .args(["-NoProfile", "-NonInteractive", "-WindowStyle", "Hidden", "-Command", cmd])
[INFO] [stdout] 61 |         .creation_flags(CREATE_NO_WINDOW)
[INFO] [stdout]    |          ^^^^^^^^^^^^^^ method not found in `&mut Command`
[INFO] [stdout] 
[INFO] [stdout] 
[INFO] [stdout] Some errors have detailed explanations: E0433, E0599.
[INFO] [stdout] 
[INFO] [stdout] For more information about an error, try `rustc --explain E0433`.
[INFO] [stdout] 
[INFO] [stderr] error: could not compile `oomguard` (lib test) due to 7 previous errors
[INFO] [stderr] warning: build failed, waiting for other jobs to finish...
[INFO] [stdout] Some errors have detailed explanations: E0433, E0599.
[INFO] [stdout] 
[INFO] [stdout] For more information about an error, try `rustc --explain E0433`.
[INFO] [stdout] 
[INFO] [stderr] error: could not compile `oomguard` (lib) due to 7 previous errors
[INFO] running `Command { std: "docker" "inspect" "fe489e75751ba365ca127c3b3478b8da2cde26d5b7d8293d7f948e8198008c6d", kill_on_drop: false }`
[INFO] running `Command { std: "docker" "rm" "-f" "fe489e75751ba365ca127c3b3478b8da2cde26d5b7d8293d7f948e8198008c6d", kill_on_drop: false }`
[INFO] [stdout] fe489e75751ba365ca127c3b3478b8da2cde26d5b7d8293d7f948e8198008c6d
