[INFO] cloning repository https://github.com/jemilsson/rugged
[INFO] running `Command { std: "git" "-c" "credential.helper=" "-c" "credential.helper=/workspace/cargo-home/bin/git-credential-null" "clone" "--bare" "https://github.com/jemilsson/rugged" "/workspace/cache/git-repos/https%3A%2F%2Fgithub.com%2Fjemilsson%2Frugged", kill_on_drop: false }`
[INFO] [stderr] Cloning into bare repository '/workspace/cache/git-repos/https%3A%2F%2Fgithub.com%2Fjemilsson%2Frugged'...
[INFO] running `Command { std: "git" "rev-parse" "HEAD", kill_on_drop: false }`
[INFO] [stdout] f2e43f9d923f96fd41fc1ee7c708d19b29eb408a
[INFO] checking jemilsson/rugged against 3154cc1a3e6424e44f438a95007d043ed5ceaaf6+rustflags=-Znext-solver=coherence for pr-133502-30
[INFO] running `Command { std: "git" "clone" "/workspace/cache/git-repos/https%3A%2F%2Fgithub.com%2Fjemilsson%2Frugged" "/workspace/builds/worker-4-tc1/source", kill_on_drop: false }`
[INFO] [stderr] Cloning into '/workspace/builds/worker-4-tc1/source'...
[INFO] [stderr] done.
[INFO] started tweaking git repo https://github.com/jemilsson/rugged
[INFO] finished tweaking git repo https://github.com/jemilsson/rugged
[INFO] tweaked toml for git repo https://github.com/jemilsson/rugged written to /workspace/builds/worker-4-tc1/source/Cargo.toml
[INFO] validating manifest of git repo https://github.com/jemilsson/rugged on toolchain 3154cc1a3e6424e44f438a95007d043ed5ceaaf6
[INFO] running `Command { std: CARGO_HOME="/workspace/cargo-home" RUSTUP_HOME="/workspace/rustup-home" "/workspace/cargo-home/bin/cargo" "+3154cc1a3e6424e44f438a95007d043ed5ceaaf6" "metadata" "--manifest-path" "Cargo.toml" "--no-deps", kill_on_drop: false }`
[INFO] crate git repo https://github.com/jemilsson/rugged already has a lockfile, it will not be regenerated
[INFO] running `Command { std: CARGO_HOME="/workspace/cargo-home" RUSTUP_HOME="/workspace/rustup-home" "/workspace/cargo-home/bin/cargo" "+3154cc1a3e6424e44f438a95007d043ed5ceaaf6" "fetch" "--manifest-path" "Cargo.toml", kill_on_drop: false }`
[INFO] [stderr]     Updating crates.io index
[INFO] [stderr]  Downloading crates ...
[INFO] [stderr]   Downloaded solana-system-interface v2.0.0
[INFO] [stderr]   Downloaded solana-address v1.1.0
[INFO] [stderr]   Downloaded solana-address v2.7.0
[INFO] [stderr]   Downloaded ephemeral-rollups-sdk v0.11.2
[INFO] [stderr]   Downloaded solana-pubkey v3.0.0
[INFO] [stderr]   Downloaded solana-msg v3.1.0
[INFO] [stderr]   Downloaded solana-sha256-hasher v2.3.0
[INFO] [stderr]   Downloaded solana-hash v4.6.0
[INFO] [stderr]   Downloaded solana-define-syscall v2.3.0
[INFO] [stderr]   Downloaded solana-address-lookup-table-interface v2.2.2
[INFO] [stderr]   Downloaded solana-stable-layout v2.2.1
[INFO] [stderr]   Downloaded solana-nonce v2.2.1
[INFO] [stderr]   Downloaded solana-loader-v2-interface v2.2.1
[INFO] [stderr]   Downloaded five8_const v1.0.0
[INFO] [stderr]   Downloaded solana-program-error v2.2.2
[INFO] [stderr]   Downloaded solana-borsh v2.2.1
[INFO] [stderr]   Downloaded solana-define-syscall v5.2.0
[INFO] [stderr]   Downloaded solana-sanitize v2.2.1
[INFO] [stderr]   Downloaded five8 v0.2.1
[INFO] [stderr]   Downloaded five8_core v0.1.2
[INFO] [stderr]   Downloaded solana-decode-error v2.3.0
[INFO] [stderr]   Downloaded five8_const v0.1.4
[INFO] [stderr]   Downloaded solana-instruction v2.3.3
[INFO] [stderr]   Downloaded solana-short-vec v2.2.1
[INFO] [stderr]   Downloaded solana-serde-varint v2.2.2
[INFO] [stderr]   Downloaded solana-sdk-ids v2.2.1
[INFO] [stderr]   Downloaded solana-sysvar-id v2.2.1
[INFO] [stderr]   Downloaded solana-sdk-macro v2.2.1
[INFO] [stderr]   Downloaded solana-clock v2.2.3
[INFO] [stderr]   Downloaded solana-msg v2.2.1
[INFO] [stderr]   Downloaded solana-program-memory v2.3.1
[INFO] [stderr]   Downloaded solana-slot-hashes v2.2.1
[INFO] [stderr]   Downloaded solana-program-entrypoint v2.3.0
[INFO] [stderr]   Downloaded solana-last-restart-slot v2.2.1
[INFO] [stderr]   Downloaded solana-fee-calculator v2.2.1
[INFO] [stderr]   Downloaded solana-epoch-schedule v2.2.1
[INFO] [stderr]   Downloaded solana-secp256k1-recover v2.2.1
[INFO] [stderr]   Downloaded solana-program-pack v2.2.1
[INFO] [stderr]   Downloaded solana-program-option v2.2.1
[INFO] [stderr]   Downloaded solana-native-token v2.3.0
[INFO] [stderr]   Downloaded solana-transaction-error v2.2.1
[INFO] [stderr]   Downloaded solana-bincode v2.2.1
[INFO] [stderr]   Downloaded solana-loader-v4-interface v2.2.1
[INFO] [stderr]   Downloaded solana-loader-v3-interface v5.0.0
[INFO] [stderr]   Downloaded solana-feature-gate-interface v2.2.2
[INFO] [stderr]   Downloaded solana-account v2.2.1
[INFO] [stderr]   Downloaded solana-example-mocks v2.2.1
[INFO] [stderr]   Downloaded solana-big-mod-exp v2.2.1
[INFO] [stderr]   Downloaded solana-signature v2.3.0
[INFO] [stderr]   Downloaded serde-big-array v0.5.1
[INFO] [stderr]   Downloaded rkyv_derive v0.7.46
[INFO] [stderr]   Downloaded rend v0.4.2
[INFO] [stderr]   Downloaded bytecheck v0.6.12
[INFO] [stderr]   Downloaded ptr_meta_derive v0.1.4
[INFO] [stderr]   Downloaded bytecheck_derive v0.6.12
[INFO] [stderr]   Downloaded pinocchio-system v0.5.0
[INFO] [stderr]   Downloaded solana-instruction-view v1.0.0
[INFO] [stderr]   Downloaded pinocchio-pubkey v0.3.0
[INFO] [stderr]   Downloaded ephemeral-rollups-sdk-attribute-ephemeral-accounts v0.11.2
[INFO] [stderr]   Downloaded ephemeral-rollups-sdk-attribute-ephemeral v0.11.2
[INFO] [stderr]   Downloaded ephemeral-rollups-sdk-attribute-delegate v0.11.2
[INFO] [stderr]   Downloaded ephemeral-rollups-sdk-attribute-commit v0.11.2
[INFO] [stderr]   Downloaded solana-account-info v3.1.1
[INFO] [stderr]   Downloaded solana-sha256-hasher v3.1.0
[INFO] [stderr]   Downloaded five8 v1.0.0
[INFO] [stderr]   Downloaded five8_core v1.0.0
[INFO] [stderr]   Downloaded solana-define-syscall v4.0.1
[INFO] [stderr]   Downloaded solana-sanitize v3.0.1
[INFO] [stderr]   Downloaded solana-atomic-u64 v3.0.1
[INFO] [stderr]   Downloaded solana-instruction v3.5.0
[INFO] [stderr]   Downloaded solana-pubkey v4.3.0
[INFO] [stderr]   Downloaded solana-instruction-error v2.5.0
[INFO] [stderr]   Downloaded solana-vote-interface v2.2.6
[INFO] [stderr]   Downloaded solana-system-interface v1.0.0
[INFO] [stderr]   Downloaded solana-pubkey v2.4.0
[INFO] [stderr]   Downloaded solana-hash v2.3.0
[INFO] [stderr]   Downloaded solana-atomic-u64 v2.2.1
[INFO] [stderr]   Downloaded solana-serialize-utils v2.2.1
[INFO] [stderr]   Downloaded solana-rent v2.2.1
[INFO] [stderr]   Downloaded solana-sysvar v2.3.0
[INFO] [stderr]   Downloaded solana-cpi v2.2.1
[INFO] [stderr]   Downloaded solana-account-info v2.3.0
[INFO] [stderr]   Downloaded solana-slot-history v2.2.1
[INFO] [stderr]   Downloaded solana-instructions-sysvar v2.2.2
[INFO] [stderr]   Downloaded solana-epoch-rewards v2.2.1
[INFO] [stderr]   Downloaded solana-message v2.4.0
[INFO] [stderr]   Downloaded find-msvc-tools v0.1.10
[INFO] [stderr]   Downloaded solana-keccak-hasher v2.2.1
[INFO] [stderr]   Downloaded solana-blake3-hasher v2.2.1
[INFO] [stderr]   Downloaded magicblock-magic-program-api v0.8.8
[INFO] [stderr]   Downloaded ptr_meta v0.1.4
[INFO] [stderr]   Downloaded pinocchio v0.10.2
[INFO] [stderr]   Downloaded solana-account-view v1.0.0
[INFO] [stderr]   Downloaded wincode-derive v0.5.0
[INFO] [stderr]   Downloaded solana-program-error v3.0.1
[INFO] [stderr]   Downloaded borsh-derive v1.8.0
[INFO] [stderr]   Downloaded solana-program v2.3.0
[INFO] [stderr]   Downloaded solana-stake-interface v1.2.1
[INFO] [stderr]   Downloaded const-crypto v0.3.0
[INFO] [stderr]   Downloaded magicblock-delegation-program-api v2.0.0
[INFO] [stderr]   Downloaded keccak-const v0.2.0
[INFO] [stderr]   Downloaded wincode v0.6.0
[INFO] [stderr]   Downloaded borsh v1.8.0
[INFO] [stderr]   Downloaded cc v1.4.2
[INFO] [stderr]   Downloaded rkyv v0.7.46
[INFO] [stderr]   Downloaded solana-clock v3.2.0
[INFO] [stderr]   Downloaded blake3 v1.8.6
[INFO] [stderr]   Downloaded solana-sysvar-id v3.1.0
[INFO] [stderr]   Downloaded solana-sdk-ids v3.1.0
[INFO] [stderr]   Downloaded solana-sdk-macro v3.0.1
[INFO] [stderr]   Downloaded solana-program-memory v3.1.0
[INFO] [stderr]   Downloaded solana-last-restart-slot v3.2.0
[INFO] [stderr]   Downloaded solana-epoch-rewards v3.2.0
[INFO] [stderr]   Downloaded solana-program-option v3.1.0
[INFO] [stderr]   Downloaded solana-loader-v3-interface v6.1.1
[INFO] [stderr]   Downloaded anchor-lang-error v1.1.2
[INFO] [stderr]   Downloaded anchor-derive-space v1.1.2
[INFO] [stderr]   Downloaded anchor-derive-accounts v1.1.2
[INFO] [stderr]   Downloaded anchor-lang-idl v0.1.4
[INFO] [stderr]   Downloaded anchor-attribute-account v1.1.2
[INFO] [stderr]   Downloaded solana-epoch-schedule v3.3.0
[INFO] [stderr]   Downloaded solana-invoke v0.5.0
[INFO] [stderr]   Downloaded sha3 v0.10.9
[INFO] [stderr]   Downloaded pinocchio-log v0.5.1
[INFO] [stderr]   Downloaded solana-get-sysvar v1.0.0
[INFO] [stderr]   Downloaded solana-program-entrypoint v3.1.1
[INFO] [stderr]   Downloaded solana-cpi v3.1.0
[INFO] [stderr]   Downloaded solana-instructions-sysvar v3.0.1
[INFO] [stderr]   Downloaded solana-feature-gate-interface v3.1.0
[INFO] [stderr]   Downloaded anchor-attribute-event v1.1.2
[INFO] [stderr]   Downloaded anchor-attribute-access-control v1.1.2
[INFO] [stderr]   Downloaded anchor-syn v1.1.2
[INFO] [stderr]   Downloaded anchor-derive-serde v1.1.2
[INFO] [stderr]   Downloaded solana-slot-hashes v3.2.0
[INFO] [stderr]   Downloaded ephemeral-rollups-sdk-attribute-action v0.11.2
[INFO] [stderr]   Downloaded solana-program-pack v3.1.0
[INFO] [stderr]   Downloaded pinocchio-log-macro v0.5.0
[INFO] [stderr]   Downloaded solana-slot-history v3.2.0
[INFO] [stderr]   Downloaded solana-stable-layout v3.0.1
[INFO] [stderr]   Downloaded anchor-attribute-error v1.1.2
[INFO] [stderr]   Downloaded solana-fee-calculator v3.3.0
[INFO] [stderr]   Downloaded solana-define-syscall v3.0.0
[INFO] [stderr]   Downloaded solana-serialize-utils v3.1.2
[INFO] [stderr]   Downloaded anchor-attribute-constant v1.1.2
[INFO] [stderr]   Downloaded solana-rent v3.1.0
[INFO] [stderr]   Downloaded solana-sysvar v3.1.1
[INFO] [stderr]   Downloaded solana-stake-interface v2.0.2
[INFO] [stderr]   Downloaded solana-system-interface v3.3.0
[INFO] [stderr]   Downloaded anchor-attribute-program v1.1.2
[INFO] [stderr]   Downloaded anchor-lang v1.1.2
[INFO] [stderr]   Downloaded pinocchio v0.9.3
[INFO] running `Command { std: "docker" "create" "-v" "/var/lib/crater-agent-workspace/builds/worker-4-tc1/source:/opt/rustwide/workdir:ro,Z" "-v" "/var/lib/crater-agent-workspace/builds/worker-4-tc1/target:/opt/rustwide/target:rw,Z" "-v" "/var/lib/crater-agent-workspace/cargo-home:/opt/rustwide/cargo-home:ro,Z" "-v" "/var/lib/crater-agent-workspace/rustup-home:/opt/rustwide/rustup-home:ro,Z" "-m" "1610612736" "--network" "none" "ghcr.io/rust-lang/crates-build-env/linux@sha256:77db811e55d90add9212f6832c23229e3de5f1c1f9905e8cb07319ea15df73ac" "sleep" "infinity", kill_on_drop: false }`
[INFO] [stdout] 47c359cfcf9a99c17c3742be1d5e2960fef6396e37ed2bfc0b46d8e779921886
[INFO] running `Command { std: "docker" "start" "47c359cfcf9a99c17c3742be1d5e2960fef6396e37ed2bfc0b46d8e779921886", kill_on_drop: false }`
[INFO] running `Command { std: "docker" "inspect" "47c359cfcf9a99c17c3742be1d5e2960fef6396e37ed2bfc0b46d8e779921886", kill_on_drop: false }`
[INFO] running `Command { std: "docker" "exec" "-e" "SOURCE_DIR=/opt/rustwide/workdir" "-e" "CARGO_HOME=/opt/rustwide/cargo-home" "-e" "RUSTUP_HOME=/opt/rustwide/rustup-home" "-e" "CARGO_TARGET_DIR=/opt/rustwide/target" "-w" "/opt/rustwide/workdir" "--user" "0:0" "47c359cfcf9a99c17c3742be1d5e2960fef6396e37ed2bfc0b46d8e779921886" "/opt/rustwide/cargo-home/bin/cargo" "+3154cc1a3e6424e44f438a95007d043ed5ceaaf6" "metadata" "--no-deps" "--format-version=1", kill_on_drop: false }`
[INFO] running `Command { std: "docker" "inspect" "47c359cfcf9a99c17c3742be1d5e2960fef6396e37ed2bfc0b46d8e779921886", kill_on_drop: false }`
[INFO] running `Command { std: "docker" "exec" "-e" "SOURCE_DIR=/opt/rustwide/workdir" "-e" "CARGO_HOME=/opt/rustwide/cargo-home" "-e" "RUSTUP_HOME=/opt/rustwide/rustup-home" "-e" "CARGO_TARGET_DIR=/opt/rustwide/target" "-e" "CARGO_INCREMENTAL=0" "-e" "RUST_BACKTRACE=full" "-e" "RUSTFLAGS=--cap-lints=forbid -Znext-solver=coherence" "-e" "RUSTDOCFLAGS=--cap-lints=forbid" "-w" "/opt/rustwide/workdir" "--user" "0:0" "47c359cfcf9a99c17c3742be1d5e2960fef6396e37ed2bfc0b46d8e779921886" "/opt/rustwide/cargo-home/bin/cargo" "+3154cc1a3e6424e44f438a95007d043ed5ceaaf6" "check" "--frozen" "--all" "--all-targets" "--message-format=json", kill_on_drop: false }`
[INFO] [stderr]    Compiling proc-macro2 v1.0.107
[INFO] [stderr]    Compiling serde_core v1.0.229
[INFO] [stderr]    Compiling serde v1.0.229
[INFO] [stderr]    Compiling generic-array v0.14.7
[INFO] [stderr]    Compiling winnow v1.0.4
[INFO] [stderr]    Compiling libc v0.2.189
[INFO] [stderr]    Compiling toml_datetime v1.1.1+spec-1.1.0
[INFO] [stderr]    Compiling borsh v1.8.0
[INFO] [stderr]    Compiling once_cell v1.21.4
[INFO] [stderr]     Checking cpufeatures v0.2.17
[INFO] [stderr]    Compiling semver v1.0.28
[INFO] [stderr]     Checking subtle v2.6.1
[INFO] [stderr]     Checking zeroize v1.9.0
[INFO] [stderr]    Compiling num-traits v0.2.19
[INFO] [stderr]    Compiling rustc_version v0.4.1
[INFO] [stderr]    Compiling syn v1.0.109
[INFO] [stderr]    Compiling quote v1.0.47
[INFO] [stderr]    Compiling curve25519-dalek v4.1.3
[INFO] [stderr]     Checking crypto-common v0.1.7
[INFO] [stderr]    Compiling syn v3.0.3
[INFO] [stderr]    Compiling syn v2.0.119
[INFO] [stderr]     Checking block-buffer v0.10.4
[INFO] [stderr]     Checking digest v0.10.7
[INFO] [stderr]     Checking sha2 v0.10.9
[INFO] [stderr]     Checking getrandom v0.2.17
[INFO] [stderr]    Compiling toml_parser v1.1.3+spec-1.1.0
[INFO] [stderr]     Checking rand_core v0.6.4
[INFO] [stderr]    Compiling zerocopy v0.8.56
[INFO] [stderr]     Checking five8_core v0.1.2
[INFO] [stderr]    Compiling toml_edit v0.25.13+spec-1.1.0
[INFO] [stderr]     Checking five8 v0.2.1
[INFO] [stderr]    Compiling ahash v0.8.12
[INFO] [stderr]     Checking solana-sanitize v2.2.1
[INFO] [stderr]     Checking solana-atomic-u64 v2.2.1
[INFO] [stderr]     Checking five8_core v1.0.0
[INFO] [stderr]     Checking five8_const v0.1.4
[INFO] [stderr]     Checking sha2-const-stable v0.1.0
[INFO] [stderr]     Checking five8 v1.0.0
[INFO] [stderr]     Checking solana-decode-error v2.3.0
[INFO] [stderr]     Checking five8_const v1.0.0
[INFO] [stderr]    Compiling proc-macro-crate v3.5.0
[INFO] [stderr]     Checking solana-sanitize v3.0.1
[INFO] [stderr]     Checking solana-atomic-u64 v3.0.1
[INFO] [stderr]    Compiling bs58 v0.5.1
[INFO] [stderr]    Compiling typenum v1.20.1
[INFO] [stderr]     Checking memchr v2.8.3
[INFO] [stderr]    Compiling crunchy v0.2.4
[INFO] [stderr]    Compiling anyhow v1.0.104
[INFO] [stderr]     Checking solana-msg v2.2.1
[INFO] [stderr]    Compiling cfg-if v1.0.4
[INFO] [stderr]    Compiling thiserror v1.0.69
[INFO] [stderr]    Compiling serde_derive v1.0.229
[INFO] [stderr]    Compiling bytemuck_derive v1.12.0
[INFO] [stderr]     Checking serde_json v1.0.151
[INFO] [stderr]    Compiling feature-probe v0.1.1
[INFO] [stderr]    Compiling hybrid-array v0.4.14
[INFO] [stderr]    Compiling unicode-segmentation v1.13.3
[INFO] [stderr]     Checking bytemuck v1.25.2
[INFO] [stderr]    Compiling crypto-common v0.2.2
[INFO] [stderr]    Compiling block-buffer v0.12.1
[INFO] [stderr]    Compiling const-oid v0.10.2
[INFO] [stderr]    Compiling heck v0.3.3
[INFO] [stderr]    Compiling bv v0.11.1
[INFO] [stderr]    Compiling cpufeatures v0.3.0
[INFO] [stderr]     Checking solana-program-memory v2.3.1
[INFO] [stderr]    Compiling digest v0.9.0
[INFO] [stderr]    Compiling find-msvc-tools v0.1.10
[INFO] [stderr]    Compiling getrandom v0.1.16
[INFO] [stderr]    Compiling cc v1.4.2
[INFO] [stderr]    Compiling libsecp256k1-core v0.2.2
[INFO] [stderr]    Compiling borsh-schema-derive-internal v0.10.4
[INFO] [stderr]    Compiling borsh-derive-internal v0.10.4
[INFO] [stderr]    Compiling digest v0.11.3
[INFO] [stderr]     Checking cmov v0.5.4
[INFO] [stderr]    Compiling sha2 v0.11.0
[INFO] [stderr]     Checking hashbrown v0.13.2
[INFO] [stderr]     Checking ppv-lite86 v0.2.21
[INFO] [stderr]     Checking arrayref v0.3.9
[INFO] [stderr]     Checking ctutils v0.4.2
[INFO] [stderr]     Checking serde_bytes v0.11.19
[INFO] [stderr]     Checking solana-program-memory v3.1.0
[INFO] [stderr]     Checking rand_core v0.5.1
[INFO] [stderr]    Compiling blake3 v1.8.6
[INFO] [stderr]    Compiling libsecp256k1-gen-genmult v0.2.1
[INFO] [stderr]    Compiling libsecp256k1-gen-ecmult v0.2.1
[INFO] [stderr]    Compiling thiserror v2.0.20
[INFO] [stderr]     Checking bitflags v2.13.1
[INFO] [stderr]     Checking arrayvec v0.7.8
[INFO] [stderr]     Checking constant_time_eq v0.4.2
[INFO] [stderr]    Compiling borsh-derive v1.8.0
[INFO] [stderr]    Compiling curve25519-dalek-derive v0.1.1
[INFO] [stderr]    Compiling solana-sdk-macro v2.2.1
[INFO] [stderr]    Compiling thiserror-impl v1.0.69
[INFO] [stderr]    Compiling solana-sdk-macro v3.0.1
[INFO] [stderr]    Compiling libsecp256k1 v0.6.0
[INFO] [stderr]     Checking rand_chacha v0.2.2
[INFO] [stderr]    Compiling thiserror-impl v2.0.20
[INFO] [stderr]     Checking block-buffer v0.9.0
[INFO] [stderr]     Checking keccak v0.1.6
[INFO] [stderr]     Checking bincode v1.3.3
[INFO] [stderr]     Checking solana-hash v4.6.0
[INFO] [stderr]     Checking solana-sha256-hasher v3.1.0
[INFO] [stderr]     Checking solana-short-vec v2.2.1
[INFO] [stderr]    Compiling toml v0.5.11
[INFO] [stderr]     Checking solana-fee-calculator v2.2.1
[INFO] [stderr]     Checking solana-msg v3.1.0
[INFO] [stderr]     Checking sha2 v0.9.9
[INFO] [stderr]     Checking sha3 v0.10.9
[INFO] [stderr]    Compiling anchor-syn v1.1.2
[INFO] [stderr]     Checking rand v0.7.3
[INFO] [stderr]    Compiling aho-corasick v1.1.5
[INFO] [stderr]    Compiling proc-macro-crate v0.1.5
[INFO] [stderr]     Checking num-integer v0.1.46
[INFO] [stderr]    Compiling memoffset v0.9.1
[INFO] [stderr]     Checking base64 v0.12.3
[INFO] [stderr]    Compiling regex-syntax v0.8.11
[INFO] [stderr]     Checking solana-define-syscall v4.0.1
[INFO] [stderr]     Checking num-bigint v0.4.8
[INFO] [stderr]     Checking solana-hash v2.3.0
[INFO] [stderr]     Checking solana-sha256-hasher v2.3.0
[INFO] [stderr]     Checking solana-program-error v3.0.1
[INFO] [stderr]    Compiling borsh-derive v0.10.4
[INFO] [stderr]     Checking solana-keccak-hasher v2.2.1
[INFO] [stderr]     Checking solana-address v2.7.0
[INFO] [stderr]     Checking solana-instruction-error v2.5.0
[INFO] [stderr]     Checking borsh v0.10.4
[INFO] [stderr]     Checking solana-pubkey v4.3.0
[INFO] [stderr]     Checking solana-sdk-ids v3.1.0
[INFO] [stderr]     Checking solana-instruction v3.5.0
[INFO] [stderr]     Checking solana-get-sysvar v1.0.0
[INFO] [stderr]     Checking solana-account-info v3.1.1
[INFO] [stderr]     Checking solana-sysvar-id v3.1.0
[INFO] [stderr]     Checking solana-address v1.1.0
[INFO] [stderr]     Checking solana-pubkey v3.0.0
[INFO] [stderr]     Checking solana-program-entrypoint v3.1.1
[INFO] [stderr]     Checking solana-account-view v1.0.0
[INFO] [stderr]     Checking solana-serde-varint v2.2.2
[INFO] [stderr]    Compiling num-derive v0.4.2
[INFO] [stderr]     Checking rand_chacha v0.3.1
[INFO] [stderr]    Compiling zmij v1.0.23
[INFO] [stderr]     Checking solana-pubkey v2.4.0
[INFO] [stderr]     Checking solana-instruction v2.3.3
[INFO] [stderr]     Checking solana-sdk-ids v2.2.1
[INFO] [stderr]     Checking solana-nonce v2.2.1
[INFO] [stderr]    Compiling itoa v1.0.18
[INFO] [stderr]     Checking solana-program-error v2.2.2
[INFO] [stderr]     Checking solana-sysvar-id v2.2.1
[INFO] [stderr]     Checking solana-system-interface v1.0.0
[INFO] [stderr]     Checking solana-serialize-utils v2.2.1
[INFO] [stderr]     Checking solana-clock v2.2.3
[INFO] [stderr]     Checking solana-account-info v2.3.0
[INFO] [stderr]     Checking solana-slot-hashes v2.2.1
[INFO] [stderr]     Checking solana-rent v2.2.1
[INFO] [stderr]     Checking solana-cpi v2.2.1
[INFO] [stderr]     Checking solana-transaction-error v2.2.1
[INFO] [stderr]     Checking solana-bincode v2.2.1
[INFO] [stderr]     Checking solana-address-lookup-table-interface v2.2.2
[INFO] [stderr]     Checking solana-account v2.2.1
[INFO] [stderr]     Checking solana-instructions-sysvar v2.2.2
[INFO] [stderr]     Checking solana-stake-interface v1.2.1
[INFO] [stderr]     Checking solana-message v2.4.0
[INFO] [stderr]     Checking solana-program-entrypoint v2.3.0
[INFO] [stderr]     Checking solana-epoch-rewards v2.2.1
[INFO] [stderr]     Checking solana-last-restart-slot v2.2.1
[INFO] [stderr]     Checking solana-slot-history v2.2.1
[INFO] [stderr]     Checking solana-epoch-schedule v2.2.1
[INFO] [stderr]    Compiling rustversion v1.0.23
[INFO] [stderr]     Checking keccak-const v0.2.0
[INFO] [stderr]    Compiling regex-automata v0.4.18
[INFO] [stderr]     Checking solana-sysvar v2.3.0
[INFO] [stderr]     Checking solana-example-mocks v2.2.1
[INFO] [stderr]     Checking const-crypto v0.3.0
[INFO] [stderr]     Checking solana-vote-interface v2.2.6
[INFO] [stderr]     Checking solana-feature-gate-interface v2.2.2
[INFO] [stderr]     Checking solana-loader-v3-interface v5.0.0
[INFO] [stderr]     Checking solana-loader-v4-interface v2.2.1
[INFO] [stderr]     Checking solana-program-pack v2.2.1
[INFO] [stderr]     Checking solana-loader-v2-interface v2.2.1
[INFO] [stderr]     Checking solana-stable-layout v2.2.1
[INFO] [stderr]     Checking solana-big-mod-exp v2.2.1
[INFO] [stderr]     Checking solana-borsh v2.2.1
[INFO] [stderr]     Checking rand v0.8.7
[INFO] [stderr]     Checking solana-instruction-view v1.0.0
[INFO] [stderr]     Checking solana-clock v3.2.0
[INFO] [stderr]     Checking solana-last-restart-slot v3.2.0
[INFO] [stderr]     Checking solana-epoch-rewards v3.2.0
[INFO] [stderr]     Checking solana-slot-history v3.2.0
[INFO] [stderr]     Checking solana-epoch-schedule v3.3.0
[INFO] [stderr]     Checking solana-rent v3.1.0
[INFO] [stderr]     Checking solana-slot-hashes v3.2.0
[INFO] [stderr]     Checking ahash v0.7.8
[INFO] [stderr]     Checking solana-blake3-hasher v2.2.1
[INFO] [stderr]    Compiling anchor-lang-idl-spec v0.1.0
[INFO] [stderr]     Checking solana-fee-calculator v3.3.0
[INFO] [stderr]    Compiling ptr_meta_derive v0.1.4
[INFO] [stderr]    Compiling rkyv v0.7.46
[INFO] [stderr]     Checking solana-program-option v2.2.1
[INFO] [stderr]     Checking solana-native-token v2.3.0
[INFO] [stderr]     Checking ptr_meta v0.1.4
[INFO] [stderr]    Compiling strum_macros v0.28.0
[INFO] [stderr]     Checking hashbrown v0.12.3
[INFO] [stderr]     Checking solana-sysvar v3.1.1
[INFO] [stderr]    Compiling anchor-attribute-error v1.1.2
[INFO] [stderr]     Checking pinocchio v0.10.2
[INFO] [stderr]     Checking solana-system-interface v2.0.0
[INFO] [stderr]     Checking solana-cpi v3.1.0
[INFO] [stderr]     Checking solana-stable-layout v3.0.1
[INFO] [stderr]    Compiling anchor-lang-idl v0.1.4
[INFO] [stderr]     Checking solana-system-interface v3.3.0
[INFO] [stderr]     Checking solana-serialize-utils v3.1.2
[INFO] [stderr]     Checking serde-big-array v0.5.1
[INFO] [stderr]    Compiling rkyv_derive v0.7.46
[INFO] [stderr]    Compiling num_enum_derive v0.7.6
[INFO] [stderr]     Checking pinocchio v0.9.3
[INFO] [stderr]     Checking solana-define-syscall v3.0.0
[INFO] [stderr]     Checking seahash v4.1.0
[INFO] [stderr]     Checking solana-invoke v0.5.0
[INFO] [stderr]     Checking solana-loader-v3-interface v6.1.1
[INFO] [stderr]     Checking pinocchio-pubkey v0.3.0
[INFO] [stderr]     Checking solana-secp256k1-recover v2.2.1
[INFO] [stderr]     Checking solana-signature v2.3.0
[INFO] [stderr]     Checking solana-program v2.3.0
[INFO] [stderr]     Checking solana-instructions-sysvar v3.0.1
[INFO] [stderr]     Checking solana-stake-interface v2.0.2
[INFO] [stderr]     Checking pinocchio-system v0.5.0
[INFO] [stderr]     Checking anchor-lang-error v1.1.2
[INFO] [stderr]    Compiling anchor-derive-serde v1.1.2
[INFO] [stderr]    Compiling regex v1.13.1
[INFO] [stderr]    Compiling anchor-attribute-event v1.1.2
[INFO] [stderr]     Checking num_enum v0.7.6
[INFO] [stderr]    Compiling anchor-attribute-account v1.1.2
[INFO] [stderr]    Compiling anchor-attribute-constant v1.1.2
[INFO] [stderr]    Compiling anchor-derive-accounts v1.1.2
[INFO] [stderr]     Checking solana-feature-gate-interface v3.1.0
[INFO] [stderr]     Checking solana-program-pack v3.1.0
[INFO] [stderr]    Compiling anchor-attribute-access-control v1.1.2
[INFO] [stderr]    Compiling anchor-derive-space v1.1.2
[INFO] [stderr]     Checking solana-program-option v3.1.0
[INFO] [stderr]     Checking magicblock-magic-program-api v0.8.8
[INFO] [stderr]    Compiling ephemeral-rollups-sdk-attribute-commit v0.11.2
[INFO] [stderr]    Compiling ephemeral-rollups-sdk-attribute-ephemeral-accounts v0.11.2
[INFO] [stderr]    Compiling ephemeral-rollups-sdk-attribute-delegate v0.11.2
[INFO] [stderr]    Compiling ephemeral-rollups-sdk-attribute-action v0.11.2
[INFO] [stderr]     Checking strum v0.28.0
[INFO] [stderr]    Compiling ephemeral-rollups-sdk-attribute-ephemeral v0.11.2
[INFO] [stderr]     Checking base64ct v1.6.0
[INFO] [stderr]    Compiling pinocchio-log-macro v0.5.0
[INFO] [stderr]     Checking pinocchio-log v0.5.1
[INFO] [stderr]    Compiling anchor-attribute-program v1.1.2
[INFO] [stderr]     Checking anchor-lang v1.1.2
[INFO] [stderr]     Checking magicblock-delegation-program-api v2.0.0
[INFO] [stderr]     Checking ephemeral-rollups-sdk v0.11.2
[INFO] [stdout] error[E0432]: unresolved import `anchor_lang::solana_program::sysvar::rent`
[INFO] [stdout]   --> /opt/rustwide/cargo-home/registry/src/index.crates.io-1949cf8c6b5b557f/ephemeral-rollups-sdk-0.11.2/src/solana_compat.rs:75:50
[INFO] [stdout]    |
[INFO] [stdout] 75 |     pub use anchor_lang::solana_program::sysvar::rent::Rent;
[INFO] [stdout]    |                                                  ^^^^ could not find `rent` in `sysvar`
[INFO] [stdout] 
[INFO] [stdout] 
[INFO] [stdout] error[E0432]: unresolved import `anchor_lang::solana_program::sysvar::Sysvar`
[INFO] [stdout]   --> /opt/rustwide/cargo-home/registry/src/index.crates.io-1949cf8c6b5b557f/ephemeral-rollups-sdk-0.11.2/src/solana_compat.rs:76:13
[INFO] [stdout]    |
[INFO] [stdout] 76 |     pub use anchor_lang::solana_program::sysvar::Sysvar;
[INFO] [stdout]    |             ^^^^^^^^^^^^^^^^^^^^^^^^^^^^^^^^^^^^^------
[INFO] [stdout]    |                                                  |
[INFO] [stdout]    |                                                  no `Sysvar` in `solana_program::sysvar`
[INFO] [stdout]    |
[INFO] [stdout] help: a similar name exists in the module
[INFO] [stdout]    |
[INFO] [stdout] 76 |     pub use anchor_lang::solana_program::sysvar::SysvarId;
[INFO] [stdout]    |                                                        ++
[INFO] [stdout] help: consider importing one of these items instead
[INFO] [stdout]    |
[INFO] [stdout] 76 -     pub use anchor_lang::solana_program::sysvar::Sysvar;
[INFO] [stdout] 76 +     pub use anchor_lang::prelude::Sysvar;
[INFO] [stdout]    |
[INFO] [stdout] 76 -     pub use anchor_lang::solana_program::sysvar::Sysvar;
[INFO] [stdout] 76 +     pub use solana_program::sysvar::Sysvar;
[INFO] [stdout]    |
[INFO] [stdout] 
[INFO] [stdout] 
[INFO] [stdout] error[E0277]: the trait bound `__Pubkey: borsh::BorshSerialize` is not satisfied
[INFO] [stdout]   --> /opt/rustwide/cargo-home/registry/src/index.crates.io-1949cf8c6b5b557f/ephemeral-rollups-sdk-0.11.2/src/types.rs:4:17
[INFO] [stdout]    |
[INFO] [stdout]  4 | #[derive(Debug, BorshSerialize, BorshDeserialize)]
[INFO] [stdout]    |                 ^^^^^^^^^^^^^^ the trait `borsh::BorshSerialize` is not implemented for `__Pubkey`
[INFO] [stdout]    |
[INFO] [stdout] note: there are multiple different versions of crate `borsh` in the dependency graph
[INFO] [stdout]   --> /opt/rustwide/cargo-home/registry/src/index.crates.io-1949cf8c6b5b557f/borsh-0.10.4/src/ser/mod.rs:44:1
[INFO] [stdout]    |
[INFO] [stdout] 44 | pub trait BorshSerialize {
[INFO] [stdout]    | ^^^^^^^^^^^^^^^^^^^^^^^^ this is the expected trait
[INFO] [stdout]    |
[INFO] [stdout]   ::: /opt/rustwide/cargo-home/registry/src/index.crates.io-1949cf8c6b5b557f/borsh-1.8.0/src/ser/mod.rs:51:1
[INFO] [stdout]    |
[INFO] [stdout] 51 | pub trait BorshSerialize {
[INFO] [stdout]    | ------------------------ this is the found trait
[INFO] [stdout]    = help: you can use `cargo tree` to explore your dependency tree
[INFO] [stdout]    = help: the following other types implement trait `borsh::BorshSerialize`:
[INFO] [stdout]              &T
[INFO] [stdout]              ()
[INFO] [stdout]              (T0, T1)
[INFO] [stdout]              (T0, T1, T2)
[INFO] [stdout]              (T0, T1, T2, T3)
[INFO] [stdout]              (T0, T1, T2, T3, T4)
[INFO] [stdout]              (T0, T1, T2, T3, T4, T5)
[INFO] [stdout]              (T0, T1, T2, T3, T4, T5, T6)
[INFO] [stdout]            and 95 others
[INFO] [stdout]    = note: there are multiple different versions of crate `solana_address` in the dependency graph
[INFO] [stdout]    = help: you can use `cargo tree` to explore your dependency tree
[INFO] [stdout]    = note: required for `Option<__Pubkey>` to implement `borsh::BorshSerialize`
[INFO] [stdout]    = note: this error originates in the derive macro `BorshSerialize` (in Nightly builds, run with -Z macro-backtrace for more info)
[INFO] [stdout] help: add `#![feature(trivial_bounds)]` to the crate attributes to enable
[INFO] [stdout]   --> /opt/rustwide/cargo-home/registry/src/index.crates.io-1949cf8c6b5b557f/ephemeral-rollups-sdk-0.11.2/src/lib.rs:1:1
[INFO] [stdout]    |
[INFO] [stdout]  1 + #![feature(trivial_bounds)]
[INFO] [stdout]    |
[INFO] [stdout] 
[INFO] [stdout] 
[INFO] [stdout] error[E0277]: the trait bound `__Pubkey: borsh::BorshDeserialize` is not satisfied
[INFO] [stdout]   --> /opt/rustwide/cargo-home/registry/src/index.crates.io-1949cf8c6b5b557f/ephemeral-rollups-sdk-0.11.2/src/types.rs:4:33
[INFO] [stdout]    |
[INFO] [stdout]  4 | #[derive(Debug, BorshSerialize, BorshDeserialize)]
[INFO] [stdout]    |                                 ^^^^^^^^^^^^^^^^ the trait `borsh::BorshDeserialize` is not implemented for `__Pubkey`
[INFO] [stdout]    |
[INFO] [stdout] note: there are multiple different versions of crate `borsh` in the dependency graph
[INFO] [stdout]   --> /opt/rustwide/cargo-home/registry/src/index.crates.io-1949cf8c6b5b557f/borsh-0.10.4/src/de/mod.rs:35:1
[INFO] [stdout]    |
[INFO] [stdout] 35 | pub trait BorshDeserialize: Sized {
[INFO] [stdout]    | ^^^^^^^^^^^^^^^^^^^^^^^^^^^^^^^^^ this is the expected trait
[INFO] [stdout]    |
[INFO] [stdout]   ::: /opt/rustwide/cargo-home/registry/src/index.crates.io-1949cf8c6b5b557f/borsh-1.8.0/src/de/mod.rs:36:1
[INFO] [stdout]    |
[INFO] [stdout] 36 | pub trait BorshDeserialize: Sized {
[INFO] [stdout]    | --------------------------------- this is the found trait
[INFO] [stdout]    = help: you can use `cargo tree` to explore your dependency tree
[INFO] [stdout]    = help: the following other types implement trait `borsh::BorshDeserialize`:
[INFO] [stdout]              ()
[INFO] [stdout]              (T0, T1)
[INFO] [stdout]              (T0, T1, T2)
[INFO] [stdout]              (T0, T1, T2, T3)
[INFO] [stdout]              (T0, T1, T2, T3, T4)
[INFO] [stdout]              (T0, T1, T2, T3, T4, T5)
[INFO] [stdout]              (T0, T1, T2, T3, T4, T5, T6)
[INFO] [stdout]              (T0, T1, T2, T3, T4, T5, T6, T7)
[INFO] [stdout]            and 92 others
[INFO] [stdout]    = note: there are multiple different versions of crate `solana_address` in the dependency graph
[INFO] [stdout]    = help: you can use `cargo tree` to explore your dependency tree
[INFO] [stdout]    = note: required for `Option<__Pubkey>` to implement `borsh::BorshDeserialize`
[INFO] [stdout]    = note: this error originates in the derive macro `BorshDeserialize` (in Nightly builds, run with -Z macro-backtrace for more info)
[INFO] [stdout] help: add `#![feature(trivial_bounds)]` to the crate attributes to enable
[INFO] [stdout]   --> /opt/rustwide/cargo-home/registry/src/index.crates.io-1949cf8c6b5b557f/ephemeral-rollups-sdk-0.11.2/src/lib.rs:1:1
[INFO] [stdout]    |
[INFO] [stdout]  1 + #![feature(trivial_bounds)]
[INFO] [stdout]    |
[INFO] [stdout] 
[INFO] [stdout] 
[INFO] [stdout] error[E0308]: mismatched types
[INFO] [stdout]  --> /opt/rustwide/cargo-home/registry/src/index.crates.io-1949cf8c6b5b557f/ephemeral-rollups-sdk-0.11.2/src/consts.rs:7:38
[INFO] [stdout]   |
[INFO] [stdout] 7 | pub const MAGIC_PROGRAM_ID: Pubkey = magicblock_magic_program_api::ID;
[INFO] [stdout]   |                             ------   ^^^^^^^^^^^^^^^^^^^^^^^^^^^^^^^^ expected `__Pubkey`, found `magicblock_magic_program_api::Pubkey`
[INFO] [stdout]   |                             |
[INFO] [stdout]   |                             expected because of the type of the constant
[INFO] [stdout] 
[INFO] [stdout] 
[INFO] [stdout] error[E0308]: mismatched types
[INFO] [stdout]   --> /opt/rustwide/cargo-home/registry/src/index.crates.io-1949cf8c6b5b557f/ephemeral-rollups-sdk-0.11.2/src/consts.rs:10:38
[INFO] [stdout]    |
[INFO] [stdout] 10 | pub const MAGIC_CONTEXT_ID: Pubkey = MAGIC_CONTEXT_PUBKEY;
[INFO] [stdout]    |                             ------   ^^^^^^^^^^^^^^^^^^^^ expected `__Pubkey`, found `magicblock_magic_program_api::Pubkey`
[INFO] [stdout]    |                             |
[INFO] [stdout]    |                             expected because of the type of the constant
[INFO] [stdout] 
[INFO] [stdout] 
[INFO] [stdout] error[E0308]: mismatched types
[INFO] [stdout]   --> /opt/rustwide/cargo-home/registry/src/index.crates.io-1949cf8c6b5b557f/ephemeral-rollups-sdk-0.11.2/src/consts.rs:13:40
[INFO] [stdout]    |
[INFO] [stdout] 13 | pub const EPHEMERAL_VAULT_ID: Pubkey = EPHEMERAL_VAULT_PUBKEY;
[INFO] [stdout]    |                               ------   ^^^^^^^^^^^^^^^^^^^^^^ expected `__Pubkey`, found `magicblock_magic_program_api::Pubkey`
[INFO] [stdout]    |                               |
[INFO] [stdout]    |                               expected because of the type of the constant
[INFO] [stdout] 
[INFO] [stdout] 
[INFO] [stdout] error[E0308]: mismatched types
[INFO] [stdout]    --> /opt/rustwide/cargo-home/registry/src/index.crates.io-1949cf8c6b5b557f/ephemeral-rollups-sdk-0.11.2/src/cpi.rs:205:20
[INFO] [stdout]     |
[INFO] [stdout] 205 |         validator: config.validator,
[INFO] [stdout]     |                    ^^^^^^^^^^^^^^^^ expected `magicblock_magic_program_api::Pubkey`, found `__Pubkey`
[INFO] [stdout]     |
[INFO] [stdout]     = note: expected enum `Option<magicblock_magic_program_api::Pubkey>`
[INFO] [stdout]                found enum `Option<__Pubkey>`
[INFO] [stdout] 
[INFO] [stdout] 
[INFO] [stdout] error[E0599]: the method `serialize` exists for struct `DelegateAccountArgs`, but its trait bounds were not satisfied
[INFO] [stdout]    --> /opt/rustwide/cargo-home/registry/src/index.crates.io-1949cf8c6b5b557f/ephemeral-rollups-sdk-0.11.2/src/cpi.rs:292:10
[INFO] [stdout]     |
[INFO] [stdout] 292 |     args.serialize(&mut data)?;
[INFO] [stdout]     |          ^^^^^^^^^ method cannot be called on `DelegateAccountArgs` due to unsatisfied trait bounds
[INFO] [stdout]     |
[INFO] [stdout]    ::: /opt/rustwide/cargo-home/registry/src/index.crates.io-1949cf8c6b5b557f/ephemeral-rollups-sdk-0.11.2/src/types.rs:5:1
[INFO] [stdout]     |
[INFO] [stdout]   5 | pub struct DelegateAccountArgs {
[INFO] [stdout]     | ------------------------------ method `serialize` not found for this struct because it doesn't satisfy `DelegateAccountArgs: borsh::BorshSerialize`
[INFO] [stdout]     |
[INFO] [stdout] note: trait bound `Option<__Pubkey>: borsh::BorshSerialize` was not satisfied
[INFO] [stdout]    --> /opt/rustwide/cargo-home/registry/src/index.crates.io-1949cf8c6b5b557f/ephemeral-rollups-sdk-0.11.2/src/types.rs:4:17
[INFO] [stdout]     |
[INFO] [stdout]   4 | #[derive(Debug, BorshSerialize, BorshDeserialize)]
[INFO] [stdout]     |                 ^^^^^^^^^^^^^^ type parameter would need to implement `BorshSerialize`
[INFO] [stdout]     = help: consider manually implementing the trait to avoid undesired bounds
[INFO] [stdout]     = help: items from traits can only be used if the trait is implemented and in scope
[INFO] [stdout]     = note: the following traits define an item `serialize`, perhaps you need to implement one of them:
[INFO] [stdout]             candidate #1: `AnchorSerialize`
[INFO] [stdout]             candidate #2: `bincode::config::Options`
[INFO] [stdout]             candidate #3: `borsh::BorshSerialize`
[INFO] [stdout]             candidate #4: `crypto_common::hazmat::SerializableState`
[INFO] [stdout]             candidate #5: `serde_big_array::const_generics::BigArray`
[INFO] [stdout]             candidate #6: `serde_bytes::ser::Serialize`
[INFO] [stdout]             candidate #7: `serde_core::ser::Serialize`
[INFO] [stdout]             candidate #8: `solana_serde_varint::VarInt`
[INFO] [stdout]     = note: this error originates in the derive macro `BorshSerialize` (in Nightly builds, run with -Z macro-backtrace for more info)
[INFO] [stdout] 
[INFO] [stdout] 
[INFO] [stdout] error[E0308]: mismatched types
[INFO] [stdout]    --> /opt/rustwide/cargo-home/registry/src/index.crates.io-1949cf8c6b5b557f/ephemeral-rollups-sdk-0.11.2/src/ephem/deprecated/v1.rs:392:34
[INFO] [stdout]     |
[INFO] [stdout] 392 |             destination_program: self.destination_program,
[INFO] [stdout]     |                                  ^^^^^^^^^^^^^^^^^^^^^^^^ expected `magicblock_magic_program_api::Pubkey`, found `__Pubkey`
[INFO] [stdout] 
[INFO] [stdout] 
[INFO] [stdout] Some errors have detailed explanations: E0277, E0308, E0432, E0599.
[INFO] [stdout] 
[INFO] [stdout] For more information about an error, try `rustc --explain E0277`.
[INFO] [stdout] 
[INFO] [stderr] error: could not compile `ephemeral-rollups-sdk` (lib) due to 10 previous errors
[INFO] running `Command { std: "docker" "inspect" "47c359cfcf9a99c17c3742be1d5e2960fef6396e37ed2bfc0b46d8e779921886", kill_on_drop: false }`
[INFO] running `Command { std: "docker" "rm" "-f" "47c359cfcf9a99c17c3742be1d5e2960fef6396e37ed2bfc0b46d8e779921886", kill_on_drop: false }`
[INFO] [stdout] 47c359cfcf9a99c17c3742be1d5e2960fef6396e37ed2bfc0b46d8e779921886
