[INFO] cloning repository https://github.com/jelome265/sitolo
[INFO] running `Command { std: "git" "-c" "credential.helper=" "-c" "credential.helper=/workspace/cargo-home/bin/git-credential-null" "clone" "--bare" "https://github.com/jelome265/sitolo" "/workspace/cache/git-repos/https%3A%2F%2Fgithub.com%2Fjelome265%2Fsitolo", kill_on_drop: false }`
[INFO] [stderr] Cloning into bare repository '/workspace/cache/git-repos/https%3A%2F%2Fgithub.com%2Fjelome265%2Fsitolo'...
[INFO] running `Command { std: "git" "rev-parse" "HEAD", kill_on_drop: false }`
[INFO] [stdout] d2dbcce6606db49b1b87669f364721905c6509f8
[INFO] checking jelome265/sitolo against 3154cc1a3e6424e44f438a95007d043ed5ceaaf6 for pr-133502-30
[INFO] running `Command { std: "git" "clone" "/workspace/cache/git-repos/https%3A%2F%2Fgithub.com%2Fjelome265%2Fsitolo" "/workspace/builds/worker-1-tc2/source", kill_on_drop: false }`
[INFO] [stderr] Cloning into '/workspace/builds/worker-1-tc2/source'...
[INFO] [stderr] done.
[INFO] removed /workspace/builds/worker-1-tc2/source/.cargo/config.toml
[INFO] removed /workspace/builds/worker-1-tc2/source/rust-toolchain.toml
[INFO] started tweaking git repo https://github.com/jelome265/sitolo
[INFO] finished tweaking git repo https://github.com/jelome265/sitolo
[INFO] tweaked toml for git repo https://github.com/jelome265/sitolo written to /workspace/builds/worker-1-tc2/source/Cargo.toml
[INFO] validating manifest of git repo https://github.com/jelome265/sitolo on toolchain 3154cc1a3e6424e44f438a95007d043ed5ceaaf6
[INFO] running `Command { std: CARGO_HOME="/workspace/cargo-home" RUSTUP_HOME="/workspace/rustup-home" "/workspace/cargo-home/bin/cargo" "+3154cc1a3e6424e44f438a95007d043ed5ceaaf6" "metadata" "--manifest-path" "Cargo.toml" "--no-deps", kill_on_drop: false }`
[INFO] crate git repo https://github.com/jelome265/sitolo already has a lockfile, it will not be regenerated
[INFO] running `Command { std: CARGO_HOME="/workspace/cargo-home" RUSTUP_HOME="/workspace/rustup-home" "/workspace/cargo-home/bin/cargo" "+3154cc1a3e6424e44f438a95007d043ed5ceaaf6" "fetch" "--manifest-path" "Cargo.toml", kill_on_drop: false }`
[INFO] running `Command { std: "docker" "create" "-v" "/var/lib/crater-agent-workspace/builds/worker-1-tc2/source:/opt/rustwide/workdir:ro,Z" "-v" "/var/lib/crater-agent-workspace/builds/worker-1-tc2/target:/opt/rustwide/target:rw,Z" "-v" "/var/lib/crater-agent-workspace/cargo-home:/opt/rustwide/cargo-home:ro,Z" "-v" "/var/lib/crater-agent-workspace/rustup-home:/opt/rustwide/rustup-home:ro,Z" "-m" "1610612736" "--network" "none" "ghcr.io/rust-lang/crates-build-env/linux@sha256:77db811e55d90add9212f6832c23229e3de5f1c1f9905e8cb07319ea15df73ac" "sleep" "infinity", kill_on_drop: false }`
[INFO] [stdout] f7c67e5e440e1a82b5caffb838ea78d97dc7c7104e0f0ddf3d31b10fcd43d5a2
[INFO] running `Command { std: "docker" "start" "f7c67e5e440e1a82b5caffb838ea78d97dc7c7104e0f0ddf3d31b10fcd43d5a2", kill_on_drop: false }`
[INFO] running `Command { std: "docker" "inspect" "f7c67e5e440e1a82b5caffb838ea78d97dc7c7104e0f0ddf3d31b10fcd43d5a2", kill_on_drop: false }`
[INFO] running `Command { std: "docker" "exec" "-e" "SOURCE_DIR=/opt/rustwide/workdir" "-e" "CARGO_HOME=/opt/rustwide/cargo-home" "-e" "RUSTUP_HOME=/opt/rustwide/rustup-home" "-e" "CARGO_TARGET_DIR=/opt/rustwide/target" "-w" "/opt/rustwide/workdir" "--user" "0:0" "f7c67e5e440e1a82b5caffb838ea78d97dc7c7104e0f0ddf3d31b10fcd43d5a2" "/opt/rustwide/cargo-home/bin/cargo" "+3154cc1a3e6424e44f438a95007d043ed5ceaaf6" "metadata" "--no-deps" "--format-version=1", kill_on_drop: false }`
[INFO] running `Command { std: "docker" "inspect" "f7c67e5e440e1a82b5caffb838ea78d97dc7c7104e0f0ddf3d31b10fcd43d5a2", kill_on_drop: false }`
[INFO] running `Command { std: "docker" "exec" "-e" "SOURCE_DIR=/opt/rustwide/workdir" "-e" "CARGO_HOME=/opt/rustwide/cargo-home" "-e" "RUSTUP_HOME=/opt/rustwide/rustup-home" "-e" "CARGO_TARGET_DIR=/opt/rustwide/target" "-e" "CARGO_INCREMENTAL=0" "-e" "RUST_BACKTRACE=full" "-e" "RUSTFLAGS=--cap-lints=forbid" "-e" "RUSTDOCFLAGS=--cap-lints=forbid" "-w" "/opt/rustwide/workdir" "--user" "0:0" "f7c67e5e440e1a82b5caffb838ea78d97dc7c7104e0f0ddf3d31b10fcd43d5a2" "/opt/rustwide/cargo-home/bin/cargo" "+3154cc1a3e6424e44f438a95007d043ed5ceaaf6" "check" "--frozen" "--all" "--all-targets" "--message-format=json", kill_on_drop: false }`
[INFO] [stderr]    Compiling syn v3.0.5
[INFO] [stderr]     Checking hybrid-array v0.4.14
[INFO] [stderr]    Compiling syn v2.0.119
[INFO] [stderr]     Checking cpufeatures v0.3.1
[INFO] [stderr]    Compiling zerocopy v0.8.57
[INFO] [stderr]    Compiling digest v0.10.7
[INFO] [stderr]    Compiling futures-core v0.3.34
[INFO] [stderr]    Compiling mio v1.2.3
[INFO] [stderr]    Compiling futures-sink v0.3.34
[INFO] [stderr]     Checking uuid v1.26.1
[INFO] [stderr]    Compiling crossbeam-utils v0.8.23
[INFO] [stderr]    Compiling futures-task v0.3.34
[INFO] [stderr]    Compiling tinyvec v1.13.3
[INFO] [stderr]    Compiling futures-io v0.3.34
[INFO] [stderr]    Compiling futures-util v0.3.34
[INFO] [stderr]    Compiling tokio v1.53.1
[INFO] [stderr]    Compiling crossbeam-queue v0.3.14
[INFO] [stderr]    Compiling unicode-normalization v0.1.25
[INFO] [stderr]     Checking block-buffer v0.12.1
[INFO] [stderr]     Checking crypto-common v0.2.2
[INFO] [stderr]    Compiling sha2 v0.10.9
[INFO] [stderr]     Checking digest v0.11.3
[INFO] [stderr]    Compiling hmac v0.12.1
[INFO] [stderr]    Compiling stringprep v0.1.5
[INFO] [stderr]     Checking sha2 v0.11.0
[INFO] [stderr]    Compiling hkdf v0.12.4
[INFO] [stderr]    Compiling md-5 v0.10.6
[INFO] [stderr]    Compiling futures-channel v0.3.34
[INFO] [stderr]     Checking base64 v0.22.1
[INFO] [stderr]     Checking bitflags v2.13.2
[INFO] [stderr]     Checking sitolo-integrations v0.1.0 (/opt/rustwide/workdir/crates/sitolo-integrations)
[INFO] [stderr]     Checking sitolo-worker-bin v0.1.0 (/opt/rustwide/workdir/apps/worker)
[INFO] [stderr]     Checking sitolo-events v0.1.0 (/opt/rustwide/workdir/crates/sitolo-events)
[INFO] [stderr]     Checking sitolo-sync v0.1.0 (/opt/rustwide/workdir/crates/sitolo-sync)
[INFO] [stderr]     Checking sitolo-testkit v0.1.0 (/opt/rustwide/workdir/crates/sitolo-testkit)
[INFO] [stderr]    Compiling synstructure v0.14.0
[INFO] [stderr]    Compiling tracing-attributes v0.1.31
[INFO] [stderr]    Compiling zerofrom-derive v0.1.8
[INFO] [stderr]    Compiling yoke-derive v0.8.3
[INFO] [stderr]    Compiling serde_derive v1.0.229
[INFO] [stderr]    Compiling zerovec-derive v0.11.6
[INFO] [stderr]    Compiling displaydoc v0.2.7
[INFO] [stderr]    Compiling thiserror-impl v2.0.20
[INFO] [stderr]     Checking tracing v0.1.44
[INFO] [stderr]    Compiling async-trait v0.1.92
[INFO] [stderr]    Compiling ppv-lite86 v0.2.21
[INFO] [stderr]    Compiling tokio-stream v0.1.19
[INFO] [stderr]    Compiling zerofrom v0.1.8
[INFO] [stderr]    Compiling tokio-macros v2.7.2
[INFO] [stderr]    Compiling yoke v0.8.3
[INFO] [stderr]    Compiling rand_chacha v0.3.1
[INFO] [stderr]    Compiling zerovec v0.11.8
[INFO] [stderr]    Compiling zerotrie v0.2.5
[INFO] [stderr]     Checking thiserror v2.0.20
[INFO] [stderr]     Checking sitolo-domain v0.1.0 (/opt/rustwide/workdir/crates/sitolo-domain)
[INFO] [stderr]    Compiling rand v0.8.8
[INFO] [stderr]     Checking sitolo-security v0.1.0 (/opt/rustwide/workdir/crates/sitolo-security)
[INFO] [stderr]     Checking sitolo-observability v0.1.0 (/opt/rustwide/workdir/crates/sitolo-observability)
[INFO] [stderr]     Checking sitolo-authz v0.1.0 (/opt/rustwide/workdir/crates/sitolo-authz)
[INFO] [stderr]     Checking sitolo-auth v0.1.0 (/opt/rustwide/workdir/crates/sitolo-auth)
[INFO] [stderr]     Checking sitolo-tenancy v0.1.0 (/opt/rustwide/workdir/crates/sitolo-tenancy)
[INFO] [stderr]     Checking tinystr v0.8.4
[INFO] [stderr]     Checking potential_utf v0.1.6
[INFO] [stderr]     Checking icu_locale_core v2.3.0
[INFO] [stderr]     Checking icu_collections v2.3.0
[INFO] [stderr]     Checking sitolo-audit v0.1.0 (/opt/rustwide/workdir/crates/sitolo-audit)
[INFO] [stderr]     Checking sitolo-config v0.1.0 (/opt/rustwide/workdir/crates/sitolo-config)
[INFO] [stderr]     Checking icu_provider v2.3.1
[INFO] [stderr]     Checking icu_properties v2.3.0
[INFO] [stderr]     Checking serde v1.0.229
[INFO] [stderr]     Checking smallvec v1.16.1
[INFO] [stderr]     Checking either v1.18.0
[INFO] [stderr]     Checking tracing-serde v0.2.0
[INFO] [stderr]     Checking tracing-subscriber v0.3.23
[INFO] [stderr]     Checking icu_normalizer v2.3.0
[INFO] [stderr]     Checking parking_lot_core v0.9.12
[INFO] [stderr]     Checking parking_lot v0.12.5
[INFO] [stderr]     Checking futures-intrusive v0.5.0
[INFO] [stderr]     Checking idna_adapter v1.2.2
[INFO] [stderr]     Checking idna v1.1.0
[INFO] [stderr]     Checking url v2.5.8
[INFO] [stderr]    Compiling sqlx-core v0.8.6
[INFO] [stderr]    Compiling sqlx-postgres v0.8.6
[INFO] [stderr]    Compiling sqlx-macros-core v0.8.6
[INFO] [stderr]    Compiling sqlx-macros v0.8.6
[INFO] [stderr]     Checking sqlx v0.8.6
[INFO] [stderr]     Checking sitolo-persistence v0.1.0 (/opt/rustwide/workdir/crates/sitolo-persistence)
[INFO] [stdout] warning: enum `PgAuthorityError` is never used
[INFO] [stdout]   --> crates/sitolo-persistence/src/postgres.rs:14:10
[INFO] [stdout]    |
[INFO] [stdout] 14 | pub enum PgAuthorityError {
[INFO] [stdout]    |          ^^^^^^^^^^^^^^^^
[INFO] [stdout]    |
[INFO] [stdout]    = note: `#[warn(dead_code)]` (part of `#[warn(unused)]`) on by default
[INFO] [stdout] 
[INFO] [stdout] 
[INFO] [stdout] warning: struct `PgAuthorityPools` is never constructed
[INFO] [stdout]   --> crates/sitolo-persistence/src/postgres.rs:43:12
[INFO] [stdout]    |
[INFO] [stdout] 43 | pub struct PgAuthorityPools {
[INFO] [stdout]    |            ^^^^^^^^^^^^^^^^
[INFO] [stdout] 
[INFO] [stdout] 
[INFO] [stdout] warning: associated items `connect_options`, `runtime_pool`, `verify_runtime_role`, `verify_effective_privileges`, and `verify_rls_catalog_metadata` are never used
[INFO] [stdout]    --> crates/sitolo-persistence/src/postgres.rs:50:18
[INFO] [stdout]     |
[INFO] [stdout]  48 | impl PgAuthorityPools {
[INFO] [stdout]     | --------------------- associated items in this implementation
[INFO] [stdout]  49 |     /// Creates an administrative pool and a runtime pool given database connection options.
[INFO] [stdout]  50 |     pub async fn connect_options(
[INFO] [stdout]     |                  ^^^^^^^^^^^^^^^
[INFO] [stdout] ...
[INFO] [stdout]  71 |     pub fn runtime_pool(&self) -> &PgPool {
[INFO] [stdout]     |            ^^^^^^^^^^^^
[INFO] [stdout] ...
[INFO] [stdout]  77 |     pub async fn verify_runtime_role(&self, schema_name: &str) -> Result<(), PgAuthorityError> {
[INFO] [stdout]     |                  ^^^^^^^^^^^^^^^^^^^
[INFO] [stdout] ...
[INFO] [stdout] 136 |     pub async fn verify_effective_privileges(
[INFO] [stdout]     |                  ^^^^^^^^^^^^^^^^^^^^^^^^^^^
[INFO] [stdout] ...
[INFO] [stdout] 209 |     pub async fn verify_rls_catalog_metadata(
[INFO] [stdout]     |                  ^^^^^^^^^^^^^^^^^^^^^^^^^^^
[INFO] [stdout] 
[INFO] [stdout] 
[INFO] [stdout] warning: function `set_transaction_tenant_context` is never used
[INFO] [stdout]    --> crates/sitolo-persistence/src/postgres.rs:338:14
[INFO] [stdout]     |
[INFO] [stdout] 338 | pub async fn set_transaction_tenant_context(
[INFO] [stdout]     |              ^^^^^^^^^^^^^^^^^^^^^^^^^^^^^^
[INFO] [stdout] 
[INFO] [stdout] 
[INFO] [stderr]     Checking sitolo-application v0.1.0 (/opt/rustwide/workdir/crates/sitolo-application)
[INFO] [stdout] error[E0603]: module `postgres` is private
[INFO] [stdout]   --> crates/sitolo-persistence/tests/rls_security_tests.rs:11:25
[INFO] [stdout]    |
[INFO] [stdout] 11 | use sitolo_persistence::postgres::{
[INFO] [stdout]    |                         ^^^^^^^^ private module
[INFO] [stdout] 12 |     PgAuthorityError, PgAuthorityPools, set_transaction_tenant_context,
[INFO] [stdout]    |     ---------------- enum `PgAuthorityError` is not publicly re-exported
[INFO] [stdout]    |
[INFO] [stdout] note: the module `postgres` is defined here
[INFO] [stdout]   --> crates/sitolo-persistence/src/lib.rs:13:1
[INFO] [stdout]    |
[INFO] [stdout] 13 | pub(crate) mod postgres;
[INFO] [stdout]    | ^^^^^^^^^^^^^^^^^^^^^^^
[INFO] [stdout] 
[INFO] [stdout] 
[INFO] [stdout] error[E0603]: module `postgres` is private
[INFO] [stdout]   --> crates/sitolo-persistence/tests/rls_security_tests.rs:11:25
[INFO] [stdout]    |
[INFO] [stdout] 11 | use sitolo_persistence::postgres::{
[INFO] [stdout]    |                         ^^^^^^^^ private module
[INFO] [stdout] 12 |     PgAuthorityError, PgAuthorityPools, set_transaction_tenant_context,
[INFO] [stdout]    |                       ---------------- struct `PgAuthorityPools` is not publicly re-exported
[INFO] [stdout]    |
[INFO] [stdout] note: the module `postgres` is defined here
[INFO] [stdout]   --> crates/sitolo-persistence/src/lib.rs:13:1
[INFO] [stdout]    |
[INFO] [stdout] 13 | pub(crate) mod postgres;
[INFO] [stdout]    | ^^^^^^^^^^^^^^^^^^^^^^^
[INFO] [stdout] 
[INFO] [stdout] 
[INFO] [stdout] error[E0603]: module `postgres` is private
[INFO] [stdout]   --> crates/sitolo-persistence/tests/rls_security_tests.rs:11:25
[INFO] [stdout]    |
[INFO] [stdout] 11 | use sitolo_persistence::postgres::{
[INFO] [stdout]    |                         ^^^^^^^^ private module
[INFO] [stdout] 12 |     PgAuthorityError, PgAuthorityPools, set_transaction_tenant_context,
[INFO] [stdout]    |                                         ------------------------------ function `set_transaction_tenant_context` is not publicly re-exported
[INFO] [stdout]    |
[INFO] [stdout] note: the module `postgres` is defined here
[INFO] [stdout]   --> crates/sitolo-persistence/src/lib.rs:13:1
[INFO] [stdout]    |
[INFO] [stdout] 13 | pub(crate) mod postgres;
[INFO] [stdout]    | ^^^^^^^^^^^^^^^^^^^^^^^
[INFO] [stdout] 
[INFO] [stdout] 
[INFO] [stderr]     Checking sitolo-api v0.1.0 (/opt/rustwide/workdir/crates/sitolo-api)
[INFO] [stdout] warning: method call on a diverging inference variable
[INFO] [stdout]    --> crates/sitolo-persistence/tests/rls_security_tests.rs:134:19
[INFO] [stdout]     |
[INFO] [stdout] 134 |         if result.rows_affected() == 0 {
[INFO] [stdout]     |                   ^^^^^^^^^^^^^
[INFO] [stdout]     |
[INFO] [stdout]     = help: consider providing a type annotation
[INFO] [stdout]     = warning: this was previously accepted by the compiler but is being phased out; it will become a hard error in a future release!
[INFO] [stdout]     = note: for more information, see issue #156047 <https://github.com/rust-lang/rust/issues/156047>
[INFO] [stdout]     = note: `#[warn(method_call_on_diverging_infer_var)]` (part of `#[warn(future_incompatible)]`) on by default
[INFO] [stdout] 
[INFO] [stdout] 
[INFO] [stdout] error[E0599]: no method named `rows_affected` found for type `!` in the current scope
[INFO] [stdout]    --> crates/sitolo-persistence/tests/rls_security_tests.rs:134:19
[INFO] [stdout]     |
[INFO] [stdout] 134 |         if result.rows_affected() == 0 {
[INFO] [stdout]     |                   ^^^^^^^^^^^^^ method not found in `!`
[INFO] [stdout] 
[INFO] [stdout] 
[INFO] [stdout] warning: method call on a diverging inference variable
[INFO] [stdout]    --> crates/sitolo-persistence/tests/rls_security_tests.rs:158:19
[INFO] [stdout]     |
[INFO] [stdout] 158 |         if result.rows_affected() == 0 {
[INFO] [stdout]     |                   ^^^^^^^^^^^^^
[INFO] [stdout]     |
[INFO] [stdout]     = help: consider providing a type annotation
[INFO] [stdout]     = warning: this was previously accepted by the compiler but is being phased out; it will become a hard error in a future release!
[INFO] [stdout]     = note: for more information, see issue #156047 <https://github.com/rust-lang/rust/issues/156047>
[INFO] [stdout] 
[INFO] [stdout] 
[INFO] [stdout] error[E0599]: no method named `rows_affected` found for type `!` in the current scope
[INFO] [stdout]    --> crates/sitolo-persistence/tests/rls_security_tests.rs:158:19
[INFO] [stdout]     |
[INFO] [stdout] 158 |         if result.rows_affected() == 0 {
[INFO] [stdout]     |                   ^^^^^^^^^^^^^ method not found in `!`
[INFO] [stdout] 
[INFO] [stdout] 
[INFO] [stdout] warning: method call on a diverging inference variable
[INFO] [stdout]    --> crates/sitolo-persistence/tests/rls_security_tests.rs:443:50
[INFO] [stdout]     |
[INFO] [stdout] 443 |     let repo = PgTestTenantRepository::new(pools.runtime_pool().clone());
[INFO] [stdout]     |                                                  ^^^^^^^^^^^^
[INFO] [stdout]     |
[INFO] [stdout]     = help: consider providing a type annotation
[INFO] [stdout]     = warning: this was previously accepted by the compiler but is being phased out; it will become a hard error in a future release!
[INFO] [stdout]     = note: for more information, see issue #156047 <https://github.com/rust-lang/rust/issues/156047>
[INFO] [stdout] 
[INFO] [stdout] 
[INFO] [stdout] error[E0599]: no method named `runtime_pool` found for type `!` in the current scope
[INFO] [stdout]    --> crates/sitolo-persistence/tests/rls_security_tests.rs:443:50
[INFO] [stdout]     |
[INFO] [stdout] 443 |     let repo = PgTestTenantRepository::new(pools.runtime_pool().clone());
[INFO] [stdout]     |                                                  ^^^^^^^^^^^^ method not found in `!`
[INFO] [stdout] 
[INFO] [stdout] 
[INFO] [stdout] warning: unreachable expression
[INFO] [stdout]    --> crates/sitolo-persistence/tests/rls_security_tests.rs:501:9
[INFO] [stdout]     |
[INFO] [stdout] 500 |         pools,
[INFO] [stdout]     |         ----- any code following this expression is unreachable
[INFO] [stdout] 501 |         repo,
[INFO] [stdout]     |         ^^^^ unreachable expression
[INFO] [stdout]     |
[INFO] [stdout]     = note: `#[warn(unreachable_code)]` (part of `#[warn(unused)]`) on by default
[INFO] [stdout] 
[INFO] [stdout] 
[INFO] [stdout] Some errors have detailed explanations: E0599, E0603.
[INFO] [stdout] 
[INFO] [stdout] For more information about an error, try `rustc --explain E0599`.
[INFO] [stdout] 
[INFO] [stderr] error: could not compile `sitolo-persistence` (test "rls_security_tests") due to 6 previous errors; 7 warnings emitted
[INFO] [stderr] warning: build failed, waiting for other jobs to finish...
[INFO] running `Command { std: "docker" "inspect" "f7c67e5e440e1a82b5caffb838ea78d97dc7c7104e0f0ddf3d31b10fcd43d5a2", kill_on_drop: false }`
[INFO] running `Command { std: "docker" "rm" "-f" "f7c67e5e440e1a82b5caffb838ea78d97dc7c7104e0f0ddf3d31b10fcd43d5a2", kill_on_drop: false }`
[INFO] [stdout] f7c67e5e440e1a82b5caffb838ea78d97dc7c7104e0f0ddf3d31b10fcd43d5a2
