[INFO] cloning repository https://github.com/jauharianggara/mq-backend
[INFO] running `Command { std: "git" "-c" "credential.helper=" "-c" "credential.helper=/workspace/cargo-home/bin/git-credential-null" "clone" "--bare" "https://github.com/jauharianggara/mq-backend" "/workspace/cache/git-repos/https%3A%2F%2Fgithub.com%2Fjauharianggara%2Fmq-backend", kill_on_drop: false }`
[INFO] [stderr] Cloning into bare repository '/workspace/cache/git-repos/https%3A%2F%2Fgithub.com%2Fjauharianggara%2Fmq-backend'...
[INFO] running `Command { std: "git" "rev-parse" "HEAD", kill_on_drop: false }`
[INFO] [stdout] f4751c452f37e9ed2a7e9ee00d715ead974c9738
[INFO] checking jauharianggara/mq-backend against 3154cc1a3e6424e44f438a95007d043ed5ceaaf6+rustflags=-Znext-solver=coherence for pr-133502-30
[INFO] running `Command { std: "git" "clone" "/workspace/cache/git-repos/https%3A%2F%2Fgithub.com%2Fjauharianggara%2Fmq-backend" "/workspace/builds/worker-1-tc1/source", kill_on_drop: false }`
[INFO] [stderr] Cloning into '/workspace/builds/worker-1-tc1/source'...
[INFO] [stderr] done.
[INFO] started tweaking git repo https://github.com/jauharianggara/mq-backend
[INFO] finished tweaking git repo https://github.com/jauharianggara/mq-backend
[INFO] tweaked toml for git repo https://github.com/jauharianggara/mq-backend written to /workspace/builds/worker-1-tc1/source/Cargo.toml
[INFO] validating manifest of git repo https://github.com/jauharianggara/mq-backend on toolchain 3154cc1a3e6424e44f438a95007d043ed5ceaaf6
[INFO] running `Command { std: CARGO_HOME="/workspace/cargo-home" RUSTUP_HOME="/workspace/rustup-home" "/workspace/cargo-home/bin/cargo" "+3154cc1a3e6424e44f438a95007d043ed5ceaaf6" "metadata" "--manifest-path" "Cargo.toml" "--no-deps", kill_on_drop: false }`
[INFO] crate git repo https://github.com/jauharianggara/mq-backend already has a lockfile, it will not be regenerated
[INFO] running `Command { std: CARGO_HOME="/workspace/cargo-home" RUSTUP_HOME="/workspace/rustup-home" "/workspace/cargo-home/bin/cargo" "+3154cc1a3e6424e44f438a95007d043ed5ceaaf6" "fetch" "--manifest-path" "Cargo.toml", kill_on_drop: false }`
[INFO] [stderr]     Updating crates.io index
[INFO] [stderr]  Downloading crates ...
[INFO] [stderr]   Downloaded validator v0.20.0
[INFO] [stderr]   Downloaded validator_derive v0.20.1
[INFO] [stderr]   Downloaded simple_asn1 v0.6.4
[INFO] [stderr]   Downloaded aws-types v1.6.0
[INFO] [stderr]   Downloaded aws-smithy-observability v0.3.0
[INFO] [stderr]   Downloaded aws-smithy-runtime-api-macros v1.1.0
[INFO] [stderr]   Downloaded aws-smithy-http v0.64.0
[INFO] [stderr]   Downloaded aws-smithy-eventstream v0.61.2
[INFO] [stderr]   Downloaded aws-smithy-async v1.3.0
[INFO] [stderr]   Downloaded aws-smithy-checksums v0.65.0
[INFO] [stderr]   Downloaded aws-smithy-query v0.62.0
[INFO] [stderr]   Downloaded aws-smithy-schema v0.2.0
[INFO] [stderr]   Downloaded aws-credential-types v1.3.0
[INFO] [stderr]   Downloaded aws-smithy-json v0.63.0
[INFO] [stderr]   Downloaded aws-smithy-xml v0.62.0
[INFO] [stderr]   Downloaded aws-smithy-types v1.6.3
[INFO] [stderr]   Downloaded aws-smithy-runtime-api v1.16.0
[INFO] [stderr]   Downloaded aws-sigv4 v1.5.1
[INFO] [stderr]   Downloaded aws-runtime v1.9.2
[INFO] [stderr]   Downloaded aws-smithy-runtime v1.14.0
[INFO] [stderr]   Downloaded aws-smithy-http-client v1.4.0
[INFO] [stderr]   Downloaded aws-config v1.12.0
[INFO] [stderr]   Downloaded aws-sdk-sts v1.114.0
[INFO] [stderr]   Downloaded crc-fast v1.10.0
[INFO] [stderr]   Downloaded aws-sdk-s3 v1.146.1
[INFO] running `Command { std: "docker" "create" "-v" "/var/lib/crater-agent-workspace/builds/worker-1-tc1/source:/opt/rustwide/workdir:ro,Z" "-v" "/var/lib/crater-agent-workspace/builds/worker-1-tc1/target:/opt/rustwide/target:rw,Z" "-v" "/var/lib/crater-agent-workspace/cargo-home:/opt/rustwide/cargo-home:ro,Z" "-v" "/var/lib/crater-agent-workspace/rustup-home:/opt/rustwide/rustup-home:ro,Z" "-m" "1610612736" "--network" "none" "ghcr.io/rust-lang/crates-build-env/linux@sha256:77db811e55d90add9212f6832c23229e3de5f1c1f9905e8cb07319ea15df73ac" "sleep" "infinity", kill_on_drop: false }`
[INFO] [stdout] 5522ae16e20235f2e3b5825aca4b3ecafcdf16db1744048e68266a420799e7e2
[INFO] running `Command { std: "docker" "start" "5522ae16e20235f2e3b5825aca4b3ecafcdf16db1744048e68266a420799e7e2", kill_on_drop: false }`
[INFO] running `Command { std: "docker" "inspect" "5522ae16e20235f2e3b5825aca4b3ecafcdf16db1744048e68266a420799e7e2", kill_on_drop: false }`
[INFO] running `Command { std: "docker" "exec" "-e" "SOURCE_DIR=/opt/rustwide/workdir" "-e" "CARGO_HOME=/opt/rustwide/cargo-home" "-e" "RUSTUP_HOME=/opt/rustwide/rustup-home" "-e" "CARGO_TARGET_DIR=/opt/rustwide/target" "-w" "/opt/rustwide/workdir" "--user" "0:0" "5522ae16e20235f2e3b5825aca4b3ecafcdf16db1744048e68266a420799e7e2" "/opt/rustwide/cargo-home/bin/cargo" "+3154cc1a3e6424e44f438a95007d043ed5ceaaf6" "metadata" "--no-deps" "--format-version=1", kill_on_drop: false }`
[INFO] running `Command { std: "docker" "inspect" "5522ae16e20235f2e3b5825aca4b3ecafcdf16db1744048e68266a420799e7e2", kill_on_drop: false }`
[INFO] running `Command { std: "docker" "exec" "-e" "SOURCE_DIR=/opt/rustwide/workdir" "-e" "CARGO_HOME=/opt/rustwide/cargo-home" "-e" "RUSTUP_HOME=/opt/rustwide/rustup-home" "-e" "CARGO_TARGET_DIR=/opt/rustwide/target" "-e" "CARGO_INCREMENTAL=0" "-e" "RUST_BACKTRACE=full" "-e" "RUSTFLAGS=--cap-lints=forbid -Znext-solver=coherence" "-e" "RUSTDOCFLAGS=--cap-lints=forbid" "-w" "/opt/rustwide/workdir" "--user" "0:0" "5522ae16e20235f2e3b5825aca4b3ecafcdf16db1744048e68266a420799e7e2" "/opt/rustwide/cargo-home/bin/cargo" "+3154cc1a3e6424e44f438a95007d043ed5ceaaf6" "check" "--frozen" "--all" "--all-targets" "--message-format=json", kill_on_drop: false }`
[INFO] [stderr]     Checking smallvec v1.16.1
[INFO] [stderr]    Compiling serde_core v1.0.229
[INFO] [stderr]    Compiling tokio-macros v2.7.2
[INFO] [stderr]     Checking mio v1.2.3
[INFO] [stderr]     Checking socket2 v0.6.5
[INFO] [stderr]    Compiling futures-macro v0.3.34
[INFO] [stderr]     Checking tracing v0.1.44
[INFO] [stderr]     Checking http-body v1.1.0
[INFO] [stderr]     Checking num-integer v0.1.47
[INFO] [stderr]    Compiling jobserver v0.1.35
[INFO] [stderr]     Checking parking_lot_core v0.9.12
[INFO] [stderr]    Compiling find-msvc-tools v0.1.12
[INFO] [stderr]     Checking http-body-util v0.1.5
[INFO] [stderr]     Checking parking_lot v0.12.5
[INFO] [stderr]     Checking time v0.3.55
[INFO] [stderr]    Compiling cc v1.4.6
[INFO] [stderr]     Checking zerofrom v0.1.8
[INFO] [stderr]     Checking http v0.2.12
[INFO] [stderr]     Checking tokio v1.53.1
[INFO] [stderr]     Checking yoke v0.8.3
[INFO] [stderr]     Checking outref v0.5.2
[INFO] [stderr]     Checking vsimd v0.8.0
[INFO] [stderr]     Checking futures-util v0.3.34
[INFO] [stderr]    Compiling fs_extra v1.3.0
[INFO] [stderr]    Compiling zerovec-derive v0.11.6
[INFO] [stderr]     Checking base64-simd v0.8.0
[INFO] [stderr]     Checking http-body v0.4.6
[INFO] [stderr]    Compiling displaydoc v0.2.7
[INFO] [stderr]     Checking hashbrown v0.17.1
[INFO] [stderr]    Compiling cmake v0.1.58
[INFO] [stderr]    Compiling aws-smithy-runtime-api-macros v1.1.0
[INFO] [stderr]     Checking zerovec v0.11.8
[INFO] [stderr]    Compiling ring v0.17.14
[INFO] [stderr]    Compiling aws-lc-sys v0.44.0
[INFO] [stderr]     Checking rustls-pki-types v1.15.1
[INFO] [stderr]    Compiling aws-lc-rs v1.18.0
[INFO] [stderr]     Checking digest v0.10.7
[INFO] [stderr]     Checking indexmap v2.14.2
[INFO] [stderr]     Checking tinystr v0.8.4
[INFO] [stderr]     Checking potential_utf v0.1.6
[INFO] [stderr]     Checking zerotrie v0.2.5
[INFO] [stderr]     Checking icu_locale_core v2.3.0
[INFO] [stderr]     Checking serde v1.0.229
[INFO] [stderr]    Compiling rustls v0.23.44
[INFO] [stderr]     Checking icu_collections v2.3.0
[INFO] [stderr]     Checking hybrid-array v0.4.15
[INFO] [stderr]     Checking futures-channel v0.3.34
[INFO] [stderr]     Checking either v1.18.0
[INFO] [stderr]     Checking webpki-roots v1.0.9
[INFO] [stderr]    Compiling crossbeam-utils v0.8.23
[INFO] [stderr]    Compiling zerocopy v0.8.57
[INFO] [stderr]     Checking block-buffer v0.12.1
[INFO] [stderr]     Checking bytes-utils v0.1.4
[INFO] [stderr]     Checking crypto-common v0.2.2
[INFO] [stderr]     Checking icu_provider v2.3.1
[INFO] [stderr]     Checking sync_wrapper v1.0.2
[INFO] [stderr]    Compiling crc32fast v1.5.2
[INFO] [stderr]     Checking icu_normalizer v2.3.0
[INFO] [stderr]     Checking icu_properties v2.3.0
[INFO] [stderr]     Checking ipnet v2.12.1
[INFO] [stderr]     Checking getrandom v0.4.3
[INFO] [stderr]     Checking digest v0.11.3
[INFO] [stderr]     Checking spin v0.9.9
[INFO] [stderr]     Checking openssl-probe v0.2.1
[INFO] [stderr]     Checking uuid v1.26.1
[INFO] [stderr]     Checking rustls-native-certs v0.8.4
[INFO] [stderr]     Checking bitflags v2.13.2
[INFO] [stderr]    Compiling aws-types v1.6.0
[INFO] [stderr]     Checking sha2 v0.11.0
[INFO] [stderr]     Checking lazy_static v1.5.0
[INFO] [stderr]    Compiling thiserror-impl v2.0.20
[INFO] [stderr]    Compiling getrandom v0.3.4
[INFO] [stderr]    Compiling serde_json v1.0.151
[INFO] [stderr]     Checking hmac v0.13.0
[INFO] [stderr]     Checking foldhash v0.1.5
[INFO] [stderr]     Checking tokio-util v0.7.19
[INFO] [stderr]     Checking aws-smithy-async v1.3.0
[INFO] [stderr]     Checking idna_adapter v1.2.2
[INFO] [stderr]     Checking idna v1.1.0
[INFO] [stderr]     Checking tower v0.5.3
[INFO] [stderr]     Checking xmlparser v0.13.6
[INFO] [stderr]     Checking url v2.5.8
[INFO] [stderr]     Checking hashbrown v0.15.5
[INFO] [stderr]     Checking aws-smithy-types v1.6.3
[INFO] [stderr]     Checking h2 v0.4.19
[INFO] [stderr]     Checking regex-automata v0.4.18
[INFO] [stderr]     Checking thiserror v2.0.20
[INFO] [stderr]    Compiling darling_core v0.23.0
[INFO] [stderr]     Checking aws-smithy-runtime-api v1.16.0
[INFO] [stderr]     Checking aws-smithy-eventstream v0.61.2
[INFO] [stderr]    Compiling encoding_rs v0.8.41
[INFO] [stderr]    Compiling multiversion-macros v0.9.0
[INFO] [stderr]     Checking num-iter v0.1.46
[INFO] [stderr]     Checking tinyvec v1.13.3
[INFO] [stderr]     Checking aws-smithy-schema v0.2.0
[INFO] [stderr]     Checking aws-smithy-http v0.64.0
[INFO] [stderr]     Checking aws-credential-types v1.3.0
[INFO] [stderr]     Checking aws-smithy-observability v0.3.0
[INFO] [stderr]     Checking aws-sigv4 v1.5.1
[INFO] [stderr]     Checking aws-smithy-xml v0.62.0
[INFO] [stderr]    Compiling portable-atomic v1.15.0
[INFO] [stderr]     Checking ppv-lite86 v0.2.21
[INFO] [stderr]     Checking chrono v0.4.45
[INFO] [stderr]     Checking multiversion v0.9.0
[INFO] [stderr]     Checking aws-smithy-json v0.63.0
[INFO] [stderr]     Checking unicode-normalization v0.1.25
[INFO] [stderr]     Checking rand_chacha v0.3.1
[INFO] [stderr]     Checking rand_core v0.9.5
[INFO] [stderr]     Checking hashlink v0.10.0
[INFO] [stderr]     Checking rand v0.8.8
[INFO] [stderr]     Checking tokio-stream v0.1.19
[INFO] [stderr]     Checking sha2 v0.10.9
[INFO] [stderr]     Checking signature v2.2.0
[INFO] [stderr]     Checking crossbeam-queue v0.3.14
[INFO] [stderr]     Checking arc-swap v1.9.2
[INFO] [stderr]     Checking webpki-roots v0.26.11
[INFO] [stderr]     Checking hmac v0.12.1
[INFO] [stderr]     Checking futures-intrusive v0.5.0
[INFO] [stderr]     Checking num-bigint-dig v0.8.6
[INFO] [stderr]    Compiling multer v3.1.0
[INFO] [stderr]    Compiling darling_macro v0.23.0
[INFO] [stderr]    Compiling proc-macro-error-attr3 v3.1.1
[INFO] [stderr]     Checking simdutf8 v0.1.5
[INFO] [stderr]    Compiling multiversion_no_op v1.0.0
[INFO] [stderr]     Checking spin v0.10.1
[INFO] [stderr]     Checking regex-lite v0.1.9
[INFO] [stderr]     Checking core_detect v1.0.0
[INFO] [stderr]    Compiling crossbeam-epoch v0.9.21
[INFO] [stderr]     Checking stringprep v0.1.5
[INFO] [stderr]     Checking crc-fast v1.10.0
[INFO] [stderr]     Checking toml_parser v1.1.3+spec-1.1.0
[INFO] [stderr]    Compiling proc-macro-error3 v3.1.1
[INFO] [stderr]    Compiling darling v0.23.0
[INFO] [stderr]     Checking aws-smithy-query v0.62.0
[INFO] [stderr]     Checking hkdf v0.12.4
[INFO] [stderr]     Checking rand_chacha v0.9.0
[INFO] [stderr]     Checking rsa v0.9.10
[INFO] [stderr]     Checking sha1 v0.10.7
[INFO] [stderr]     Checking raw-cpuid v11.6.0
[INFO] [stderr]     Checking hyper v1.11.1
[INFO] [stderr]     Checking event-listener-strategy v0.5.4
[INFO] [stderr]     Checking sha1 v0.11.0
[INFO] [stderr]     Checking md-5 v0.11.0
[INFO] [stderr]     Checking serde_urlencoded v0.7.1
[INFO] [stderr]     Checking toml_datetime v1.1.1+spec-1.1.0
[INFO] [stderr]     Checking serde_spanned v1.1.1
[INFO] [stderr]     Checking md-5 v0.10.6
[INFO] [stderr]     Checking num-bigint v0.4.8
[INFO] [stderr]     Checking atoi v2.0.0
[INFO] [stderr]     Checking whoami v1.6.1
[INFO] [stderr]     Checking dashmap v6.2.1
[INFO] [stderr]     Checking toml v1.1.6+spec-1.1.0
[INFO] [stderr]     Checking aws-smithy-checksums v0.65.0
[INFO] [stderr]     Checking async-lock v3.4.2
[INFO] [stderr]     Checking rand v0.9.5
[INFO] [stderr]    Compiling validator_derive v0.20.1
[INFO] [stderr]     Checking axum-core v0.5.6
[INFO] [stderr]     Checking hyper-util v0.1.20
[INFO] [stderr]     Checking matchers v0.2.0
[INFO] [stderr]     Checking regex v1.13.1
[INFO] [stderr]     Checking tower-http v0.6.11
[INFO] [stderr]     Checking simple_asn1 v0.6.4
[INFO] [stderr]     Checking sharded-slab v0.1.7
[INFO] [stderr]     Checking password-hash v0.5.0
[INFO] [stderr]     Checking crossbeam-channel v0.5.17
[INFO] [stderr]     Checking quanta v0.12.6
[INFO] [stderr]     Checking serde_path_to_error v0.1.20
[INFO] [stderr]     Checking pem v3.0.6
[INFO] [stderr]     Checking blake2 v0.10.6
[INFO] [stderr]     Checking lru v0.18.4
[INFO] [stderr]     Checking tracing-log v0.2.0
[INFO] [stderr]     Checking spinning_top v0.3.0
[INFO] [stderr]     Checking thread_local v1.1.10
[INFO] [stderr]     Checking matchit v0.8.4
[INFO] [stderr]     Checking nonzero_ext v0.3.0
[INFO] [stderr]     Checking pathdiff v0.2.3
[INFO] [stderr]     Checking futures-timer v3.0.4
[INFO] [stderr]     Checking tagptr v0.2.0
[INFO] [stderr]     Checking web-time v1.1.0
[INFO] [stderr]     Checking config v0.15.25
[INFO] [stderr]     Checking tracing-subscriber v0.3.23
[INFO] [stderr]     Checking moka v0.12.16
[INFO] [stderr]     Checking governor v0.10.4
[INFO] [stderr]     Checking argon2 v0.5.3
[INFO] [stderr]     Checking jsonwebtoken v9.3.1
[INFO] [stderr]     Checking validator v0.20.0
[INFO] [stderr]     Checking axum v0.8.9
[INFO] [stderr]     Checking rustls-webpki v0.103.15
[INFO] [stderr]     Checking tokio-rustls v0.26.4
[INFO] [stderr]     Checking sqlx-core v0.8.6
[INFO] [stderr]     Checking hyper-rustls v0.27.9
[INFO] [stderr]     Checking aws-smithy-http-client v1.4.0
[INFO] [stderr]     Checking reqwest v0.12.28
[INFO] [stderr]     Checking aws-smithy-runtime v1.14.0
[INFO] [stderr]     Checking sqlx-mysql v0.8.6
[INFO] [stderr]     Checking aws-runtime v1.9.2
[INFO] [stderr]     Checking sqlx v0.8.6
[INFO] [stderr]     Checking aws-sdk-sts v1.114.0
[INFO] [stderr]     Checking aws-sdk-s3 v1.146.1
[INFO] [stderr]     Checking aws-config v1.12.0
[INFO] [stderr]     Checking mq-backend v0.1.0 (/opt/rustwide/workdir)
[INFO] [stdout] warning: unused import: `put`
[INFO] [stdout]  --> src/modules/quran/mod.rs:6:26
[INFO] [stdout]   |
[INFO] [stdout] 6 | use axum::routing::{get, put};
[INFO] [stdout]   |                          ^^^
[INFO] [stdout]   |
[INFO] [stdout]   = note: `#[warn(unused_imports)]` (part of `#[warn(unused)]`) on by default
[INFO] [stdout] 
[INFO] [stdout] 
[INFO] [stdout] warning: unused import: `post`
[INFO] [stdout]  --> src/modules/users/mod.rs:6:34
[INFO] [stdout]   |
[INFO] [stdout] 6 | use axum::routing::{delete, get, post};
[INFO] [stdout]   |                                  ^^^^
[INFO] [stdout] 
[INFO] [stdout] 
[INFO] [stdout] warning: unused import: `put`
[INFO] [stdout]  --> src/modules/quran/mod.rs:6:26
[INFO] [stdout]   |
[INFO] [stdout] 6 | use axum::routing::{get, put};
[INFO] [stdout]   |                          ^^^
[INFO] [stdout]   |
[INFO] [stdout]   = note: `#[warn(unused_imports)]` (part of `#[warn(unused)]`) on by default
[INFO] [stdout] 
[INFO] [stdout] 
[INFO] [stdout] warning: unused import: `post`
[INFO] [stdout]  --> src/modules/users/mod.rs:6:34
[INFO] [stdout]   |
[INFO] [stdout] 6 | use axum::routing::{delete, get, post};
[INFO] [stdout]   |                                  ^^^^
[INFO] [stdout] 
[INFO] [stdout] 
[INFO] [stdout] warning: unused variable: `nama`
[INFO] [stdout]    --> src/modules/khatmil/penugasan.rs:203:18
[INFO] [stdout]     |
[INFO] [stdout] 203 |     let (status, nama) = ustadz.ok_or_else(|| AppError::NotFound("ustadz tidak ada".into()))?;
[INFO] [stdout]     |                  ^^^^ help: if this is intentional, prefix it with an underscore: `_nama`
[INFO] [stdout]     |
[INFO] [stdout]     = note: `#[warn(unused_variables)]` (part of `#[warn(unused)]`) on by default
[INFO] [stdout] 
[INFO] [stdout] 
[INFO] [stdout] warning: unused variable: `nama`
[INFO] [stdout]    --> src/modules/khatmil/penugasan.rs:203:18
[INFO] [stdout]     |
[INFO] [stdout] 203 |     let (status, nama) = ustadz.ok_or_else(|| AppError::NotFound("ustadz tidak ada".into()))?;
[INFO] [stdout]     |                  ^^^^ help: if this is intentional, prefix it with an underscore: `_nama`
[INFO] [stdout]     |
[INFO] [stdout]     = note: `#[warn(unused_variables)]` (part of `#[warn(unused)]`) on by default
[INFO] [stdout] 
[INFO] [stdout] 
[INFO] [stdout] warning: unused variable: `start`
[INFO] [stdout]    --> src/modules/memorization/service.rs:229:22
[INFO] [stdout]     |
[INFO] [stdout] 229 |                 let (start, end, surah): (i64, i64, i64) = sqlx::query_as(
[INFO] [stdout]     |                      ^^^^^ help: if this is intentional, prefix it with an underscore: `_start`
[INFO] [stdout] 
[INFO] [stdout] 
[INFO] [stdout] warning: unused variable: `start`
[INFO] [stdout]    --> src/modules/memorization/service.rs:229:22
[INFO] [stdout]     |
[INFO] [stdout] 229 |                 let (start, end, surah): (i64, i64, i64) = sqlx::query_as(
[INFO] [stdout]     |                      ^^^^^ help: if this is intentional, prefix it with an underscore: `_start`
[INFO] [stdout] 
[INFO] [stdout] 
[INFO] [stdout] warning: unused variable: `v`
[INFO] [stdout]    --> src/modules/visits/service.rs:646:9
[INFO] [stdout]     |
[INFO] [stdout] 646 |     let v = require_visit_access(pool, user, visit_id).await?;
[INFO] [stdout]     |         ^ help: if this is intentional, prefix it with an underscore: `_v`
[INFO] [stdout] 
[INFO] [stdout] 
[INFO] [stdout] warning: unused variable: `v`
[INFO] [stdout]    --> src/modules/visits/service.rs:646:9
[INFO] [stdout]     |
[INFO] [stdout] 646 |     let v = require_visit_access(pool, user, visit_id).await?;
[INFO] [stdout]     |         ^ help: if this is intentional, prefix it with an underscore: `_v`
[INFO] [stdout] 
[INFO] [stdout] 
[INFO] [stdout] warning: unused variable: `pid`
[INFO] [stdout]    --> src/modules/visits/payments.rs:220:10
[INFO] [stdout]     |
[INFO] [stdout] 220 |     for (pid, amount) in rows {
[INFO] [stdout]     |          ^^^ help: if this is intentional, prefix it with an underscore: `_pid`
[INFO] [stdout] 
[INFO] [stdout] 
[INFO] [stdout] warning: unused variable: `pid`
[INFO] [stdout]    --> src/modules/visits/payments.rs:220:10
[INFO] [stdout]     |
[INFO] [stdout] 220 |     for (pid, amount) in rows {
[INFO] [stdout]     |          ^^^ help: if this is intentional, prefix it with an underscore: `_pid`
[INFO] [stdout] 
[INFO] [stdout] 
[INFO] [stdout] warning: unused import: `MySqlPool`
[INFO] [stdout]  --> src/bin/seed_people.rs:5:40
[INFO] [stdout]   |
[INFO] [stdout] 5 | use sqlx::mysql::{MySqlConnectOptions, MySqlPool, MySqlPoolOptions};
[INFO] [stdout]   |                                        ^^^^^^^^^
[INFO] [stdout]   |
[INFO] [stdout]   = note: `#[warn(unused_imports)]` (part of `#[warn(unused)]`) on by default
[INFO] [stdout] 
[INFO] [stdout] 
[INFO] [stdout] warning: type `Person` is more private than the item `PEOPLE`
[INFO] [stdout]  --> src/bin/seed_people_data.rs:3:1
[INFO] [stdout]   |
[INFO] [stdout] 3 | pub const PEOPLE: &[Person] = &[
[INFO] [stdout]   | ^^^^^^^^^^^^^^^^^^^^^^^^^^^ constant `PEOPLE` is reachable at visibility `pub`
[INFO] [stdout]   |
[INFO] [stdout] note: but type `Person` is only usable at visibility `pub(crate)`
[INFO] [stdout]  --> src/bin/seed_people.rs:7:1
[INFO] [stdout]   |
[INFO] [stdout] 7 | struct Person {
[INFO] [stdout]   | ^^^^^^^^^^^^^
[INFO] [stdout]   = note: `#[warn(private_interfaces)]` on by default
[INFO] [stdout] 
[INFO] [stdout] 
[INFO] [stdout] warning: unused import: `MySqlPool`
[INFO] [stdout]  --> src/bin/seed_people.rs:5:40
[INFO] [stdout]   |
[INFO] [stdout] 5 | use sqlx::mysql::{MySqlConnectOptions, MySqlPool, MySqlPoolOptions};
[INFO] [stdout]   |                                        ^^^^^^^^^
[INFO] [stdout]   |
[INFO] [stdout]   = note: `#[warn(unused_imports)]` (part of `#[warn(unused)]`) on by default
[INFO] [stdout] 
[INFO] [stdout] 
[INFO] [stdout] warning: fields `kota` and `prov` are never read
[INFO] [stdout]   --> src/bin/seed_people.rs:12:5
[INFO] [stdout]    |
[INFO] [stdout]  7 | struct Person {
[INFO] [stdout]    |        ------ fields in this struct
[INFO] [stdout] ...
[INFO] [stdout] 12 |     kota: &'static str,
[INFO] [stdout]    |     ^^^^
[INFO] [stdout] 13 |     prov: &'static str,
[INFO] [stdout]    |     ^^^^
[INFO] [stdout]    |
[INFO] [stdout]    = note: `#[warn(dead_code)]` (part of `#[warn(unused)]`) on by default
[INFO] [stdout] 
[INFO] [stdout] 
[INFO] [stdout] warning: constant `BIOS_U` is never used
[INFO] [stdout]   --> src/bin/seed_people.rs:37:7
[INFO] [stdout]    |
[INFO] [stdout] 37 | const BIOS_U: &[&str] = &[
[INFO] [stdout]    |       ^^^^^^
[INFO] [stdout] 
[INFO] [stdout] 
[INFO] [stdout] warning: constant `VISIT_SERVICE_TYPES` is never used
[INFO] [stdout]    --> src/bin/seed.rs:107:7
[INFO] [stdout]     |
[INFO] [stdout] 107 | const VISIT_SERVICE_TYPES: &[(i64, &str, &str, &str)] = &[
[INFO] [stdout]     |       ^^^^^^^^^^^^^^^^^^^
[INFO] [stdout]     |
[INFO] [stdout]     = note: `#[warn(dead_code)]` (part of `#[warn(unused)]`) on by default
[INFO] [stdout] 
[INFO] [stdout] 
[INFO] [stdout] warning: constant `VISIT_SERVICE_TYPES` is never used
[INFO] [stdout]    --> src/bin/seed.rs:107:7
[INFO] [stdout]     |
[INFO] [stdout] 107 | const VISIT_SERVICE_TYPES: &[(i64, &str, &str, &str)] = &[
[INFO] [stdout]     |       ^^^^^^^^^^^^^^^^^^^
[INFO] [stdout]     |
[INFO] [stdout]     = note: `#[warn(dead_code)]` (part of `#[warn(unused)]`) on by default
[INFO] [stdout] 
[INFO] [stdout] 
[INFO] [stdout] warning: type `Person` is more private than the item `PEOPLE`
[INFO] [stdout]  --> src/bin/seed_people_data.rs:3:1
[INFO] [stdout]   |
[INFO] [stdout] 3 | pub const PEOPLE: &[Person] = &[
[INFO] [stdout]   | ^^^^^^^^^^^^^^^^^^^^^^^^^^^ constant `PEOPLE` is reachable at visibility `pub`
[INFO] [stdout]   |
[INFO] [stdout] note: but type `Person` is only usable at visibility `pub(crate)`
[INFO] [stdout]  --> src/bin/seed_people.rs:7:1
[INFO] [stdout]   |
[INFO] [stdout] 7 | struct Person {
[INFO] [stdout]   | ^^^^^^^^^^^^^
[INFO] [stdout]   = note: `#[warn(private_interfaces)]` on by default
[INFO] [stdout] 
[INFO] [stdout] 
[INFO] [stdout] warning: fields `kota` and `prov` are never read
[INFO] [stdout]   --> src/bin/seed_people.rs:12:5
[INFO] [stdout]    |
[INFO] [stdout]  7 | struct Person {
[INFO] [stdout]    |        ------ fields in this struct
[INFO] [stdout] ...
[INFO] [stdout] 12 |     kota: &'static str,
[INFO] [stdout]    |     ^^^^
[INFO] [stdout] 13 |     prov: &'static str,
[INFO] [stdout]    |     ^^^^
[INFO] [stdout]    |
[INFO] [stdout]    = note: `#[warn(dead_code)]` (part of `#[warn(unused)]`) on by default
[INFO] [stdout] 
[INFO] [stdout] 
[INFO] [stdout] warning: constant `BIOS_U` is never used
[INFO] [stdout]   --> src/bin/seed_people.rs:37:7
[INFO] [stdout]    |
[INFO] [stdout] 37 | const BIOS_U: &[&str] = &[
[INFO] [stdout]    |       ^^^^^^
[INFO] [stdout] 
[INFO] [stdout] 
[INFO] [stdout] error[E0425]: cannot find type `Person` in this scope
[INFO] [stdout]  --> src/bin/seed_people_data.rs:3:21
[INFO] [stdout]   |
[INFO] [stdout] 3 | pub const PEOPLE: &[Person] = &[
[INFO] [stdout]   |                     ^^^^^^ not found in this scope
[INFO] [stdout] 
[INFO] [stdout] 
[INFO] [stdout] error[E0422]: cannot find struct, variant or union type `Person` in this scope
[INFO] [stdout]  --> src/bin/seed_people_data.rs:5:5
[INFO] [stdout]   |
[INFO] [stdout] 5 |     Person { first: "Ahmad", last: "Dahlan Muflih", gender: "M", role: "USTADZ", kota: "Yogyakarta", prov: "DI Yogyakarta", bio: "Pen...
[INFO] [stdout]   |     ^^^^^^ not found in this scope
[INFO] [stdout] 
[INFO] [stdout] 
[INFO] [stdout] error[E0422]: cannot find struct, variant or union type `Person` in this scope
[INFO] [stdout]  --> src/bin/seed_people_data.rs:6:5
[INFO] [stdout]   |
[INFO] [stdout] 6 |     Person { first: "Muhammad", last: "Iqbal Ramadhan", gender: "M", role: "USTADZ", kota: "Solo", prov: "Jawa Tengah", bio: "Asatidz...
[INFO] [stdout]   |     ^^^^^^ not found in this scope
[INFO] [stdout] 
[INFO] [stdout] 
[INFO] [stdout] error[E0422]: cannot find struct, variant or union type `Person` in this scope
[INFO] [stdout]  --> src/bin/seed_people_data.rs:7:5
[INFO] [stdout]   |
[INFO] [stdout] 7 |     Person { first: "Abdul", last: "Karim Hasan", gender: "M", role: "USTADZ", kota: "Semarang", prov: "Jawa Tengah", bio: "Dosen pen...
[INFO] [stdout]   |     ^^^^^^ not found in this scope
[INFO] [stdout] 
[INFO] [stdout] 
[INFO] [stdout] error[E0422]: cannot find struct, variant or union type `Person` in this scope
[INFO] [stdout]  --> src/bin/seed_people_data.rs:8:5
[INFO] [stdout]   |
[INFO] [stdout] 8 |     Person { first: "Hafizh", last: "Abdillah Sukro", gender: "M", role: "USTADZ", kota: "Surabaya", prov: "Jawa Timur", bio: "Imam d...
[INFO] [stdout]   |     ^^^^^^ not found in this scope
[INFO] [stdout] 
[INFO] [stdout] 
[INFO] [stdout] error[E0422]: cannot find struct, variant or union type `Person` in this scope
[INFO] [stdout]  --> src/bin/seed_people_data.rs:9:5
[INFO] [stdout]   |
[INFO] [stdout] 9 |     Person { first: "Zainal", last: "Muttaqin", gender: "M", role: "USTADZ", kota: "Malang", prov: "Jawa Timur", bio: "Mentor tahsin ...
[INFO] [stdout]   |     ^^^^^^ not found in this scope
[INFO] [stdout] 
[INFO] [stdout] 
[INFO] [stdout] error[E0422]: cannot find struct, variant or union type `Person` in this scope
[INFO] [stdout]   --> src/bin/seed_people_data.rs:10:5
[INFO] [stdout]    |
[INFO] [stdout] 10 |     Person { first: "Rizal", last: "Fadlullah", gender: "M", role: "USTADZ", kota: "Gresik", prov: "Jawa Timur", bio: "Pengurus lemb...
[INFO] [stdout]    |     ^^^^^^ not found in this scope
[INFO] [stdout] 
[INFO] [stdout] 
[INFO] [stdout] error[E0422]: cannot find struct, variant or union type `Person` in this scope
[INFO] [stdout]   --> src/bin/seed_people_data.rs:11:5
[INFO] [stdout]    |
[INFO] [stdout] 11 |     Person { first: "Syamsul", last: "Arifin", gender: "M", role: "USTADZ", kota: "Jakarta", prov: "DKI Jakarta", bio: "Dai kampus, ...
[INFO] [stdout]    |     ^^^^^^ not found in this scope
[INFO] [stdout] 
[INFO] [stdout] 
[INFO] [stdout] error[E0422]: cannot find struct, variant or union type `Person` in this scope
[INFO] [stdout]   --> src/bin/seed_people_data.rs:12:5
[INFO] [stdout]    |
[INFO] [stdout] 12 |     Person { first: "Imron", last: "Wahyudi", gender: "M", role: "USTADZ", kota: "Bandung", prov: "Jawa Barat", bio: "Guru ngaji kel...
[INFO] [stdout]    |     ^^^^^^ not found in this scope
[INFO] [stdout] 
[INFO] [stdout] 
[INFO] [stdout] error[E0422]: cannot find struct, variant or union type `Person` in this scope
[INFO] [stdout]   --> src/bin/seed_people_data.rs:13:5
[INFO] [stdout]    |
[INFO] [stdout] 13 |     Person { first: "Fahmi", last: "Rohman Hakim", gender: "M", role: "USTADZ", kota: "Bekasi", prov: "Jawa Barat", bio: "Pembina ta...
[INFO] [stdout]    |     ^^^^^^ not found in this scope
[INFO] [stdout] 
[INFO] [stdout] 
[INFO] [stdout] error[E0422]: cannot find struct, variant or union type `Person` in this scope
[INFO] [stdout]   --> src/bin/seed_people_data.rs:14:5
[INFO] [stdout]    |
[INFO] [stdout] 14 |     Person { first: "Yusuf", last: "Maulana", gender: "M", role: "USTADZ", kota: "Tasikmalaya", prov: "Jawa Barat", bio: "Pengasuh p...
[INFO] [stdout]    |     ^^^^^^ not found in this scope
[INFO] [stdout] 
[INFO] [stdout] 
[INFO] [stdout] error[E0422]: cannot find struct, variant or union type `Person` in this scope
[INFO] [stdout]   --> src/bin/seed_people_data.rs:15:5
[INFO] [stdout]    |
[INFO] [stdout] 15 |     Person { first: "Ismail", last: "Baidhawi", gender: "M", role: "USTADZ", kota: "Yogyakarta", prov: "DI Yogyakarta", bio: "Pengaj...
[INFO] [stdout]    |     ^^^^^^ not found in this scope
[INFO] [stdout] 
[INFO] [stdout] 
[INFO] [stdout] error[E0422]: cannot find struct, variant or union type `Person` in this scope
[INFO] [stdout]   --> src/bin/seed_people_data.rs:16:5
[INFO] [stdout]    |
[INFO] [stdout] 16 |     Person { first: "Ridwan", last: "Sobari", gender: "M", role: "USTADZ", kota: "Solo", prov: "Jawa Tengah", bio: "Imam masjid besa...
[INFO] [stdout]    |     ^^^^^^ not found in this scope
[INFO] [stdout] 
[INFO] [stdout] 
[INFO] [stdout] error[E0422]: cannot find struct, variant or union type `Person` in this scope
[INFO] [stdout]   --> src/bin/seed_people_data.rs:17:5
[INFO] [stdout]    |
[INFO] [stdout] 17 |     Person { first: "Hamdan", last: "Mujahid", gender: "M", role: "USTADZ", kota: "Semarang", prov: "Jawa Tengah", bio: "Asatidz bah...
[INFO] [stdout]    |     ^^^^^^ not found in this scope
[INFO] [stdout] 
[INFO] [stdout] 
[INFO] [stdout] error[E0422]: cannot find struct, variant or union type `Person` in this scope
[INFO] [stdout]   --> src/bin/seed_people_data.rs:18:5
[INFO] [stdout]    |
[INFO] [stdout] 18 |     Person { first: "Ubaidillah", last: "Sahroni", gender: "M", role: "USTADZ", kota: "Surabaya", prov: "Jawa Timur", bio: "Pembina ...
[INFO] [stdout]    |     ^^^^^^ not found in this scope
[INFO] [stdout] 
[INFO] [stdout] 
[INFO] [stdout] error[E0422]: cannot find struct, variant or union type `Person` in this scope
[INFO] [stdout]   --> src/bin/seed_people_data.rs:19:5
[INFO] [stdout]    |
[INFO] [stdout] 19 |     Person { first: "Nasrullah", last: "Amin", gender: "M", role: "USTADZ", kota: "Malang", prov: "Jawa Timur", bio: "Mentor khatmil...
[INFO] [stdout]    |     ^^^^^^ not found in this scope
[INFO] [stdout] 
[INFO] [stdout] 
[INFO] [stdout] error[E0422]: cannot find struct, variant or union type `Person` in this scope
[INFO] [stdout]   --> src/bin/seed_people_data.rs:20:5
[INFO] [stdout]    |
[INFO] [stdout] 20 |     Person { first: "Saifuddin", last: "Ilyas", gender: "M", role: "USTADZ", kota: "Gresik", prov: "Jawa Timur", bio: "Guru ngaji de...
[INFO] [stdout]    |     ^^^^^^ not found in this scope
[INFO] [stdout] 
[INFO] [stdout] 
[INFO] [stdout] error[E0422]: cannot find struct, variant or union type `Person` in this scope
[INFO] [stdout]   --> src/bin/seed_people_data.rs:21:5
[INFO] [stdout]    |
[INFO] [stdout] 21 |     Person { first: "Mustaghfirin", last: "Ahsan", gender: "M", role: "USTADZ", kota: "Jakarta", prov: "DKI Jakarta", bio: "Pembina ...
[INFO] [stdout]    |     ^^^^^^ not found in this scope
[INFO] [stdout] 
[INFO] [stdout] 
[INFO] [stdout] error[E0422]: cannot find struct, variant or union type `Person` in this scope
[INFO] [stdout]   --> src/bin/seed_people_data.rs:22:5
[INFO] [stdout]    |
[INFO] [stdout] 22 |     Person { first: "Thohir", last: "Murtadho", gender: "M", role: "USTADZ", kota: "Bandung", prov: "Jawa Barat", bio: "Pengajar kit...
[INFO] [stdout]    |     ^^^^^^ not found in this scope
[INFO] [stdout] 
[INFO] [stdout] 
[INFO] [stdout] error[E0422]: cannot find struct, variant or union type `Person` in this scope
[INFO] [stdout]   --> src/bin/seed_people_data.rs:23:5
[INFO] [stdout]    |
[INFO] [stdout] 23 |     Person { first: "Wahyu", last: "Hidayat Nur", gender: "M", role: "USTADZ", kota: "Bekasi", prov: "Jawa Barat", bio: "Pendamping ...
[INFO] [stdout]    |     ^^^^^^ not found in this scope
[INFO] [stdout] 
[INFO] [stdout] 
[INFO] [stdout] error[E0422]: cannot find struct, variant or union type `Person` in this scope
[INFO] [stdout]   --> src/bin/seed_people_data.rs:24:5
[INFO] [stdout]    |
[INFO] [stdout] 24 |     Person { first: "Ali", last: "Muhammad Musa", gender: "M", role: "USTADZ", kota: "Tasikmalaya", prov: "Jawa Barat", bio: "Pengas...
[INFO] [stdout]    |     ^^^^^^ not found in this scope
[INFO] [stdout] 
[INFO] [stdout] 
[INFO] [stdout] error[E0422]: cannot find struct, variant or union type `Person` in this scope
[INFO] [stdout]   --> src/bin/seed_people_data.rs:25:5
[INFO] [stdout]    |
[INFO] [stdout] 25 |     Person { first: "Salman", last: "Farisi Alwi", gender: "M", role: "USTADZ", kota: "Yogyakarta", prov: "DI Yogyakarta", bio: "Pen...
[INFO] [stdout]    |     ^^^^^^ not found in this scope
[INFO] [stdout] 
[INFO] [stdout] 
[INFO] [stdout] error[E0422]: cannot find struct, variant or union type `Person` in this scope
[INFO] [stdout]   --> src/bin/seed_people_data.rs:26:5
[INFO] [stdout]    |
[INFO] [stdout] 26 |     Person { first: "Amir", last: "Hamzah Ba'its", gender: "M", role: "USTADZ", kota: "Solo", prov: "Jawa Tengah", bio: "Pembina gen...
[INFO] [stdout]    |     ^^^^^^ not found in this scope
[INFO] [stdout] 
[INFO] [stdout] 
[INFO] [stdout] error[E0422]: cannot find struct, variant or union type `Person` in this scope
[INFO] [stdout]   --> src/bin/seed_people_data.rs:27:5
[INFO] [stdout]    |
[INFO] [stdout] 27 |     Person { first: "Siti", last: "Maryam Uswah", gender: "F", role: "USTADZ", kota: "Semarang", prov: "Jawa Tengah", bio: "Ustadzah...
[INFO] [stdout]    |     ^^^^^^ not found in this scope
[INFO] [stdout] 
[INFO] [stdout] 
[INFO] [stdout] error[E0422]: cannot find struct, variant or union type `Person` in this scope
[INFO] [stdout]   --> src/bin/seed_people_data.rs:28:5
[INFO] [stdout]    |
[INFO] [stdout] 28 |     Person { first: "Hj. Nur", last: "Hidayati", gender: "F", role: "USTADZ", kota: "Surabaya", prov: "Jawa Timur", bio: "Mentor tah...
[INFO] [stdout]    |     ^^^^^^ not found in this scope
[INFO] [stdout] 
[INFO] [stdout] 
[INFO] [stdout] error[E0422]: cannot find struct, variant or union type `Person` in this scope
[INFO] [stdout]   --> src/bin/seed_people_data.rs:29:5
[INFO] [stdout]    |
[INFO] [stdout] 29 |     Person { first: "Fatimah", last: "Az Zahra Hasan", gender: "F", role: "USTADZ", kota: "Malang", prov: "Jawa Timur", bio: "Pengaj...
[INFO] [stdout]    |     ^^^^^^ not found in this scope
[INFO] [stdout] 
[INFO] [stdout] 
[INFO] [stdout] error[E0422]: cannot find struct, variant or union type `Person` in this scope
[INFO] [stdout]   --> src/bin/seed_people_data.rs:30:5
[INFO] [stdout]    |
[INFO] [stdout] 30 |     Person { first: "Aisyah", last: "Rahma Putri", gender: "F", role: "USTADZ", kota: "Gresik", prov: "Jawa Timur", bio: "Ustadzah f...
[INFO] [stdout]    |     ^^^^^^ not found in this scope
[INFO] [stdout] 
[INFO] [stdout] 
[INFO] [stdout] error[E0422]: cannot find struct, variant or union type `Person` in this scope
[INFO] [stdout]   --> src/bin/seed_people_data.rs:31:5
[INFO] [stdout]    |
[INFO] [stdout] 31 |     Person { first: "Khadijah", last: "Sa'diyah", gender: "F", role: "USTADZ", kota: "Jakarta", prov: "DKI Jakarta", bio: "Pembina m...
[INFO] [stdout]    |     ^^^^^^ not found in this scope
[INFO] [stdout] 
[INFO] [stdout] 
[INFO] [stdout] error[E0422]: cannot find struct, variant or union type `Person` in this scope
[INFO] [stdout]   --> src/bin/seed_people_data.rs:32:5
[INFO] [stdout]    |
[INFO] [stdout] 32 |     Person { first: "Maryam", last: "Shalihah", gender: "F", role: "USTADZ", kota: "Bandung", prov: "Jawa Barat", bio: "Pengasuh hal...
[INFO] [stdout]    |     ^^^^^^ not found in this scope
[INFO] [stdout] 
[INFO] [stdout] 
[INFO] [stdout] error[E0422]: cannot find struct, variant or union type `Person` in this scope
[INFO] [stdout]   --> src/bin/seed_people_data.rs:33:5
[INFO] [stdout]    |
[INFO] [stdout] 33 |     Person { first: "Ummu", last: "Kultsum Salim", gender: "F", role: "USTADZ", kota: "Bekasi", prov: "Jawa Barat", bio: "Ustadzah k...
[INFO] [stdout]    |     ^^^^^^ not found in this scope
[INFO] [stdout] 
[INFO] [stdout] 
[INFO] [stdout] error[E0422]: cannot find struct, variant or union type `Person` in this scope
[INFO] [stdout]   --> src/bin/seed_people_data.rs:34:5
[INFO] [stdout]    |
[INFO] [stdout] 34 |     Person { first: "Zulfa", last: "Nabila Hasanah", gender: "F", role: "USTADZ", kota: "Tasikmalaya", prov: "Jawa Barat", bio: "Men...
[INFO] [stdout]    |     ^^^^^^ not found in this scope
[INFO] [stdout] 
[INFO] [stdout] 
[INFO] [stdout] error[E0422]: cannot find struct, variant or union type `Person` in this scope
[INFO] [stdout]   --> src/bin/seed_people_data.rs:37:5
[INFO] [stdout]    |
[INFO] [stdout] 37 |     Person { first: "Ahmad", last: "Fauzi Ramadhan", gender: "M", role: "SANTRI", kota: "Yogyakarta", prov: "DI Yogyakarta", bio: BI...
[INFO] [stdout]    |     ^^^^^^ not found in this scope
[INFO] [stdout] 
[INFO] [stdout] 
[INFO] [stdout] error[E0425]: cannot find value `BIOS_S` in this scope
[INFO] [stdout]   --> src/bin/seed_people_data.rs:37:131
[INFO] [stdout]    |
[INFO] [stdout] 37 | ... kota: "Yogyakarta", prov: "DI Yogyakarta", bio: BIOS_S[0], title: "", spec: &[] },
[INFO] [stdout]    |                                                     ^^^^^^ not found in this scope
[INFO] [stdout] 
[INFO] [stdout] 
[INFO] [stdout] error[E0422]: cannot find struct, variant or union type `Person` in this scope
[INFO] [stdout]   --> src/bin/seed_people_data.rs:38:5
[INFO] [stdout]    |
[INFO] [stdout] 38 |     Person { first: "Muhammad", last: "Rizki Pratama", gender: "M", role: "SANTRI", kota: "Solo", prov: "Jawa Tengah", bio: BIOS_S[1...
[INFO] [stdout]    |     ^^^^^^ not found in this scope
[INFO] [stdout] 
[INFO] [stdout] 
[INFO] [stdout] error[E0425]: cannot find value `BIOS_S` in this scope
[INFO] [stdout]   --> src/bin/seed_people_data.rs:38:125
[INFO] [stdout]    |
[INFO] [stdout] 38 | ...SANTRI", kota: "Solo", prov: "Jawa Tengah", bio: BIOS_S[1], title: "", spec: &[] },
[INFO] [stdout]    |                                                     ^^^^^^ not found in this scope
[INFO] [stdout] 
[INFO] [stdout] 
[INFO] [stdout] error[E0422]: cannot find struct, variant or union type `Person` in this scope
[INFO] [stdout]   --> src/bin/seed_people_data.rs:39:5
[INFO] [stdout]    |
[INFO] [stdout] 39 |     Person { first: "Hafizh", last: "Abdillah Nur", gender: "M", role: "SANTRI", kota: "Semarang", prov: "Jawa Tengah", bio: BIOS_S[...
[INFO] [stdout]    |     ^^^^^^ not found in this scope
[INFO] [stdout] 
[INFO] [stdout] 
[INFO] [stdout] error[E0425]: cannot find value `BIOS_S` in this scope
[INFO] [stdout]   --> src/bin/seed_people_data.rs:39:126
[INFO] [stdout]    |
[INFO] [stdout] 39 | ...RI", kota: "Semarang", prov: "Jawa Tengah", bio: BIOS_S[2], title: "", spec: &[] },
[INFO] [stdout]    |                                                     ^^^^^^ not found in this scope
[INFO] [stdout] 
[INFO] [stdout] 
[INFO] [stdout] error[E0422]: cannot find struct, variant or union type `Person` in this scope
[INFO] [stdout]   --> src/bin/seed_people_data.rs:40:5
[INFO] [stdout]    |
[INFO] [stdout] 40 |     Person { first: "Fahri", last: "Ramadhani", gender: "M", role: "SANTRI", kota: "Surabaya", prov: "Jawa Timur", bio: BIOS_S[3], t...
[INFO] [stdout]    |     ^^^^^^ not found in this scope
[INFO] [stdout] 
[INFO] [stdout] 
[INFO] [stdout] error[E0425]: cannot find value `BIOS_S` in this scope
[INFO] [stdout]   --> src/bin/seed_people_data.rs:40:121
[INFO] [stdout]    |
[INFO] [stdout] 40 | ...TRI", kota: "Surabaya", prov: "Jawa Timur", bio: BIOS_S[3], title: "", spec: &[] },
[INFO] [stdout]    |                                                     ^^^^^^ not found in this scope
[INFO] [stdout] 
[INFO] [stdout] 
[INFO] [stdout] error[E0422]: cannot find struct, variant or union type `Person` in this scope
[INFO] [stdout]   --> src/bin/seed_people_data.rs:41:5
[INFO] [stdout]    |
[INFO] [stdout] 41 |     Person { first: "Rizky", last: "Maulana Putra", gender: "M", role: "SANTRI", kota: "Malang", prov: "Jawa Timur", bio: BIOS_S[4],...
[INFO] [stdout]    |     ^^^^^^ not found in this scope
[INFO] [stdout] 
[INFO] [stdout] 
[INFO] [stdout] error[E0425]: cannot find value `BIOS_S` in this scope
[INFO] [stdout]   --> src/bin/seed_people_data.rs:41:123
[INFO] [stdout]    |
[INFO] [stdout] 41 | ...ANTRI", kota: "Malang", prov: "Jawa Timur", bio: BIOS_S[4], title: "", spec: &[] },
[INFO] [stdout]    |                                                     ^^^^^^ not found in this scope
[INFO] [stdout] 
[INFO] [stdout] 
[INFO] [stdout] error[E0422]: cannot find struct, variant or union type `Person` in this scope
[INFO] [stdout]   --> src/bin/seed_people_data.rs:42:5
[INFO] [stdout]    |
[INFO] [stdout] 42 |     Person { first: "Bagus", last: "Prasetyo", gender: "M", role: "SANTRI", kota: "Gresik", prov: "Jawa Timur", bio: BIOS_S[5], titl...
[INFO] [stdout]    |     ^^^^^^ not found in this scope
[INFO] [stdout] 
[INFO] [stdout] 
[INFO] [stdout] error[E0425]: cannot find value `BIOS_S` in this scope
[INFO] [stdout]   --> src/bin/seed_people_data.rs:42:118
[INFO] [stdout]    |
[INFO] [stdout] 42 | ...ANTRI", kota: "Gresik", prov: "Jawa Timur", bio: BIOS_S[5], title: "", spec: &[] },
[INFO] [stdout]    |                                                     ^^^^^^ not found in this scope
[INFO] [stdout] 
[INFO] [stdout] 
[INFO] [stdout] error[E0422]: cannot find struct, variant or union type `Person` in this scope
[INFO] [stdout]   --> src/bin/seed_people_data.rs:43:5
[INFO] [stdout]    |
[INFO] [stdout] 43 |     Person { first: "Ilham", last: "Muhammad Fadil", gender: "M", role: "SANTRI", kota: "Jakarta", prov: "DKI Jakarta", bio: BIOS_S[...
[INFO] [stdout]    |     ^^^^^^ not found in this scope
[INFO] [stdout] 
[INFO] [stdout] 
[INFO] [stdout] error[E0425]: cannot find value `BIOS_S` in this scope
[INFO] [stdout]   --> src/bin/seed_people_data.rs:43:126
[INFO] [stdout]    |
[INFO] [stdout] 43 | ...TRI", kota: "Jakarta", prov: "DKI Jakarta", bio: BIOS_S[6], title: "", spec: &[] },
[INFO] [stdout]    |                                                     ^^^^^^ not found in this scope
[INFO] [stdout] 
[INFO] [stdout] 
[INFO] [stdout] error[E0422]: cannot find struct, variant or union type `Person` in this scope
[INFO] [stdout]   --> src/bin/seed_people_data.rs:44:5
[INFO] [stdout]    |
[INFO] [stdout] 44 |     Person { first: "Naufal", last: "Dzakwan", gender: "M", role: "SANTRI", kota: "Bandung", prov: "Jawa Barat", bio: BIOS_S[7], tit...
[INFO] [stdout]    |     ^^^^^^ not found in this scope
[INFO] [stdout] 
[INFO] [stdout] 
[INFO] [stdout] error[E0425]: cannot find value `BIOS_S` in this scope
[INFO] [stdout]   --> src/bin/seed_people_data.rs:44:119
[INFO] [stdout]    |
[INFO] [stdout] 44 | ...NTRI", kota: "Bandung", prov: "Jawa Barat", bio: BIOS_S[7], title: "", spec: &[] },
[INFO] [stdout]    |                                                     ^^^^^^ not found in this scope
[INFO] [stdout] 
[INFO] [stdout] 
[INFO] [stdout] error[E0422]: cannot find struct, variant or union type `Person` in this scope
[INFO] [stdout]   --> src/bin/seed_people_data.rs:45:5
[INFO] [stdout]    |
[INFO] [stdout] 45 |     Person { first: "Farhan", last: "Hidayat", gender: "M", role: "SANTRI", kota: "Bekasi", prov: "Jawa Barat", bio: BIOS_S[0], titl...
[INFO] [stdout]    |     ^^^^^^ not found in this scope
[INFO] [stdout] 
[INFO] [stdout] 
[INFO] [stdout] error[E0425]: cannot find value `BIOS_S` in this scope
[INFO] [stdout]   --> src/bin/seed_people_data.rs:45:118
[INFO] [stdout]    |
[INFO] [stdout] 45 | ...ANTRI", kota: "Bekasi", prov: "Jawa Barat", bio: BIOS_S[0], title: "", spec: &[] },
[INFO] [stdout]    |                                                     ^^^^^^ not found in this scope
[INFO] [stdout] 
[INFO] [stdout] 
[INFO] [stdout] error[E0422]: cannot find struct, variant or union type `Person` in this scope
[INFO] [stdout]   --> src/bin/seed_people_data.rs:46:5
[INFO] [stdout]    |
[INFO] [stdout] 46 |     Person { first: "Yusron", last: "Hamdani", gender: "M", role: "SANTRI", kota: "Tasikmalaya", prov: "Jawa Barat", bio: BIOS_S[1],...
[INFO] [stdout]    |     ^^^^^^ not found in this scope
[INFO] [stdout] 
[INFO] [stdout] 
[INFO] [stdout] error[E0425]: cannot find value `BIOS_S` in this scope
[INFO] [stdout]   --> src/bin/seed_people_data.rs:46:123
[INFO] [stdout]    |
[INFO] [stdout] 46 | ...", kota: "Tasikmalaya", prov: "Jawa Barat", bio: BIOS_S[1], title: "", spec: &[] },
[INFO] [stdout]    |                                                     ^^^^^^ not found in this scope
[INFO] [stdout] 
[INFO] [stdout] 
[INFO] [stdout] error[E0422]: cannot find struct, variant or union type `Person` in this scope
[INFO] [stdout]   --> src/bin/seed_people_data.rs:47:5
[INFO] [stdout]    |
[INFO] [stdout] 47 |     Person { first: "Gibran", last: "Alfarizi", gender: "M", role: "SANTRI", kota: "Yogyakarta", prov: "DI Yogyakarta", bio: BIOS_S[...
[INFO] [stdout]    |     ^^^^^^ not found in this scope
[INFO] [stdout] 
[INFO] [stdout] 
[INFO] [stdout] error[E0425]: cannot find value `BIOS_S` in this scope
[INFO] [stdout]   --> src/bin/seed_people_data.rs:47:126
[INFO] [stdout]    |
[INFO] [stdout] 47 | ... kota: "Yogyakarta", prov: "DI Yogyakarta", bio: BIOS_S[2], title: "", spec: &[] },
[INFO] [stdout]    |                                                     ^^^^^^ not found in this scope
[INFO] [stdout] 
[INFO] [stdout] 
[INFO] [stdout] error[E0422]: cannot find struct, variant or union type `Person` in this scope
[INFO] [stdout]   --> src/bin/seed_people_data.rs:48:5
[INFO] [stdout]    |
[INFO] [stdout] 48 |     Person { first: "Rafi", last: "Setiawan", gender: "M", role: "SANTRI", kota: "Solo", prov: "Jawa Tengah", bio: BIOS_S[3], title:...
[INFO] [stdout]    |     ^^^^^^ not found in this scope
[INFO] [stdout] 
[INFO] [stdout] 
[INFO] [stdout] error[E0425]: cannot find value `BIOS_S` in this scope
[INFO] [stdout]   --> src/bin/seed_people_data.rs:48:116
[INFO] [stdout]    |
[INFO] [stdout] 48 | ...SANTRI", kota: "Solo", prov: "Jawa Tengah", bio: BIOS_S[3], title: "", spec: &[] },
[INFO] [stdout]    |                                                     ^^^^^^ not found in this scope
[INFO] [stdout] 
[INFO] [stdout] 
[INFO] [stdout] error[E0422]: cannot find struct, variant or union type `Person` in this scope
[INFO] [stdout]   --> src/bin/seed_people_data.rs:49:5
[INFO] [stdout]    |
[INFO] [stdout] 49 |     Person { first: "Daffa", last: "Al Ghifari", gender: "M", role: "SANTRI", kota: "Semarang", prov: "Jawa Tengah", bio: BIOS_S[4],...
[INFO] [stdout]    |     ^^^^^^ not found in this scope
[INFO] [stdout] 
[INFO] [stdout] 
[INFO] [stdout] error[E0425]: cannot find value `BIOS_S` in this scope
[INFO] [stdout]   --> src/bin/seed_people_data.rs:49:123
[INFO] [stdout]    |
[INFO] [stdout] 49 | ...RI", kota: "Semarang", prov: "Jawa Tengah", bio: BIOS_S[4], title: "", spec: &[] },
[INFO] [stdout]    |                                                     ^^^^^^ not found in this scope
[INFO] [stdout] 
[INFO] [stdout] 
[INFO] [stdout] error[E0422]: cannot find struct, variant or union type `Person` in this scope
[INFO] [stdout]   --> src/bin/seed_people_data.rs:50:5
[INFO] [stdout]    |
[INFO] [stdout] 50 |     Person { first: "Arkan", last: "Wibowo", gender: "M", role: "SANTRI", kota: "Surabaya", prov: "Jawa Timur", bio: BIOS_S[5], titl...
[INFO] [stdout]    |     ^^^^^^ not found in this scope
[INFO] [stdout] 
[INFO] [stdout] 
[INFO] [stdout] error[E0425]: cannot find value `BIOS_S` in this scope
[INFO] [stdout]   --> src/bin/seed_people_data.rs:50:118
[INFO] [stdout]    |
[INFO] [stdout] 50 | ...TRI", kota: "Surabaya", prov: "Jawa Timur", bio: BIOS_S[5], title: "", spec: &[] },
[INFO] [stdout]    |                                                     ^^^^^^ not found in this scope
[INFO] [stdout] 
[INFO] [stdout] 
[INFO] [stdout] error[E0422]: cannot find struct, variant or union type `Person` in this scope
[INFO] [stdout]   --> src/bin/seed_people_data.rs:51:5
[INFO] [stdout]    |
[INFO] [stdout] 51 |     Person { first: "Hendra", last: "Gunawan", gender: "M", role: "SANTRI", kota: "Malang", prov: "Jawa Timur", bio: BIOS_S[6], titl...
[INFO] [stdout]    |     ^^^^^^ not found in this scope
[INFO] [stdout] 
[INFO] [stdout] 
[INFO] [stdout] error[E0425]: cannot find value `BIOS_S` in this scope
[INFO] [stdout]   --> src/bin/seed_people_data.rs:51:118
[INFO] [stdout]    |
[INFO] [stdout] 51 | ...ANTRI", kota: "Malang", prov: "Jawa Timur", bio: BIOS_S[6], title: "", spec: &[] },
[INFO] [stdout]    |                                                     ^^^^^^ not found in this scope
[INFO] [stdout] 
[INFO] [stdout] 
[INFO] [stdout] error[E0422]: cannot find struct, variant or union type `Person` in this scope
[INFO] [stdout]   --> src/bin/seed_people_data.rs:52:5
[INFO] [stdout]    |
[INFO] [stdout] 52 |     Person { first: "Sultan", last: "Mahmud", gender: "M", role: "SANTRI", kota: "Gresik", prov: "Jawa Timur", bio: BIOS_S[7], title...
[INFO] [stdout]    |     ^^^^^^ not found in this scope
[INFO] [stdout] 
[INFO] [stdout] 
[INFO] [stdout] error[E0425]: cannot find value `BIOS_S` in this scope
[INFO] [stdout]   --> src/bin/seed_people_data.rs:52:117
[INFO] [stdout]    |
[INFO] [stdout] 52 | ...ANTRI", kota: "Gresik", prov: "Jawa Timur", bio: BIOS_S[7], title: "", spec: &[] },
[INFO] [stdout]    |                                                     ^^^^^^ not found in this scope
[INFO] [stdout] 
[INFO] [stdout] 
[INFO] [stdout] error[E0422]: cannot find struct, variant or union type `Person` in this scope
[INFO] [stdout]   --> src/bin/seed_people_data.rs:53:5
[INFO] [stdout]    |
[INFO] [stdout] 53 |     Person { first: "Zaki", last: "Mubarak", gender: "M", role: "SANTRI", kota: "Jakarta", prov: "DKI Jakarta", bio: BIOS_S[0], titl...
[INFO] [stdout]    |     ^^^^^^ not found in this scope
[INFO] [stdout] 
[INFO] [stdout] 
[INFO] [stdout] error[E0425]: cannot find value `BIOS_S` in this scope
[INFO] [stdout]   --> src/bin/seed_people_data.rs:53:118
[INFO] [stdout]    |
[INFO] [stdout] 53 | ...TRI", kota: "Jakarta", prov: "DKI Jakarta", bio: BIOS_S[0], title: "", spec: &[] },
[INFO] [stdout]    |                                                     ^^^^^^ not found in this scope
[INFO] [stdout] 
[INFO] [stdout] 
[INFO] [stdout] error[E0422]: cannot find struct, variant or union type `Person` in this scope
[INFO] [stdout]   --> src/bin/seed_people_data.rs:54:5
[INFO] [stdout]    |
[INFO] [stdout] 54 |     Person { first: "Fauzan", last: "Auliya", gender: "M", role: "SANTRI", kota: "Bandung", prov: "Jawa Barat", bio: BIOS_S[1], titl...
[INFO] [stdout]    |     ^^^^^^ not found in this scope
[INFO] [stdout] 
[INFO] [stdout] 
[INFO] [stdout] error[E0425]: cannot find value `BIOS_S` in this scope
[INFO] [stdout]   --> src/bin/seed_people_data.rs:54:118
[INFO] [stdout]    |
[INFO] [stdout] 54 | ...NTRI", kota: "Bandung", prov: "Jawa Barat", bio: BIOS_S[1], title: "", spec: &[] },
[INFO] [stdout]    |                                                     ^^^^^^ not found in this scope
[INFO] [stdout] 
[INFO] [stdout] 
[INFO] [stdout] error[E0422]: cannot find struct, variant or union type `Person` in this scope
[INFO] [stdout]   --> src/bin/seed_people_data.rs:55:5
[INFO] [stdout]    |
[INFO] [stdout] 55 |     Person { first: "Rahmat", last: "Hidayatullah", gender: "M", role: "SANTRI", kota: "Bekasi", prov: "Jawa Barat", bio: BIOS_S[2],...
[INFO] [stdout]    |     ^^^^^^ not found in this scope
[INFO] [stdout] 
[INFO] [stdout] 
[INFO] [stdout] error[E0425]: cannot find value `BIOS_S` in this scope
[INFO] [stdout]   --> src/bin/seed_people_data.rs:55:123
[INFO] [stdout]    |
[INFO] [stdout] 55 | ...ANTRI", kota: "Bekasi", prov: "Jawa Barat", bio: BIOS_S[2], title: "", spec: &[] },
[INFO] [stdout]    |                                                     ^^^^^^ not found in this scope
[INFO] [stdout] 
[INFO] [stdout] 
[INFO] [stdout] error[E0422]: cannot find struct, variant or union type `Person` in this scope
[INFO] [stdout]   --> src/bin/seed_people_data.rs:56:5
[INFO] [stdout]    |
[INFO] [stdout] 56 |     Person { first: "Aditya", last: "Rahman", gender: "M", role: "SANTRI", kota: "Tasikmalaya", prov: "Jawa Barat", bio: BIOS_S[3], ...
[INFO] [stdout]    |     ^^^^^^ not found in this scope
[INFO] [stdout] 
[INFO] [stdout] 
[INFO] [stdout] error[E0425]: cannot find value `BIOS_S` in this scope
[INFO] [stdout]   --> src/bin/seed_people_data.rs:56:122
[INFO] [stdout]    |
[INFO] [stdout] 56 | ...", kota: "Tasikmalaya", prov: "Jawa Barat", bio: BIOS_S[3], title: "", spec: &[] },
[INFO] [stdout]    |                                                     ^^^^^^ not found in this scope
[INFO] [stdout] 
[INFO] [stdout] 
[INFO] [stdout] error[E0422]: cannot find struct, variant or union type `Person` in this scope
[INFO] [stdout]   --> src/bin/seed_people_data.rs:57:5
[INFO] [stdout]    |
[INFO] [stdout] 57 |     Person { first: "Ibrahim", last: "Kholil", gender: "M", role: "SANTRI", kota: "Yogyakarta", prov: "DI Yogyakarta", bio: BIOS_S[4...
[INFO] [stdout]    |     ^^^^^^ not found in this scope
[INFO] [stdout] 
[INFO] [stdout] 
[INFO] [stdout] error[E0425]: cannot find value `BIOS_S` in this scope
[INFO] [stdout]   --> src/bin/seed_people_data.rs:57:125
[INFO] [stdout]    |
[INFO] [stdout] 57 | ... kota: "Yogyakarta", prov: "DI Yogyakarta", bio: BIOS_S[4], title: "", spec: &[] },
[INFO] [stdout]    |                                                     ^^^^^^ not found in this scope
[INFO] [stdout] 
[INFO] [stdout] 
[INFO] [stdout] error[E0422]: cannot find struct, variant or union type `Person` in this scope
[INFO] [stdout]   --> src/bin/seed_people_data.rs:58:5
[INFO] [stdout]    |
[INFO] [stdout] 58 |     Person { first: "Sulaiman", last: "Yusdianto", gender: "M", role: "SANTRI", kota: "Solo", prov: "Jawa Tengah", bio: BIOS_S[5], t...
[INFO] [stdout]    |     ^^^^^^ not found in this scope
[INFO] [stdout] 
[INFO] [stdout] 
[INFO] [stdout] error[E0425]: cannot find value `BIOS_S` in this scope
[INFO] [stdout]   --> src/bin/seed_people_data.rs:58:121
[INFO] [stdout]    |
[INFO] [stdout] 58 | ...SANTRI", kota: "Solo", prov: "Jawa Tengah", bio: BIOS_S[5], title: "", spec: &[] },
[INFO] [stdout]    |                                                     ^^^^^^ not found in this scope
[INFO] [stdout] 
[INFO] [stdout] 
[INFO] [stdout] error[E0422]: cannot find struct, variant or union type `Person` in this scope
[INFO] [stdout]   --> src/bin/seed_people_data.rs:59:5
[INFO] [stdout]    |
[INFO] [stdout] 59 |     Person { first: "Wahyu", last: "Setiadi", gender: "M", role: "SANTRI", kota: "Semarang", prov: "Jawa Tengah", bio: BIOS_S[6], ti...
[INFO] [stdout]    |     ^^^^^^ not found in this scope
[INFO] [stdout] 
[INFO] [stdout] 
[INFO] [stdout] error[E0425]: cannot find value `BIOS_S` in this scope
[INFO] [stdout]   --> src/bin/seed_people_data.rs:59:120
[INFO] [stdout]    |
[INFO] [stdout] 59 | ...RI", kota: "Semarang", prov: "Jawa Tengah", bio: BIOS_S[6], title: "", spec: &[] },
[INFO] [stdout]    |                                                     ^^^^^^ not found in this scope
[INFO] [stdout] 
[INFO] [stdout] 
[INFO] [stdout] error[E0422]: cannot find struct, variant or union type `Person` in this scope
[INFO] [stdout]   --> src/bin/seed_people_data.rs:60:5
[INFO] [stdout]    |
[INFO] [stdout] 60 |     Person { first: "Anwar", last: "Sadat", gender: "M", role: "SANTRI", kota: "Surabaya", prov: "Jawa Timur", bio: BIOS_S[7], title...
[INFO] [stdout]    |     ^^^^^^ not found in this scope
[INFO] [stdout] 
[INFO] [stdout] 
[INFO] [stdout] error[E0425]: cannot find value `BIOS_S` in this scope
[INFO] [stdout]   --> src/bin/seed_people_data.rs:60:117
[INFO] [stdout]    |
[INFO] [stdout] 60 | ...TRI", kota: "Surabaya", prov: "Jawa Timur", bio: BIOS_S[7], title: "", spec: &[] },
[INFO] [stdout]    |                                                     ^^^^^^ not found in this scope
[INFO] [stdout] 
[INFO] [stdout] 
[INFO] [stdout] error[E0422]: cannot find struct, variant or union type `Person` in this scope
[INFO] [stdout]   --> src/bin/seed_people_data.rs:61:5
[INFO] [stdout]    |
[INFO] [stdout] 61 |     Person { first: "Maulana", last: "Yusuf Ibrahim", gender: "M", role: "SANTRI", kota: "Malang", prov: "Jawa Timur", bio: BIOS_S[0...
[INFO] [stdout]    |     ^^^^^^ not found in this scope
[INFO] [stdout] 
[INFO] [stdout] 
[INFO] [stdout] error[E0425]: cannot find value `BIOS_S` in this scope
[INFO] [stdout]   --> src/bin/seed_people_data.rs:61:125
[INFO] [stdout]    |
[INFO] [stdout] 61 | ...ANTRI", kota: "Malang", prov: "Jawa Timur", bio: BIOS_S[0], title: "", spec: &[] },
[INFO] [stdout]    |                                                     ^^^^^^ not found in this scope
[INFO] [stdout] 
[INFO] [stdout] 
[INFO] [stdout] error[E0422]: cannot find struct, variant or union type `Person` in this scope
[INFO] [stdout]   --> src/bin/seed_people_data.rs:62:5
[INFO] [stdout]    |
[INFO] [stdout] 62 |     Person { first: "Hanif", last: "Abdurrahman", gender: "M", role: "SANTRI", kota: "Gresik", prov: "Jawa Timur", bio: BIOS_S[1], t...
[INFO] [stdout]    |     ^^^^^^ not found in this scope
[INFO] [stdout] 
[INFO] [stdout] 
[INFO] [stdout] error[E0425]: cannot find value `BIOS_S` in this scope
[INFO] [stdout]   --> src/bin/seed_people_data.rs:62:121
[INFO] [stdout]    |
[INFO] [stdout] 62 | ...ANTRI", kota: "Gresik", prov: "Jawa Timur", bio: BIOS_S[1], title: "", spec: &[] },
[INFO] [stdout]    |                                                     ^^^^^^ not found in this scope
[INFO] [stdout] 
[INFO] [stdout] 
[INFO] [stdout] error[E0422]: cannot find struct, variant or union type `Person` in this scope
[INFO] [stdout]   --> src/bin/seed_people_data.rs:63:5
[INFO] [stdout]    |
[INFO] [stdout] 63 |     Person { first: "Thariq", last: "Bin Ziyad", gender: "M", role: "SANTRI", kota: "Jakarta", prov: "DKI Jakarta", bio: BIOS_S[2], ...
[INFO] [stdout]    |     ^^^^^^ not found in this scope
[INFO] [stdout] 
[INFO] [stdout] 
[INFO] [stdout] error[E0425]: cannot find value `BIOS_S` in this scope
[INFO] [stdout]   --> src/bin/seed_people_data.rs:63:122
[INFO] [stdout]    |
[INFO] [stdout] 63 | ...TRI", kota: "Jakarta", prov: "DKI Jakarta", bio: BIOS_S[2], title: "", spec: &[] },
[INFO] [stdout]    |                                                     ^^^^^^ not found in this scope
[INFO] [stdout] 
[INFO] [stdout] 
[INFO] [stdout] error[E0422]: cannot find struct, variant or union type `Person` in this scope
[INFO] [stdout]   --> src/bin/seed_people_data.rs:64:5
[INFO] [stdout]    |
[INFO] [stdout] 64 |     Person { first: "Arief", last: "Wicaksono", gender: "M", role: "SANTRI", kota: "Bandung", prov: "Jawa Barat", bio: BIOS_S[3], ti...
[INFO] [stdout]    |     ^^^^^^ not found in this scope
[INFO] [stdout] 
[INFO] [stdout] 
[INFO] [stdout] error[E0425]: cannot find value `BIOS_S` in this scope
[INFO] [stdout]   --> src/bin/seed_people_data.rs:64:120
[INFO] [stdout]    |
[INFO] [stdout] 64 | ...NTRI", kota: "Bandung", prov: "Jawa Barat", bio: BIOS_S[3], title: "", spec: &[] },
[INFO] [stdout]    |                                                     ^^^^^^ not found in this scope
[INFO] [stdout] 
[INFO] [stdout] 
[INFO] [stdout] error[E0422]: cannot find struct, variant or union type `Person` in this scope
[INFO] [stdout]   --> src/bin/seed_people_data.rs:65:5
[INFO] [stdout]    |
[INFO] [stdout] 65 |     Person { first: "Bintang", last: "Ramadhan", gender: "M", role: "SANTRI", kota: "Bekasi", prov: "Jawa Barat", bio: BIOS_S[4], ti...
[INFO] [stdout]    |     ^^^^^^ not found in this scope
[INFO] [stdout] 
[INFO] [stdout] 
[INFO] [stdout] error[E0425]: cannot find value `BIOS_S` in this scope
[INFO] [stdout]   --> src/bin/seed_people_data.rs:65:120
[INFO] [stdout]    |
[INFO] [stdout] 65 | ...ANTRI", kota: "Bekasi", prov: "Jawa Barat", bio: BIOS_S[4], title: "", spec: &[] },
[INFO] [stdout]    |                                                     ^^^^^^ not found in this scope
[INFO] [stdout] 
[INFO] [stdout] 
[INFO] [stdout] error[E0422]: cannot find struct, variant or union type `Person` in this scope
[INFO] [stdout]   --> src/bin/seed_people_data.rs:66:5
[INFO] [stdout]    |
[INFO] [stdout] 66 |     Person { first: "Gilang", last: "Ramadhan Sabri", gender: "M", role: "SANTRI", kota: "Tasikmalaya", prov: "Jawa Barat", bio: BIO...
[INFO] [stdout]    |     ^^^^^^ not found in this scope
[INFO] [stdout] 
[INFO] [stdout] 
[INFO] [stdout] error[E0425]: cannot find value `BIOS_S` in this scope
[INFO] [stdout]   --> src/bin/seed_people_data.rs:66:130
[INFO] [stdout]    |
[INFO] [stdout] 66 | ...", kota: "Tasikmalaya", prov: "Jawa Barat", bio: BIOS_S[5], title: "", spec: &[] },
[INFO] [stdout]    |                                                     ^^^^^^ not found in this scope
[INFO] [stdout] 
[INFO] [stdout] 
[INFO] [stdout] error[E0422]: cannot find struct, variant or union type `Person` in this scope
[INFO] [stdout]   --> src/bin/seed_people_data.rs:67:5
[INFO] [stdout]    |
[INFO] [stdout] 67 |     Person { first: "Raka", last: "Adi Pratama", gender: "M", role: "SANTRI", kota: "Yogyakarta", prov: "DI Yogyakarta", bio: BIOS_S...
[INFO] [stdout]    |     ^^^^^^ not found in this scope
[INFO] [stdout] 
[INFO] [stdout] 
[INFO] [stdout] error[E0425]: cannot find value `BIOS_S` in this scope
[INFO] [stdout]   --> src/bin/seed_people_data.rs:67:127
[INFO] [stdout]    |
[INFO] [stdout] 67 | ... kota: "Yogyakarta", prov: "DI Yogyakarta", bio: BIOS_S[6], title: "", spec: &[] },
[INFO] [stdout]    |                                                     ^^^^^^ not found in this scope
[INFO] [stdout] 
[INFO] [stdout] 
[INFO] [stdout] error[E0422]: cannot find struct, variant or union type `Person` in this scope
[INFO] [stdout]   --> src/bin/seed_people_data.rs:68:5
[INFO] [stdout]    |
[INFO] [stdout] 68 |     Person { first: "Dimas", last: "Saputra", gender: "M", role: "SANTRI", kota: "Solo", prov: "Jawa Tengah", bio: BIOS_S[7], title:...
[INFO] [stdout]    |     ^^^^^^ not found in this scope
[INFO] [stdout] 
[INFO] [stdout] 
[INFO] [stdout] error[E0425]: cannot find value `BIOS_S` in this scope
[INFO] [stdout]   --> src/bin/seed_people_data.rs:68:116
[INFO] [stdout]    |
[INFO] [stdout] 68 | ...SANTRI", kota: "Solo", prov: "Jawa Tengah", bio: BIOS_S[7], title: "", spec: &[] },
[INFO] [stdout]    |                                                     ^^^^^^ not found in this scope
[INFO] [stdout] 
[INFO] [stdout] 
[INFO] [stdout] error[E0422]: cannot find struct, variant or union type `Person` in this scope
[INFO] [stdout]   --> src/bin/seed_people_data.rs:69:5
[INFO] [stdout]    |
[INFO] [stdout] 69 |     Person { first: "Fajar", last: "Nur Hidayat", gender: "M", role: "SANTRI", kota: "Semarang", prov: "Jawa Tengah", bio: BIOS_S[0]...
[INFO] [stdout]    |     ^^^^^^ not found in this scope
[INFO] [stdout] 
[INFO] [stdout] 
[INFO] [stdout] error[E0425]: cannot find value `BIOS_S` in this scope
[INFO] [stdout]   --> src/bin/seed_people_data.rs:69:124
[INFO] [stdout]    |
[INFO] [stdout] 69 | ...RI", kota: "Semarang", prov: "Jawa Tengah", bio: BIOS_S[0], title: "", spec: &[] },
[INFO] [stdout]    |                                                     ^^^^^^ not found in this scope
[INFO] [stdout] 
[INFO] [stdout] 
[INFO] [stdout] error[E0422]: cannot find struct, variant or union type `Person` in this scope
[INFO] [stdout]   --> src/bin/seed_people_data.rs:70:5
[INFO] [stdout]    |
[INFO] [stdout] 70 |     Person { first: "Reza", last: "Pahlevi", gender: "M", role: "SANTRI", kota: "Surabaya", prov: "Jawa Timur", bio: BIOS_S[1], titl...
[INFO] [stdout]    |     ^^^^^^ not found in this scope
[INFO] [stdout] 
[INFO] [stdout] 
[INFO] [stdout] error[E0425]: cannot find value `BIOS_S` in this scope
[INFO] [stdout]   --> src/bin/seed_people_data.rs:70:118
[INFO] [stdout]    |
[INFO] [stdout] 70 | ...TRI", kota: "Surabaya", prov: "Jawa Timur", bio: BIOS_S[1], title: "", spec: &[] },
[INFO] [stdout]    |                                                     ^^^^^^ not found in this scope
[INFO] [stdout] 
[INFO] [stdout] 
[INFO] [stdout] error[E0422]: cannot find struct, variant or union type `Person` in this scope
[INFO] [stdout]   --> src/bin/seed_people_data.rs:71:5
[INFO] [stdout]    |
[INFO] [stdout] 71 |     Person { first: "Alif", last: "Muhammad Toriq", gender: "M", role: "SANTRI", kota: "Malang", prov: "Jawa Timur", bio: BIOS_S[2],...
[INFO] [stdout]    |     ^^^^^^ not found in this scope
[INFO] [stdout] 
[INFO] [stdout] 
[INFO] [stdout] error[E0425]: cannot find value `BIOS_S` in this scope
[INFO] [stdout]   --> src/bin/seed_people_data.rs:71:123
[INFO] [stdout]    |
[INFO] [stdout] 71 | ...ANTRI", kota: "Malang", prov: "Jawa Timur", bio: BIOS_S[2], title: "", spec: &[] },
[INFO] [stdout]    |                                                     ^^^^^^ not found in this scope
[INFO] [stdout] 
[INFO] [stdout] 
[INFO] [stdout] error[E0422]: cannot find struct, variant or union type `Person` in this scope
[INFO] [stdout]   --> src/bin/seed_people_data.rs:72:5
[INFO] [stdout]    |
[INFO] [stdout] 72 |     Person { first: "Yoga", last: "Pratama Wijaya", gender: "M", role: "SANTRI", kota: "Gresik", prov: "Jawa Timur", bio: BIOS_S[3],...
[INFO] [stdout]    |     ^^^^^^ not found in this scope
[INFO] [stdout] 
[INFO] [stdout] 
[INFO] [stdout] error[E0425]: cannot find value `BIOS_S` in this scope
[INFO] [stdout]   --> src/bin/seed_people_data.rs:72:123
[INFO] [stdout]    |
[INFO] [stdout] 72 | ...ANTRI", kota: "Gresik", prov: "Jawa Timur", bio: BIOS_S[3], title: "", spec: &[] },
[INFO] [stdout]    |                                                     ^^^^^^ not found in this scope
[INFO] [stdout] 
[INFO] [stdout] 
[INFO] [stdout] error[E0422]: cannot find struct, variant or union type `Person` in this scope
[INFO] [stdout]   --> src/bin/seed_people_data.rs:73:5
[INFO] [stdout]    |
[INFO] [stdout] 73 |     Person { first: "Andre", last: "Kurniawan", gender: "M", role: "SANTRI", kota: "Jakarta", prov: "DKI Jakarta", bio: BIOS_S[4], t...
[INFO] [stdout]    |     ^^^^^^ not found in this scope
[INFO] [stdout] 
[INFO] [stdout] 
[INFO] [stdout] error[E0425]: cannot find value `BIOS_S` in this scope
[INFO] [stdout]   --> src/bin/seed_people_data.rs:73:121
[INFO] [stdout]    |
[INFO] [stdout] 73 | ...TRI", kota: "Jakarta", prov: "DKI Jakarta", bio: BIOS_S[4], title: "", spec: &[] },
[INFO] [stdout]    |                                                     ^^^^^^ not found in this scope
[INFO] [stdout] 
[INFO] [stdout] 
[INFO] [stdout] error[E0422]: cannot find struct, variant or union type `Person` in this scope
[INFO] [stdout]   --> src/bin/seed_people_data.rs:74:5
[INFO] [stdout]    |
[INFO] [stdout] 74 |     Person { first: "Fikri", last: "Haikal", gender: "M", role: "SANTRI", kota: "Bandung", prov: "Jawa Barat", bio: BIOS_S[5], title...
[INFO] [stdout]    |     ^^^^^^ not found in this scope
[INFO] [stdout] 
[INFO] [stdout] 
[INFO] [stdout] error[E0425]: cannot find value `BIOS_S` in this scope
[INFO] [stdout]   --> src/bin/seed_people_data.rs:74:117
[INFO] [stdout]    |
[INFO] [stdout] 74 | ...NTRI", kota: "Bandung", prov: "Jawa Barat", bio: BIOS_S[5], title: "", spec: &[] },
[INFO] [stdout]    |                                                     ^^^^^^ not found in this scope
[INFO] [stdout] 
[INFO] [stdout] 
[INFO] [stdout] error[E0422]: cannot find struct, variant or union type `Person` in this scope
[INFO] [stdout]   --> src/bin/seed_people_data.rs:75:5
[INFO] [stdout]    |
[INFO] [stdout] 75 |     Person { first: "Danu", last: "Widodo", gender: "M", role: "SANTRI", kota: "Bekasi", prov: "Jawa Barat", bio: BIOS_S[6], title: ...
[INFO] [stdout]    |     ^^^^^^ not found in this scope
[INFO] [stdout] 
[INFO] [stdout] 
[INFO] [stdout] error[E0425]: cannot find value `BIOS_S` in this scope
[INFO] [stdout]   --> src/bin/seed_people_data.rs:75:115
[INFO] [stdout]    |
[INFO] [stdout] 75 | ...ANTRI", kota: "Bekasi", prov: "Jawa Barat", bio: BIOS_S[6], title: "", spec: &[] },
[INFO] [stdout]    |                                                     ^^^^^^ not found in this scope
[INFO] [stdout] 
[INFO] [stdout] 
[INFO] [stdout] error[E0422]: cannot find struct, variant or union type `Person` in this scope
[INFO] [stdout]   --> src/bin/seed_people_data.rs:76:5
[INFO] [stdout]    |
[INFO] [stdout] 76 |     Person { first: "Bagas", last: "Adi Nugroho", gender: "M", role: "SANTRI", kota: "Tasikmalaya", prov: "Jawa Barat", bio: BIOS_S[...
[INFO] [stdout]    |     ^^^^^^ not found in this scope
[INFO] [stdout] 
[INFO] [stdout] 
[INFO] [stdout] error[E0425]: cannot find value `BIOS_S` in this scope
[INFO] [stdout]   --> src/bin/seed_people_data.rs:76:126
[INFO] [stdout]    |
[INFO] [stdout] 76 | ...", kota: "Tasikmalaya", prov: "Jawa Barat", bio: BIOS_S[7], title: "", spec: &[] },
[INFO] [stdout]    |                                                     ^^^^^^ not found in this scope
[INFO] [stdout] 
[INFO] [stdout] 
[INFO] [stdout] error[E0422]: cannot find struct, variant or union type `Person` in this scope
[INFO] [stdout]   --> src/bin/seed_people_data.rs:77:5
[INFO] [stdout]    |
[INFO] [stdout] 77 |     Person { first: "Syaiful", last: "Bachri", gender: "M", role: "SANTRI", kota: "Yogyakarta", prov: "DI Yogyakarta", bio: BIOS_S[0...
[INFO] [stdout]    |     ^^^^^^ not found in this scope
[INFO] [stdout] 
[INFO] [stdout] 
[INFO] [stdout] error[E0425]: cannot find value `BIOS_S` in this scope
[INFO] [stdout]   --> src/bin/seed_people_data.rs:77:125
[INFO] [stdout]    |
[INFO] [stdout] 77 | ... kota: "Yogyakarta", prov: "DI Yogyakarta", bio: BIOS_S[0], title: "", spec: &[] },
[INFO] [stdout]    |                                                     ^^^^^^ not found in this scope
[INFO] [stdout] 
[INFO] [stdout] 
[INFO] [stdout] error[E0422]: cannot find struct, variant or union type `Person` in this scope
[INFO] [stdout]   --> src/bin/seed_people_data.rs:78:5
[INFO] [stdout]    |
[INFO] [stdout] 78 |     Person { first: "Aldi", last: "Maulana Malik", gender: "M", role: "SANTRI", kota: "Solo", prov: "Jawa Tengah", bio: BIOS_S[1], t...
[INFO] [stdout]    |     ^^^^^^ not found in this scope
[INFO] [stdout] 
[INFO] [stdout] 
[INFO] [stdout] error[E0425]: cannot find value `BIOS_S` in this scope
[INFO] [stdout]   --> src/bin/seed_people_data.rs:78:121
[INFO] [stdout]    |
[INFO] [stdout] 78 | ...SANTRI", kota: "Solo", prov: "Jawa Tengah", bio: BIOS_S[1], title: "", spec: &[] },
[INFO] [stdout]    |                                                     ^^^^^^ not found in this scope
[INFO] [stdout] 
[INFO] [stdout] 
[INFO] [stdout] error[E0422]: cannot find struct, variant or union type `Person` in this scope
[INFO] [stdout]   --> src/bin/seed_people_data.rs:79:5
[INFO] [stdout]    |
[INFO] [stdout] 79 |     Person { first: "Fandi", last: "Ahmad Setiawan", gender: "M", role: "SANTRI", kota: "Semarang", prov: "Jawa Tengah", bio: BIOS_S...
[INFO] [stdout]    |     ^^^^^^ not found in this scope
[INFO] [stdout] 
[INFO] [stdout] 
[INFO] [stdout] error[E0425]: cannot find value `BIOS_S` in this scope
[INFO] [stdout]   --> src/bin/seed_people_data.rs:79:127
[INFO] [stdout]    |
[INFO] [stdout] 79 | ...RI", kota: "Semarang", prov: "Jawa Tengah", bio: BIOS_S[2], title: "", spec: &[] },
[INFO] [stdout]    |                                                     ^^^^^^ not found in this scope
[INFO] [stdout] 
[INFO] [stdout] 
[INFO] [stdout] error[E0422]: cannot find struct, variant or union type `Person` in this scope
[INFO] [stdout]   --> src/bin/seed_people_data.rs:80:5
[INFO] [stdout]    |
[INFO] [stdout] 80 |     Person { first: "Rendra", last: "Krisna Adi", gender: "M", role: "SANTRI", kota: "Surabaya", prov: "Jawa Timur", bio: BIOS_S[3],...
[INFO] [stdout]    |     ^^^^^^ not found in this scope
[INFO] [stdout] 
[INFO] [stdout] 
[INFO] [stdout] error[E0425]: cannot find value `BIOS_S` in this scope
[INFO] [stdout]   --> src/bin/seed_people_data.rs:80:123
[INFO] [stdout]    |
[INFO] [stdout] 80 | ...TRI", kota: "Surabaya", prov: "Jawa Timur", bio: BIOS_S[3], title: "", spec: &[] },
[INFO] [stdout]    |                                                     ^^^^^^ not found in this scope
[INFO] [stdout] 
[INFO] [stdout] 
[INFO] [stdout] error[E0422]: cannot find struct, variant or union type `Person` in this scope
[INFO] [stdout]   --> src/bin/seed_people_data.rs:81:5
[INFO] [stdout]    |
[INFO] [stdout] 81 |     Person { first: "Siti", last: "Rahmawati", gender: "F", role: "SANTRI", kota: "Yogyakarta", prov: "DI Yogyakarta", bio: BIOS_S[6...
[INFO] [stdout]    |     ^^^^^^ not found in this scope
[INFO] [stdout] 
[INFO] [stdout] 
[INFO] [stdout] error[E0425]: cannot find value `BIOS_S` in this scope
[INFO] [stdout]   --> src/bin/seed_people_data.rs:81:125
[INFO] [stdout]    |
[INFO] [stdout] 81 | ... kota: "Yogyakarta", prov: "DI Yogyakarta", bio: BIOS_S[6], title: "", spec: &[] },
[INFO] [stdout]    |                                                     ^^^^^^ not found in this scope
[INFO] [stdout] 
[INFO] [stdout] 
[INFO] [stdout] error[E0422]: cannot find struct, variant or union type `Person` in this scope
[INFO] [stdout]   --> src/bin/seed_people_data.rs:82:5
[INFO] [stdout]    |
[INFO] [stdout] 82 |     Person { first: "Nur", last: "Aisyah Putri", gender: "F", role: "SANTRI", kota: "Solo", prov: "Jawa Tengah", bio: BIOS_S[7], tit...
[INFO] [stdout]    |     ^^^^^^ not found in this scope
[INFO] [stdout] 
[INFO] [stdout] 
[INFO] [stdout] error[E0425]: cannot find value `BIOS_S` in this scope
[INFO] [stdout]   --> src/bin/seed_people_data.rs:82:119
[INFO] [stdout]    |
[INFO] [stdout] 82 | ...SANTRI", kota: "Solo", prov: "Jawa Tengah", bio: BIOS_S[7], title: "", spec: &[] },
[INFO] [stdout]    |                                                     ^^^^^^ not found in this scope
[INFO] [stdout] 
[INFO] [stdout] 
[INFO] [stdout] error[E0422]: cannot find struct, variant or union type `Person` in this scope
[INFO] [stdout]   --> src/bin/seed_people_data.rs:83:5
[INFO] [stdout]    |
[INFO] [stdout] 83 |     Person { first: "Fatimah", last: "Az Zahra Sari", gender: "F", role: "SANTRI", kota: "Semarang", prov: "Jawa Tengah", bio: BIOS_...
[INFO] [stdout]    |     ^^^^^^ not found in this scope
[INFO] [stdout] 
[INFO] [stdout] 
[INFO] [stdout] error[E0425]: cannot find value `BIOS_S` in this scope
[INFO] [stdout]   --> src/bin/seed_people_data.rs:83:128
[INFO] [stdout]    |
[INFO] [stdout] 83 | ...RI", kota: "Semarang", prov: "Jawa Tengah", bio: BIOS_S[0], title: "", spec: &[] },
[INFO] [stdout]    |                                                     ^^^^^^ not found in this scope
[INFO] [stdout] 
[INFO] [stdout] 
[INFO] [stdout] error[E0422]: cannot find struct, variant or union type `Person` in this scope
[INFO] [stdout]   --> src/bin/seed_people_data.rs:84:5
[INFO] [stdout]    |
[INFO] [stdout] 84 |     Person { first: "Aisyah", last: "Rahmadani", gender: "F", role: "SANTRI", kota: "Surabaya", prov: "Jawa Timur", bio: BIOS_S[1], ...
[INFO] [stdout]    |     ^^^^^^ not found in this scope
[INFO] [stdout] 
[INFO] [stdout] 
[INFO] [stdout] error[E0425]: cannot find value `BIOS_S` in this scope
[INFO] [stdout]   --> src/bin/seed_people_data.rs:84:122
[INFO] [stdout]    |
[INFO] [stdout] 84 | ...TRI", kota: "Surabaya", prov: "Jawa Timur", bio: BIOS_S[1], title: "", spec: &[] },
[INFO] [stdout]    |                                                     ^^^^^^ not found in this scope
[INFO] [stdout] 
[INFO] [stdout] 
[INFO] [stdout] error[E0422]: cannot find struct, variant or union type `Person` in this scope
[INFO] [stdout]   --> src/bin/seed_people_data.rs:85:5
[INFO] [stdout]    |
[INFO] [stdout] 85 |     Person { first: "Khadijah", last: "Puspita", gender: "F", role: "SANTRI", kota: "Malang", prov: "Jawa Timur", bio: BIOS_S[2], ti...
[INFO] [stdout]    |     ^^^^^^ not found in this scope
[INFO] [stdout] 
[INFO] [stdout] 
[INFO] [stdout] error[E0425]: cannot find value `BIOS_S` in this scope
[INFO] [stdout]   --> src/bin/seed_people_data.rs:85:120
[INFO] [stdout]    |
[INFO] [stdout] 85 | ...ANTRI", kota: "Malang", prov: "Jawa Timur", bio: BIOS_S[2], title: "", spec: &[] },
[INFO] [stdout]    |                                                     ^^^^^^ not found in this scope
[INFO] [stdout] 
[INFO] [stdout] 
[INFO] [stdout] error[E0422]: cannot find struct, variant or union type `Person` in this scope
[INFO] [stdout]   --> src/bin/seed_people_data.rs:86:5
[INFO] [stdout]    |
[INFO] [stdout] 86 |     Person { first: "Zahra", last: "Nur Fadhilah", gender: "F", role: "SANTRI", kota: "Gresik", prov: "Jawa Timur", bio: BIOS_S[3], ...
[INFO] [stdout]    |     ^^^^^^ not found in this scope
[INFO] [stdout] 
[INFO] [stdout] 
[INFO] [stdout] error[E0425]: cannot find value `BIOS_S` in this scope
[INFO] [stdout]   --> src/bin/seed_people_data.rs:86:122
[INFO] [stdout]    |
[INFO] [stdout] 86 | ...ANTRI", kota: "Gresik", prov: "Jawa Timur", bio: BIOS_S[3], title: "", spec: &[] },
[INFO] [stdout]    |                                                     ^^^^^^ not found in this scope
[INFO] [stdout] 
[INFO] [stdout] 
[INFO] [stdout] error[E0422]: cannot find struct, variant or union type `Person` in this scope
[INFO] [stdout]   --> src/bin/seed_people_data.rs:87:5
[INFO] [stdout]    |
[INFO] [stdout] 87 |     Person { first: "Anisa", last: "Fitriani", gender: "F", role: "SANTRI", kota: "Jakarta", prov: "DKI Jakarta", bio: BIOS_S[4], ti...
[INFO] [stdout]    |     ^^^^^^ not found in this scope
[INFO] [stdout] 
[INFO] [stdout] 
[INFO] [stdout] error[E0425]: cannot find value `BIOS_S` in this scope
[INFO] [stdout]   --> src/bin/seed_people_data.rs:87:120
[INFO] [stdout]    |
[INFO] [stdout] 87 | ...TRI", kota: "Jakarta", prov: "DKI Jakarta", bio: BIOS_S[4], title: "", spec: &[] },
[INFO] [stdout]    |                                                     ^^^^^^ not found in this scope
[INFO] [stdout] 
[INFO] [stdout] 
[INFO] [stdout] error[E0422]: cannot find struct, variant or union type `Person` in this scope
[INFO] [stdout]   --> src/bin/seed_people_data.rs:88:5
[INFO] [stdout]    |
[INFO] [stdout] 88 |     Person { first: "Laila", last: "Ramadhani", gender: "F", role: "SANTRI", kota: "Bandung", prov: "Jawa Barat", bio: BIOS_S[5], ti...
[INFO] [stdout]    |     ^^^^^^ not found in this scope
[INFO] [stdout] 
[INFO] [stdout] 
[INFO] [stdout] error[E0425]: cannot find value `BIOS_S` in this scope
[INFO] [stdout]   --> src/bin/seed_people_data.rs:88:120
[INFO] [stdout]    |
[INFO] [stdout] 88 | ...NTRI", kota: "Bandung", prov: "Jawa Barat", bio: BIOS_S[5], title: "", spec: &[] },
[INFO] [stdout]    |                                                     ^^^^^^ not found in this scope
[INFO] [stdout] 
[INFO] [stdout] 
[INFO] [stdout] error[E0422]: cannot find struct, variant or union type `Person` in this scope
[INFO] [stdout]   --> src/bin/seed_people_data.rs:89:5
[INFO] [stdout]    |
[INFO] [stdout] 89 |     Person { first: "Nabila", last: "Syakira", gender: "F", role: "SANTRI", kota: "Bekasi", prov: "Jawa Barat", bio: BIOS_S[6], titl...
[INFO] [stdout]    |     ^^^^^^ not found in this scope
[INFO] [stdout] 
[INFO] [stdout] 
[INFO] [stdout] error[E0425]: cannot find value `BIOS_S` in this scope
[INFO] [stdout]   --> src/bin/seed_people_data.rs:89:118
[INFO] [stdout]    |
[INFO] [stdout] 89 | ...ANTRI", kota: "Bekasi", prov: "Jawa Barat", bio: BIOS_S[6], title: "", spec: &[] },
[INFO] [stdout]    |                                                     ^^^^^^ not found in this scope
[INFO] [stdout] 
[INFO] [stdout] 
[INFO] [stdout] error[E0422]: cannot find struct, variant or union type `Person` in this scope
[INFO] [stdout]   --> src/bin/seed_people_data.rs:90:5
[INFO] [stdout]    |
[INFO] [stdout] 90 |     Person { first: "Salma", last: "Aulia Rahma", gender: "F", role: "SANTRI", kota: "Tasikmalaya", prov: "Jawa Barat", bio: BIOS_S[...
[INFO] [stdout]    |     ^^^^^^ not found in this scope
[INFO] [stdout] 
[INFO] [stdout] 
[INFO] [stdout] error[E0425]: cannot find value `BIOS_S` in this scope
[INFO] [stdout]   --> src/bin/seed_people_data.rs:90:126
[INFO] [stdout]    |
[INFO] [stdout] 90 | ...", kota: "Tasikmalaya", prov: "Jawa Barat", bio: BIOS_S[7], title: "", spec: &[] },
[INFO] [stdout]    |                                                     ^^^^^^ not found in this scope
[INFO] [stdout] 
[INFO] [stdout] 
[INFO] [stdout] error[E0422]: cannot find struct, variant or union type `Person` in this scope
[INFO] [stdout]   --> src/bin/seed_people_data.rs:91:5
[INFO] [stdout]    |
[INFO] [stdout] 91 |     Person { first: "Hanum", last: "Salsabila", gender: "F", role: "SANTRI", kota: "Yogyakarta", prov: "DI Yogyakarta", bio: BIOS_S[...
[INFO] [stdout]    |     ^^^^^^ not found in this scope
[INFO] [stdout] 
[INFO] [stdout] 
[INFO] [stdout] error[E0425]: cannot find value `BIOS_S` in this scope
[INFO] [stdout]   --> src/bin/seed_people_data.rs:91:126
[INFO] [stdout]    |
[INFO] [stdout] 91 | ... kota: "Yogyakarta", prov: "DI Yogyakarta", bio: BIOS_S[0], title: "", spec: &[] },
[INFO] [stdout]    |                                                     ^^^^^^ not found in this scope
[INFO] [stdout] 
[INFO] [stdout] 
[INFO] [stdout] error[E0422]: cannot find struct, variant or union type `Person` in this scope
[INFO] [stdout]   --> src/bin/seed_people_data.rs:92:5
[INFO] [stdout]    |
[INFO] [stdout] 92 |     Person { first: "Dinda", last: "Amalia", gender: "F", role: "SANTRI", kota: "Solo", prov: "Jawa Tengah", bio: BIOS_S[1], title: ...
[INFO] [stdout]    |     ^^^^^^ not found in this scope
[INFO] [stdout] 
[INFO] [stdout] 
[INFO] [stdout] error[E0425]: cannot find value `BIOS_S` in this scope
[INFO] [stdout]   --> src/bin/seed_people_data.rs:92:115
[INFO] [stdout]    |
[INFO] [stdout] 92 | ...SANTRI", kota: "Solo", prov: "Jawa Tengah", bio: BIOS_S[1], title: "", spec: &[] },
[INFO] [stdout]    |                                                     ^^^^^^ not found in this scope
[INFO] [stdout] 
[INFO] [stdout] 
[INFO] [stdout] error[E0422]: cannot find struct, variant or union type `Person` in this scope
[INFO] [stdout]   --> src/bin/seed_people_data.rs:93:5
[INFO] [stdout]    |
[INFO] [stdout] 93 |     Person { first: "Rina", last: "Marlina", gender: "F", role: "SANTRI", kota: "Semarang", prov: "Jawa Tengah", bio: BIOS_S[2], tit...
[INFO] [stdout]    |     ^^^^^^ not found in this scope
[INFO] [stdout] 
[INFO] [stdout] 
[INFO] [stdout] error[E0425]: cannot find value `BIOS_S` in this scope
[INFO] [stdout]   --> src/bin/seed_people_data.rs:93:119
[INFO] [stdout]    |
[INFO] [stdout] 93 | ...RI", kota: "Semarang", prov: "Jawa Tengah", bio: BIOS_S[2], title: "", spec: &[] },
[INFO] [stdout]    |                                                     ^^^^^^ not found in this scope
[INFO] [stdout] 
[INFO] [stdout] 
[INFO] [stdout] error[E0422]: cannot find struct, variant or union type `Person` in this scope
[INFO] [stdout]   --> src/bin/seed_people_data.rs:94:5
[INFO] [stdout]    |
[INFO] [stdout] 94 |     Person { first: "Yuni", last: "Astuti", gender: "F", role: "SANTRI", kota: "Surabaya", prov: "Jawa Timur", bio: BIOS_S[3], title...
[INFO] [stdout]    |     ^^^^^^ not found in this scope
[INFO] [stdout] 
[INFO] [stdout] 
[INFO] [stdout] error[E0425]: cannot find value `BIOS_S` in this scope
[INFO] [stdout]   --> src/bin/seed_people_data.rs:94:117
[INFO] [stdout]    |
[INFO] [stdout] 94 | ...TRI", kota: "Surabaya", prov: "Jawa Timur", bio: BIOS_S[3], title: "", spec: &[] },
[INFO] [stdout]    |                                                     ^^^^^^ not found in this scope
[INFO] [stdout] 
[INFO] [stdout] 
[INFO] [stdout] error[E0422]: cannot find struct, variant or union type `Person` in this scope
[INFO] [stdout]   --> src/bin/seed_people_data.rs:95:5
[INFO] [stdout]    |
[INFO] [stdout] 95 |     Person { first: "Mega", last: "Puspasari", gender: "F", role: "SANTRI", kota: "Malang", prov: "Jawa Timur", bio: BIOS_S[4], titl...
[INFO] [stdout]    |     ^^^^^^ not found in this scope
[INFO] [stdout] 
[INFO] [stdout] 
[INFO] [stdout] error[E0425]: cannot find value `BIOS_S` in this scope
[INFO] [stdout]   --> src/bin/seed_people_data.rs:95:118
[INFO] [stdout]    |
[INFO] [stdout] 95 | ...ANTRI", kota: "Malang", prov: "Jawa Timur", bio: BIOS_S[4], title: "", spec: &[] },
[INFO] [stdout]    |                                                     ^^^^^^ not found in this scope
[INFO] [stdout] 
[INFO] [stdout] 
[INFO] [stdout] error[E0422]: cannot find struct, variant or union type `Person` in this scope
[INFO] [stdout]   --> src/bin/seed_people_data.rs:96:5
[INFO] [stdout]    |
[INFO] [stdout] 96 |     Person { first: "Wulan", last: "Ramadhani Putri", gender: "F", role: "SANTRI", kota: "Gresik", prov: "Jawa Timur", bio: BIOS_S[5...
[INFO] [stdout]    |     ^^^^^^ not found in this scope
[INFO] [stdout] 
[INFO] [stdout] 
[INFO] [stdout] error[E0425]: cannot find value `BIOS_S` in this scope
[INFO] [stdout]   --> src/bin/seed_people_data.rs:96:125
[INFO] [stdout]    |
[INFO] [stdout] 96 | ...ANTRI", kota: "Gresik", prov: "Jawa Timur", bio: BIOS_S[5], title: "", spec: &[] },
[INFO] [stdout]    |                                                     ^^^^^^ not found in this scope
[INFO] [stdout] 
[INFO] [stdout] 
[INFO] [stdout] error[E0422]: cannot find struct, variant or union type `Person` in this scope
[INFO] [stdout]   --> src/bin/seed_people_data.rs:97:5
[INFO] [stdout]    |
[INFO] [stdout] 97 |     Person { first: "Fitri", last: "Nur Hasanah", gender: "F", role: "SANTRI", kota: "Jakarta", prov: "DKI Jakarta", bio: BIOS_S[6],...
[INFO] [stdout]    |     ^^^^^^ not found in this scope
[INFO] [stdout] 
[INFO] [stdout] 
[INFO] [stdout] error[E0425]: cannot find value `BIOS_S` in this scope
[INFO] [stdout]   --> src/bin/seed_people_data.rs:97:123
[INFO] [stdout]    |
[INFO] [stdout] 97 | ...TRI", kota: "Jakarta", prov: "DKI Jakarta", bio: BIOS_S[6], title: "", spec: &[] },
[INFO] [stdout]    |                                                     ^^^^^^ not found in this scope
[INFO] [stdout] 
[INFO] [stdout] 
[INFO] [stdout] error[E0422]: cannot find struct, variant or union type `Person` in this scope
[INFO] [stdout]   --> src/bin/seed_people_data.rs:98:5
[INFO] [stdout]    |
[INFO] [stdout] 98 |     Person { first: "Intan", last: "Permata Sari", gender: "F", role: "SANTRI", kota: "Bandung", prov: "Jawa Barat", bio: BIOS_S[7],...
[INFO] [stdout]    |     ^^^^^^ not found in this scope
[INFO] [stdout] 
[INFO] [stdout] 
[INFO] [stdout] error[E0425]: cannot find value `BIOS_S` in this scope
[INFO] [stdout]   --> src/bin/seed_people_data.rs:98:123
[INFO] [stdout]    |
[INFO] [stdout] 98 | ...NTRI", kota: "Bandung", prov: "Jawa Barat", bio: BIOS_S[7], title: "", spec: &[] },
[INFO] [stdout]    |                                                     ^^^^^^ not found in this scope
[INFO] [stdout] 
[INFO] [stdout] 
[INFO] [stdout] error[E0422]: cannot find struct, variant or union type `Person` in this scope
[INFO] [stdout]   --> src/bin/seed_people_data.rs:99:5
[INFO] [stdout]    |
[INFO] [stdout] 99 |     Person { first: "Desi", last: "Ratnasari", gender: "F", role: "SANTRI", kota: "Bekasi", prov: "Jawa Barat", bio: BIOS_S[0], titl...
[INFO] [stdout]    |     ^^^^^^ not found in this scope
[INFO] [stdout] 
[INFO] [stdout] 
[INFO] [stdout] error[E0425]: cannot find value `BIOS_S` in this scope
[INFO] [stdout]   --> src/bin/seed_people_data.rs:99:118
[INFO] [stdout]    |
[INFO] [stdout] 99 | ...ANTRI", kota: "Bekasi", prov: "Jawa Barat", bio: BIOS_S[0], title: "", spec: &[] },
[INFO] [stdout]    |                                                     ^^^^^^ not found in this scope
[INFO] [stdout] 
[INFO] [stdout] 
[INFO] [stdout] error[E0422]: cannot find struct, variant or union type `Person` in this scope
[INFO] [stdout]    --> src/bin/seed_people_data.rs:100:5
[INFO] [stdout]     |
[INFO] [stdout] 100 |     Person { first: "Ayu", last: "Lestari", gender: "F", role: "SANTRI", kota: "Tasikmalaya", prov: "Jawa Barat", bio: BIOS_S[1], t...
[INFO] [stdout]     |     ^^^^^^ not found in this scope
[INFO] [stdout] 
[INFO] [stdout] 
[INFO] [stdout] error[E0425]: cannot find value `BIOS_S` in this scope
[INFO] [stdout]    --> src/bin/seed_people_data.rs:100:120
[INFO] [stdout]     |
[INFO] [stdout] 100 | ...", kota: "Tasikmalaya", prov: "Jawa Barat", bio: BIOS_S[1], title: "", spec: &[] },
[INFO] [stdout]     |                                                     ^^^^^^ not found in this scope
[INFO] [stdout] 
[INFO] [stdout] 
[INFO] [stdout] error[E0422]: cannot find struct, variant or union type `Person` in this scope
[INFO] [stdout]    --> src/bin/seed_people_data.rs:101:5
[INFO] [stdout]     |
[INFO] [stdout] 101 |     Person { first: "Sari", last: "Wulandari", gender: "F", role: "SANTRI", kota: "Yogyakarta", prov: "DI Yogyakarta", bio: BIOS_S[...
[INFO] [stdout]     |     ^^^^^^ not found in this scope
[INFO] [stdout] 
[INFO] [stdout] 
[INFO] [stdout] error[E0425]: cannot find value `BIOS_S` in this scope
[INFO] [stdout]    --> src/bin/seed_people_data.rs:101:125
[INFO] [stdout]     |
[INFO] [stdout] 101 | ... kota: "Yogyakarta", prov: "DI Yogyakarta", bio: BIOS_S[2], title: "", spec: &[] },
[INFO] [stdout]     |                                                     ^^^^^^ not found in this scope
[INFO] [stdout] 
[INFO] [stdout] 
[INFO] [stdout] error[E0422]: cannot find struct, variant or union type `Person` in this scope
[INFO] [stdout]    --> src/bin/seed_people_data.rs:102:5
[INFO] [stdout]     |
[INFO] [stdout] 102 |     Person { first: "Tiara", last: "Safitri", gender: "F", role: "SANTRI", kota: "Solo", prov: "Jawa Tengah", bio: BIOS_S[3], title...
[INFO] [stdout]     |     ^^^^^^ not found in this scope
[INFO] [stdout] 
[INFO] [stdout] 
[INFO] [stdout] error[E0425]: cannot find value `BIOS_S` in this scope
[INFO] [stdout]    --> src/bin/seed_people_data.rs:102:116
[INFO] [stdout]     |
[INFO] [stdout] 102 | ...SANTRI", kota: "Solo", prov: "Jawa Tengah", bio: BIOS_S[3], title: "", spec: &[] },
[INFO] [stdout]     |                                                     ^^^^^^ not found in this scope
[INFO] [stdout] 
[INFO] [stdout] 
[INFO] [stdout] error[E0422]: cannot find struct, variant or union type `Person` in this scope
[INFO] [stdout]    --> src/bin/seed_people_data.rs:103:5
[INFO] [stdout]     |
[INFO] [stdout] 103 |     Person { first: "Nadia", last: "Khusnul Khotimah", gender: "F", role: "SANTRI", kota: "Semarang", prov: "Jawa Tengah", bio: BIO...
[INFO] [stdout]     |     ^^^^^^ not found in this scope
[INFO] [stdout] 
[INFO] [stdout] 
[INFO] [stdout] error[E0425]: cannot find value `BIOS_S` in this scope
[INFO] [stdout]    --> src/bin/seed_people_data.rs:103:129
[INFO] [stdout]     |
[INFO] [stdout] 103 | ...RI", kota: "Semarang", prov: "Jawa Tengah", bio: BIOS_S[4], title: "", spec: &[] },
[INFO] [stdout]     |                                                     ^^^^^^ not found in this scope
[INFO] [stdout] 
[INFO] [stdout] 
[INFO] [stdout] error[E0422]: cannot find struct, variant or union type `Person` in this scope
[INFO] [stdout]    --> src/bin/seed_people_data.rs:104:5
[INFO] [stdout]     |
[INFO] [stdout] 104 |     Person { first: "Ratna", last: "Juwita", gender: "F", role: "SANTRI", kota: "Surabaya", prov: "Jawa Timur", bio: BIOS_S[5], tit...
[INFO] [stdout]     |     ^^^^^^ not found in this scope
[INFO] [stdout] 
[INFO] [stdout] 
[INFO] [stdout] error[E0425]: cannot find value `BIOS_S` in this scope
[INFO] [stdout]    --> src/bin/seed_people_data.rs:104:118
[INFO] [stdout]     |
[INFO] [stdout] 104 | ...TRI", kota: "Surabaya", prov: "Jawa Timur", bio: BIOS_S[5], title: "", spec: &[] },
[INFO] [stdout]     |                                                     ^^^^^^ not found in this scope
[INFO] [stdout] 
[INFO] [stdout] 
[INFO] [stdout] error[E0422]: cannot find struct, variant or union type `Person` in this scope
[INFO] [stdout]    --> src/bin/seed_people_data.rs:105:5
[INFO] [stdout]     |
[INFO] [stdout] 105 |     Person { first: "Elsa", last: "Nurjanah", gender: "F", role: "SANTRI", kota: "Malang", prov: "Jawa Timur", bio: BIOS_S[6], titl...
[INFO] [stdout]     |     ^^^^^^ not found in this scope
[INFO] [stdout] 
[INFO] [stdout] 
[INFO] [stdout] error[E0425]: cannot find value `BIOS_S` in this scope
[INFO] [stdout]    --> src/bin/seed_people_data.rs:105:117
[INFO] [stdout]     |
[INFO] [stdout] 105 | ...ANTRI", kota: "Malang", prov: "Jawa Timur", bio: BIOS_S[6], title: "", spec: &[] },
[INFO] [stdout]     |                                                     ^^^^^^ not found in this scope
[INFO] [stdout] 
[INFO] [stdout] 
[INFO] [stdout] error[E0422]: cannot find struct, variant or union type `Person` in this scope
[INFO] [stdout]    --> src/bin/seed_people_data.rs:106:5
[INFO] [stdout]     |
[INFO] [stdout] 106 |     Person { first: "Vina", last: "Oktaviani", gender: "F", role: "SANTRI", kota: "Gresik", prov: "Jawa Timur", bio: BIOS_S[7], tit...
[INFO] [stdout]     |     ^^^^^^ not found in this scope
[INFO] [stdout] 
[INFO] [stdout] 
[INFO] [stdout] error[E0425]: cannot find value `BIOS_S` in this scope
[INFO] [stdout]    --> src/bin/seed_people_data.rs:106:118
[INFO] [stdout]     |
[INFO] [stdout] 106 | ...ANTRI", kota: "Gresik", prov: "Jawa Timur", bio: BIOS_S[7], title: "", spec: &[] },
[INFO] [stdout]     |                                                     ^^^^^^ not found in this scope
[INFO] [stdout] 
[INFO] [stdout] 
[INFO] [stdout] error[E0601]: `main` function not found in crate `seed_people_data`
[INFO] [stdout]    --> src/bin/seed_people_data.rs:107:3
[INFO] [stdout]     |
[INFO] [stdout] 107 | ];
[INFO] [stdout]     |   ^ consider adding a `main` function to `src/bin/seed_people_data.rs`
[INFO] [stdout] 
[INFO] [stdout] 
[INFO] [stdout] Some errors have detailed explanations: E0422, E0425, E0601.
[INFO] [stdout] 
[INFO] [stdout] For more information about an error, try `rustc --explain E0422`.
[INFO] [stdout] 
[INFO] [stderr] error: could not compile `mq-backend` (bin "seed_people_data") due to 172 previous errors
[INFO] [stderr] warning: build failed, waiting for other jobs to finish...
[INFO] [stdout] error[E0425]: cannot find type `Person` in this scope
[INFO] [stdout]  --> src/bin/seed_people_data.rs:3:21
[INFO] [stdout]   |
[INFO] [stdout] 3 | pub const PEOPLE: &[Person] = &[
[INFO] [stdout]   |                     ^^^^^^ not found in this scope
[INFO] [stdout] 
[INFO] [stdout] 
[INFO] [stdout] error[E0422]: cannot find struct, variant or union type `Person` in this scope
[INFO] [stdout]  --> src/bin/seed_people_data.rs:5:5
[INFO] [stdout]   |
[INFO] [stdout] 5 |     Person { first: "Ahmad", last: "Dahlan Muflih", gender: "M", role: "USTADZ", kota: "Yogyakarta", prov: "DI Yogyakarta", bio: "Pen...
[INFO] [stdout]   |     ^^^^^^ not found in this scope
[INFO] [stdout] 
[INFO] [stdout] 
[INFO] [stdout] error[E0422]: cannot find struct, variant or union type `Person` in this scope
[INFO] [stdout]  --> src/bin/seed_people_data.rs:6:5
[INFO] [stdout]   |
[INFO] [stdout] 6 |     Person { first: "Muhammad", last: "Iqbal Ramadhan", gender: "M", role: "USTADZ", kota: "Solo", prov: "Jawa Tengah", bio: "Asatidz...
[INFO] [stdout]   |     ^^^^^^ not found in this scope
[INFO] [stdout] 
[INFO] [stdout] 
[INFO] [stdout] error[E0422]: cannot find struct, variant or union type `Person` in this scope
[INFO] [stdout]  --> src/bin/seed_people_data.rs:7:5
[INFO] [stdout]   |
[INFO] [stdout] 7 |     Person { first: "Abdul", last: "Karim Hasan", gender: "M", role: "USTADZ", kota: "Semarang", prov: "Jawa Tengah", bio: "Dosen pen...
[INFO] [stdout]   |     ^^^^^^ not found in this scope
[INFO] [stdout] 
[INFO] [stdout] 
[INFO] [stdout] error[E0422]: cannot find struct, variant or union type `Person` in this scope
[INFO] [stdout]  --> src/bin/seed_people_data.rs:8:5
[INFO] [stdout]   |
[INFO] [stdout] 8 |     Person { first: "Hafizh", last: "Abdillah Sukro", gender: "M", role: "USTADZ", kota: "Surabaya", prov: "Jawa Timur", bio: "Imam d...
[INFO] [stdout]   |     ^^^^^^ not found in this scope
[INFO] [stdout] 
[INFO] [stdout] 
[INFO] [stdout] error[E0422]: cannot find struct, variant or union type `Person` in this scope
[INFO] [stdout]  --> src/bin/seed_people_data.rs:9:5
[INFO] [stdout]   |
[INFO] [stdout] 9 |     Person { first: "Zainal", last: "Muttaqin", gender: "M", role: "USTADZ", kota: "Malang", prov: "Jawa Timur", bio: "Mentor tahsin ...
[INFO] [stdout]   |     ^^^^^^ not found in this scope
[INFO] [stdout] 
[INFO] [stdout] 
[INFO] [stdout] error[E0422]: cannot find struct, variant or union type `Person` in this scope
[INFO] [stdout]   --> src/bin/seed_people_data.rs:10:5
[INFO] [stdout]    |
[INFO] [stdout] 10 |     Person { first: "Rizal", last: "Fadlullah", gender: "M", role: "USTADZ", kota: "Gresik", prov: "Jawa Timur", bio: "Pengurus lemb...
[INFO] [stdout]    |     ^^^^^^ not found in this scope
[INFO] [stdout] 
[INFO] [stdout] 
[INFO] [stdout] error[E0422]: cannot find struct, variant or union type `Person` in this scope
[INFO] [stdout]   --> src/bin/seed_people_data.rs:11:5
[INFO] [stdout]    |
[INFO] [stdout] 11 |     Person { first: "Syamsul", last: "Arifin", gender: "M", role: "USTADZ", kota: "Jakarta", prov: "DKI Jakarta", bio: "Dai kampus, ...
[INFO] [stdout]    |     ^^^^^^ not found in this scope
[INFO] [stdout] 
[INFO] [stdout] 
[INFO] [stdout] error[E0422]: cannot find struct, variant or union type `Person` in this scope
[INFO] [stdout]   --> src/bin/seed_people_data.rs:12:5
[INFO] [stdout]    |
[INFO] [stdout] 12 |     Person { first: "Imron", last: "Wahyudi", gender: "M", role: "USTADZ", kota: "Bandung", prov: "Jawa Barat", bio: "Guru ngaji kel...
[INFO] [stdout]    |     ^^^^^^ not found in this scope
[INFO] [stdout] 
[INFO] [stdout] 
[INFO] [stdout] error[E0422]: cannot find struct, variant or union type `Person` in this scope
[INFO] [stdout]   --> src/bin/seed_people_data.rs:13:5
[INFO] [stdout]    |
[INFO] [stdout] 13 |     Person { first: "Fahmi", last: "Rohman Hakim", gender: "M", role: "USTADZ", kota: "Bekasi", prov: "Jawa Barat", bio: "Pembina ta...
[INFO] [stdout]    |     ^^^^^^ not found in this scope
[INFO] [stdout] 
[INFO] [stdout] 
[INFO] [stdout] error[E0422]: cannot find struct, variant or union type `Person` in this scope
[INFO] [stdout]   --> src/bin/seed_people_data.rs:14:5
[INFO] [stdout]    |
[INFO] [stdout] 14 |     Person { first: "Yusuf", last: "Maulana", gender: "M", role: "USTADZ", kota: "Tasikmalaya", prov: "Jawa Barat", bio: "Pengasuh p...
[INFO] [stdout]    |     ^^^^^^ not found in this scope
[INFO] [stdout] 
[INFO] [stdout] 
[INFO] [stdout] error[E0422]: cannot find struct, variant or union type `Person` in this scope
[INFO] [stdout]   --> src/bin/seed_people_data.rs:15:5
[INFO] [stdout]    |
[INFO] [stdout] 15 |     Person { first: "Ismail", last: "Baidhawi", gender: "M", role: "USTADZ", kota: "Yogyakarta", prov: "DI Yogyakarta", bio: "Pengaj...
[INFO] [stdout]    |     ^^^^^^ not found in this scope
[INFO] [stdout] 
[INFO] [stdout] 
[INFO] [stdout] error[E0422]: cannot find struct, variant or union type `Person` in this scope
[INFO] [stdout]   --> src/bin/seed_people_data.rs:16:5
[INFO] [stdout]    |
[INFO] [stdout] 16 |     Person { first: "Ridwan", last: "Sobari", gender: "M", role: "USTADZ", kota: "Solo", prov: "Jawa Tengah", bio: "Imam masjid besa...
[INFO] [stdout]    |     ^^^^^^ not found in this scope
[INFO] [stdout] 
[INFO] [stdout] 
[INFO] [stdout] error[E0422]: cannot find struct, variant or union type `Person` in this scope
[INFO] [stdout]   --> src/bin/seed_people_data.rs:17:5
[INFO] [stdout]    |
[INFO] [stdout] 17 |     Person { first: "Hamdan", last: "Mujahid", gender: "M", role: "USTADZ", kota: "Semarang", prov: "Jawa Tengah", bio: "Asatidz bah...
[INFO] [stdout]    |     ^^^^^^ not found in this scope
[INFO] [stdout] 
[INFO] [stdout] 
[INFO] [stdout] error[E0422]: cannot find struct, variant or union type `Person` in this scope
[INFO] [stdout]   --> src/bin/seed_people_data.rs:18:5
[INFO] [stdout]    |
[INFO] [stdout] 18 |     Person { first: "Ubaidillah", last: "Sahroni", gender: "M", role: "USTADZ", kota: "Surabaya", prov: "Jawa Timur", bio: "Pembina ...
[INFO] [stdout]    |     ^^^^^^ not found in this scope
[INFO] [stdout] 
[INFO] [stdout] 
[INFO] [stdout] error[E0422]: cannot find struct, variant or union type `Person` in this scope
[INFO] [stdout]   --> src/bin/seed_people_data.rs:19:5
[INFO] [stdout]    |
[INFO] [stdout] 19 |     Person { first: "Nasrullah", last: "Amin", gender: "M", role: "USTADZ", kota: "Malang", prov: "Jawa Timur", bio: "Mentor khatmil...
[INFO] [stdout]    |     ^^^^^^ not found in this scope
[INFO] [stdout] 
[INFO] [stdout] 
[INFO] [stdout] error[E0422]: cannot find struct, variant or union type `Person` in this scope
[INFO] [stdout]   --> src/bin/seed_people_data.rs:20:5
[INFO] [stdout]    |
[INFO] [stdout] 20 |     Person { first: "Saifuddin", last: "Ilyas", gender: "M", role: "USTADZ", kota: "Gresik", prov: "Jawa Timur", bio: "Guru ngaji de...
[INFO] [stdout]    |     ^^^^^^ not found in this scope
[INFO] [stdout] 
[INFO] [stdout] 
[INFO] [stdout] error[E0422]: cannot find struct, variant or union type `Person` in this scope
[INFO] [stdout]   --> src/bin/seed_people_data.rs:21:5
[INFO] [stdout]    |
[INFO] [stdout] 21 |     Person { first: "Mustaghfirin", last: "Ahsan", gender: "M", role: "USTADZ", kota: "Jakarta", prov: "DKI Jakarta", bio: "Pembina ...
[INFO] [stdout]    |     ^^^^^^ not found in this scope
[INFO] [stdout] 
[INFO] [stdout] 
[INFO] [stdout] error[E0422]: cannot find struct, variant or union type `Person` in this scope
[INFO] [stdout]   --> src/bin/seed_people_data.rs:22:5
[INFO] [stdout]    |
[INFO] [stdout] 22 |     Person { first: "Thohir", last: "Murtadho", gender: "M", role: "USTADZ", kota: "Bandung", prov: "Jawa Barat", bio: "Pengajar kit...
[INFO] [stdout]    |     ^^^^^^ not found in this scope
[INFO] [stdout] 
[INFO] [stdout] 
[INFO] [stdout] error[E0422]: cannot find struct, variant or union type `Person` in this scope
[INFO] [stdout]   --> src/bin/seed_people_data.rs:23:5
[INFO] [stdout]    |
[INFO] [stdout] 23 |     Person { first: "Wahyu", last: "Hidayat Nur", gender: "M", role: "USTADZ", kota: "Bekasi", prov: "Jawa Barat", bio: "Pendamping ...
[INFO] [stdout]    |     ^^^^^^ not found in this scope
[INFO] [stdout] 
[INFO] [stdout] 
[INFO] [stdout] error[E0422]: cannot find struct, variant or union type `Person` in this scope
[INFO] [stdout]   --> src/bin/seed_people_data.rs:24:5
[INFO] [stdout]    |
[INFO] [stdout] 24 |     Person { first: "Ali", last: "Muhammad Musa", gender: "M", role: "USTADZ", kota: "Tasikmalaya", prov: "Jawa Barat", bio: "Pengas...
[INFO] [stdout]    |     ^^^^^^ not found in this scope
[INFO] [stdout] 
[INFO] [stdout] 
[INFO] [stdout] error[E0422]: cannot find struct, variant or union type `Person` in this scope
[INFO] [stdout]   --> src/bin/seed_people_data.rs:25:5
[INFO] [stdout]    |
[INFO] [stdout] 25 |     Person { first: "Salman", last: "Farisi Alwi", gender: "M", role: "USTADZ", kota: "Yogyakarta", prov: "DI Yogyakarta", bio: "Pen...
[INFO] [stdout]    |     ^^^^^^ not found in this scope
[INFO] [stdout] 
[INFO] [stdout] 
[INFO] [stdout] error[E0422]: cannot find struct, variant or union type `Person` in this scope
[INFO] [stdout]   --> src/bin/seed_people_data.rs:26:5
[INFO] [stdout]    |
[INFO] [stdout] 26 |     Person { first: "Amir", last: "Hamzah Ba'its", gender: "M", role: "USTADZ", kota: "Solo", prov: "Jawa Tengah", bio: "Pembina gen...
[INFO] [stdout]    |     ^^^^^^ not found in this scope
[INFO] [stdout] 
[INFO] [stdout] 
[INFO] [stdout] error[E0422]: cannot find struct, variant or union type `Person` in this scope
[INFO] [stdout]   --> src/bin/seed_people_data.rs:27:5
[INFO] [stdout]    |
[INFO] [stdout] 27 |     Person { first: "Siti", last: "Maryam Uswah", gender: "F", role: "USTADZ", kota: "Semarang", prov: "Jawa Tengah", bio: "Ustadzah...
[INFO] [stdout]    |     ^^^^^^ not found in this scope
[INFO] [stdout] 
[INFO] [stdout] 
[INFO] [stdout] error[E0422]: cannot find struct, variant or union type `Person` in this scope
[INFO] [stdout]   --> src/bin/seed_people_data.rs:28:5
[INFO] [stdout]    |
[INFO] [stdout] 28 |     Person { first: "Hj. Nur", last: "Hidayati", gender: "F", role: "USTADZ", kota: "Surabaya", prov: "Jawa Timur", bio: "Mentor tah...
[INFO] [stdout]    |     ^^^^^^ not found in this scope
[INFO] [stdout] 
[INFO] [stdout] 
[INFO] [stdout] error[E0422]: cannot find struct, variant or union type `Person` in this scope
[INFO] [stdout]   --> src/bin/seed_people_data.rs:29:5
[INFO] [stdout]    |
[INFO] [stdout] 29 |     Person { first: "Fatimah", last: "Az Zahra Hasan", gender: "F", role: "USTADZ", kota: "Malang", prov: "Jawa Timur", bio: "Pengaj...
[INFO] [stdout]    |     ^^^^^^ not found in this scope
[INFO] [stdout] 
[INFO] [stdout] 
[INFO] [stdout] error[E0422]: cannot find struct, variant or union type `Person` in this scope
[INFO] [stdout]   --> src/bin/seed_people_data.rs:30:5
[INFO] [stdout]    |
[INFO] [stdout] 30 |     Person { first: "Aisyah", last: "Rahma Putri", gender: "F", role: "USTADZ", kota: "Gresik", prov: "Jawa Timur", bio: "Ustadzah f...
[INFO] [stdout]    |     ^^^^^^ not found in this scope
[INFO] [stdout] 
[INFO] [stdout] 
[INFO] [stdout] error[E0422]: cannot find struct, variant or union type `Person` in this scope
[INFO] [stdout]   --> src/bin/seed_people_data.rs:31:5
[INFO] [stdout]    |
[INFO] [stdout] 31 |     Person { first: "Khadijah", last: "Sa'diyah", gender: "F", role: "USTADZ", kota: "Jakarta", prov: "DKI Jakarta", bio: "Pembina m...
[INFO] [stdout]    |     ^^^^^^ not found in this scope
[INFO] [stdout] 
[INFO] [stdout] 
[INFO] [stdout] error[E0422]: cannot find struct, variant or union type `Person` in this scope
[INFO] [stdout]   --> src/bin/seed_people_data.rs:32:5
[INFO] [stdout]    |
[INFO] [stdout] 32 |     Person { first: "Maryam", last: "Shalihah", gender: "F", role: "USTADZ", kota: "Bandung", prov: "Jawa Barat", bio: "Pengasuh hal...
[INFO] [stdout]    |     ^^^^^^ not found in this scope
[INFO] [stdout] 
[INFO] [stdout] 
[INFO] [stdout] error[E0422]: cannot find struct, variant or union type `Person` in this scope
[INFO] [stdout]   --> src/bin/seed_people_data.rs:33:5
[INFO] [stdout]    |
[INFO] [stdout] 33 |     Person { first: "Ummu", last: "Kultsum Salim", gender: "F", role: "USTADZ", kota: "Bekasi", prov: "Jawa Barat", bio: "Ustadzah k...
[INFO] [stdout]    |     ^^^^^^ not found in this scope
[INFO] [stdout] 
[INFO] [stdout] 
[INFO] [stdout] error[E0422]: cannot find struct, variant or union type `Person` in this scope
[INFO] [stdout]   --> src/bin/seed_people_data.rs:34:5
[INFO] [stdout]    |
[INFO] [stdout] 34 |     Person { first: "Zulfa", last: "Nabila Hasanah", gender: "F", role: "USTADZ", kota: "Tasikmalaya", prov: "Jawa Barat", bio: "Men...
[INFO] [stdout]    |     ^^^^^^ not found in this scope
[INFO] [stdout] 
[INFO] [stdout] 
[INFO] [stdout] error[E0422]: cannot find struct, variant or union type `Person` in this scope
[INFO] [stdout]   --> src/bin/seed_people_data.rs:37:5
[INFO] [stdout]    |
[INFO] [stdout] 37 |     Person { first: "Ahmad", last: "Fauzi Ramadhan", gender: "M", role: "SANTRI", kota: "Yogyakarta", prov: "DI Yogyakarta", bio: BI...
[INFO] [stdout]    |     ^^^^^^ not found in this scope
[INFO] [stdout] 
[INFO] [stdout] 
[INFO] [stdout] error[E0425]: cannot find value `BIOS_S` in this scope
[INFO] [stdout]   --> src/bin/seed_people_data.rs:37:131
[INFO] [stdout]    |
[INFO] [stdout] 37 | ... kota: "Yogyakarta", prov: "DI Yogyakarta", bio: BIOS_S[0], title: "", spec: &[] },
[INFO] [stdout]    |                                                     ^^^^^^ not found in this scope
[INFO] [stdout] 
[INFO] [stdout] 
[INFO] [stdout] error[E0422]: cannot find struct, variant or union type `Person` in this scope
[INFO] [stdout]   --> src/bin/seed_people_data.rs:38:5
[INFO] [stdout]    |
[INFO] [stdout] 38 |     Person { first: "Muhammad", last: "Rizki Pratama", gender: "M", role: "SANTRI", kota: "Solo", prov: "Jawa Tengah", bio: BIOS_S[1...
[INFO] [stdout]    |     ^^^^^^ not found in this scope
[INFO] [stdout] 
[INFO] [stdout] 
[INFO] [stdout] error[E0425]: cannot find value `BIOS_S` in this scope
[INFO] [stdout]   --> src/bin/seed_people_data.rs:38:125
[INFO] [stdout]    |
[INFO] [stdout] 38 | ...SANTRI", kota: "Solo", prov: "Jawa Tengah", bio: BIOS_S[1], title: "", spec: &[] },
[INFO] [stdout]    |                                                     ^^^^^^ not found in this scope
[INFO] [stdout] 
[INFO] [stdout] 
[INFO] [stdout] error[E0422]: cannot find struct, variant or union type `Person` in this scope
[INFO] [stdout]   --> src/bin/seed_people_data.rs:39:5
[INFO] [stdout]    |
[INFO] [stdout] 39 |     Person { first: "Hafizh", last: "Abdillah Nur", gender: "M", role: "SANTRI", kota: "Semarang", prov: "Jawa Tengah", bio: BIOS_S[...
[INFO] [stdout]    |     ^^^^^^ not found in this scope
[INFO] [stdout] 
[INFO] [stdout] 
[INFO] [stdout] error[E0425]: cannot find value `BIOS_S` in this scope
[INFO] [stdout]   --> src/bin/seed_people_data.rs:39:126
[INFO] [stdout]    |
[INFO] [stdout] 39 | ...RI", kota: "Semarang", prov: "Jawa Tengah", bio: BIOS_S[2], title: "", spec: &[] },
[INFO] [stdout]    |                                                     ^^^^^^ not found in this scope
[INFO] [stdout] 
[INFO] [stdout] 
[INFO] [stdout] error[E0422]: cannot find struct, variant or union type `Person` in this scope
[INFO] [stdout]   --> src/bin/seed_people_data.rs:40:5
[INFO] [stdout]    |
[INFO] [stdout] 40 |     Person { first: "Fahri", last: "Ramadhani", gender: "M", role: "SANTRI", kota: "Surabaya", prov: "Jawa Timur", bio: BIOS_S[3], t...
[INFO] [stdout]    |     ^^^^^^ not found in this scope
[INFO] [stdout] 
[INFO] [stdout] 
[INFO] [stdout] error[E0425]: cannot find value `BIOS_S` in this scope
[INFO] [stdout]   --> src/bin/seed_people_data.rs:40:121
[INFO] [stdout]    |
[INFO] [stdout] 40 | ...TRI", kota: "Surabaya", prov: "Jawa Timur", bio: BIOS_S[3], title: "", spec: &[] },
[INFO] [stdout]    |                                                     ^^^^^^ not found in this scope
[INFO] [stdout] 
[INFO] [stdout] 
[INFO] [stdout] error[E0422]: cannot find struct, variant or union type `Person` in this scope
[INFO] [stdout]   --> src/bin/seed_people_data.rs:41:5
[INFO] [stdout]    |
[INFO] [stdout] 41 |     Person { first: "Rizky", last: "Maulana Putra", gender: "M", role: "SANTRI", kota: "Malang", prov: "Jawa Timur", bio: BIOS_S[4],...
[INFO] [stdout]    |     ^^^^^^ not found in this scope
[INFO] [stdout] 
[INFO] [stdout] 
[INFO] [stdout] error[E0425]: cannot find value `BIOS_S` in this scope
[INFO] [stdout]   --> src/bin/seed_people_data.rs:41:123
[INFO] [stdout]    |
[INFO] [stdout] 41 | ...ANTRI", kota: "Malang", prov: "Jawa Timur", bio: BIOS_S[4], title: "", spec: &[] },
[INFO] [stdout]    |                                                     ^^^^^^ not found in this scope
[INFO] [stdout] 
[INFO] [stdout] 
[INFO] [stdout] error[E0422]: cannot find struct, variant or union type `Person` in this scope
[INFO] [stdout]   --> src/bin/seed_people_data.rs:42:5
[INFO] [stdout]    |
[INFO] [stdout] 42 |     Person { first: "Bagus", last: "Prasetyo", gender: "M", role: "SANTRI", kota: "Gresik", prov: "Jawa Timur", bio: BIOS_S[5], titl...
[INFO] [stdout]    |     ^^^^^^ not found in this scope
[INFO] [stdout] 
[INFO] [stdout] 
[INFO] [stdout] error[E0425]: cannot find value `BIOS_S` in this scope
[INFO] [stdout]   --> src/bin/seed_people_data.rs:42:118
[INFO] [stdout]    |
[INFO] [stdout] 42 | ...ANTRI", kota: "Gresik", prov: "Jawa Timur", bio: BIOS_S[5], title: "", spec: &[] },
[INFO] [stdout]    |                                                     ^^^^^^ not found in this scope
[INFO] [stdout] 
[INFO] [stdout] 
[INFO] [stdout] error[E0422]: cannot find struct, variant or union type `Person` in this scope
[INFO] [stdout]   --> src/bin/seed_people_data.rs:43:5
[INFO] [stdout]    |
[INFO] [stdout] 43 |     Person { first: "Ilham", last: "Muhammad Fadil", gender: "M", role: "SANTRI", kota: "Jakarta", prov: "DKI Jakarta", bio: BIOS_S[...
[INFO] [stdout]    |     ^^^^^^ not found in this scope
[INFO] [stdout] 
[INFO] [stdout] 
[INFO] [stdout] error[E0425]: cannot find value `BIOS_S` in this scope
[INFO] [stdout]   --> src/bin/seed_people_data.rs:43:126
[INFO] [stdout]    |
[INFO] [stdout] 43 | ...TRI", kota: "Jakarta", prov: "DKI Jakarta", bio: BIOS_S[6], title: "", spec: &[] },
[INFO] [stdout]    |                                                     ^^^^^^ not found in this scope
[INFO] [stdout] 
[INFO] [stdout] 
[INFO] [stdout] error[E0422]: cannot find struct, variant or union type `Person` in this scope
[INFO] [stdout]   --> src/bin/seed_people_data.rs:44:5
[INFO] [stdout]    |
[INFO] [stdout] 44 |     Person { first: "Naufal", last: "Dzakwan", gender: "M", role: "SANTRI", kota: "Bandung", prov: "Jawa Barat", bio: BIOS_S[7], tit...
[INFO] [stdout]    |     ^^^^^^ not found in this scope
[INFO] [stdout] 
[INFO] [stdout] 
[INFO] [stdout] error[E0425]: cannot find value `BIOS_S` in this scope
[INFO] [stdout]   --> src/bin/seed_people_data.rs:44:119
[INFO] [stdout]    |
[INFO] [stdout] 44 | ...NTRI", kota: "Bandung", prov: "Jawa Barat", bio: BIOS_S[7], title: "", spec: &[] },
[INFO] [stdout]    |                                                     ^^^^^^ not found in this scope
[INFO] [stdout] 
[INFO] [stdout] 
[INFO] [stdout] error[E0422]: cannot find struct, variant or union type `Person` in this scope
[INFO] [stdout]   --> src/bin/seed_people_data.rs:45:5
[INFO] [stdout]    |
[INFO] [stdout] 45 |     Person { first: "Farhan", last: "Hidayat", gender: "M", role: "SANTRI", kota: "Bekasi", prov: "Jawa Barat", bio: BIOS_S[0], titl...
[INFO] [stdout]    |     ^^^^^^ not found in this scope
[INFO] [stdout] 
[INFO] [stdout] 
[INFO] [stdout] error[E0425]: cannot find value `BIOS_S` in this scope
[INFO] [stdout]   --> src/bin/seed_people_data.rs:45:118
[INFO] [stdout]    |
[INFO] [stdout] 45 | ...ANTRI", kota: "Bekasi", prov: "Jawa Barat", bio: BIOS_S[0], title: "", spec: &[] },
[INFO] [stdout]    |                                                     ^^^^^^ not found in this scope
[INFO] [stdout] 
[INFO] [stdout] 
[INFO] [stdout] error[E0422]: cannot find struct, variant or union type `Person` in this scope
[INFO] [stdout]   --> src/bin/seed_people_data.rs:46:5
[INFO] [stdout]    |
[INFO] [stdout] 46 |     Person { first: "Yusron", last: "Hamdani", gender: "M", role: "SANTRI", kota: "Tasikmalaya", prov: "Jawa Barat", bio: BIOS_S[1],...
[INFO] [stdout]    |     ^^^^^^ not found in this scope
[INFO] [stdout] 
[INFO] [stdout] 
[INFO] [stdout] error[E0425]: cannot find value `BIOS_S` in this scope
[INFO] [stdout]   --> src/bin/seed_people_data.rs:46:123
[INFO] [stdout]    |
[INFO] [stdout] 46 | ...", kota: "Tasikmalaya", prov: "Jawa Barat", bio: BIOS_S[1], title: "", spec: &[] },
[INFO] [stdout]    |                                                     ^^^^^^ not found in this scope
[INFO] [stdout] 
[INFO] [stdout] 
[INFO] [stdout] error[E0422]: cannot find struct, variant or union type `Person` in this scope
[INFO] [stdout]   --> src/bin/seed_people_data.rs:47:5
[INFO] [stdout]    |
[INFO] [stdout] 47 |     Person { first: "Gibran", last: "Alfarizi", gender: "M", role: "SANTRI", kota: "Yogyakarta", prov: "DI Yogyakarta", bio: BIOS_S[...
[INFO] [stdout]    |     ^^^^^^ not found in this scope
[INFO] [stdout] 
[INFO] [stdout] 
[INFO] [stdout] error[E0425]: cannot find value `BIOS_S` in this scope
[INFO] [stdout]   --> src/bin/seed_people_data.rs:47:126
[INFO] [stdout]    |
[INFO] [stdout] 47 | ... kota: "Yogyakarta", prov: "DI Yogyakarta", bio: BIOS_S[2], title: "", spec: &[] },
[INFO] [stdout]    |                                                     ^^^^^^ not found in this scope
[INFO] [stdout] 
[INFO] [stdout] 
[INFO] [stdout] error[E0422]: cannot find struct, variant or union type `Person` in this scope
[INFO] [stdout]   --> src/bin/seed_people_data.rs:48:5
[INFO] [stdout]    |
[INFO] [stdout] 48 |     Person { first: "Rafi", last: "Setiawan", gender: "M", role: "SANTRI", kota: "Solo", prov: "Jawa Tengah", bio: BIOS_S[3], title:...
[INFO] [stdout]    |     ^^^^^^ not found in this scope
[INFO] [stdout] 
[INFO] [stdout] 
[INFO] [stdout] error[E0425]: cannot find value `BIOS_S` in this scope
[INFO] [stdout]   --> src/bin/seed_people_data.rs:48:116
[INFO] [stdout]    |
[INFO] [stdout] 48 | ...SANTRI", kota: "Solo", prov: "Jawa Tengah", bio: BIOS_S[3], title: "", spec: &[] },
[INFO] [stdout]    |                                                     ^^^^^^ not found in this scope
[INFO] [stdout] 
[INFO] [stdout] 
[INFO] [stdout] error[E0422]: cannot find struct, variant or union type `Person` in this scope
[INFO] [stdout]   --> src/bin/seed_people_data.rs:49:5
[INFO] [stdout]    |
[INFO] [stdout] 49 |     Person { first: "Daffa", last: "Al Ghifari", gender: "M", role: "SANTRI", kota: "Semarang", prov: "Jawa Tengah", bio: BIOS_S[4],...
[INFO] [stdout]    |     ^^^^^^ not found in this scope
[INFO] [stdout] 
[INFO] [stdout] 
[INFO] [stdout] error[E0425]: cannot find value `BIOS_S` in this scope
[INFO] [stdout]   --> src/bin/seed_people_data.rs:49:123
[INFO] [stdout]    |
[INFO] [stdout] 49 | ...RI", kota: "Semarang", prov: "Jawa Tengah", bio: BIOS_S[4], title: "", spec: &[] },
[INFO] [stdout]    |                                                     ^^^^^^ not found in this scope
[INFO] [stdout] 
[INFO] [stdout] 
[INFO] [stdout] error[E0422]: cannot find struct, variant or union type `Person` in this scope
[INFO] [stdout]   --> src/bin/seed_people_data.rs:50:5
[INFO] [stdout]    |
[INFO] [stdout] 50 |     Person { first: "Arkan", last: "Wibowo", gender: "M", role: "SANTRI", kota: "Surabaya", prov: "Jawa Timur", bio: BIOS_S[5], titl...
[INFO] [stdout]    |     ^^^^^^ not found in this scope
[INFO] [stdout] 
[INFO] [stdout] 
[INFO] [stdout] error[E0425]: cannot find value `BIOS_S` in this scope
[INFO] [stdout]   --> src/bin/seed_people_data.rs:50:118
[INFO] [stdout]    |
[INFO] [stdout] 50 | ...TRI", kota: "Surabaya", prov: "Jawa Timur", bio: BIOS_S[5], title: "", spec: &[] },
[INFO] [stdout]    |                                                     ^^^^^^ not found in this scope
[INFO] [stdout] 
[INFO] [stdout] 
[INFO] [stdout] error[E0422]: cannot find struct, variant or union type `Person` in this scope
[INFO] [stdout]   --> src/bin/seed_people_data.rs:51:5
[INFO] [stdout]    |
[INFO] [stdout] 51 |     Person { first: "Hendra", last: "Gunawan", gender: "M", role: "SANTRI", kota: "Malang", prov: "Jawa Timur", bio: BIOS_S[6], titl...
[INFO] [stdout]    |     ^^^^^^ not found in this scope
[INFO] [stdout] 
[INFO] [stdout] 
[INFO] [stdout] error[E0425]: cannot find value `BIOS_S` in this scope
[INFO] [stdout]   --> src/bin/seed_people_data.rs:51:118
[INFO] [stdout]    |
[INFO] [stdout] 51 | ...ANTRI", kota: "Malang", prov: "Jawa Timur", bio: BIOS_S[6], title: "", spec: &[] },
[INFO] [stdout]    |                                                     ^^^^^^ not found in this scope
[INFO] [stdout] 
[INFO] [stdout] 
[INFO] [stdout] error[E0422]: cannot find struct, variant or union type `Person` in this scope
[INFO] [stdout]   --> src/bin/seed_people_data.rs:52:5
[INFO] [stdout]    |
[INFO] [stdout] 52 |     Person { first: "Sultan", last: "Mahmud", gender: "M", role: "SANTRI", kota: "Gresik", prov: "Jawa Timur", bio: BIOS_S[7], title...
[INFO] [stdout]    |     ^^^^^^ not found in this scope
[INFO] [stdout] 
[INFO] [stdout] 
[INFO] [stdout] error[E0425]: cannot find value `BIOS_S` in this scope
[INFO] [stdout]   --> src/bin/seed_people_data.rs:52:117
[INFO] [stdout]    |
[INFO] [stdout] 52 | ...ANTRI", kota: "Gresik", prov: "Jawa Timur", bio: BIOS_S[7], title: "", spec: &[] },
[INFO] [stdout]    |                                                     ^^^^^^ not found in this scope
[INFO] [stdout] 
[INFO] [stdout] 
[INFO] [stdout] error[E0422]: cannot find struct, variant or union type `Person` in this scope
[INFO] [stdout]   --> src/bin/seed_people_data.rs:53:5
[INFO] [stdout]    |
[INFO] [stdout] 53 |     Person { first: "Zaki", last: "Mubarak", gender: "M", role: "SANTRI", kota: "Jakarta", prov: "DKI Jakarta", bio: BIOS_S[0], titl...
[INFO] [stdout]    |     ^^^^^^ not found in this scope
[INFO] [stdout] 
[INFO] [stdout] 
[INFO] [stdout] error[E0425]: cannot find value `BIOS_S` in this scope
[INFO] [stdout]   --> src/bin/seed_people_data.rs:53:118
[INFO] [stdout]    |
[INFO] [stdout] 53 | ...TRI", kota: "Jakarta", prov: "DKI Jakarta", bio: BIOS_S[0], title: "", spec: &[] },
[INFO] [stdout]    |                                                     ^^^^^^ not found in this scope
[INFO] [stdout] 
[INFO] [stdout] 
[INFO] [stdout] error[E0422]: cannot find struct, variant or union type `Person` in this scope
[INFO] [stdout]   --> src/bin/seed_people_data.rs:54:5
[INFO] [stdout]    |
[INFO] [stdout] 54 |     Person { first: "Fauzan", last: "Auliya", gender: "M", role: "SANTRI", kota: "Bandung", prov: "Jawa Barat", bio: BIOS_S[1], titl...
[INFO] [stdout]    |     ^^^^^^ not found in this scope
[INFO] [stdout] 
[INFO] [stdout] 
[INFO] [stdout] error[E0425]: cannot find value `BIOS_S` in this scope
[INFO] [stdout]   --> src/bin/seed_people_data.rs:54:118
[INFO] [stdout]    |
[INFO] [stdout] 54 | ...NTRI", kota: "Bandung", prov: "Jawa Barat", bio: BIOS_S[1], title: "", spec: &[] },
[INFO] [stdout]    |                                                     ^^^^^^ not found in this scope
[INFO] [stdout] 
[INFO] [stdout] 
[INFO] [stdout] error[E0422]: cannot find struct, variant or union type `Person` in this scope
[INFO] [stdout]   --> src/bin/seed_people_data.rs:55:5
[INFO] [stdout]    |
[INFO] [stdout] 55 |     Person { first: "Rahmat", last: "Hidayatullah", gender: "M", role: "SANTRI", kota: "Bekasi", prov: "Jawa Barat", bio: BIOS_S[2],...
[INFO] [stdout]    |     ^^^^^^ not found in this scope
[INFO] [stdout] 
[INFO] [stdout] 
[INFO] [stdout] error[E0425]: cannot find value `BIOS_S` in this scope
[INFO] [stdout]   --> src/bin/seed_people_data.rs:55:123
[INFO] [stdout]    |
[INFO] [stdout] 55 | ...ANTRI", kota: "Bekasi", prov: "Jawa Barat", bio: BIOS_S[2], title: "", spec: &[] },
[INFO] [stdout]    |                                                     ^^^^^^ not found in this scope
[INFO] [stdout] 
[INFO] [stdout] 
[INFO] [stdout] error[E0422]: cannot find struct, variant or union type `Person` in this scope
[INFO] [stdout]   --> src/bin/seed_people_data.rs:56:5
[INFO] [stdout]    |
[INFO] [stdout] 56 |     Person { first: "Aditya", last: "Rahman", gender: "M", role: "SANTRI", kota: "Tasikmalaya", prov: "Jawa Barat", bio: BIOS_S[3], ...
[INFO] [stdout]    |     ^^^^^^ not found in this scope
[INFO] [stdout] 
[INFO] [stdout] 
[INFO] [stdout] error[E0425]: cannot find value `BIOS_S` in this scope
[INFO] [stdout]   --> src/bin/seed_people_data.rs:56:122
[INFO] [stdout]    |
[INFO] [stdout] 56 | ...", kota: "Tasikmalaya", prov: "Jawa Barat", bio: BIOS_S[3], title: "", spec: &[] },
[INFO] [stdout]    |                                                     ^^^^^^ not found in this scope
[INFO] [stdout] 
[INFO] [stdout] 
[INFO] [stdout] error[E0422]: cannot find struct, variant or union type `Person` in this scope
[INFO] [stdout]   --> src/bin/seed_people_data.rs:57:5
[INFO] [stdout]    |
[INFO] [stdout] 57 |     Person { first: "Ibrahim", last: "Kholil", gender: "M", role: "SANTRI", kota: "Yogyakarta", prov: "DI Yogyakarta", bio: BIOS_S[4...
[INFO] [stdout]    |     ^^^^^^ not found in this scope
[INFO] [stdout] 
[INFO] [stdout] 
[INFO] [stdout] error[E0425]: cannot find value `BIOS_S` in this scope
[INFO] [stdout]   --> src/bin/seed_people_data.rs:57:125
[INFO] [stdout]    |
[INFO] [stdout] 57 | ... kota: "Yogyakarta", prov: "DI Yogyakarta", bio: BIOS_S[4], title: "", spec: &[] },
[INFO] [stdout]    |                                                     ^^^^^^ not found in this scope
[INFO] [stdout] 
[INFO] [stdout] 
[INFO] [stdout] error[E0422]: cannot find struct, variant or union type `Person` in this scope
[INFO] [stdout]   --> src/bin/seed_people_data.rs:58:5
[INFO] [stdout]    |
[INFO] [stdout] 58 |     Person { first: "Sulaiman", last: "Yusdianto", gender: "M", role: "SANTRI", kota: "Solo", prov: "Jawa Tengah", bio: BIOS_S[5], t...
[INFO] [stdout]    |     ^^^^^^ not found in this scope
[INFO] [stdout] 
[INFO] [stdout] 
[INFO] [stdout] error[E0425]: cannot find value `BIOS_S` in this scope
[INFO] [stdout]   --> src/bin/seed_people_data.rs:58:121
[INFO] [stdout]    |
[INFO] [stdout] 58 | ...SANTRI", kota: "Solo", prov: "Jawa Tengah", bio: BIOS_S[5], title: "", spec: &[] },
[INFO] [stdout]    |                                                     ^^^^^^ not found in this scope
[INFO] [stdout] 
[INFO] [stdout] 
[INFO] [stdout] error[E0422]: cannot find struct, variant or union type `Person` in this scope
[INFO] [stdout]   --> src/bin/seed_people_data.rs:59:5
[INFO] [stdout]    |
[INFO] [stdout] 59 |     Person { first: "Wahyu", last: "Setiadi", gender: "M", role: "SANTRI", kota: "Semarang", prov: "Jawa Tengah", bio: BIOS_S[6], ti...
[INFO] [stdout]    |     ^^^^^^ not found in this scope
[INFO] [stdout] 
[INFO] [stdout] 
[INFO] [stdout] error[E0425]: cannot find value `BIOS_S` in this scope
[INFO] [stdout]   --> src/bin/seed_people_data.rs:59:120
[INFO] [stdout]    |
[INFO] [stdout] 59 | ...RI", kota: "Semarang", prov: "Jawa Tengah", bio: BIOS_S[6], title: "", spec: &[] },
[INFO] [stdout]    |                                                     ^^^^^^ not found in this scope
[INFO] [stdout] 
[INFO] [stdout] 
[INFO] [stdout] error[E0422]: cannot find struct, variant or union type `Person` in this scope
[INFO] [stdout]   --> src/bin/seed_people_data.rs:60:5
[INFO] [stdout]    |
[INFO] [stdout] 60 |     Person { first: "Anwar", last: "Sadat", gender: "M", role: "SANTRI", kota: "Surabaya", prov: "Jawa Timur", bio: BIOS_S[7], title...
[INFO] [stdout]    |     ^^^^^^ not found in this scope
[INFO] [stdout] 
[INFO] [stdout] 
[INFO] [stdout] error[E0425]: cannot find value `BIOS_S` in this scope
[INFO] [stdout]   --> src/bin/seed_people_data.rs:60:117
[INFO] [stdout]    |
[INFO] [stdout] 60 | ...TRI", kota: "Surabaya", prov: "Jawa Timur", bio: BIOS_S[7], title: "", spec: &[] },
[INFO] [stdout]    |                                                     ^^^^^^ not found in this scope
[INFO] [stdout] 
[INFO] [stdout] 
[INFO] [stdout] error[E0422]: cannot find struct, variant or union type `Person` in this scope
[INFO] [stdout]   --> src/bin/seed_people_data.rs:61:5
[INFO] [stdout]    |
[INFO] [stdout] 61 |     Person { first: "Maulana", last: "Yusuf Ibrahim", gender: "M", role: "SANTRI", kota: "Malang", prov: "Jawa Timur", bio: BIOS_S[0...
[INFO] [stdout]    |     ^^^^^^ not found in this scope
[INFO] [stdout] 
[INFO] [stdout] 
[INFO] [stdout] error[E0425]: cannot find value `BIOS_S` in this scope
[INFO] [stdout]   --> src/bin/seed_people_data.rs:61:125
[INFO] [stdout]    |
[INFO] [stdout] 61 | ...ANTRI", kota: "Malang", prov: "Jawa Timur", bio: BIOS_S[0], title: "", spec: &[] },
[INFO] [stdout]    |                                                     ^^^^^^ not found in this scope
[INFO] [stdout] 
[INFO] [stdout] 
[INFO] [stdout] error[E0422]: cannot find struct, variant or union type `Person` in this scope
[INFO] [stdout]   --> src/bin/seed_people_data.rs:62:5
[INFO] [stdout]    |
[INFO] [stdout] 62 |     Person { first: "Hanif", last: "Abdurrahman", gender: "M", role: "SANTRI", kota: "Gresik", prov: "Jawa Timur", bio: BIOS_S[1], t...
[INFO] [stdout]    |     ^^^^^^ not found in this scope
[INFO] [stdout] 
[INFO] [stdout] 
[INFO] [stdout] error[E0425]: cannot find value `BIOS_S` in this scope
[INFO] [stdout]   --> src/bin/seed_people_data.rs:62:121
[INFO] [stdout]    |
[INFO] [stdout] 62 | ...ANTRI", kota: "Gresik", prov: "Jawa Timur", bio: BIOS_S[1], title: "", spec: &[] },
[INFO] [stdout]    |                                                     ^^^^^^ not found in this scope
[INFO] [stdout] 
[INFO] [stdout] 
[INFO] [stdout] error[E0422]: cannot find struct, variant or union type `Person` in this scope
[INFO] [stdout]   --> src/bin/seed_people_data.rs:63:5
[INFO] [stdout]    |
[INFO] [stdout] 63 |     Person { first: "Thariq", last: "Bin Ziyad", gender: "M", role: "SANTRI", kota: "Jakarta", prov: "DKI Jakarta", bio: BIOS_S[2], ...
[INFO] [stdout]    |     ^^^^^^ not found in this scope
[INFO] [stdout] 
[INFO] [stdout] 
[INFO] [stdout] error[E0425]: cannot find value `BIOS_S` in this scope
[INFO] [stdout]   --> src/bin/seed_people_data.rs:63:122
[INFO] [stdout]    |
[INFO] [stdout] 63 | ...TRI", kota: "Jakarta", prov: "DKI Jakarta", bio: BIOS_S[2], title: "", spec: &[] },
[INFO] [stdout]    |                                                     ^^^^^^ not found in this scope
[INFO] [stdout] 
[INFO] [stdout] 
[INFO] [stdout] error[E0422]: cannot find struct, variant or union type `Person` in this scope
[INFO] [stdout]   --> src/bin/seed_people_data.rs:64:5
[INFO] [stdout]    |
[INFO] [stdout] 64 |     Person { first: "Arief", last: "Wicaksono", gender: "M", role: "SANTRI", kota: "Bandung", prov: "Jawa Barat", bio: BIOS_S[3], ti...
[INFO] [stdout]    |     ^^^^^^ not found in this scope
[INFO] [stdout] 
[INFO] [stdout] 
[INFO] [stdout] error[E0425]: cannot find value `BIOS_S` in this scope
[INFO] [stdout]   --> src/bin/seed_people_data.rs:64:120
[INFO] [stdout]    |
[INFO] [stdout] 64 | ...NTRI", kota: "Bandung", prov: "Jawa Barat", bio: BIOS_S[3], title: "", spec: &[] },
[INFO] [stdout]    |                                                     ^^^^^^ not found in this scope
[INFO] [stdout] 
[INFO] [stdout] 
[INFO] [stdout] error[E0422]: cannot find struct, variant or union type `Person` in this scope
[INFO] [stdout]   --> src/bin/seed_people_data.rs:65:5
[INFO] [stdout]    |
[INFO] [stdout] 65 |     Person { first: "Bintang", last: "Ramadhan", gender: "M", role: "SANTRI", kota: "Bekasi", prov: "Jawa Barat", bio: BIOS_S[4], ti...
[INFO] [stdout]    |     ^^^^^^ not found in this scope
[INFO] [stdout] 
[INFO] [stdout] 
[INFO] [stdout] error[E0425]: cannot find value `BIOS_S` in this scope
[INFO] [stdout]   --> src/bin/seed_people_data.rs:65:120
[INFO] [stdout]    |
[INFO] [stdout] 65 | ...ANTRI", kota: "Bekasi", prov: "Jawa Barat", bio: BIOS_S[4], title: "", spec: &[] },
[INFO] [stdout]    |                                                     ^^^^^^ not found in this scope
[INFO] [stdout] 
[INFO] [stdout] 
[INFO] [stdout] error[E0422]: cannot find struct, variant or union type `Person` in this scope
[INFO] [stdout]   --> src/bin/seed_people_data.rs:66:5
[INFO] [stdout]    |
[INFO] [stdout] 66 |     Person { first: "Gilang", last: "Ramadhan Sabri", gender: "M", role: "SANTRI", kota: "Tasikmalaya", prov: "Jawa Barat", bio: BIO...
[INFO] [stdout]    |     ^^^^^^ not found in this scope
[INFO] [stdout] 
[INFO] [stdout] 
[INFO] [stdout] error[E0425]: cannot find value `BIOS_S` in this scope
[INFO] [stdout]   --> src/bin/seed_people_data.rs:66:130
[INFO] [stdout]    |
[INFO] [stdout] 66 | ...", kota: "Tasikmalaya", prov: "Jawa Barat", bio: BIOS_S[5], title: "", spec: &[] },
[INFO] [stdout]    |                                                     ^^^^^^ not found in this scope
[INFO] [stdout] 
[INFO] [stdout] 
[INFO] [stdout] error[E0422]: cannot find struct, variant or union type `Person` in this scope
[INFO] [stdout]   --> src/bin/seed_people_data.rs:67:5
[INFO] [stdout]    |
[INFO] [stdout] 67 |     Person { first: "Raka", last: "Adi Pratama", gender: "M", role: "SANTRI", kota: "Yogyakarta", prov: "DI Yogyakarta", bio: BIOS_S...
[INFO] [stdout]    |     ^^^^^^ not found in this scope
[INFO] [stdout] 
[INFO] [stdout] 
[INFO] [stdout] error[E0425]: cannot find value `BIOS_S` in this scope
[INFO] [stdout]   --> src/bin/seed_people_data.rs:67:127
[INFO] [stdout]    |
[INFO] [stdout] 67 | ... kota: "Yogyakarta", prov: "DI Yogyakarta", bio: BIOS_S[6], title: "", spec: &[] },
[INFO] [stdout]    |                                                     ^^^^^^ not found in this scope
[INFO] [stdout] 
[INFO] [stdout] 
[INFO] [stdout] error[E0422]: cannot find struct, variant or union type `Person` in this scope
[INFO] [stdout]   --> src/bin/seed_people_data.rs:68:5
[INFO] [stdout]    |
[INFO] [stdout] 68 |     Person { first: "Dimas", last: "Saputra", gender: "M", role: "SANTRI", kota: "Solo", prov: "Jawa Tengah", bio: BIOS_S[7], title:...
[INFO] [stdout]    |     ^^^^^^ not found in this scope
[INFO] [stdout] 
[INFO] [stdout] 
[INFO] [stdout] error[E0425]: cannot find value `BIOS_S` in this scope
[INFO] [stdout]   --> src/bin/seed_people_data.rs:68:116
[INFO] [stdout]    |
[INFO] [stdout] 68 | ...SANTRI", kota: "Solo", prov: "Jawa Tengah", bio: BIOS_S[7], title: "", spec: &[] },
[INFO] [stdout]    |                                                     ^^^^^^ not found in this scope
[INFO] [stdout] 
[INFO] [stdout] 
[INFO] [stdout] error[E0422]: cannot find struct, variant or union type `Person` in this scope
[INFO] [stdout]   --> src/bin/seed_people_data.rs:69:5
[INFO] [stdout]    |
[INFO] [stdout] 69 |     Person { first: "Fajar", last: "Nur Hidayat", gender: "M", role: "SANTRI", kota: "Semarang", prov: "Jawa Tengah", bio: BIOS_S[0]...
[INFO] [stdout]    |     ^^^^^^ not found in this scope
[INFO] [stdout] 
[INFO] [stdout] 
[INFO] [stdout] error[E0425]: cannot find value `BIOS_S` in this scope
[INFO] [stdout]   --> src/bin/seed_people_data.rs:69:124
[INFO] [stdout]    |
[INFO] [stdout] 69 | ...RI", kota: "Semarang", prov: "Jawa Tengah", bio: BIOS_S[0], title: "", spec: &[] },
[INFO] [stdout]    |                                                     ^^^^^^ not found in this scope
[INFO] [stdout] 
[INFO] [stdout] 
[INFO] [stdout] error[E0422]: cannot find struct, variant or union type `Person` in this scope
[INFO] [stdout]   --> src/bin/seed_people_data.rs:70:5
[INFO] [stdout]    |
[INFO] [stdout] 70 |     Person { first: "Reza", last: "Pahlevi", gender: "M", role: "SANTRI", kota: "Surabaya", prov: "Jawa Timur", bio: BIOS_S[1], titl...
[INFO] [stdout]    |     ^^^^^^ not found in this scope
[INFO] [stdout] 
[INFO] [stdout] 
[INFO] [stdout] error[E0425]: cannot find value `BIOS_S` in this scope
[INFO] [stdout]   --> src/bin/seed_people_data.rs:70:118
[INFO] [stdout]    |
[INFO] [stdout] 70 | ...TRI", kota: "Surabaya", prov: "Jawa Timur", bio: BIOS_S[1], title: "", spec: &[] },
[INFO] [stdout]    |                                                     ^^^^^^ not found in this scope
[INFO] [stdout] 
[INFO] [stdout] 
[INFO] [stdout] error[E0422]: cannot find struct, variant or union type `Person` in this scope
[INFO] [stdout]   --> src/bin/seed_people_data.rs:71:5
[INFO] [stdout]    |
[INFO] [stdout] 71 |     Person { first: "Alif", last: "Muhammad Toriq", gender: "M", role: "SANTRI", kota: "Malang", prov: "Jawa Timur", bio: BIOS_S[2],...
[INFO] [stdout]    |     ^^^^^^ not found in this scope
[INFO] [stdout] 
[INFO] [stdout] 
[INFO] [stdout] error[E0425]: cannot find value `BIOS_S` in this scope
[INFO] [stdout]   --> src/bin/seed_people_data.rs:71:123
[INFO] [stdout]    |
[INFO] [stdout] 71 | ...ANTRI", kota: "Malang", prov: "Jawa Timur", bio: BIOS_S[2], title: "", spec: &[] },
[INFO] [stdout]    |                                                     ^^^^^^ not found in this scope
[INFO] [stdout] 
[INFO] [stdout] 
[INFO] [stdout] error[E0422]: cannot find struct, variant or union type `Person` in this scope
[INFO] [stdout]   --> src/bin/seed_people_data.rs:72:5
[INFO] [stdout]    |
[INFO] [stdout] 72 |     Person { first: "Yoga", last: "Pratama Wijaya", gender: "M", role: "SANTRI", kota: "Gresik", prov: "Jawa Timur", bio: BIOS_S[3],...
[INFO] [stdout]    |     ^^^^^^ not found in this scope
[INFO] [stdout] 
[INFO] [stdout] 
[INFO] [stdout] error[E0425]: cannot find value `BIOS_S` in this scope
[INFO] [stdout]   --> src/bin/seed_people_data.rs:72:123
[INFO] [stdout]    |
[INFO] [stdout] 72 | ...ANTRI", kota: "Gresik", prov: "Jawa Timur", bio: BIOS_S[3], title: "", spec: &[] },
[INFO] [stdout]    |                                                     ^^^^^^ not found in this scope
[INFO] [stdout] 
[INFO] [stdout] 
[INFO] [stdout] error[E0422]: cannot find struct, variant or union type `Person` in this scope
[INFO] [stdout]   --> src/bin/seed_people_data.rs:73:5
[INFO] [stdout]    |
[INFO] [stdout] 73 |     Person { first: "Andre", last: "Kurniawan", gender: "M", role: "SANTRI", kota: "Jakarta", prov: "DKI Jakarta", bio: BIOS_S[4], t...
[INFO] [stdout]    |     ^^^^^^ not found in this scope
[INFO] [stdout] 
[INFO] [stdout] 
[INFO] [stdout] error[E0425]: cannot find value `BIOS_S` in this scope
[INFO] [stdout]   --> src/bin/seed_people_data.rs:73:121
[INFO] [stdout]    |
[INFO] [stdout] 73 | ...TRI", kota: "Jakarta", prov: "DKI Jakarta", bio: BIOS_S[4], title: "", spec: &[] },
[INFO] [stdout]    |                                                     ^^^^^^ not found in this scope
[INFO] [stdout] 
[INFO] [stdout] 
[INFO] [stdout] error[E0422]: cannot find struct, variant or union type `Person` in this scope
[INFO] [stdout]   --> src/bin/seed_people_data.rs:74:5
[INFO] [stdout]    |
[INFO] [stdout] 74 |     Person { first: "Fikri", last: "Haikal", gender: "M", role: "SANTRI", kota: "Bandung", prov: "Jawa Barat", bio: BIOS_S[5], title...
[INFO] [stdout]    |     ^^^^^^ not found in this scope
[INFO] [stdout] 
[INFO] [stdout] 
[INFO] [stdout] error[E0425]: cannot find value `BIOS_S` in this scope
[INFO] [stdout]   --> src/bin/seed_people_data.rs:74:117
[INFO] [stdout]    |
[INFO] [stdout] 74 | ...NTRI", kota: "Bandung", prov: "Jawa Barat", bio: BIOS_S[5], title: "", spec: &[] },
[INFO] [stdout]    |                                                     ^^^^^^ not found in this scope
[INFO] [stdout] 
[INFO] [stdout] 
[INFO] [stdout] error[E0422]: cannot find struct, variant or union type `Person` in this scope
[INFO] [stdout]   --> src/bin/seed_people_data.rs:75:5
[INFO] [stdout]    |
[INFO] [stdout] 75 |     Person { first: "Danu", last: "Widodo", gender: "M", role: "SANTRI", kota: "Bekasi", prov: "Jawa Barat", bio: BIOS_S[6], title: ...
[INFO] [stdout]    |     ^^^^^^ not found in this scope
[INFO] [stdout] 
[INFO] [stdout] 
[INFO] [stdout] error[E0425]: cannot find value `BIOS_S` in this scope
[INFO] [stdout]   --> src/bin/seed_people_data.rs:75:115
[INFO] [stdout]    |
[INFO] [stdout] 75 | ...ANTRI", kota: "Bekasi", prov: "Jawa Barat", bio: BIOS_S[6], title: "", spec: &[] },
[INFO] [stdout]    |                                                     ^^^^^^ not found in this scope
[INFO] [stdout] 
[INFO] [stdout] 
[INFO] [stdout] error[E0422]: cannot find struct, variant or union type `Person` in this scope
[INFO] [stdout]   --> src/bin/seed_people_data.rs:76:5
[INFO] [stdout]    |
[INFO] [stdout] 76 |     Person { first: "Bagas", last: "Adi Nugroho", gender: "M", role: "SANTRI", kota: "Tasikmalaya", prov: "Jawa Barat", bio: BIOS_S[...
[INFO] [stdout]    |     ^^^^^^ not found in this scope
[INFO] [stdout] 
[INFO] [stdout] 
[INFO] [stdout] error[E0425]: cannot find value `BIOS_S` in this scope
[INFO] [stdout]   --> src/bin/seed_people_data.rs:76:126
[INFO] [stdout]    |
[INFO] [stdout] 76 | ...", kota: "Tasikmalaya", prov: "Jawa Barat", bio: BIOS_S[7], title: "", spec: &[] },
[INFO] [stdout]    |                                                     ^^^^^^ not found in this scope
[INFO] [stdout] 
[INFO] [stdout] 
[INFO] [stdout] error[E0422]: cannot find struct, variant or union type `Person` in this scope
[INFO] [stdout]   --> src/bin/seed_people_data.rs:77:5
[INFO] [stdout]    |
[INFO] [stdout] 77 |     Person { first: "Syaiful", last: "Bachri", gender: "M", role: "SANTRI", kota: "Yogyakarta", prov: "DI Yogyakarta", bio: BIOS_S[0...
[INFO] [stdout]    |     ^^^^^^ not found in this scope
[INFO] [stdout] 
[INFO] [stdout] 
[INFO] [stdout] error[E0425]: cannot find value `BIOS_S` in this scope
[INFO] [stdout]   --> src/bin/seed_people_data.rs:77:125
[INFO] [stdout]    |
[INFO] [stdout] 77 | ... kota: "Yogyakarta", prov: "DI Yogyakarta", bio: BIOS_S[0], title: "", spec: &[] },
[INFO] [stdout]    |                                                     ^^^^^^ not found in this scope
[INFO] [stdout] 
[INFO] [stdout] 
[INFO] [stdout] error[E0422]: cannot find struct, variant or union type `Person` in this scope
[INFO] [stdout]   --> src/bin/seed_people_data.rs:78:5
[INFO] [stdout]    |
[INFO] [stdout] 78 |     Person { first: "Aldi", last: "Maulana Malik", gender: "M", role: "SANTRI", kota: "Solo", prov: "Jawa Tengah", bio: BIOS_S[1], t...
[INFO] [stdout]    |     ^^^^^^ not found in this scope
[INFO] [stdout] 
[INFO] [stdout] 
[INFO] [stdout] error[E0425]: cannot find value `BIOS_S` in this scope
[INFO] [stdout]   --> src/bin/seed_people_data.rs:78:121
[INFO] [stdout]    |
[INFO] [stdout] 78 | ...SANTRI", kota: "Solo", prov: "Jawa Tengah", bio: BIOS_S[1], title: "", spec: &[] },
[INFO] [stdout]    |                                                     ^^^^^^ not found in this scope
[INFO] [stdout] 
[INFO] [stdout] 
[INFO] [stdout] error[E0422]: cannot find struct, variant or union type `Person` in this scope
[INFO] [stdout]   --> src/bin/seed_people_data.rs:79:5
[INFO] [stdout]    |
[INFO] [stdout] 79 |     Person { first: "Fandi", last: "Ahmad Setiawan", gender: "M", role: "SANTRI", kota: "Semarang", prov: "Jawa Tengah", bio: BIOS_S...
[INFO] [stdout]    |     ^^^^^^ not found in this scope
[INFO] [stdout] 
[INFO] [stdout] 
[INFO] [stdout] error[E0425]: cannot find value `BIOS_S` in this scope
[INFO] [stdout]   --> src/bin/seed_people_data.rs:79:127
[INFO] [stdout]    |
[INFO] [stdout] 79 | ...RI", kota: "Semarang", prov: "Jawa Tengah", bio: BIOS_S[2], title: "", spec: &[] },
[INFO] [stdout]    |                                                     ^^^^^^ not found in this scope
[INFO] [stdout] 
[INFO] [stdout] 
[INFO] [stdout] error[E0422]: cannot find struct, variant or union type `Person` in this scope
[INFO] [stdout]   --> src/bin/seed_people_data.rs:80:5
[INFO] [stdout]    |
[INFO] [stdout] 80 |     Person { first: "Rendra", last: "Krisna Adi", gender: "M", role: "SANTRI", kota: "Surabaya", prov: "Jawa Timur", bio: BIOS_S[3],...
[INFO] [stdout]    |     ^^^^^^ not found in this scope
[INFO] [stdout] 
[INFO] [stdout] 
[INFO] [stdout] error[E0425]: cannot find value `BIOS_S` in this scope
[INFO] [stdout]   --> src/bin/seed_people_data.rs:80:123
[INFO] [stdout]    |
[INFO] [stdout] 80 | ...TRI", kota: "Surabaya", prov: "Jawa Timur", bio: BIOS_S[3], title: "", spec: &[] },
[INFO] [stdout]    |                                                     ^^^^^^ not found in this scope
[INFO] [stdout] 
[INFO] [stdout] 
[INFO] [stdout] error[E0422]: cannot find struct, variant or union type `Person` in this scope
[INFO] [stdout]   --> src/bin/seed_people_data.rs:81:5
[INFO] [stdout]    |
[INFO] [stdout] 81 |     Person { first: "Siti", last: "Rahmawati", gender: "F", role: "SANTRI", kota: "Yogyakarta", prov: "DI Yogyakarta", bio: BIOS_S[6...
[INFO] [stdout]    |     ^^^^^^ not found in this scope
[INFO] [stdout] 
[INFO] [stdout] 
[INFO] [stdout] error[E0425]: cannot find value `BIOS_S` in this scope
[INFO] [stdout]   --> src/bin/seed_people_data.rs:81:125
[INFO] [stdout]    |
[INFO] [stdout] 81 | ... kota: "Yogyakarta", prov: "DI Yogyakarta", bio: BIOS_S[6], title: "", spec: &[] },
[INFO] [stdout]    |                                                     ^^^^^^ not found in this scope
[INFO] [stdout] 
[INFO] [stdout] 
[INFO] [stdout] error[E0422]: cannot find struct, variant or union type `Person` in this scope
[INFO] [stdout]   --> src/bin/seed_people_data.rs:82:5
[INFO] [stdout]    |
[INFO] [stdout] 82 |     Person { first: "Nur", last: "Aisyah Putri", gender: "F", role: "SANTRI", kota: "Solo", prov: "Jawa Tengah", bio: BIOS_S[7], tit...
[INFO] [stdout]    |     ^^^^^^ not found in this scope
[INFO] [stdout] 
[INFO] [stdout] 
[INFO] [stdout] error[E0425]: cannot find value `BIOS_S` in this scope
[INFO] [stdout]   --> src/bin/seed_people_data.rs:82:119
[INFO] [stdout]    |
[INFO] [stdout] 82 | ...SANTRI", kota: "Solo", prov: "Jawa Tengah", bio: BIOS_S[7], title: "", spec: &[] },
[INFO] [stdout]    |                                                     ^^^^^^ not found in this scope
[INFO] [stdout] 
[INFO] [stdout] 
[INFO] [stdout] error[E0422]: cannot find struct, variant or union type `Person` in this scope
[INFO] [stdout]   --> src/bin/seed_people_data.rs:83:5
[INFO] [stdout]    |
[INFO] [stdout] 83 |     Person { first: "Fatimah", last: "Az Zahra Sari", gender: "F", role: "SANTRI", kota: "Semarang", prov: "Jawa Tengah", bio: BIOS_...
[INFO] [stdout]    |     ^^^^^^ not found in this scope
[INFO] [stdout] 
[INFO] [stdout] 
[INFO] [stdout] error[E0425]: cannot find value `BIOS_S` in this scope
[INFO] [stdout]   --> src/bin/seed_people_data.rs:83:128
[INFO] [stdout]    |
[INFO] [stdout] 83 | ...RI", kota: "Semarang", prov: "Jawa Tengah", bio: BIOS_S[0], title: "", spec: &[] },
[INFO] [stdout]    |                                                     ^^^^^^ not found in this scope
[INFO] [stdout] 
[INFO] [stdout] 
[INFO] [stdout] error[E0422]: cannot find struct, variant or union type `Person` in this scope
[INFO] [stdout]   --> src/bin/seed_people_data.rs:84:5
[INFO] [stdout]    |
[INFO] [stdout] 84 |     Person { first: "Aisyah", last: "Rahmadani", gender: "F", role: "SANTRI", kota: "Surabaya", prov: "Jawa Timur", bio: BIOS_S[1], ...
[INFO] [stdout]    |     ^^^^^^ not found in this scope
[INFO] [stdout] 
[INFO] [stdout] 
[INFO] [stdout] error[E0425]: cannot find value `BIOS_S` in this scope
[INFO] [stdout]   --> src/bin/seed_people_data.rs:84:122
[INFO] [stdout]    |
[INFO] [stdout] 84 | ...TRI", kota: "Surabaya", prov: "Jawa Timur", bio: BIOS_S[1], title: "", spec: &[] },
[INFO] [stdout]    |                                                     ^^^^^^ not found in this scope
[INFO] [stdout] 
[INFO] [stdout] 
[INFO] [stdout] error[E0422]: cannot find struct, variant or union type `Person` in this scope
[INFO] [stdout]   --> src/bin/seed_people_data.rs:85:5
[INFO] [stdout]    |
[INFO] [stdout] 85 |     Person { first: "Khadijah", last: "Puspita", gender: "F", role: "SANTRI", kota: "Malang", prov: "Jawa Timur", bio: BIOS_S[2], ti...
[INFO] [stdout]    |     ^^^^^^ not found in this scope
[INFO] [stdout] 
[INFO] [stdout] 
[INFO] [stdout] error[E0425]: cannot find value `BIOS_S` in this scope
[INFO] [stdout]   --> src/bin/seed_people_data.rs:85:120
[INFO] [stdout]    |
[INFO] [stdout] 85 | ...ANTRI", kota: "Malang", prov: "Jawa Timur", bio: BIOS_S[2], title: "", spec: &[] },
[INFO] [stdout]    |                                                     ^^^^^^ not found in this scope
[INFO] [stdout] 
[INFO] [stdout] 
[INFO] [stdout] error[E0422]: cannot find struct, variant or union type `Person` in this scope
[INFO] [stdout]   --> src/bin/seed_people_data.rs:86:5
[INFO] [stdout]    |
[INFO] [stdout] 86 |     Person { first: "Zahra", last: "Nur Fadhilah", gender: "F", role: "SANTRI", kota: "Gresik", prov: "Jawa Timur", bio: BIOS_S[3], ...
[INFO] [stdout]    |     ^^^^^^ not found in this scope
[INFO] [stdout] 
[INFO] [stdout] 
[INFO] [stdout] error[E0425]: cannot find value `BIOS_S` in this scope
[INFO] [stdout]   --> src/bin/seed_people_data.rs:86:122
[INFO] [stdout]    |
[INFO] [stdout] 86 | ...ANTRI", kota: "Gresik", prov: "Jawa Timur", bio: BIOS_S[3], title: "", spec: &[] },
[INFO] [stdout]    |                                                     ^^^^^^ not found in this scope
[INFO] [stdout] 
[INFO] [stdout] 
[INFO] [stdout] error[E0422]: cannot find struct, variant or union type `Person` in this scope
[INFO] [stdout]   --> src/bin/seed_people_data.rs:87:5
[INFO] [stdout]    |
[INFO] [stdout] 87 |     Person { first: "Anisa", last: "Fitriani", gender: "F", role: "SANTRI", kota: "Jakarta", prov: "DKI Jakarta", bio: BIOS_S[4], ti...
[INFO] [stdout]    |     ^^^^^^ not found in this scope
[INFO] [stdout] 
[INFO] [stdout] 
[INFO] [stdout] error[E0425]: cannot find value `BIOS_S` in this scope
[INFO] [stdout]   --> src/bin/seed_people_data.rs:87:120
[INFO] [stdout]    |
[INFO] [stdout] 87 | ...TRI", kota: "Jakarta", prov: "DKI Jakarta", bio: BIOS_S[4], title: "", spec: &[] },
[INFO] [stdout]    |                                                     ^^^^^^ not found in this scope
[INFO] [stdout] 
[INFO] [stdout] 
[INFO] [stdout] error[E0422]: cannot find struct, variant or union type `Person` in this scope
[INFO] [stdout]   --> src/bin/seed_people_data.rs:88:5
[INFO] [stdout]    |
[INFO] [stdout] 88 |     Person { first: "Laila", last: "Ramadhani", gender: "F", role: "SANTRI", kota: "Bandung", prov: "Jawa Barat", bio: BIOS_S[5], ti...
[INFO] [stdout]    |     ^^^^^^ not found in this scope
[INFO] [stdout] 
[INFO] [stdout] 
[INFO] [stdout] error[E0425]: cannot find value `BIOS_S` in this scope
[INFO] [stdout]   --> src/bin/seed_people_data.rs:88:120
[INFO] [stdout]    |
[INFO] [stdout] 88 | ...NTRI", kota: "Bandung", prov: "Jawa Barat", bio: BIOS_S[5], title: "", spec: &[] },
[INFO] [stdout]    |                                                     ^^^^^^ not found in this scope
[INFO] [stdout] 
[INFO] [stdout] 
[INFO] [stdout] error[E0422]: cannot find struct, variant or union type `Person` in this scope
[INFO] [stdout]   --> src/bin/seed_people_data.rs:89:5
[INFO] [stdout]    |
[INFO] [stdout] 89 |     Person { first: "Nabila", last: "Syakira", gender: "F", role: "SANTRI", kota: "Bekasi", prov: "Jawa Barat", bio: BIOS_S[6], titl...
[INFO] [stdout]    |     ^^^^^^ not found in this scope
[INFO] [stdout] 
[INFO] [stdout] 
[INFO] [stdout] error[E0425]: cannot find value `BIOS_S` in this scope
[INFO] [stdout]   --> src/bin/seed_people_data.rs:89:118
[INFO] [stdout]    |
[INFO] [stdout] 89 | ...ANTRI", kota: "Bekasi", prov: "Jawa Barat", bio: BIOS_S[6], title: "", spec: &[] },
[INFO] [stdout]    |                                                     ^^^^^^ not found in this scope
[INFO] [stdout] 
[INFO] [stdout] 
[INFO] [stdout] error[E0422]: cannot find struct, variant or union type `Person` in this scope
[INFO] [stdout]   --> src/bin/seed_people_data.rs:90:5
[INFO] [stdout]    |
[INFO] [stdout] 90 |     Person { first: "Salma", last: "Aulia Rahma", gender: "F", role: "SANTRI", kota: "Tasikmalaya", prov: "Jawa Barat", bio: BIOS_S[...
[INFO] [stdout]    |     ^^^^^^ not found in this scope
[INFO] [stdout] 
[INFO] [stdout] 
[INFO] [stdout] error[E0425]: cannot find value `BIOS_S` in this scope
[INFO] [stdout]   --> src/bin/seed_people_data.rs:90:126
[INFO] [stdout]    |
[INFO] [stdout] 90 | ...", kota: "Tasikmalaya", prov: "Jawa Barat", bio: BIOS_S[7], title: "", spec: &[] },
[INFO] [stdout]    |                                                     ^^^^^^ not found in this scope
[INFO] [stdout] 
[INFO] [stdout] 
[INFO] [stdout] error[E0422]: cannot find struct, variant or union type `Person` in this scope
[INFO] [stdout]   --> src/bin/seed_people_data.rs:91:5
[INFO] [stdout]    |
[INFO] [stdout] 91 |     Person { first: "Hanum", last: "Salsabila", gender: "F", role: "SANTRI", kota: "Yogyakarta", prov: "DI Yogyakarta", bio: BIOS_S[...
[INFO] [stdout]    |     ^^^^^^ not found in this scope
[INFO] [stdout] 
[INFO] [stdout] 
[INFO] [stdout] error[E0425]: cannot find value `BIOS_S` in this scope
[INFO] [stdout]   --> src/bin/seed_people_data.rs:91:126
[INFO] [stdout]    |
[INFO] [stdout] 91 | ... kota: "Yogyakarta", prov: "DI Yogyakarta", bio: BIOS_S[0], title: "", spec: &[] },
[INFO] [stdout]    |                                                     ^^^^^^ not found in this scope
[INFO] [stdout] 
[INFO] [stdout] 
[INFO] [stdout] error[E0422]: cannot find struct, variant or union type `Person` in this scope
[INFO] [stdout]   --> src/bin/seed_people_data.rs:92:5
[INFO] [stdout]    |
[INFO] [stdout] 92 |     Person { first: "Dinda", last: "Amalia", gender: "F", role: "SANTRI", kota: "Solo", prov: "Jawa Tengah", bio: BIOS_S[1], title: ...
[INFO] [stdout]    |     ^^^^^^ not found in this scope
[INFO] [stdout] 
[INFO] [stdout] 
[INFO] [stdout] error[E0425]: cannot find value `BIOS_S` in this scope
[INFO] [stdout]   --> src/bin/seed_people_data.rs:92:115
[INFO] [stdout]    |
[INFO] [stdout] 92 | ...SANTRI", kota: "Solo", prov: "Jawa Tengah", bio: BIOS_S[1], title: "", spec: &[] },
[INFO] [stdout]    |                                                     ^^^^^^ not found in this scope
[INFO] [stdout] 
[INFO] [stdout] 
[INFO] [stdout] error[E0422]: cannot find struct, variant or union type `Person` in this scope
[INFO] [stdout]   --> src/bin/seed_people_data.rs:93:5
[INFO] [stdout]    |
[INFO] [stdout] 93 |     Person { first: "Rina", last: "Marlina", gender: "F", role: "SANTRI", kota: "Semarang", prov: "Jawa Tengah", bio: BIOS_S[2], tit...
[INFO] [stdout]    |     ^^^^^^ not found in this scope
[INFO] [stdout] 
[INFO] [stdout] 
[INFO] [stdout] error[E0425]: cannot find value `BIOS_S` in this scope
[INFO] [stdout]   --> src/bin/seed_people_data.rs:93:119
[INFO] [stdout]    |
[INFO] [stdout] 93 | ...RI", kota: "Semarang", prov: "Jawa Tengah", bio: BIOS_S[2], title: "", spec: &[] },
[INFO] [stdout]    |                                                     ^^^^^^ not found in this scope
[INFO] [stdout] 
[INFO] [stdout] 
[INFO] [stdout] error[E0422]: cannot find struct, variant or union type `Person` in this scope
[INFO] [stdout]   --> src/bin/seed_people_data.rs:94:5
[INFO] [stdout]    |
[INFO] [stdout] 94 |     Person { first: "Yuni", last: "Astuti", gender: "F", role: "SANTRI", kota: "Surabaya", prov: "Jawa Timur", bio: BIOS_S[3], title...
[INFO] [stdout]    |     ^^^^^^ not found in this scope
[INFO] [stdout] 
[INFO] [stdout] 
[INFO] [stdout] error[E0425]: cannot find value `BIOS_S` in this scope
[INFO] [stdout]   --> src/bin/seed_people_data.rs:94:117
[INFO] [stdout]    |
[INFO] [stdout] 94 | ...TRI", kota: "Surabaya", prov: "Jawa Timur", bio: BIOS_S[3], title: "", spec: &[] },
[INFO] [stdout]    |                                                     ^^^^^^ not found in this scope
[INFO] [stdout] 
[INFO] [stdout] 
[INFO] [stdout] error[E0422]: cannot find struct, variant or union type `Person` in this scope
[INFO] [stdout]   --> src/bin/seed_people_data.rs:95:5
[INFO] [stdout]    |
[INFO] [stdout] 95 |     Person { first: "Mega", last: "Puspasari", gender: "F", role: "SANTRI", kota: "Malang", prov: "Jawa Timur", bio: BIOS_S[4], titl...
[INFO] [stdout]    |     ^^^^^^ not found in this scope
[INFO] [stdout] 
[INFO] [stdout] 
[INFO] [stdout] error[E0425]: cannot find value `BIOS_S` in this scope
[INFO] [stdout]   --> src/bin/seed_people_data.rs:95:118
[INFO] [stdout]    |
[INFO] [stdout] 95 | ...ANTRI", kota: "Malang", prov: "Jawa Timur", bio: BIOS_S[4], title: "", spec: &[] },
[INFO] [stdout]    |                                                     ^^^^^^ not found in this scope
[INFO] [stdout] 
[INFO] [stdout] 
[INFO] [stdout] error[E0422]: cannot find struct, variant or union type `Person` in this scope
[INFO] [stdout]   --> src/bin/seed_people_data.rs:96:5
[INFO] [stdout]    |
[INFO] [stdout] 96 |     Person { first: "Wulan", last: "Ramadhani Putri", gender: "F", role: "SANTRI", kota: "Gresik", prov: "Jawa Timur", bio: BIOS_S[5...
[INFO] [stdout]    |     ^^^^^^ not found in this scope
[INFO] [stdout] 
[INFO] [stdout] 
[INFO] [stdout] error[E0425]: cannot find value `BIOS_S` in this scope
[INFO] [stdout]   --> src/bin/seed_people_data.rs:96:125
[INFO] [stdout]    |
[INFO] [stdout] 96 | ...ANTRI", kota: "Gresik", prov: "Jawa Timur", bio: BIOS_S[5], title: "", spec: &[] },
[INFO] [stdout]    |                                                     ^^^^^^ not found in this scope
[INFO] [stdout] 
[INFO] [stdout] 
[INFO] [stdout] error[E0422]: cannot find struct, variant or union type `Person` in this scope
[INFO] [stdout]   --> src/bin/seed_people_data.rs:97:5
[INFO] [stdout]    |
[INFO] [stdout] 97 |     Person { first: "Fitri", last: "Nur Hasanah", gender: "F", role: "SANTRI", kota: "Jakarta", prov: "DKI Jakarta", bio: BIOS_S[6],...
[INFO] [stdout]    |     ^^^^^^ not found in this scope
[INFO] [stdout] 
[INFO] [stdout] 
[INFO] [stdout] error[E0425]: cannot find value `BIOS_S` in this scope
[INFO] [stdout]   --> src/bin/seed_people_data.rs:97:123
[INFO] [stdout]    |
[INFO] [stdout] 97 | ...TRI", kota: "Jakarta", prov: "DKI Jakarta", bio: BIOS_S[6], title: "", spec: &[] },
[INFO] [stdout]    |                                                     ^^^^^^ not found in this scope
[INFO] [stdout] 
[INFO] [stdout] 
[INFO] [stdout] error[E0422]: cannot find struct, variant or union type `Person` in this scope
[INFO] [stdout]   --> src/bin/seed_people_data.rs:98:5
[INFO] [stdout]    |
[INFO] [stdout] 98 |     Person { first: "Intan", last: "Permata Sari", gender: "F", role: "SANTRI", kota: "Bandung", prov: "Jawa Barat", bio: BIOS_S[7],...
[INFO] [stdout]    |     ^^^^^^ not found in this scope
[INFO] [stdout] 
[INFO] [stdout] 
[INFO] [stdout] error[E0425]: cannot find value `BIOS_S` in this scope
[INFO] [stdout]   --> src/bin/seed_people_data.rs:98:123
[INFO] [stdout]    |
[INFO] [stdout] 98 | ...NTRI", kota: "Bandung", prov: "Jawa Barat", bio: BIOS_S[7], title: "", spec: &[] },
[INFO] [stdout]    |                                                     ^^^^^^ not found in this scope
[INFO] [stdout] 
[INFO] [stdout] 
[INFO] [stdout] error[E0422]: cannot find struct, variant or union type `Person` in this scope
[INFO] [stdout]   --> src/bin/seed_people_data.rs:99:5
[INFO] [stdout]    |
[INFO] [stdout] 99 |     Person { first: "Desi", last: "Ratnasari", gender: "F", role: "SANTRI", kota: "Bekasi", prov: "Jawa Barat", bio: BIOS_S[0], titl...
[INFO] [stdout]    |     ^^^^^^ not found in this scope
[INFO] [stdout] 
[INFO] [stdout] 
[INFO] [stdout] error[E0425]: cannot find value `BIOS_S` in this scope
[INFO] [stdout]   --> src/bin/seed_people_data.rs:99:118
[INFO] [stdout]    |
[INFO] [stdout] 99 | ...ANTRI", kota: "Bekasi", prov: "Jawa Barat", bio: BIOS_S[0], title: "", spec: &[] },
[INFO] [stdout]    |                                                     ^^^^^^ not found in this scope
[INFO] [stdout] 
[INFO] [stdout] 
[INFO] [stdout] error[E0422]: cannot find struct, variant or union type `Person` in this scope
[INFO] [stdout]    --> src/bin/seed_people_data.rs:100:5
[INFO] [stdout]     |
[INFO] [stdout] 100 |     Person { first: "Ayu", last: "Lestari", gender: "F", role: "SANTRI", kota: "Tasikmalaya", prov: "Jawa Barat", bio: BIOS_S[1], t...
[INFO] [stdout]     |     ^^^^^^ not found in this scope
[INFO] [stdout] 
[INFO] [stdout] 
[INFO] [stdout] error[E0425]: cannot find value `BIOS_S` in this scope
[INFO] [stdout]    --> src/bin/seed_people_data.rs:100:120
[INFO] [stdout]     |
[INFO] [stdout] 100 | ...", kota: "Tasikmalaya", prov: "Jawa Barat", bio: BIOS_S[1], title: "", spec: &[] },
[INFO] [stdout]     |                                                     ^^^^^^ not found in this scope
[INFO] [stdout] 
[INFO] [stdout] 
[INFO] [stdout] error[E0422]: cannot find struct, variant or union type `Person` in this scope
[INFO] [stdout]    --> src/bin/seed_people_data.rs:101:5
[INFO] [stdout]     |
[INFO] [stdout] 101 |     Person { first: "Sari", last: "Wulandari", gender: "F", role: "SANTRI", kota: "Yogyakarta", prov: "DI Yogyakarta", bio: BIOS_S[...
[INFO] [stdout]     |     ^^^^^^ not found in this scope
[INFO] [stdout] 
[INFO] [stdout] 
[INFO] [stdout] error[E0425]: cannot find value `BIOS_S` in this scope
[INFO] [stdout]    --> src/bin/seed_people_data.rs:101:125
[INFO] [stdout]     |
[INFO] [stdout] 101 | ... kota: "Yogyakarta", prov: "DI Yogyakarta", bio: BIOS_S[2], title: "", spec: &[] },
[INFO] [stdout]     |                                                     ^^^^^^ not found in this scope
[INFO] [stdout] 
[INFO] [stdout] 
[INFO] [stdout] error[E0422]: cannot find struct, variant or union type `Person` in this scope
[INFO] [stdout]    --> src/bin/seed_people_data.rs:102:5
[INFO] [stdout]     |
[INFO] [stdout] 102 |     Person { first: "Tiara", last: "Safitri", gender: "F", role: "SANTRI", kota: "Solo", prov: "Jawa Tengah", bio: BIOS_S[3], title...
[INFO] [stdout]     |     ^^^^^^ not found in this scope
[INFO] [stdout] 
[INFO] [stdout] 
[INFO] [stdout] error[E0425]: cannot find value `BIOS_S` in this scope
[INFO] [stdout]    --> src/bin/seed_people_data.rs:102:116
[INFO] [stdout]     |
[INFO] [stdout] 102 | ...SANTRI", kota: "Solo", prov: "Jawa Tengah", bio: BIOS_S[3], title: "", spec: &[] },
[INFO] [stdout]     |                                                     ^^^^^^ not found in this scope
[INFO] [stdout] 
[INFO] [stdout] 
[INFO] [stdout] error[E0422]: cannot find struct, variant or union type `Person` in this scope
[INFO] [stdout]    --> src/bin/seed_people_data.rs:103:5
[INFO] [stdout]     |
[INFO] [stdout] 103 |     Person { first: "Nadia", last: "Khusnul Khotimah", gender: "F", role: "SANTRI", kota: "Semarang", prov: "Jawa Tengah", bio: BIO...
[INFO] [stdout]     |     ^^^^^^ not found in this scope
[INFO] [stdout] 
[INFO] [stdout] 
[INFO] [stdout] error[E0425]: cannot find value `BIOS_S` in this scope
[INFO] [stdout]    --> src/bin/seed_people_data.rs:103:129
[INFO] [stdout]     |
[INFO] [stdout] 103 | ...RI", kota: "Semarang", prov: "Jawa Tengah", bio: BIOS_S[4], title: "", spec: &[] },
[INFO] [stdout]     |                                                     ^^^^^^ not found in this scope
[INFO] [stdout] 
[INFO] [stdout] 
[INFO] [stdout] error[E0422]: cannot find struct, variant or union type `Person` in this scope
[INFO] [stdout]    --> src/bin/seed_people_data.rs:104:5
[INFO] [stdout]     |
[INFO] [stdout] 104 |     Person { first: "Ratna", last: "Juwita", gender: "F", role: "SANTRI", kota: "Surabaya", prov: "Jawa Timur", bio: BIOS_S[5], tit...
[INFO] [stdout]     |     ^^^^^^ not found in this scope
[INFO] [stdout] 
[INFO] [stdout] 
[INFO] [stdout] error[E0425]: cannot find value `BIOS_S` in this scope
[INFO] [stdout]    --> src/bin/seed_people_data.rs:104:118
[INFO] [stdout]     |
[INFO] [stdout] 104 | ...TRI", kota: "Surabaya", prov: "Jawa Timur", bio: BIOS_S[5], title: "", spec: &[] },
[INFO] [stdout]     |                                                     ^^^^^^ not found in this scope
[INFO] [stdout] 
[INFO] [stdout] 
[INFO] [stdout] error[E0422]: cannot find struct, variant or union type `Person` in this scope
[INFO] [stdout]    --> src/bin/seed_people_data.rs:105:5
[INFO] [stdout]     |
[INFO] [stdout] 105 |     Person { first: "Elsa", last: "Nurjanah", gender: "F", role: "SANTRI", kota: "Malang", prov: "Jawa Timur", bio: BIOS_S[6], titl...
[INFO] [stdout]     |     ^^^^^^ not found in this scope
[INFO] [stdout] 
[INFO] [stdout] 
[INFO] [stdout] error[E0425]: cannot find value `BIOS_S` in this scope
[INFO] [stdout]    --> src/bin/seed_people_data.rs:105:117
[INFO] [stdout]     |
[INFO] [stdout] 105 | ...ANTRI", kota: "Malang", prov: "Jawa Timur", bio: BIOS_S[6], title: "", spec: &[] },
[INFO] [stdout]     |                                                     ^^^^^^ not found in this scope
[INFO] [stdout] 
[INFO] [stdout] 
[INFO] [stdout] error[E0422]: cannot find struct, variant or union type `Person` in this scope
[INFO] [stdout]    --> src/bin/seed_people_data.rs:106:5
[INFO] [stdout]     |
[INFO] [stdout] 106 |     Person { first: "Vina", last: "Oktaviani", gender: "F", role: "SANTRI", kota: "Gresik", prov: "Jawa Timur", bio: BIOS_S[7], tit...
[INFO] [stdout]     |     ^^^^^^ not found in this scope
[INFO] [stdout] 
[INFO] [stdout] 
[INFO] [stdout] error[E0425]: cannot find value `BIOS_S` in this scope
[INFO] [stdout]    --> src/bin/seed_people_data.rs:106:118
[INFO] [stdout]     |
[INFO] [stdout] 106 | ...ANTRI", kota: "Gresik", prov: "Jawa Timur", bio: BIOS_S[7], title: "", spec: &[] },
[INFO] [stdout]     |                                                     ^^^^^^ not found in this scope
[INFO] [stdout] 
[INFO] [stdout] 
[INFO] [stdout] Some errors have detailed explanations: E0422, E0425.
[INFO] [stdout] 
[INFO] [stdout] For more information about an error, try `rustc --explain E0422`.
[INFO] [stdout] 
[INFO] [stderr] error: could not compile `mq-backend` (bin "seed_people_data" test) due to 171 previous errors
[INFO] [stderr] warning: unused dependency `aws-config`
[INFO] [stderr]   --> Cargo.toml:23:15
[INFO] [stderr]    |
[INFO] [stderr] 23 | [dependencies.aws-config]
[INFO] [stderr]    |               ^^^^^^^^^^^
[INFO] [stderr]    |
[INFO] [stderr]    = note: `cargo::unused_dependencies` is set to `warn` by default
[INFO] [stderr] help: consider removing the dependency on `aws-config`
[INFO] [stderr] warning: unused dependency `config`
[INFO] [stderr]   --> Cargo.toml:41:15
[INFO] [stderr]    |
[INFO] [stderr] 41 | [dependencies.config]
[INFO] [stderr]    |               ^^^^^^^
[INFO] [stderr]    |
[INFO] [stderr] help: consider removing the dependency on `config`
[INFO] [stderr] warning: unused dependency `governor`
[INFO] [stderr]   --> Cargo.toml:16:1
[INFO] [stderr]    |
[INFO] [stderr] 16 | governor = "0.10"
[INFO] [stderr]    | ^^^^^^^^^^^^^^^^^
[INFO] [stderr]    |
[INFO] [stderr] help: consider removing the dependency on `governor`
[INFO] [stderr] warning: unused dependency `validator`
[INFO] [stderr]   --> Cargo.toml:80:15
[INFO] [stderr]    |
[INFO] [stderr] 80 | [dependencies.validator]
[INFO] [stderr]    |               ^^^^^^^^^^
[INFO] [stderr]    |
[INFO] [stderr] help: consider removing the dependency on `validator`
[INFO] [stderr] warning: `mq-backend` (manifest) generated 4 warnings
[INFO] running `Command { std: "docker" "inspect" "5522ae16e20235f2e3b5825aca4b3ecafcdf16db1744048e68266a420799e7e2", kill_on_drop: false }`
[INFO] running `Command { std: "docker" "rm" "-f" "5522ae16e20235f2e3b5825aca4b3ecafcdf16db1744048e68266a420799e7e2", kill_on_drop: false }`
[INFO] [stdout] 5522ae16e20235f2e3b5825aca4b3ecafcdf16db1744048e68266a420799e7e2
