[INFO] cloning repository https://github.com/jasper-gis/CodexQuota
[INFO] running `Command { std: "git" "-c" "credential.helper=" "-c" "credential.helper=/workspace/cargo-home/bin/git-credential-null" "clone" "--bare" "https://github.com/jasper-gis/CodexQuota" "/workspace/cache/git-repos/https%3A%2F%2Fgithub.com%2Fjasper-gis%2FCodexQuota", kill_on_drop: false }`
[INFO] [stderr] Cloning into bare repository '/workspace/cache/git-repos/https%3A%2F%2Fgithub.com%2Fjasper-gis%2FCodexQuota'...
[INFO] running `Command { std: "git" "rev-parse" "HEAD", kill_on_drop: false }`
[INFO] [stdout] 9707e1f87ddb8aef1110eb517776751cdfca62c3
[INFO] checking jasper-gis/CodexQuota against 3154cc1a3e6424e44f438a95007d043ed5ceaaf6 for pr-133502-30
[INFO] running `Command { std: "git" "clone" "/workspace/cache/git-repos/https%3A%2F%2Fgithub.com%2Fjasper-gis%2FCodexQuota" "/workspace/builds/worker-4-tc2/source", kill_on_drop: false }`
[INFO] [stderr] Cloning into '/workspace/builds/worker-4-tc2/source'...
[INFO] [stderr] done.
[INFO] started tweaking git repo https://github.com/jasper-gis/CodexQuota
[INFO] finished tweaking git repo https://github.com/jasper-gis/CodexQuota
[INFO] tweaked toml for git repo https://github.com/jasper-gis/CodexQuota written to /workspace/builds/worker-4-tc2/source/Cargo.toml
[INFO] validating manifest of git repo https://github.com/jasper-gis/CodexQuota on toolchain 3154cc1a3e6424e44f438a95007d043ed5ceaaf6
[INFO] running `Command { std: CARGO_HOME="/workspace/cargo-home" RUSTUP_HOME="/workspace/rustup-home" "/workspace/cargo-home/bin/cargo" "+3154cc1a3e6424e44f438a95007d043ed5ceaaf6" "metadata" "--manifest-path" "Cargo.toml" "--no-deps", kill_on_drop: false }`
[INFO] crate git repo https://github.com/jasper-gis/CodexQuota already has a lockfile, it will not be regenerated
[INFO] running `Command { std: CARGO_HOME="/workspace/cargo-home" RUSTUP_HOME="/workspace/rustup-home" "/workspace/cargo-home/bin/cargo" "+3154cc1a3e6424e44f438a95007d043ed5ceaaf6" "fetch" "--manifest-path" "Cargo.toml", kill_on_drop: false }`
[INFO] running `Command { std: "docker" "create" "-v" "/var/lib/crater-agent-workspace/builds/worker-4-tc2/source:/opt/rustwide/workdir:ro,Z" "-v" "/var/lib/crater-agent-workspace/builds/worker-4-tc2/target:/opt/rustwide/target:rw,Z" "-v" "/var/lib/crater-agent-workspace/cargo-home:/opt/rustwide/cargo-home:ro,Z" "-v" "/var/lib/crater-agent-workspace/rustup-home:/opt/rustwide/rustup-home:ro,Z" "-m" "1610612736" "--network" "none" "ghcr.io/rust-lang/crates-build-env/linux@sha256:77db811e55d90add9212f6832c23229e3de5f1c1f9905e8cb07319ea15df73ac" "sleep" "infinity", kill_on_drop: false }`
[INFO] [stdout] fcca3fe008df3c733ebc70701cd9bde04a04b692935cfef2093a78f62dc7686e
[INFO] running `Command { std: "docker" "start" "fcca3fe008df3c733ebc70701cd9bde04a04b692935cfef2093a78f62dc7686e", kill_on_drop: false }`
[INFO] running `Command { std: "docker" "inspect" "fcca3fe008df3c733ebc70701cd9bde04a04b692935cfef2093a78f62dc7686e", kill_on_drop: false }`
[INFO] running `Command { std: "docker" "exec" "-e" "SOURCE_DIR=/opt/rustwide/workdir" "-e" "CARGO_HOME=/opt/rustwide/cargo-home" "-e" "RUSTUP_HOME=/opt/rustwide/rustup-home" "-e" "CARGO_TARGET_DIR=/opt/rustwide/target" "-w" "/opt/rustwide/workdir" "--user" "0:0" "fcca3fe008df3c733ebc70701cd9bde04a04b692935cfef2093a78f62dc7686e" "/opt/rustwide/cargo-home/bin/cargo" "+3154cc1a3e6424e44f438a95007d043ed5ceaaf6" "metadata" "--no-deps" "--format-version=1", kill_on_drop: false }`
[INFO] running `Command { std: "docker" "inspect" "fcca3fe008df3c733ebc70701cd9bde04a04b692935cfef2093a78f62dc7686e", kill_on_drop: false }`
[INFO] running `Command { std: "docker" "exec" "-e" "SOURCE_DIR=/opt/rustwide/workdir" "-e" "CARGO_HOME=/opt/rustwide/cargo-home" "-e" "RUSTUP_HOME=/opt/rustwide/rustup-home" "-e" "CARGO_TARGET_DIR=/opt/rustwide/target" "-e" "CARGO_INCREMENTAL=0" "-e" "RUST_BACKTRACE=full" "-e" "RUSTFLAGS=--cap-lints=forbid" "-e" "RUSTDOCFLAGS=--cap-lints=forbid" "-w" "/opt/rustwide/workdir" "--user" "0:0" "fcca3fe008df3c733ebc70701cd9bde04a04b692935cfef2093a78f62dc7686e" "/opt/rustwide/cargo-home/bin/cargo" "+3154cc1a3e6424e44f438a95007d043ed5ceaaf6" "check" "--frozen" "--all" "--all-targets" "--message-format=json", kill_on_drop: false }`
[INFO] [stderr]    Compiling serde v1.0.229
[INFO] [stderr]    Compiling windows_x86_64_gnu v0.52.6
[INFO] [stderr]    Compiling serde_core v1.0.229
[INFO] [stderr]     Checking windows-targets v0.52.6
[INFO] [stderr]     Checking windows-sys v0.52.0
[INFO] [stderr]    Compiling toml v0.5.11
[INFO] [stderr]    Compiling winres v0.1.12
[INFO] [stderr]    Compiling codex-quota v0.1.0 (/opt/rustwide/workdir)
[INFO] [stderr]     Checking serde_json v1.0.151
[INFO] [stdout] error[E0433]: cannot find `windows` in `os`
[INFO] [stdout]  --> src/rpc.rs:5:14
[INFO] [stdout]   |
[INFO] [stdout] 5 | use std::os::windows::process::CommandExt;
[INFO] [stdout]   |              ^^^^^^^ could not find `windows` in `os`
[INFO] [stdout]   |
[INFO] [stdout] note: found an item that was configured out
[INFO] [stdout]  --> /rustc/3154cc1a3e6424e44f438a95007d043ed5ceaaf6/library/std/src/os/mod.rs:62:4
[INFO] [stdout]   |
[INFO] [stdout]   = note: the item is gated behind the `windows` feature
[INFO] [stdout] 
[INFO] [stdout] 
[INFO] [stdout] error[E0433]: cannot find `windows` in `os`
[INFO] [stdout]  --> src/settings.rs:1:14
[INFO] [stdout]   |
[INFO] [stdout] 1 | use std::os::windows::process::CommandExt;
[INFO] [stdout]   |              ^^^^^^^ could not find `windows` in `os`
[INFO] [stdout]   |
[INFO] [stdout] note: found an item that was configured out
[INFO] [stdout]  --> /rustc/3154cc1a3e6424e44f438a95007d043ed5ceaaf6/library/std/src/os/mod.rs:62:4
[INFO] [stdout]   |
[INFO] [stdout]   = note: the item is gated behind the `windows` feature
[INFO] [stdout] 
[INFO] [stdout] 
[INFO] [stdout] error[E0433]: cannot find `windows` in `os`
[INFO] [stdout]  --> src/startup.rs:1:14
[INFO] [stdout]   |
[INFO] [stdout] 1 | use std::os::windows::process::CommandExt;
[INFO] [stdout]   |              ^^^^^^^ could not find `windows` in `os`
[INFO] [stdout]   |
[INFO] [stdout] note: found an item that was configured out
[INFO] [stdout]  --> /rustc/3154cc1a3e6424e44f438a95007d043ed5ceaaf6/library/std/src/os/mod.rs:62:4
[INFO] [stdout]   |
[INFO] [stdout]   = note: the item is gated behind the `windows` feature
[INFO] [stdout] 
[INFO] [stdout] 
[INFO] [stdout] error[E0433]: cannot find `windows` in `os`
[INFO] [stdout]  --> src/system_usage.rs:2:14
[INFO] [stdout]   |
[INFO] [stdout] 2 | use std::os::windows::process::CommandExt;
[INFO] [stdout]   |              ^^^^^^^ could not find `windows` in `os`
[INFO] [stdout]   |
[INFO] [stdout] note: found an item that was configured out
[INFO] [stdout]  --> /rustc/3154cc1a3e6424e44f438a95007d043ed5ceaaf6/library/std/src/os/mod.rs:62:4
[INFO] [stdout]   |
[INFO] [stdout]   = note: the item is gated behind the `windows` feature
[INFO] [stdout] 
[INFO] [stdout] 
[INFO] [stdout] error[E0433]: cannot find `windows` in `os`
[INFO] [stdout]  --> src/rpc.rs:5:14
[INFO] [stdout]   |
[INFO] [stdout] 5 | use std::os::windows::process::CommandExt;
[INFO] [stdout]   |              ^^^^^^^ could not find `windows` in `os`
[INFO] [stdout]   |
[INFO] [stdout] note: found an item that was configured out
[INFO] [stdout]  --> /rustc/3154cc1a3e6424e44f438a95007d043ed5ceaaf6/library/std/src/os/mod.rs:62:4
[INFO] [stdout]   |
[INFO] [stdout]   = note: the item is gated behind the `windows` feature
[INFO] [stdout] 
[INFO] [stdout] 
[INFO] [stdout] error[E0433]: cannot find `windows` in `os`
[INFO] [stdout]  --> src/settings.rs:1:14
[INFO] [stdout]   |
[INFO] [stdout] 1 | use std::os::windows::process::CommandExt;
[INFO] [stdout]   |              ^^^^^^^ could not find `windows` in `os`
[INFO] [stdout]   |
[INFO] [stdout] note: found an item that was configured out
[INFO] [stdout]  --> /rustc/3154cc1a3e6424e44f438a95007d043ed5ceaaf6/library/std/src/os/mod.rs:62:4
[INFO] [stdout]   |
[INFO] [stdout]   = note: the item is gated behind the `windows` feature
[INFO] [stdout] 
[INFO] [stdout] 
[INFO] [stdout] error[E0433]: cannot find `windows` in `os`
[INFO] [stdout]  --> src/startup.rs:1:14
[INFO] [stdout]   |
[INFO] [stdout] 1 | use std::os::windows::process::CommandExt;
[INFO] [stdout]   |              ^^^^^^^ could not find `windows` in `os`
[INFO] [stdout]   |
[INFO] [stdout] note: found an item that was configured out
[INFO] [stdout]  --> /rustc/3154cc1a3e6424e44f438a95007d043ed5ceaaf6/library/std/src/os/mod.rs:62:4
[INFO] [stdout]   |
[INFO] [stdout]   = note: the item is gated behind the `windows` feature
[INFO] [stdout] 
[INFO] [stdout] 
[INFO] [stdout] error[E0433]: cannot find `windows` in `os`
[INFO] [stdout]  --> src/system_usage.rs:2:14
[INFO] [stdout]   |
[INFO] [stdout] 2 | use std::os::windows::process::CommandExt;
[INFO] [stdout]   |              ^^^^^^^ could not find `windows` in `os`
[INFO] [stdout]   |
[INFO] [stdout] note: found an item that was configured out
[INFO] [stdout]  --> /rustc/3154cc1a3e6424e44f438a95007d043ed5ceaaf6/library/std/src/os/mod.rs:62:4
[INFO] [stdout]   |
[INFO] [stdout]   = note: the item is gated behind the `windows` feature
[INFO] [stdout] 
[INFO] [stdout] 
[INFO] [stdout] error[E0599]: no method named `creation_flags` found for mutable reference `&mut Command` in the current scope
[INFO] [stdout]    --> src/rpc.rs:117:14
[INFO] [stdout]     |
[INFO] [stdout] 112 |         match Command::new(&candidate)
[INFO] [stdout] 113 |             .arg("app-server")
[INFO] [stdout] 114 |             .stdin(Stdio::piped())
[INFO] [stdout] 115 |             .stdout(Stdio::piped())
[INFO] [stdout] 116 |             .stderr(Stdio::null())
[INFO] [stdout] 117 |             .creation_flags(CREATE_NO_WINDOW)
[INFO] [stdout]     |              ^^^^^^^^^^^^^^ method not found in `&mut Command`
[INFO] [stdout] 
[INFO] [stdout] 
[INFO] [stdout] error[E0599]: no method named `creation_flags` found for mutable reference `&mut Command` in the current scope
[INFO] [stdout]    --> src/rpc.rs:117:14
[INFO] [stdout]     |
[INFO] [stdout] 112 |         match Command::new(&candidate)
[INFO] [stdout] 113 |             .arg("app-server")
[INFO] [stdout] 114 |             .stdin(Stdio::piped())
[INFO] [stdout] 115 |             .stdout(Stdio::piped())
[INFO] [stdout] 116 |             .stderr(Stdio::null())
[INFO] [stdout] 117 |             .creation_flags(CREATE_NO_WINDOW)
[INFO] [stdout]     |              ^^^^^^^^^^^^^^ method not found in `&mut Command`
[INFO] [stdout] 
[INFO] [stdout] 
[INFO] [stdout] error[E0599]: no method named `creation_flags` found for struct `Command` in the current scope
[INFO] [stdout]   --> src/settings.rs:15:13
[INFO] [stdout]    |
[INFO] [stdout] 15 |     command.creation_flags(CREATE_NO_WINDOW);
[INFO] [stdout]    |             ^^^^^^^^^^^^^^ method not found in `Command`
[INFO] [stdout] 
[INFO] [stdout] 
[INFO] [stdout] error[E0599]: no method named `creation_flags` found for struct `Command` in the current scope
[INFO] [stdout]   --> src/startup.rs:11:13
[INFO] [stdout]    |
[INFO] [stdout] 11 |     command.creation_flags(CREATE_NO_WINDOW);
[INFO] [stdout]    |             ^^^^^^^^^^^^^^ method not found in `Command`
[INFO] [stdout] 
[INFO] [stdout] 
[INFO] [stdout] error[E0599]: no method named `creation_flags` found for struct `Command` in the current scope
[INFO] [stdout]   --> src/system_usage.rs:91:13
[INFO] [stdout]    |
[INFO] [stdout] 91 |     command.creation_flags(CREATE_NO_WINDOW);
[INFO] [stdout]    |             ^^^^^^^^^^^^^^ method not found in `Command`
[INFO] [stdout] 
[INFO] [stdout] 
[INFO] [stdout] error[E0599]: no method named `creation_flags` found for struct `Command` in the current scope
[INFO] [stdout]   --> src/settings.rs:15:13
[INFO] [stdout]    |
[INFO] [stdout] 15 |     command.creation_flags(CREATE_NO_WINDOW);
[INFO] [stdout]    |             ^^^^^^^^^^^^^^ method not found in `Command`
[INFO] [stdout] 
[INFO] [stdout] 
[INFO] [stdout] error[E0599]: no method named `creation_flags` found for struct `Command` in the current scope
[INFO] [stdout]   --> src/startup.rs:11:13
[INFO] [stdout]    |
[INFO] [stdout] 11 |     command.creation_flags(CREATE_NO_WINDOW);
[INFO] [stdout]    |             ^^^^^^^^^^^^^^ method not found in `Command`
[INFO] [stdout] 
[INFO] [stdout] 
[INFO] [stdout] error[E0599]: no method named `creation_flags` found for struct `Command` in the current scope
[INFO] [stdout]   --> src/system_usage.rs:91:13
[INFO] [stdout]    |
[INFO] [stdout] 91 |     command.creation_flags(CREATE_NO_WINDOW);
[INFO] [stdout]    |             ^^^^^^^^^^^^^^ method not found in `Command`
[INFO] [stdout] 
[INFO] [stdout] 
[INFO] [stdout] Some errors have detailed explanations: E0433, E0599.
[INFO] [stdout] 
[INFO] [stdout] For more information about an error, try `rustc --explain E0433`.
[INFO] [stdout] 
[INFO] [stderr] error: could not compile `codex-quota` (bin "codex-quota") due to 8 previous errors
[INFO] [stderr] warning: build failed, waiting for other jobs to finish...
[INFO] [stdout] Some errors have detailed explanations: E0433, E0599.
[INFO] [stdout] 
[INFO] [stdout] For more information about an error, try `rustc --explain E0433`.
[INFO] [stdout] 
[INFO] [stderr] error: could not compile `codex-quota` (bin "codex-quota" test) due to 8 previous errors
[INFO] [stderr] warning: unused dependency `winres`
[INFO] [stderr]  --> Cargo.toml:2:1
[INFO] [stderr]   |
[INFO] [stderr] 2 | winres = "0.1"
[INFO] [stderr]   | ^^^^^^^^^^^^^^
[INFO] [stderr]   |
[INFO] [stderr]   = note: `cargo::unused_dependencies` is set to `warn` by default
[INFO] [stderr] help: consider removing the dependency on `winres`
[INFO] [stderr] warning: `codex-quota` (manifest) generated 1 warning
[INFO] running `Command { std: "docker" "inspect" "fcca3fe008df3c733ebc70701cd9bde04a04b692935cfef2093a78f62dc7686e", kill_on_drop: false }`
[INFO] running `Command { std: "docker" "rm" "-f" "fcca3fe008df3c733ebc70701cd9bde04a04b692935cfef2093a78f62dc7686e", kill_on_drop: false }`
[INFO] [stdout] fcca3fe008df3c733ebc70701cd9bde04a04b692935cfef2093a78f62dc7686e
