[INFO] cloning repository https://github.com/jankohoutek/rusted_roller
[INFO] running `Command { std: "git" "-c" "credential.helper=" "-c" "credential.helper=/workspace/cargo-home/bin/git-credential-null" "clone" "--bare" "https://github.com/jankohoutek/rusted_roller" "/workspace/cache/git-repos/https%3A%2F%2Fgithub.com%2Fjankohoutek%2Frusted_roller", kill_on_drop: false }`
[INFO] [stderr] Cloning into bare repository '/workspace/cache/git-repos/https%3A%2F%2Fgithub.com%2Fjankohoutek%2Frusted_roller'...
[INFO] running `Command { std: "git" "rev-parse" "HEAD", kill_on_drop: false }`
[INFO] [stdout] f2b68594e4f2e9ac21ff5c97118eeef4baf2c0c2
[INFO] checking jankohoutek/rusted_roller against 3154cc1a3e6424e44f438a95007d043ed5ceaaf6+rustflags=-Znext-solver=coherence for pr-133502-30
[INFO] running `Command { std: "git" "clone" "/workspace/cache/git-repos/https%3A%2F%2Fgithub.com%2Fjankohoutek%2Frusted_roller" "/workspace/builds/worker-4-tc1/source", kill_on_drop: false }`
[INFO] [stderr] Cloning into '/workspace/builds/worker-4-tc1/source'...
[INFO] [stderr] done.
[INFO] started tweaking git repo https://github.com/jankohoutek/rusted_roller
[INFO] finished tweaking git repo https://github.com/jankohoutek/rusted_roller
[INFO] tweaked toml for git repo https://github.com/jankohoutek/rusted_roller written to /workspace/builds/worker-4-tc1/source/Cargo.toml
[INFO] validating manifest of git repo https://github.com/jankohoutek/rusted_roller on toolchain 3154cc1a3e6424e44f438a95007d043ed5ceaaf6
[INFO] running `Command { std: CARGO_HOME="/workspace/cargo-home" RUSTUP_HOME="/workspace/rustup-home" "/workspace/cargo-home/bin/cargo" "+3154cc1a3e6424e44f438a95007d043ed5ceaaf6" "metadata" "--manifest-path" "Cargo.toml" "--no-deps", kill_on_drop: false }`
[INFO] crate git repo https://github.com/jankohoutek/rusted_roller already has a lockfile, it will not be regenerated
[INFO] running `Command { std: CARGO_HOME="/workspace/cargo-home" RUSTUP_HOME="/workspace/rustup-home" "/workspace/cargo-home/bin/cargo" "+3154cc1a3e6424e44f438a95007d043ed5ceaaf6" "fetch" "--manifest-path" "Cargo.toml", kill_on_drop: false }`
[INFO] [stderr] warning: Cargo.toml: unused manifest key: package.rand
[INFO] [stderr] warning: `rust_roller` (manifest) generated 1 warning
[INFO] running `Command { std: "docker" "create" "-v" "/var/lib/crater-agent-workspace/builds/worker-4-tc1/source:/opt/rustwide/workdir:ro,Z" "-v" "/var/lib/crater-agent-workspace/builds/worker-4-tc1/target:/opt/rustwide/target:rw,Z" "-v" "/var/lib/crater-agent-workspace/cargo-home:/opt/rustwide/cargo-home:ro,Z" "-v" "/var/lib/crater-agent-workspace/rustup-home:/opt/rustwide/rustup-home:ro,Z" "-m" "1610612736" "--network" "none" "ghcr.io/rust-lang/crates-build-env/linux@sha256:77db811e55d90add9212f6832c23229e3de5f1c1f9905e8cb07319ea15df73ac" "sleep" "infinity", kill_on_drop: false }`
[INFO] [stdout] 125bc2a1420256e91a555b538732b1c3a87b2c4c67009292c75eab2a755a327c
[INFO] running `Command { std: "docker" "start" "125bc2a1420256e91a555b538732b1c3a87b2c4c67009292c75eab2a755a327c", kill_on_drop: false }`
[INFO] running `Command { std: "docker" "inspect" "125bc2a1420256e91a555b538732b1c3a87b2c4c67009292c75eab2a755a327c", kill_on_drop: false }`
[INFO] running `Command { std: "docker" "exec" "-e" "SOURCE_DIR=/opt/rustwide/workdir" "-e" "CARGO_HOME=/opt/rustwide/cargo-home" "-e" "RUSTUP_HOME=/opt/rustwide/rustup-home" "-e" "CARGO_TARGET_DIR=/opt/rustwide/target" "-w" "/opt/rustwide/workdir" "--user" "0:0" "125bc2a1420256e91a555b538732b1c3a87b2c4c67009292c75eab2a755a327c" "/opt/rustwide/cargo-home/bin/cargo" "+3154cc1a3e6424e44f438a95007d043ed5ceaaf6" "metadata" "--no-deps" "--format-version=1", kill_on_drop: false }`
[INFO] running `Command { std: "docker" "inspect" "125bc2a1420256e91a555b538732b1c3a87b2c4c67009292c75eab2a755a327c", kill_on_drop: false }`
[INFO] running `Command { std: "docker" "exec" "-e" "SOURCE_DIR=/opt/rustwide/workdir" "-e" "CARGO_HOME=/opt/rustwide/cargo-home" "-e" "RUSTUP_HOME=/opt/rustwide/rustup-home" "-e" "CARGO_TARGET_DIR=/opt/rustwide/target" "-e" "CARGO_INCREMENTAL=0" "-e" "RUST_BACKTRACE=full" "-e" "RUSTFLAGS=--cap-lints=forbid -Znext-solver=coherence" "-e" "RUSTDOCFLAGS=--cap-lints=forbid" "-w" "/opt/rustwide/workdir" "--user" "0:0" "125bc2a1420256e91a555b538732b1c3a87b2c4c67009292c75eab2a755a327c" "/opt/rustwide/cargo-home/bin/cargo" "+3154cc1a3e6424e44f438a95007d043ed5ceaaf6" "check" "--frozen" "--all" "--all-targets" "--message-format=json", kill_on_drop: false }`
[INFO] [stderr] warning: Cargo.toml: unused manifest key: package.rand
[INFO] [stderr] warning: `rust_roller` (manifest) generated 1 warning
[INFO] [stderr]    Compiling libc v0.2.189
[INFO] [stderr]     Checking cpufeatures v0.3.1
[INFO] [stderr]     Checking chacha20 v0.10.2
[INFO] [stderr]     Checking getrandom v0.4.3
[INFO] [stderr]     Checking rand v0.10.2
[INFO] [stderr]     Checking rust_roller v0.1.0 (/opt/rustwide/workdir)
[INFO] [stdout] error: expected type, found `"Regular Successes (Pre-distraction)"`
[INFO] [stdout]   --> src/main.rs:23:28
[INFO] [stdout]    |
[INFO] [stdout]  8 | struct Localization {
[INFO] [stdout]    |        ------------ while parsing this struct
[INFO] [stdout] ...
[INFO] [stdout] 23 |     pre_distraction_label: "Regular Successes (Pre-distraction)",
[INFO] [stdout]    |                            ^^^^^^^^^^^^^^^^^^^^^^^^^^^^^^^^^^^^^ expected type
[INFO] [stdout] 
[INFO] [stdout] 
[INFO] [stdout] error: borrow expressions cannot be annotated with lifetimes
[INFO] [stdout]   --> src/main.rs:49:20
[INFO] [stdout]    |
[INFO] [stdout] 49 |     summary_title: &'static str = "=================================================",
[INFO] [stdout]    |                    ^--------^^^
[INFO] [stdout]    |                     |
[INFO] [stdout]    |                     annotated with lifetime here
[INFO] [stdout]    |
[INFO] [stdout] help: remove the lifetime annotation
[INFO] [stdout]    |
[INFO] [stdout] 49 -     summary_title: &'static str = "=================================================",
[INFO] [stdout] 49 +     summary_title: &str = "=================================================",
[INFO] [stdout]    |
[INFO] [stdout] 
[INFO] [stdout] 
[INFO] [stdout] error: borrow expressions cannot be annotated with lifetimes
[INFO] [stdout]   --> src/main.rs:76:20
[INFO] [stdout]    |
[INFO] [stdout] 76 |     summary_title: &'static str = "=================================================",
[INFO] [stdout]    |                    ^--------^^^
[INFO] [stdout]    |                     |
[INFO] [stdout]    |                     annotated with lifetime here
[INFO] [stdout]    |
[INFO] [stdout] help: remove the lifetime annotation
[INFO] [stdout]    |
[INFO] [stdout] 76 -     summary_title: &'static str = "=================================================",
[INFO] [stdout] 76 +     summary_title: &str = "=================================================",
[INFO] [stdout]    |
[INFO] [stdout] 
[INFO] [stdout] 
[INFO] [stdout] error: borrow expressions cannot be annotated with lifetimes
[INFO] [stdout]    --> src/main.rs:103:20
[INFO] [stdout]     |
[INFO] [stdout] 103 |     summary_title: &'static str = "=================================================",
[INFO] [stdout]     |                    ^--------^^^
[INFO] [stdout]     |                     |
[INFO] [stdout]     |                     annotated with lifetime here
[INFO] [stdout]     |
[INFO] [stdout] help: remove the lifetime annotation
[INFO] [stdout]     |
[INFO] [stdout] 103 -     summary_title: &'static str = "=================================================",
[INFO] [stdout] 103 +     summary_title: &str = "=================================================",
[INFO] [stdout]     |
[INFO] [stdout] 
[INFO] [stdout] 
[INFO] [stdout] error: borrow expressions cannot be annotated with lifetimes
[INFO] [stdout]    --> src/main.rs:130:20
[INFO] [stdout]     |
[INFO] [stdout] 130 |     summary_title: &'static str = "=================================================",
[INFO] [stdout]     |                    ^--------^^^
[INFO] [stdout]     |                     |
[INFO] [stdout]     |                     annotated with lifetime here
[INFO] [stdout]     |
[INFO] [stdout] help: remove the lifetime annotation
[INFO] [stdout]     |
[INFO] [stdout] 130 -     summary_title: &'static str = "=================================================",
[INFO] [stdout] 130 +     summary_title: &str = "=================================================",
[INFO] [stdout]     |
[INFO] [stdout] 
[INFO] [stdout] 
[INFO] [stdout] error: expected type, found `"Regular Successes (Pre-distraction)"`
[INFO] [stdout]   --> src/main.rs:23:28
[INFO] [stdout]    |
[INFO] [stdout]  8 | struct Localization {
[INFO] [stdout]    |        ------------ while parsing this struct
[INFO] [stdout] ...
[INFO] [stdout] 23 |     pre_distraction_label: "Regular Successes (Pre-distraction)",
[INFO] [stdout]    |                            ^^^^^^^^^^^^^^^^^^^^^^^^^^^^^^^^^^^^^ expected type
[INFO] [stdout] 
[INFO] [stdout] 
[INFO] [stdout] error: borrow expressions cannot be annotated with lifetimes
[INFO] [stdout]   --> src/main.rs:49:20
[INFO] [stdout]    |
[INFO] [stdout] 49 |     summary_title: &'static str = "=================================================",
[INFO] [stdout]    |                    ^--------^^^
[INFO] [stdout]    |                     |
[INFO] [stdout]    |                     annotated with lifetime here
[INFO] [stdout]    |
[INFO] [stdout] help: remove the lifetime annotation
[INFO] [stdout]    |
[INFO] [stdout] 49 -     summary_title: &'static str = "=================================================",
[INFO] [stdout] 49 +     summary_title: &str = "=================================================",
[INFO] [stdout]    |
[INFO] [stdout] 
[INFO] [stdout] 
[INFO] [stdout] error: borrow expressions cannot be annotated with lifetimes
[INFO] [stdout]   --> src/main.rs:76:20
[INFO] [stdout]    |
[INFO] [stdout] 76 |     summary_title: &'static str = "=================================================",
[INFO] [stdout]    |                    ^--------^^^
[INFO] [stdout]    |                     |
[INFO] [stdout]    |                     annotated with lifetime here
[INFO] [stdout]    |
[INFO] [stdout] help: remove the lifetime annotation
[INFO] [stdout]    |
[INFO] [stdout] 76 -     summary_title: &'static str = "=================================================",
[INFO] [stdout] 76 +     summary_title: &str = "=================================================",
[INFO] [stdout]    |
[INFO] [stdout] 
[INFO] [stdout] 
[INFO] [stdout] error: borrow expressions cannot be annotated with lifetimes
[INFO] [stdout]    --> src/main.rs:103:20
[INFO] [stdout]     |
[INFO] [stdout] 103 |     summary_title: &'static str = "=================================================",
[INFO] [stdout]     |                    ^--------^^^
[INFO] [stdout]     |                     |
[INFO] [stdout]     |                     annotated with lifetime here
[INFO] [stdout]     |
[INFO] [stdout] help: remove the lifetime annotation
[INFO] [stdout]     |
[INFO] [stdout] 103 -     summary_title: &'static str = "=================================================",
[INFO] [stdout] 103 +     summary_title: &str = "=================================================",
[INFO] [stdout]     |
[INFO] [stdout] 
[INFO] [stdout] 
[INFO] [stdout] error: borrow expressions cannot be annotated with lifetimes
[INFO] [stdout]    --> src/main.rs:130:20
[INFO] [stdout]     |
[INFO] [stdout] 130 |     summary_title: &'static str = "=================================================",
[INFO] [stdout]     |                    ^--------^^^
[INFO] [stdout]     |                     |
[INFO] [stdout]     |                     annotated with lifetime here
[INFO] [stdout]     |
[INFO] [stdout] help: remove the lifetime annotation
[INFO] [stdout]     |
[INFO] [stdout] 130 -     summary_title: &'static str = "=================================================",
[INFO] [stdout] 130 +     summary_title: &str = "=================================================",
[INFO] [stdout]     |
[INFO] [stdout] 
[INFO] [stdout] 
[INFO] [stdout] error[E0423]: cannot find value `str` in this scope
[INFO] [stdout]   --> src/main.rs:49:29
[INFO] [stdout]    |
[INFO] [stdout] 49 |     summary_title: &'static str = "=================================================",
[INFO] [stdout]    |                             ^^^ not found in this scope
[INFO] [stdout]    |
[INFO] [stdout]    = note: a builtin type named `str` exists in another namespace
[INFO] [stdout] 
[INFO] [stdout] 
[INFO] [stdout] error[E0423]: cannot find value `str` in this scope
[INFO] [stdout]   --> src/main.rs:76:29
[INFO] [stdout]    |
[INFO] [stdout] 76 |     summary_title: &'static str = "=================================================",
[INFO] [stdout]    |                             ^^^ not found in this scope
[INFO] [stdout]    |
[INFO] [stdout]    = note: a builtin type named `str` exists in another namespace
[INFO] [stdout] 
[INFO] [stdout] 
[INFO] [stdout] error[E0423]: cannot find value `str` in this scope
[INFO] [stdout]    --> src/main.rs:103:29
[INFO] [stdout]     |
[INFO] [stdout] 103 |     summary_title: &'static str = "=================================================",
[INFO] [stdout]     |                             ^^^ not found in this scope
[INFO] [stdout]     |
[INFO] [stdout]     = note: a builtin type named `str` exists in another namespace
[INFO] [stdout] 
[INFO] [stdout] 
[INFO] [stdout] error[E0423]: cannot find value `str` in this scope
[INFO] [stdout]    --> src/main.rs:130:29
[INFO] [stdout]     |
[INFO] [stdout] 130 |     summary_title: &'static str = "=================================================",
[INFO] [stdout]     |                             ^^^ not found in this scope
[INFO] [stdout]     |
[INFO] [stdout]     = note: a builtin type named `str` exists in another namespace
[INFO] [stdout] 
[INFO] [stdout] 
[INFO] [stdout] error[E0425]: cannot find function `thread_rng` in crate `rand`
[INFO] [stdout]    --> src/main.rs:299:29
[INFO] [stdout]     |
[INFO] [stdout] 299 |         let mut rng = rand::thread_rng(); 
[INFO] [stdout]     |                             ^^^^^^^^^^ not found in `rand`
[INFO] [stdout] 
[INFO] [stdout] 
[INFO] [stdout] error[E0658]: default values on fields are experimental
[INFO] [stdout]   --> src/main.rs:22:32
[INFO] [stdout]    |
[INFO] [stdout] 22 |     summary_title: &'static str = "=================================================",
[INFO] [stdout]    |                                ^^^^^^^^^^^^^^^^^^^^^^^^^^^^^^^^^^^^^^^^^^^^^^^^^^^^^^
[INFO] [stdout]    |
[INFO] [stdout]    = note: see issue #132162 <https://github.com/rust-lang/rust/issues/132162> for more information
[INFO] [stdout]    = help: add `#![feature(default_field_values)]` to the crate attributes to enable
[INFO] [stdout]    = note: this compiler was built on 2026-10-09; consider upgrading it if it is out of date
[INFO] [stdout] 
[INFO] [stdout] 
[INFO] [stdout] warning: unused import: `env`
[INFO] [stdout]  --> src/main.rs:2:15
[INFO] [stdout]   |
[INFO] [stdout] 2 | use std::{io, env};
[INFO] [stdout]   |               ^^^
[INFO] [stdout]   |
[INFO] [stdout]   = note: `#[warn(unused_imports)]` (part of `#[warn(unused)]`) on by default
[INFO] [stdout] 
[INFO] [stdout] 
[INFO] [stdout] error[E0070]: invalid left-hand side of assignment
[INFO] [stdout]   --> src/main.rs:49:33
[INFO] [stdout]    |
[INFO] [stdout] 49 |     summary_title: &'static str = "=================================================",
[INFO] [stdout]    |                    ------------ ^
[INFO] [stdout]    |                    |
[INFO] [stdout]    |                    cannot assign to this expression
[INFO] [stdout] 
[INFO] [stdout] 
[INFO] [stdout] error[E0070]: invalid left-hand side of assignment
[INFO] [stdout]   --> src/main.rs:76:33
[INFO] [stdout]    |
[INFO] [stdout] 76 |     summary_title: &'static str = "=================================================",
[INFO] [stdout]    |                    ------------ ^
[INFO] [stdout]    |                    |
[INFO] [stdout]    |                    cannot assign to this expression
[INFO] [stdout] 
[INFO] [stdout] 
[INFO] [stdout] error[E0070]: invalid left-hand side of assignment
[INFO] [stdout]    --> src/main.rs:103:33
[INFO] [stdout]     |
[INFO] [stdout] 103 |     summary_title: &'static str = "=================================================",
[INFO] [stdout]     |                    ------------ ^
[INFO] [stdout]     |                    |
[INFO] [stdout]     |                    cannot assign to this expression
[INFO] [stdout] 
[INFO] [stdout] 
[INFO] [stdout] error[E0070]: invalid left-hand side of assignment
[INFO] [stdout]    --> src/main.rs:130:33
[INFO] [stdout]     |
[INFO] [stdout] 130 |     summary_title: &'static str = "=================================================",
[INFO] [stdout]     |                    ------------ ^
[INFO] [stdout]     |                    |
[INFO] [stdout]     |                    cannot assign to this expression
[INFO] [stdout] 
[INFO] [stdout] 
[INFO] [stdout] error[E0423]: cannot find value `str` in this scope
[INFO] [stdout]   --> src/main.rs:49:29
[INFO] [stdout]    |
[INFO] [stdout] 49 |     summary_title: &'static str = "=================================================",
[INFO] [stdout]    |                             ^^^ not found in this scope
[INFO] [stdout]    |
[INFO] [stdout]    = note: a builtin type named `str` exists in another namespace
[INFO] [stdout] 
[INFO] [stdout] 
[INFO] [stdout] error[E0599]: no method named `gen_range` found for mutable reference `&mut impl Rng` in the current scope
[INFO] [stdout]    --> src/main.rs:209:30
[INFO] [stdout]     |
[INFO] [stdout] 209 |         let bonus_roll = rng.gen_range(1..=max_sides); 
[INFO] [stdout]     |                              ^^^^^^^^^ method not found in `&mut impl Rng`
[INFO] [stdout] 
[INFO] [stdout] 
[INFO] [stdout] error[E0423]: cannot find value `str` in this scope
[INFO] [stdout]   --> src/main.rs:76:29
[INFO] [stdout]    |
[INFO] [stdout] 76 |     summary_title: &'static str = "=================================================",
[INFO] [stdout]    |                             ^^^ not found in this scope
[INFO] [stdout]    |
[INFO] [stdout]    = note: a builtin type named `str` exists in another namespace
[INFO] [stdout] 
[INFO] [stdout] 
[INFO] [stdout] error[E0423]: cannot find value `str` in this scope
[INFO] [stdout]    --> src/main.rs:103:29
[INFO] [stdout]     |
[INFO] [stdout] 103 |     summary_title: &'static str = "=================================================",
[INFO] [stdout]     |                             ^^^ not found in this scope
[INFO] [stdout]     |
[INFO] [stdout]     = note: a builtin type named `str` exists in another namespace
[INFO] [stdout] 
[INFO] [stdout] 
[INFO] [stdout] error[E0423]: cannot find value `str` in this scope
[INFO] [stdout]    --> src/main.rs:130:29
[INFO] [stdout]     |
[INFO] [stdout] 130 |     summary_title: &'static str = "=================================================",
[INFO] [stdout]     |                             ^^^ not found in this scope
[INFO] [stdout]     |
[INFO] [stdout]     = note: a builtin type named `str` exists in another namespace
[INFO] [stdout] 
[INFO] [stdout] 
[INFO] [stdout] error[E0425]: cannot find function `thread_rng` in crate `rand`
[INFO] [stdout]    --> src/main.rs:299:29
[INFO] [stdout]     |
[INFO] [stdout] 299 |         let mut rng = rand::thread_rng(); 
[INFO] [stdout]     |                             ^^^^^^^^^^ not found in `rand`
[INFO] [stdout] 
[INFO] [stdout] 
[INFO] [stdout] error[E0658]: default values on fields are experimental
[INFO] [stdout]   --> src/main.rs:22:32
[INFO] [stdout]    |
[INFO] [stdout] 22 |     summary_title: &'static str = "=================================================",
[INFO] [stdout]    |                                ^^^^^^^^^^^^^^^^^^^^^^^^^^^^^^^^^^^^^^^^^^^^^^^^^^^^^^
[INFO] [stdout]    |
[INFO] [stdout]    = note: see issue #132162 <https://github.com/rust-lang/rust/issues/132162> for more information
[INFO] [stdout]    = help: add `#![feature(default_field_values)]` to the crate attributes to enable
[INFO] [stdout]    = note: this compiler was built on 2026-10-09; consider upgrading it if it is out of date
[INFO] [stdout] 
[INFO] [stdout] 
[INFO] [stdout] warning: unused import: `env`
[INFO] [stdout]  --> src/main.rs:2:15
[INFO] [stdout]   |
[INFO] [stdout] 2 | use std::{io, env};
[INFO] [stdout]   |               ^^^
[INFO] [stdout]   |
[INFO] [stdout]   = note: `#[warn(unused_imports)]` (part of `#[warn(unused)]`) on by default
[INFO] [stdout] 
[INFO] [stdout] 
[INFO] [stdout] error[E0070]: invalid left-hand side of assignment
[INFO] [stdout]   --> src/main.rs:49:33
[INFO] [stdout]    |
[INFO] [stdout] 49 |     summary_title: &'static str = "=================================================",
[INFO] [stdout]    |                    ------------ ^
[INFO] [stdout]    |                    |
[INFO] [stdout]    |                    cannot assign to this expression
[INFO] [stdout] 
[INFO] [stdout] 
[INFO] [stdout] error[E0599]: no method named `flush` found for struct `Stdout` in the current scope
[INFO] [stdout]    --> src/main.rs:243:22
[INFO] [stdout]     |
[INFO] [stdout] 243 |         io::stdout().flush().expect("Failed to flush stdout"); 
[INFO] [stdout]     |                      ^^^^^ method not found in `Stdout`
[INFO] [stdout]     |
[INFO] [stdout]    --> /rustc/3154cc1a3e6424e44f438a95007d043ed5ceaaf6/library/core/src/io/write.rs:178:7
[INFO] [stdout]     |
[INFO] [stdout]     = note: the method is available for `Stdout` here
[INFO] [stdout]     |
[INFO] [stdout]     = help: items from traits can only be used if the trait is in scope
[INFO] [stdout] help: trait `Write` which provides `flush` is implemented but not in scope; perhaps you want to import it
[INFO] [stdout]     |
[INFO] [stdout]   1 + use std::io::Write;
[INFO] [stdout]     |
[INFO] [stdout] 
[INFO] [stdout] 
[INFO] [stdout] error[E0070]: invalid left-hand side of assignment
[INFO] [stdout]   --> src/main.rs:76:33
[INFO] [stdout]    |
[INFO] [stdout] 76 |     summary_title: &'static str = "=================================================",
[INFO] [stdout]    |                    ------------ ^
[INFO] [stdout]    |                    |
[INFO] [stdout]    |                    cannot assign to this expression
[INFO] [stdout] 
[INFO] [stdout] 
[INFO] [stdout] error[E0070]: invalid left-hand side of assignment
[INFO] [stdout]    --> src/main.rs:103:33
[INFO] [stdout]     |
[INFO] [stdout] 103 |     summary_title: &'static str = "=================================================",
[INFO] [stdout]     |                    ------------ ^
[INFO] [stdout]     |                    |
[INFO] [stdout]     |                    cannot assign to this expression
[INFO] [stdout] 
[INFO] [stdout] 
[INFO] [stdout] error[E0070]: invalid left-hand side of assignment
[INFO] [stdout]    --> src/main.rs:130:33
[INFO] [stdout]     |
[INFO] [stdout] 130 |     summary_title: &'static str = "=================================================",
[INFO] [stdout]     |                    ------------ ^
[INFO] [stdout]     |                    |
[INFO] [stdout]     |                    cannot assign to this expression
[INFO] [stdout] 
[INFO] [stdout] 
[INFO] [stdout] error[E0599]: no method named `flush` found for struct `Stdout` in the current scope
[INFO] [stdout]    --> src/main.rs:264:22
[INFO] [stdout]     |
[INFO] [stdout] 264 |         io::stdout().flush().expect("Failed to flush stdout"); 
[INFO] [stdout]     |                      ^^^^^ method not found in `Stdout`
[INFO] [stdout]     |
[INFO] [stdout]    --> /rustc/3154cc1a3e6424e44f438a95007d043ed5ceaaf6/library/core/src/io/write.rs:178:7
[INFO] [stdout]     |
[INFO] [stdout]     = note: the method is available for `Stdout` here
[INFO] [stdout]     |
[INFO] [stdout]     = help: items from traits can only be used if the trait is in scope
[INFO] [stdout] help: trait `Write` which provides `flush` is implemented but not in scope; perhaps you want to import it
[INFO] [stdout]     |
[INFO] [stdout]   1 + use std::io::Write;
[INFO] [stdout]     |
[INFO] [stdout] 
[INFO] [stdout] 
[INFO] [stdout] error[E0599]: no method named `to_lowercase` found for type `bool` in the current scope
[INFO] [stdout]    --> src/main.rs:349:29
[INFO] [stdout]     |
[INFO] [stdout] 349 |         if continue_running.to_lowercase() != "true" {
[INFO] [stdout]     |                             ^^^^^^^^^^^^ method not found in `bool`
[INFO] [stdout] 
[INFO] [stdout] 
[INFO] [stdout] error[E0599]: no method named `gen_range` found for mutable reference `&mut impl Rng` in the current scope
[INFO] [stdout]    --> src/main.rs:209:30
[INFO] [stdout]     |
[INFO] [stdout] 209 |         let bonus_roll = rng.gen_range(1..=max_sides); 
[INFO] [stdout]     |                              ^^^^^^^^^ method not found in `&mut impl Rng`
[INFO] [stdout] 
[INFO] [stdout] 
[INFO] [stdout] Some errors have detailed explanations: E0070, E0423, E0425, E0599, E0658.
[INFO] [stdout] 
[INFO] [stdout] For more information about an error, try `rustc --explain E0070`.
[INFO] [stdout] 
[INFO] [stdout] error[E0599]: no method named `flush` found for struct `Stdout` in the current scope
[INFO] [stdout]    --> src/main.rs:243:22
[INFO] [stdout]     |
[INFO] [stdout] 243 |         io::stdout().flush().expect("Failed to flush stdout"); 
[INFO] [stdout]     |                      ^^^^^ method not found in `Stdout`
[INFO] [stdout]     |
[INFO] [stdout]    --> /rustc/3154cc1a3e6424e44f438a95007d043ed5ceaaf6/library/core/src/io/write.rs:178:7
[INFO] [stdout]     |
[INFO] [stdout]     = note: the method is available for `Stdout` here
[INFO] [stdout]     |
[INFO] [stdout]     = help: items from traits can only be used if the trait is in scope
[INFO] [stdout] help: trait `Write` which provides `flush` is implemented but not in scope; perhaps you want to import it
[INFO] [stdout]     |
[INFO] [stdout]   1 + use std::io::Write;
[INFO] [stdout]     |
[INFO] [stdout] 
[INFO] [stdout] 
[INFO] [stdout] error[E0599]: no method named `flush` found for struct `Stdout` in the current scope
[INFO] [stdout]    --> src/main.rs:264:22
[INFO] [stdout]     |
[INFO] [stdout] 264 |         io::stdout().flush().expect("Failed to flush stdout"); 
[INFO] [stdout]     |                      ^^^^^ method not found in `Stdout`
[INFO] [stdout]     |
[INFO] [stdout]    --> /rustc/3154cc1a3e6424e44f438a95007d043ed5ceaaf6/library/core/src/io/write.rs:178:7
[INFO] [stdout]     |
[INFO] [stdout]     = note: the method is available for `Stdout` here
[INFO] [stdout]     |
[INFO] [stdout]     = help: items from traits can only be used if the trait is in scope
[INFO] [stdout] help: trait `Write` which provides `flush` is implemented but not in scope; perhaps you want to import it
[INFO] [stdout]     |
[INFO] [stdout]   1 + use std::io::Write;
[INFO] [stdout]     |
[INFO] [stdout] 
[INFO] [stdout] 
[INFO] [stderr] error: could not compile `rust_roller` (bin "rust_roller") due to 19 previous errors; 1 warning emitted
[INFO] [stderr] warning: build failed, waiting for other jobs to finish...
[INFO] [stdout] error[E0599]: no method named `to_lowercase` found for type `bool` in the current scope
[INFO] [stdout]    --> src/main.rs:349:29
[INFO] [stdout]     |
[INFO] [stdout] 349 |         if continue_running.to_lowercase() != "true" {
[INFO] [stdout]     |                             ^^^^^^^^^^^^ method not found in `bool`
[INFO] [stdout] 
[INFO] [stdout] 
[INFO] [stdout] Some errors have detailed explanations: E0070, E0423, E0425, E0599, E0658.
[INFO] [stdout] 
[INFO] [stdout] For more information about an error, try `rustc --explain E0070`.
[INFO] [stdout] 
[INFO] [stderr] error: could not compile `rust_roller` (bin "rust_roller" test) due to 19 previous errors; 1 warning emitted
[INFO] running `Command { std: "docker" "inspect" "125bc2a1420256e91a555b538732b1c3a87b2c4c67009292c75eab2a755a327c", kill_on_drop: false }`
[INFO] running `Command { std: "docker" "rm" "-f" "125bc2a1420256e91a555b538732b1c3a87b2c4c67009292c75eab2a755a327c", kill_on_drop: false }`
[INFO] [stdout] 125bc2a1420256e91a555b538732b1c3a87b2c4c67009292c75eab2a755a327c
