[INFO] cloning repository https://github.com/janiluuk/tahti-radio-discord-bot
[INFO] running `Command { std: "git" "-c" "credential.helper=" "-c" "credential.helper=/workspace/cargo-home/bin/git-credential-null" "clone" "--bare" "https://github.com/janiluuk/tahti-radio-discord-bot" "/workspace/cache/git-repos/https%3A%2F%2Fgithub.com%2Fjaniluuk%2Ftahti-radio-discord-bot", kill_on_drop: false }`
[INFO] [stderr] Cloning into bare repository '/workspace/cache/git-repos/https%3A%2F%2Fgithub.com%2Fjaniluuk%2Ftahti-radio-discord-bot'...
[INFO] running `Command { std: "git" "rev-parse" "HEAD", kill_on_drop: false }`
[INFO] [stdout] 78a74c559161c5ffeb33e908e54172a5ac0dd548
[INFO] checking janiluuk/tahti-radio-discord-bot against 3154cc1a3e6424e44f438a95007d043ed5ceaaf6 for pr-133502-30
[INFO] running `Command { std: "git" "clone" "/workspace/cache/git-repos/https%3A%2F%2Fgithub.com%2Fjaniluuk%2Ftahti-radio-discord-bot" "/workspace/builds/worker-4-tc2/source", kill_on_drop: false }`
[INFO] [stderr] Cloning into '/workspace/builds/worker-4-tc2/source'...
[INFO] [stderr] done.
[INFO] removed /workspace/builds/worker-4-tc2/source/rust-toolchain.toml
[INFO] started tweaking git repo https://github.com/janiluuk/tahti-radio-discord-bot
[INFO] finished tweaking git repo https://github.com/janiluuk/tahti-radio-discord-bot
[INFO] tweaked toml for git repo https://github.com/janiluuk/tahti-radio-discord-bot written to /workspace/builds/worker-4-tc2/source/Cargo.toml
[INFO] validating manifest of git repo https://github.com/janiluuk/tahti-radio-discord-bot on toolchain 3154cc1a3e6424e44f438a95007d043ed5ceaaf6
[INFO] running `Command { std: CARGO_HOME="/workspace/cargo-home" RUSTUP_HOME="/workspace/rustup-home" "/workspace/cargo-home/bin/cargo" "+3154cc1a3e6424e44f438a95007d043ed5ceaaf6" "metadata" "--manifest-path" "Cargo.toml" "--no-deps", kill_on_drop: false }`
[INFO] crate git repo https://github.com/janiluuk/tahti-radio-discord-bot already has a lockfile, it will not be regenerated
[INFO] running `Command { std: CARGO_HOME="/workspace/cargo-home" RUSTUP_HOME="/workspace/rustup-home" "/workspace/cargo-home/bin/cargo" "+3154cc1a3e6424e44f438a95007d043ed5ceaaf6" "fetch" "--manifest-path" "Cargo.toml", kill_on_drop: false }`
[INFO] [stderr]     Blocking waiting for file lock on package cache
[INFO] [stderr]     Blocking waiting for file lock on package cache
[INFO] running `Command { std: "docker" "create" "-v" "/var/lib/crater-agent-workspace/builds/worker-4-tc2/source:/opt/rustwide/workdir:ro,Z" "-v" "/var/lib/crater-agent-workspace/builds/worker-4-tc2/target:/opt/rustwide/target:rw,Z" "-v" "/var/lib/crater-agent-workspace/cargo-home:/opt/rustwide/cargo-home:ro,Z" "-v" "/var/lib/crater-agent-workspace/rustup-home:/opt/rustwide/rustup-home:ro,Z" "-m" "1610612736" "--network" "none" "ghcr.io/rust-lang/crates-build-env/linux@sha256:77db811e55d90add9212f6832c23229e3de5f1c1f9905e8cb07319ea15df73ac" "sleep" "infinity", kill_on_drop: false }`
[INFO] [stdout] 572dcf32fb68b1c0e0821f27923812eaa29d5a35168fceb392239e21b308e17a
[INFO] running `Command { std: "docker" "start" "572dcf32fb68b1c0e0821f27923812eaa29d5a35168fceb392239e21b308e17a", kill_on_drop: false }`
[INFO] running `Command { std: "docker" "inspect" "572dcf32fb68b1c0e0821f27923812eaa29d5a35168fceb392239e21b308e17a", kill_on_drop: false }`
[INFO] running `Command { std: "docker" "exec" "-e" "SOURCE_DIR=/opt/rustwide/workdir" "-e" "CARGO_HOME=/opt/rustwide/cargo-home" "-e" "RUSTUP_HOME=/opt/rustwide/rustup-home" "-e" "CARGO_TARGET_DIR=/opt/rustwide/target" "-w" "/opt/rustwide/workdir" "--user" "0:0" "572dcf32fb68b1c0e0821f27923812eaa29d5a35168fceb392239e21b308e17a" "/opt/rustwide/cargo-home/bin/cargo" "+3154cc1a3e6424e44f438a95007d043ed5ceaaf6" "metadata" "--no-deps" "--format-version=1", kill_on_drop: false }`
[INFO] running `Command { std: "docker" "inspect" "572dcf32fb68b1c0e0821f27923812eaa29d5a35168fceb392239e21b308e17a", kill_on_drop: false }`
[INFO] running `Command { std: "docker" "exec" "-e" "SOURCE_DIR=/opt/rustwide/workdir" "-e" "CARGO_HOME=/opt/rustwide/cargo-home" "-e" "RUSTUP_HOME=/opt/rustwide/rustup-home" "-e" "CARGO_TARGET_DIR=/opt/rustwide/target" "-e" "CARGO_INCREMENTAL=0" "-e" "RUST_BACKTRACE=full" "-e" "RUSTFLAGS=--cap-lints=forbid" "-e" "RUSTDOCFLAGS=--cap-lints=forbid" "-w" "/opt/rustwide/workdir" "--user" "0:0" "572dcf32fb68b1c0e0821f27923812eaa29d5a35168fceb392239e21b308e17a" "/opt/rustwide/cargo-home/bin/cargo" "+3154cc1a3e6424e44f438a95007d043ed5ceaaf6" "check" "--frozen" "--all" "--all-targets" "--message-format=json", kill_on_drop: false }`
[INFO] [stderr]     Checking subtle v2.6.1
[INFO] [stderr]     Checking const-oid v0.9.6
[INFO] [stderr]     Checking log v0.4.32
[INFO] [stderr]    Compiling generic-array v0.14.7
[INFO] [stderr]    Compiling cc v1.2.63
[INFO] [stderr]     Checking memchr v2.8.1
[INFO] [stderr]    Compiling zerocopy v0.8.50
[INFO] [stderr]    Compiling syn v1.0.109
[INFO] [stderr]     Checking getrandom v0.2.17
[INFO] [stderr]    Compiling zeroize_derive v1.4.3
[INFO] [stderr]    Compiling displaydoc v0.2.6
[INFO] [stderr]     Checking yoke v0.8.3
[INFO] [stderr]     Checking pem-rfc7468 v0.7.0
[INFO] [stderr]     Checking tokio v1.52.3
[INFO] [stderr]     Checking getrandom v0.3.4
[INFO] [stderr]     Checking http v1.4.1
[INFO] [stderr]     Checking base16ct v0.2.0
[INFO] [stderr]    Compiling serde_json v1.0.150
[INFO] [stderr]    Compiling hax-lib v0.3.6
[INFO] [stderr]     Checking rand_core v0.9.5
[INFO] [stderr]     Checking tracing v0.1.44
[INFO] [stderr]    Compiling tls_codec_derive v0.4.2
[INFO] [stderr]    Compiling hax-lib-macros v0.3.6
[INFO] [stderr]     Checking rand_core v0.6.4
[INFO] [stderr]    Compiling curve25519-dalek-derive v0.1.1
[INFO] [stderr]     Checking zerovec v0.11.6
[INFO] [stderr]    Compiling strsim v0.9.3
[INFO] [stderr]    Compiling libcrux-intrinsics v0.0.6
[INFO] [stderr]     Checking ff v0.13.1
[INFO] [stderr]     Checking group v0.13.0
[INFO] [stderr]     Checking bitflags v2.12.1
[INFO] [stderr]    Compiling mime_guess v2.0.5
[INFO] [stderr]     Checking zeroize v1.8.2
[INFO] [stderr]    Compiling parking_lot_core v0.8.6
[INFO] [stderr]     Checking num-integer v0.1.46
[INFO] [stderr]     Checking arrayvec v0.7.6
[INFO] [stderr]     Checking instant v0.1.13
[INFO] [stderr]     Checking data-encoding v2.11.0
[INFO] [stderr]     Checking rustls-pki-types v1.14.1
[INFO] [stderr]     Checking futures-util v0.3.32
[INFO] [stderr]     Checking der v0.7.10
[INFO] [stderr]     Checking zerotrie v0.2.4
[INFO] [stderr]     Checking http-body v1.0.1
[INFO] [stderr]    Compiling libcrux-sha3 v0.0.8
[INFO] [stderr]     Checking libcrux-secrets v0.0.5
[INFO] [stderr]     Checking webpki-roots v1.0.7
[INFO] [stderr]     Checking tls_codec v0.4.2
[INFO] [stderr]    Compiling heck v0.3.3
[INFO] [stderr]     Checking hpke-rs-crypto v0.6.1
[INFO] [stderr]     Checking libcrux-platform v0.0.3
[INFO] [stderr]     Checking tinystr v0.8.3
[INFO] [stderr]     Checking potential_utf v0.1.5
[INFO] [stderr]     Checking bytemuck v1.25.0
[INFO] [stderr]     Checking crypto-common v0.1.7
[INFO] [stderr]     Checking block-buffer v0.10.4
[INFO] [stderr]     Checking icu_collections v2.2.0
[INFO] [stderr]     Checking inout v0.1.4
[INFO] [stderr]     Checking crypto-bigint v0.5.5
[INFO] [stderr]     Checking icu_locale_core v2.2.0
[INFO] [stderr]     Checking digest v0.10.7
[INFO] [stderr]     Checking cipher v0.4.4
[INFO] [stderr]     Checking universal-hash v0.5.1
[INFO] [stderr]     Checking aead v0.5.2
[INFO] [stderr]     Checking polyval v0.6.2
[INFO] [stderr]     Checking poly1305 v0.8.0
[INFO] [stderr]     Checking hmac v0.12.1
[INFO] [stderr]     Checking signature v2.2.0
[INFO] [stderr]     Checking sha2 v0.10.9
[INFO] [stderr]     Checking spki v0.7.3
[INFO] [stderr]     Checking curve25519-dalek v4.1.3
[INFO] [stderr]     Checking sha1 v0.10.6
[INFO] [stderr]     Checking openmls_traits v0.5.0
[INFO] [stderr]     Checking ghash v0.5.1
[INFO] [stderr]     Checking hkdf v0.12.4
[INFO] [stderr]     Checking rfc6979 v0.4.0
[INFO] [stderr]     Checking pkcs8 v0.10.2
[INFO] [stderr]     Checking ed25519 v2.2.3
[INFO] [stderr]     Checking aes v0.8.4
[INFO] [stderr]     Checking chacha20 v0.9.1
[INFO] [stderr]     Checking ctr v0.9.2
[INFO] [stderr]    Compiling aho-corasick v1.1.4
[INFO] [stderr]     Checking sec1 v0.7.3
[INFO] [stderr]    Compiling cmake v0.1.58
[INFO] [stderr]     Checking strength_reduce v0.2.4
[INFO] [stderr]    Compiling derive_builder v0.9.0
[INFO] [stderr]     Checking icu_provider v2.2.0
[INFO] [stderr]     Checking symphonia-core v0.5.5
[INFO] [stderr]     Checking chacha20poly1305 v0.10.1
[INFO] [stderr]     Checking transpose v0.2.3
[INFO] [stderr]     Checking parking_lot v0.11.2
[INFO] [stderr]     Checking serde_urlencoded v0.7.1
[INFO] [stderr]     Checking icu_properties v2.2.0
[INFO] [stderr]    Compiling ring v0.17.14
[INFO] [stderr]     Checking icu_normalizer v2.2.0
[INFO] [stderr]     Checking aes-gcm v0.10.3
[INFO] [stderr]     Checking webpki-roots v0.26.11
[INFO] [stderr]     Checking http-body-util v0.1.3
[INFO] [stderr]     Checking primal-check v0.3.4
[INFO] [stderr]     Checking num-complex v0.4.6
[INFO] [stderr]    Compiling libopus_sys v0.3.3
[INFO] [stderr]     Checking no-std-net v0.6.0
[INFO] [stderr]    Compiling convert_case v0.4.0
[INFO] [stderr]     Checking simd-adler32 v0.3.9
[INFO] [stderr]     Checking either v1.16.0
[INFO] [stderr]     Checking chrono v0.4.45
[INFO] [stderr]     Checking miniz_oxide v0.8.9
[INFO] [stderr]     Checking rayon v1.12.0
[INFO] [stderr]     Checking pnet_base v0.34.0
[INFO] [stderr]     Checking rustfft v6.4.1
[INFO] [stderr]     Checking deranged v0.5.8
[INFO] [stderr]    Compiling derive_more v0.99.20
[INFO] [stderr]     Checking openmls_memory_storage v0.5.0
[INFO] [stderr]     Checking idna_adapter v1.2.2
[INFO] [stderr]     Checking elliptic-curve v0.13.8
[INFO] [stderr]     Checking idna v1.1.0
[INFO] [stderr]     Checking ed25519-dalek v2.2.0
[INFO] [stderr]     Checking x25519-dalek v2.0.1
[INFO] [stderr]     Checking url v2.5.8
[INFO] [stderr]     Checking primeorder v0.13.6
[INFO] [stderr]     Checking ecdsa v0.16.9
[INFO] [stderr]     Checking k256 v0.13.4
[INFO] [stderr]    Compiling regex-automata v0.4.14
[INFO] [stderr]     Checking pbkdf2 v0.12.2
[INFO] [stderr]     Checking salsa20 v0.10.2
[INFO] [stderr]     Checking p384 v0.13.1
[INFO] [stderr]     Checking ordered-float v2.10.1
[INFO] [stderr]     Checking futures-executor v0.3.32
[INFO] [stderr]     Checking serde_bytes v0.11.19
[INFO] [stderr]     Checking stable-vec v0.4.2
[INFO] [stderr]     Checking futures v0.3.32
[INFO] [stderr]     Checking fluvio-wasm-timer v0.2.5
[INFO] [stderr]    Compiling serenity v0.12.5
[INFO] [stderr]     Checking serde-value v0.7.0
[INFO] [stderr]     Checking time v0.3.47
[INFO] [stderr]     Checking symphonia-metadata v0.5.5
[INFO] [stderr]     Checking scrypt v0.11.0
[INFO] [stderr]     Checking p256 v0.13.2
[INFO] [stderr]     Checking symphonia-codec-pcm v0.5.5
[INFO] [stderr]     Checking flate2 v1.1.9
[INFO] [stderr]     Checking pnet_macros_support v0.34.0
[INFO] [stderr]     Checking dashmap v5.5.3
[INFO] [stderr]     Checking secrecy v0.8.0
[INFO] [stderr]     Checking patricia_tree v0.8.0
[INFO] [stderr]     Checking nanorand v0.7.0
[INFO] [stderr]     Checking spin v0.9.8
[INFO] [stderr]    Compiling darling_core v0.10.2
[INFO] [stderr]     Checking hyper v1.10.1
[INFO] [stderr]     Checking tower v0.5.3
[INFO] [stderr]     Checking tokio-util v0.7.18
[INFO] [stderr]     Checking serde_cow v0.1.2
[INFO] [stderr]    Compiling enum-map-derive v0.17.0
[INFO] [stderr]    Compiling num-derive v0.4.2
[INFO] [stderr]     Checking num_cpus v1.17.0
[INFO] [stderr]     Checking uwl v0.6.0
[INFO] [stderr]    Compiling songbird v0.6.0
[INFO] [stderr]     Checking typemap_rev v0.3.0
[INFO] [stderr]     Checking levenshtein v1.0.5
[INFO] [stderr]     Checking tower-http v0.6.11
[INFO] [stderr]     Checking rusty_pool v0.7.0
[INFO] [stderr]     Checking serenity-voice-model v0.3.0
[INFO] [stderr]     Checking flume v0.11.1
[INFO] [stderr]     Checking enum-map v2.7.3
[INFO] [stderr]     Checking opus2 v0.4.0
[INFO] [stderr]     Checking symphonia v0.5.5
[INFO] [stderr]     Checking uuid v1.23.2
[INFO] [stderr]     Checking serde-aux v4.7.0
[INFO] [stderr]     Checking tracing-futures v0.2.5
[INFO] [stderr]     Checking streamcatcher v1.0.1
[INFO] [stderr]     Checking dashmap v6.2.1
[INFO] [stderr]     Checking tracing-log v0.2.0
[INFO] [stderr]     Checking ringbuf v0.4.8
[INFO] [stderr]     Checking socket2 v0.5.10
[INFO] [stderr]     Checking hyper-util v0.1.20
[INFO] [stderr]    Compiling rustls v0.23.40
[INFO] [stderr]    Compiling rustls v0.22.4
[INFO] [stderr]     Checking nonmax v0.5.5
[INFO] [stderr]     Checking tracing-subscriber v0.3.23
[INFO] [stderr]    Compiling regex v1.12.3
[INFO] [stderr]     Checking envy v0.4.2
[INFO] [stderr]    Compiling hashmap_derive v0.1.0
[INFO] [stderr]    Compiling strum_macros v0.17.1
[INFO] [stderr]    Compiling command_attr v0.5.4
[INFO] [stderr]    Compiling derivative v2.2.0
[INFO] [stderr]     Checking openmls v0.8.1
[INFO] [stderr]    Compiling from_map v0.1.0
[INFO] [stderr]    Compiling shorthand v0.1.1
[INFO] [stderr]    Compiling pnet_macros v0.34.0
[INFO] [stderr]    Compiling darling_macro v0.10.2
[INFO] [stderr]     Checking strum v0.17.1
[INFO] [stderr]    Compiling darling v0.10.2
[INFO] [stderr]    Compiling derive_builder_core v0.9.0
[INFO] [stderr]     Checking discortp v0.6.0
[INFO] [stderr]     Checking rustls-webpki v0.103.13
[INFO] [stderr]     Checking rustls-webpki v0.102.8
[INFO] [stderr]     Checking ppv-lite86 v0.2.21
[INFO] [stderr]     Checking hls_m3u8 v0.4.2
[INFO] [stderr]     Checking rand_chacha v0.3.1
[INFO] [stderr]     Checking rand_chacha v0.9.0
[INFO] [stderr]     Checking rand v0.8.6
[INFO] [stderr]     Checking rand v0.9.4
[INFO] [stderr]     Checking realfft v3.5.0
[INFO] [stderr]     Checking rubato v0.16.2
[INFO] [stderr]     Checking hpke-rs-rust-crypto v0.6.1
[INFO] [stderr]     Checking openmls_basic_credential v0.5.0
[INFO] [stderr]     Checking libcrux-traits v0.0.6
[INFO] [stderr]     Checking hpke-rs v0.6.1
[INFO] [stderr]     Checking openmls_rust_crypto v0.5.1
[INFO] [stderr]     Checking tokio-rustls v0.25.0
[INFO] [stderr]     Checking tungstenite v0.21.0
[INFO] [stderr]     Checking tokio-rustls v0.26.4
[INFO] [stderr]     Checking tungstenite v0.26.2
[INFO] [stderr]     Checking hyper-rustls v0.27.9
[INFO] [stderr]     Checking tokio-tungstenite v0.26.2
[INFO] [stderr]     Checking reqwest v0.12.28
[INFO] [stderr]     Checking tokio-tungstenite v0.21.0
[INFO] [stderr]     Checking stream_lib v0.5.2
[INFO] [stderr]     Checking davey v0.1.3
[INFO] [stderr]     Checking tahti-radio-discord-bot v0.1.0 (/opt/rustwide/workdir)
[INFO] [stdout] warning: overflow evaluating the requirement `DiscordSink: std::marker::Send`
[INFO] [stdout]   --> src/sinks/discord/mod.rs:75:15
[INFO] [stdout]    |
[INFO] [stdout] 75 | impl Sink for DiscordSink {
[INFO] [stdout]    |               ^^^^^^^^^^^
[INFO] [stdout]    |
[INFO] [stdout]    = note: which requires `std::option::Option<Running>: std::marker::Send`
[INFO] [stdout]    = note: which requires `Running: std::marker::Send`
[INFO] [stdout]    = note: which requires `Arc<Songbird>: std::marker::Send`
[INFO] [stdout]    = note: which requires `Songbird: std::marker::Send`
[INFO] [stdout]    = note: which requires `dashmap::DashMap<songbird::id::GuildId, Arc<tokio::sync::Mutex<Call>>>: std::marker::Send`
[INFO] [stdout]    = note: which requires `Box<[crossbeam_utils::cache_padded::CachePadded<lock_api::rwlock::RwLock<dashmap::lock::RawRwLock, hashbrown::raw::inner::RawTable<(songbird::id::GuildId, dashmap::util::SharedValue<Arc<tokio::sync::Mutex<Call>>>)>>>]>: std::marker::Send`
[INFO] [stdout]    = note: which requires `std::ptr::Unique<[crossbeam_utils::cache_padded::CachePadded<lock_api::rwlock::RwLock<dashmap::lock::RawRwLock, hashbrown::raw::inner::RawTable<(songbird::id::GuildId, dashmap::util::SharedValue<Arc<tokio::sync::Mutex<Call>>>)>>>]>: std::marker::Send`
[INFO] [stdout]    = note: which requires `[crossbeam_utils::cache_padded::CachePadded<lock_api::rwlock::RwLock<dashmap::lock::RawRwLock, hashbrown::raw::inner::RawTable<(songbird::id::GuildId, dashmap::util::SharedValue<Arc<tokio::sync::Mutex<Call>>>)>>>]: std::marker::Send`
[INFO] [stdout]    = note: which requires `crossbeam_utils::cache_padded::CachePadded<lock_api::rwlock::RwLock<dashmap::lock::RawRwLock, hashbrown::raw::inner::RawTable<(songbird::id::GuildId, dashmap::util::SharedValue<Arc<tokio::sync::Mutex<Call>>>)>>>: std::marker::Send`
[INFO] [stdout]    = note: which requires `lock_api::rwlock::RwLock<dashmap::lock::RawRwLock, hashbrown::raw::inner::RawTable<(songbird::id::GuildId, dashmap::util::SharedValue<Arc<tokio::sync::Mutex<Call>>>)>>: std::marker::Send`
[INFO] [stdout]    = note: which requires `hashbrown::raw::inner::RawTable<(songbird::id::GuildId, dashmap::util::SharedValue<Arc<tokio::sync::Mutex<Call>>>)>: std::marker::Send`
[INFO] [stdout]    = note: which requires `(songbird::id::GuildId, dashmap::util::SharedValue<Arc<tokio::sync::Mutex<Call>>>): std::marker::Send`
[INFO] [stdout]    = note: which requires `dashmap::util::SharedValue<Arc<tokio::sync::Mutex<Call>>>: std::marker::Send`
[INFO] [stdout]    = note: which requires `Arc<tokio::sync::Mutex<Call>>: std::marker::Send`
[INFO] [stdout]    = note: which requires `tokio::sync::Mutex<Call>: std::marker::Send`
[INFO] [stdout]    = note: and so on...
[INFO] [stdout]    = help: consider adding a manual `impl` of auto traits like `Send` for intermediate types, if auto traits are involved
[INFO] [stdout]    = help: or consider increasing the recursion limit by adding a `#![recursion_limit = "256"]` attribute to your crate (`tahti_radio_discord_bot`)
[INFO] [stdout]    = note: this lint is attached to the whole crate and can't be disabled on a per-function basis
[INFO] [stdout]    = warning: this was previously accepted by the compiler but is being phased out; it will become a hard error in a future release!
[INFO] [stdout]    = note: for more information, see issue #159228 <https://github.com/rust-lang/rust/issues/159228>
[INFO] [stdout]    = note: `#[warn(recursion_depth_exceeding_limit)]` (part of `#[warn(future_incompatible)]`) on by default
[INFO] [stdout] 
[INFO] [stdout] 
[INFO] [stdout] warning: overflow evaluating the requirement `DiscordSink: std::marker::Send`
[INFO] [stdout]   --> src/sinks/discord/mod.rs:75:15
[INFO] [stdout]    |
[INFO] [stdout] 75 | impl Sink for DiscordSink {
[INFO] [stdout]    |               ^^^^^^^^^^^
[INFO] [stdout]    |
[INFO] [stdout]    = note: which requires `std::option::Option<Running>: std::marker::Send`
[INFO] [stdout]    = note: which requires `Running: std::marker::Send`
[INFO] [stdout]    = note: which requires `Arc<Songbird>: std::marker::Send`
[INFO] [stdout]    = note: which requires `Songbird: std::marker::Send`
[INFO] [stdout]    = note: which requires `dashmap::DashMap<songbird::id::GuildId, Arc<tokio::sync::Mutex<Call>>>: std::marker::Send`
[INFO] [stdout]    = note: which requires `Box<[crossbeam_utils::cache_padded::CachePadded<lock_api::rwlock::RwLock<dashmap::lock::RawRwLock, hashbrown::raw::inner::RawTable<(songbird::id::GuildId, dashmap::util::SharedValue<Arc<tokio::sync::Mutex<Call>>>)>>>]>: std::marker::Send`
[INFO] [stdout]    = note: which requires `std::ptr::Unique<[crossbeam_utils::cache_padded::CachePadded<lock_api::rwlock::RwLock<dashmap::lock::RawRwLock, hashbrown::raw::inner::RawTable<(songbird::id::GuildId, dashmap::util::SharedValue<Arc<tokio::sync::Mutex<Call>>>)>>>]>: std::marker::Send`
[INFO] [stdout]    = note: which requires `[crossbeam_utils::cache_padded::CachePadded<lock_api::rwlock::RwLock<dashmap::lock::RawRwLock, hashbrown::raw::inner::RawTable<(songbird::id::GuildId, dashmap::util::SharedValue<Arc<tokio::sync::Mutex<Call>>>)>>>]: std::marker::Send`
[INFO] [stdout]    = note: which requires `crossbeam_utils::cache_padded::CachePadded<lock_api::rwlock::RwLock<dashmap::lock::RawRwLock, hashbrown::raw::inner::RawTable<(songbird::id::GuildId, dashmap::util::SharedValue<Arc<tokio::sync::Mutex<Call>>>)>>>: std::marker::Send`
[INFO] [stdout]    = note: which requires `lock_api::rwlock::RwLock<dashmap::lock::RawRwLock, hashbrown::raw::inner::RawTable<(songbird::id::GuildId, dashmap::util::SharedValue<Arc<tokio::sync::Mutex<Call>>>)>>: std::marker::Send`
[INFO] [stdout]    = note: which requires `hashbrown::raw::inner::RawTable<(songbird::id::GuildId, dashmap::util::SharedValue<Arc<tokio::sync::Mutex<Call>>>)>: std::marker::Send`
[INFO] [stdout]    = note: which requires `(songbird::id::GuildId, dashmap::util::SharedValue<Arc<tokio::sync::Mutex<Call>>>): std::marker::Send`
[INFO] [stdout]    = note: which requires `dashmap::util::SharedValue<Arc<tokio::sync::Mutex<Call>>>: std::marker::Send`
[INFO] [stdout]    = note: which requires `Arc<tokio::sync::Mutex<Call>>: std::marker::Send`
[INFO] [stdout]    = note: which requires `tokio::sync::Mutex<Call>: std::marker::Send`
[INFO] [stdout]    = note: and so on...
[INFO] [stdout]    = help: consider adding a manual `impl` of auto traits like `Send` for intermediate types, if auto traits are involved
[INFO] [stdout]    = help: or consider increasing the recursion limit by adding a `#![recursion_limit = "256"]` attribute to your crate (`tahti_radio_discord_bot`)
[INFO] [stdout]    = note: this lint is attached to the whole crate and can't be disabled on a per-function basis
[INFO] [stdout]    = warning: this was previously accepted by the compiler but is being phased out; it will become a hard error in a future release!
[INFO] [stdout]    = note: for more information, see issue #159228 <https://github.com/rust-lang/rust/issues/159228>
[INFO] [stdout]    = note: `#[warn(recursion_depth_exceeding_limit)]` (part of `#[warn(future_incompatible)]`) on by default
[INFO] [stdout] 
[INFO] [stdout] 
[INFO] [stdout] error[E0133]: call to unsafe function `remove_var` is unsafe and requires unsafe block
[INFO] [stdout]   --> src/playlist.rs:53:9
[INFO] [stdout]    |
[INFO] [stdout] 53 |         std::env::remove_var("TAHTI_RADIO_AUDIO_URL");
[INFO] [stdout]    |         ^^^^^^^^^^^^^^^^^^^^^^^^^^^^^^^^^^^^^^^^^^^^^ call to unsafe function
[INFO] [stdout]    |
[INFO] [stdout]    = note: consult the function's documentation for information on how to avoid undefined behavior
[INFO] [stdout] 
[INFO] [stdout] 
[INFO] [stdout] error[E0133]: call to unsafe function `remove_var` is unsafe and requires unsafe block
[INFO] [stdout]   --> src/playlist.rs:54:9
[INFO] [stdout]    |
[INFO] [stdout] 54 |         std::env::remove_var("TAHTI_RADIO_HLS_URL");
[INFO] [stdout]    |         ^^^^^^^^^^^^^^^^^^^^^^^^^^^^^^^^^^^^^^^^^^^ call to unsafe function
[INFO] [stdout]    |
[INFO] [stdout]    = note: consult the function's documentation for information on how to avoid undefined behavior
[INFO] [stdout] 
[INFO] [stdout] 
[INFO] [stdout] error[E0133]: call to unsafe function `set_var` is unsafe and requires unsafe block
[INFO] [stdout]   --> src/playlist.rs:62:9
[INFO] [stdout]    |
[INFO] [stdout] 62 | /         std::env::set_var(
[INFO] [stdout] 63 | |             "TAHTI_RADIO_AUDIO_URL",
[INFO] [stdout] 64 | |             "https://stream.example/hls/tahti-radio/master.m3u8",
[INFO] [stdout] 65 | |         );
[INFO] [stdout]    | |_________^ call to unsafe function
[INFO] [stdout]    |
[INFO] [stdout]    = note: consult the function's documentation for information on how to avoid undefined behavior
[INFO] [stdout] 
[INFO] [stdout] 
[INFO] [stdout] error[E0133]: call to unsafe function `remove_var` is unsafe and requires unsafe block
[INFO] [stdout]   --> src/playlist.rs:71:9
[INFO] [stdout]    |
[INFO] [stdout] 71 |         std::env::remove_var("TAHTI_RADIO_AUDIO_URL");
[INFO] [stdout]    |         ^^^^^^^^^^^^^^^^^^^^^^^^^^^^^^^^^^^^^^^^^^^^^ call to unsafe function
[INFO] [stdout]    |
[INFO] [stdout]    = note: consult the function's documentation for information on how to avoid undefined behavior
[INFO] [stdout] 
[INFO] [stdout] 
[INFO] [stdout] warning: field `discord_client_id` is never read
[INFO] [stdout]   --> src/config.rs:32:9
[INFO] [stdout]    |
[INFO] [stdout] 30 | pub struct Config {
[INFO] [stdout]    |            ------ field in this struct
[INFO] [stdout] 31 |     pub discord_token: String,
[INFO] [stdout] 32 |     pub discord_client_id: u64,
[INFO] [stdout]    |         ^^^^^^^^^^^^^^^^^
[INFO] [stdout]    |
[INFO] [stdout]    = note: `#[warn(dead_code)]` (part of `#[warn(unused)]`) on by default
[INFO] [stdout] 
[INFO] [stdout] 
[INFO] [stdout] warning: fields `duration` and `thumbnail_url` are never read
[INFO] [stdout]   --> src/track.rs:10:9
[INFO] [stdout]    |
[INFO] [stdout]  6 | pub struct TrackMetadata {
[INFO] [stdout]    |            ------------- fields in this struct
[INFO] [stdout] ...
[INFO] [stdout] 10 |     pub duration: Duration,
[INFO] [stdout]    |         ^^^^^^^^
[INFO] [stdout] 11 |     pub youtube_url: String,
[INFO] [stdout] 12 |     pub thumbnail_url: String,
[INFO] [stdout]    |         ^^^^^^^^^^^^^
[INFO] [stdout]    |
[INFO] [stdout]    = note: `TrackMetadata` has derived impls for the traits `Debug` and `Clone`, but these are intentionally ignored during dead code analysis
[INFO] [stdout] 
[INFO] [stdout] 
[INFO] [stdout] For more information about this error, try `rustc --explain E0133`.
[INFO] [stdout] 
[INFO] [stderr] error: could not compile `tahti-radio-discord-bot` (bin "tahti-radio-discord-bot" test) due to 4 previous errors; 1 warning emitted
[INFO] running `Command { std: "docker" "inspect" "572dcf32fb68b1c0e0821f27923812eaa29d5a35168fceb392239e21b308e17a", kill_on_drop: false }`
[INFO] running `Command { std: "docker" "rm" "-f" "572dcf32fb68b1c0e0821f27923812eaa29d5a35168fceb392239e21b308e17a", kill_on_drop: false }`
[INFO] [stdout] 572dcf32fb68b1c0e0821f27923812eaa29d5a35168fceb392239e21b308e17a
