[INFO] cloning repository https://github.com/jaltez/ka
[INFO] running `Command { std: "git" "-c" "credential.helper=" "-c" "credential.helper=/workspace/cargo-home/bin/git-credential-null" "clone" "--bare" "https://github.com/jaltez/ka" "/workspace/cache/git-repos/https%3A%2F%2Fgithub.com%2Fjaltez%2Fka", kill_on_drop: false }`
[INFO] [stderr] Cloning into bare repository '/workspace/cache/git-repos/https%3A%2F%2Fgithub.com%2Fjaltez%2Fka'...
[INFO] running `Command { std: "git" "rev-parse" "HEAD", kill_on_drop: false }`
[INFO] [stdout] b26b9a5ea72c5a46554660d31741700f548b9637
[INFO] checking jaltez/ka against 3154cc1a3e6424e44f438a95007d043ed5ceaaf6 for pr-133502-30
[INFO] running `Command { std: "git" "clone" "/workspace/cache/git-repos/https%3A%2F%2Fgithub.com%2Fjaltez%2Fka" "/workspace/builds/worker-2-tc2/source", kill_on_drop: false }`
[INFO] [stderr] Cloning into '/workspace/builds/worker-2-tc2/source'...
[INFO] [stderr] done.
[INFO] removed /workspace/builds/worker-2-tc2/source/.cargo/config.toml
[INFO] started tweaking git repo https://github.com/jaltez/ka
[INFO] finished tweaking git repo https://github.com/jaltez/ka
[INFO] tweaked toml for git repo https://github.com/jaltez/ka written to /workspace/builds/worker-2-tc2/source/Cargo.toml
[INFO] validating manifest of git repo https://github.com/jaltez/ka on toolchain 3154cc1a3e6424e44f438a95007d043ed5ceaaf6
[INFO] running `Command { std: CARGO_HOME="/workspace/cargo-home" RUSTUP_HOME="/workspace/rustup-home" "/workspace/cargo-home/bin/cargo" "+3154cc1a3e6424e44f438a95007d043ed5ceaaf6" "metadata" "--manifest-path" "Cargo.toml" "--no-deps", kill_on_drop: false }`
[INFO] crate git repo https://github.com/jaltez/ka already has a lockfile, it will not be regenerated
[INFO] running `Command { std: CARGO_HOME="/workspace/cargo-home" RUSTUP_HOME="/workspace/rustup-home" "/workspace/cargo-home/bin/cargo" "+3154cc1a3e6424e44f438a95007d043ed5ceaaf6" "fetch" "--manifest-path" "Cargo.toml", kill_on_drop: false }`
[INFO] [stderr] warning: unused workspace dependency `tokio-stream`
[INFO] [stderr]   --> Cargo.toml:18:1
[INFO] [stderr]    |
[INFO] [stderr] 18 | tokio-stream = "0.1"
[INFO] [stderr]    | ^^^^^^^^^^^^
[INFO] [stderr]    |
[INFO] [stderr]    = note: `cargo::unused_workspace_dependencies` is set to `warn` by default
[INFO] [stderr] help: consider removing the workspace dependency `tokio-stream`
[INFO] [stderr] warning: workspace (manifest) generated 1 warning
[INFO] running `Command { std: "docker" "create" "-v" "/var/lib/crater-agent-workspace/builds/worker-2-tc2/source:/opt/rustwide/workdir:ro,Z" "-v" "/var/lib/crater-agent-workspace/builds/worker-2-tc2/target:/opt/rustwide/target:rw,Z" "-v" "/var/lib/crater-agent-workspace/cargo-home:/opt/rustwide/cargo-home:ro,Z" "-v" "/var/lib/crater-agent-workspace/rustup-home:/opt/rustwide/rustup-home:ro,Z" "-m" "1610612736" "--network" "none" "ghcr.io/rust-lang/crates-build-env/linux@sha256:77db811e55d90add9212f6832c23229e3de5f1c1f9905e8cb07319ea15df73ac" "sleep" "infinity", kill_on_drop: false }`
[INFO] [stdout] 6e2ea429c21e6b9a94c9e5d63b28db000e117bd108aab907691bc92bda6cb029
[INFO] running `Command { std: "docker" "start" "6e2ea429c21e6b9a94c9e5d63b28db000e117bd108aab907691bc92bda6cb029", kill_on_drop: false }`
[INFO] running `Command { std: "docker" "inspect" "6e2ea429c21e6b9a94c9e5d63b28db000e117bd108aab907691bc92bda6cb029", kill_on_drop: false }`
[INFO] running `Command { std: "docker" "exec" "-e" "SOURCE_DIR=/opt/rustwide/workdir" "-e" "CARGO_HOME=/opt/rustwide/cargo-home" "-e" "RUSTUP_HOME=/opt/rustwide/rustup-home" "-e" "CARGO_TARGET_DIR=/opt/rustwide/target" "-w" "/opt/rustwide/workdir" "--user" "0:0" "6e2ea429c21e6b9a94c9e5d63b28db000e117bd108aab907691bc92bda6cb029" "/opt/rustwide/cargo-home/bin/cargo" "+3154cc1a3e6424e44f438a95007d043ed5ceaaf6" "metadata" "--no-deps" "--format-version=1", kill_on_drop: false }`
[INFO] running `Command { std: "docker" "inspect" "6e2ea429c21e6b9a94c9e5d63b28db000e117bd108aab907691bc92bda6cb029", kill_on_drop: false }`
[INFO] running `Command { std: "docker" "exec" "-e" "SOURCE_DIR=/opt/rustwide/workdir" "-e" "CARGO_HOME=/opt/rustwide/cargo-home" "-e" "RUSTUP_HOME=/opt/rustwide/rustup-home" "-e" "CARGO_TARGET_DIR=/opt/rustwide/target" "-e" "CARGO_INCREMENTAL=0" "-e" "RUST_BACKTRACE=full" "-e" "RUSTFLAGS=--cap-lints=forbid" "-e" "RUSTDOCFLAGS=--cap-lints=forbid" "-w" "/opt/rustwide/workdir" "--user" "0:0" "6e2ea429c21e6b9a94c9e5d63b28db000e117bd108aab907691bc92bda6cb029" "/opt/rustwide/cargo-home/bin/cargo" "+3154cc1a3e6424e44f438a95007d043ed5ceaaf6" "check" "--frozen" "--all" "--all-targets" "--message-format=json", kill_on_drop: false }`
[INFO] [stderr] warning: unused workspace dependency `tokio-stream`
[INFO] [stderr]   --> Cargo.toml:18:1
[INFO] [stderr]    |
[INFO] [stderr] 18 | tokio-stream = "0.1"
[INFO] [stderr]    | ^^^^^^^^^^^^
[INFO] [stderr]    |
[INFO] [stderr]    = note: `cargo::unused_workspace_dependencies` is set to `warn` by default
[INFO] [stderr] help: consider removing the workspace dependency `tokio-stream`
[INFO] [stderr] warning: workspace (manifest) generated 1 warning
[INFO] [stderr]    Compiling syn v3.0.3
[INFO] [stderr]    Compiling syn v2.0.119
[INFO] [stderr]     Checking mio v1.2.2
[INFO] [stderr]     Checking ring v0.17.14
[INFO] [stderr]     Checking futures-util v0.3.34
[INFO] [stderr]    Compiling rustls v0.23.43
[INFO] [stderr]     Checking linux-keyutils v0.2.5
[INFO] [stderr]     Checking toml_datetime v0.7.5+spec-1.1.0
[INFO] [stderr]     Checking regex-syntax v0.8.11
[INFO] [stderr]     Checking crossbeam-epoch v0.9.20
[INFO] [stderr]    Compiling instability v0.3.10
[INFO] [stderr]    Compiling curve25519-dalek v4.1.3
[INFO] [stderr]     Checking unicode-truncate v1.1.0
[INFO] [stderr]     Checking signature v2.2.0
[INFO] [stderr]     Checking ahash v0.8.12
[INFO] [stderr]    Compiling libsqlite3-sys v0.30.1
[INFO] [stderr]     Checking sha2 v0.10.9
[INFO] [stderr]    Compiling ka-agent v0.2.10 (/opt/rustwide/workdir/crates/ka-agent)
[INFO] [stderr]     Checking hashbrown v0.14.5
[INFO] [stderr]     Checking ed25519 v2.2.3
[INFO] [stderr]     Checking toml v0.9.12+spec-1.1.0
[INFO] [stderr]     Checking keyring v3.6.3
[INFO] [stderr]     Checking crossbeam-deque v0.8.7
[INFO] [stderr]     Checking signal-hook-mio v0.2.5
[INFO] [stderr]     Checking crossterm v0.28.1
[INFO] [stderr]     Checking hashlink v0.9.1
[INFO] [stderr]     Checking regex-automata v0.4.18
[INFO] [stderr]     Checking rustls-webpki v0.103.15
[INFO] [stderr]    Compiling serde_derive_internals v0.30.0
[INFO] [stderr]     Checking globset v0.4.19
[INFO] [stderr]     Checking regex v1.13.1
[INFO] [stderr]    Compiling serde_derive v1.0.229
[INFO] [stderr]    Compiling zerovec-derive v0.11.6
[INFO] [stderr]    Compiling displaydoc v0.2.7
[INFO] [stderr]    Compiling tokio-macros v2.7.2
[INFO] [stderr]    Compiling ref-cast-impl v1.0.27
[INFO] [stderr]    Compiling thiserror-impl v2.0.20
[INFO] [stderr]    Compiling clap_derive v4.6.4
[INFO] [stderr]     Checking ignore v0.4.30
[INFO] [stderr]    Compiling schemars_derive v1.2.2
[INFO] [stderr]     Checking ref-cast v1.0.27
[INFO] [stderr]     Checking tokio v1.53.1
[INFO] [stderr]    Compiling synstructure v0.13.2
[INFO] [stderr]    Compiling darling_core v0.20.11
[INFO] [stderr]     Checking clap v4.6.6
[INFO] [stderr]    Compiling zerofrom-derive v0.1.7
[INFO] [stderr]    Compiling yoke-derive v0.8.2
[INFO] [stderr]    Compiling enumflags2_derive v0.7.12
[INFO] [stderr]    Compiling strum_macros v0.26.4
[INFO] [stderr]    Compiling curve25519-dalek-derive v0.1.1
[INFO] [stderr]     Checking thiserror v2.0.20
[INFO] [stderr]     Checking enumflags2 v0.7.12
[INFO] [stderr]     Checking landlock v0.4.7
[INFO] [stderr]     Checking zerofrom v0.1.8
[INFO] [stderr]     Checking yoke v0.8.3
[INFO] [stderr]     Checking serde v1.0.229
[INFO] [stderr]     Checking zerovec v0.11.8
[INFO] [stderr]     Checking zerotrie v0.2.5
[INFO] [stderr]     Checking strum v0.26.3
[INFO] [stderr]     Checking ed25519-dalek v2.2.0
[INFO] [stderr]     Checking schemars v1.2.2
[INFO] [stderr]     Checking serde_urlencoded v0.7.1
[INFO] [stderr]     Checking ka-sandbox v0.2.10 (/opt/rustwide/workdir/crates/ka-sandbox)
[INFO] [stderr]     Checking xtask v0.2.10 (/opt/rustwide/workdir/crates/xtask)
[INFO] [stderr]     Checking tinystr v0.8.4
[INFO] [stderr]     Checking potential_utf v0.1.6
[INFO] [stderr]     Checking icu_collections v2.1.1
[INFO] [stderr]     Checking icu_locale_core v2.1.1
[INFO] [stderr]    Compiling darling_macro v0.20.11
[INFO] [stderr]    Compiling darling v0.20.11
[INFO] [stderr]     Checking ka-protocol v0.2.10 (/opt/rustwide/workdir/crates/ka-protocol)
[INFO] [stderr]     Checking ratatui v0.29.0
[INFO] [stderr]     Checking icu_provider v2.1.1
[INFO] [stderr]     Checking icu_properties v2.1.2
[INFO] [stderr]     Checking icu_normalizer v2.1.1
[INFO] [stderr]     Checking rusqlite v0.32.1
[INFO] [stderr]     Checking ka-strand v0.2.10 (/opt/rustwide/workdir/crates/ka-strand)
[INFO] [stderr]     Checking hyper v1.11.0
[INFO] [stderr]     Checking tokio-rustls v0.26.4
[INFO] [stderr]     Checking tower v0.5.3
[INFO] [stderr]     Checking tokio-util v0.7.19
[INFO] [stderr]     Checking idna_adapter v1.2.1
[INFO] [stderr]     Checking idna v1.1.0
[INFO] [stderr]     Checking ka-index v0.2.10 (/opt/rustwide/workdir/crates/ka-index)
[INFO] [stderr]     Checking hyper-util v0.1.20
[INFO] [stderr]     Checking url v2.5.8
[INFO] [stderr]     Checking tower-http v0.6.11
[INFO] [stderr]     Checking hyper-rustls v0.27.9
[INFO] [stderr]     Checking reqwest v0.12.28
[INFO] [stderr]     Checking ka-dialect v0.2.10 (/opt/rustwide/workdir/crates/ka-dialect)
[INFO] [stderr]     Checking ka-engine v0.2.10 (/opt/rustwide/workdir/crates/ka-engine)
[INFO] [stderr]     Checking ka-term v0.2.10 (/opt/rustwide/workdir/crates/ka-term)
[INFO] [stdout] error[E0433]: cannot find `test_support` in `trust`
[INFO] [stdout]    --> crates/ka-engine/tests/feature_toggle_contract.rs:410:12
[INFO] [stdout]     |
[INFO] [stdout] 410 |     trust::test_support::with_trust_file(|_| {
[INFO] [stdout]     |            ^^^^^^^^^^^^ could not find `test_support` in `trust`
[INFO] [stdout]     |
[INFO] [stdout] note: found an item that was configured out
[INFO] [stdout]    --> crates/ka-engine/src/trust.rs:208:9
[INFO] [stdout]     |
[INFO] [stdout] 207 | #[cfg(any(test, feature = "test-util"))]
[INFO] [stdout]     |          ----------------------------- the item is gated here
[INFO] [stdout] 208 | pub mod test_support {
[INFO] [stdout]     |         ^^^^^^^^^^^^
[INFO] [stdout] 
[INFO] [stdout] 
[INFO] [stdout] error[E0433]: cannot find `test_support` in `trust`
[INFO] [stdout]    --> crates/ka-engine/tests/feature_toggle_contract.rs:477:12
[INFO] [stdout]     |
[INFO] [stdout] 477 |     trust::test_support::with_trust_file(|_| {
[INFO] [stdout]     |            ^^^^^^^^^^^^ could not find `test_support` in `trust`
[INFO] [stdout]     |
[INFO] [stdout] note: found an item that was configured out
[INFO] [stdout]    --> crates/ka-engine/src/trust.rs:208:9
[INFO] [stdout]     |
[INFO] [stdout] 207 | #[cfg(any(test, feature = "test-util"))]
[INFO] [stdout]     |          ----------------------------- the item is gated here
[INFO] [stdout] 208 | pub mod test_support {
[INFO] [stdout]     |         ^^^^^^^^^^^^
[INFO] [stdout] 
[INFO] [stdout] 
[INFO] [stdout] error[E0433]: cannot find `test_support` in `trust`
[INFO] [stdout]    --> crates/ka-engine/tests/feature_toggle_contract.rs:576:12
[INFO] [stdout]     |
[INFO] [stdout] 576 |     trust::test_support::with_trust_file(|_| {
[INFO] [stdout]     |            ^^^^^^^^^^^^ could not find `test_support` in `trust`
[INFO] [stdout]     |
[INFO] [stdout] note: found an item that was configured out
[INFO] [stdout]    --> crates/ka-engine/src/trust.rs:208:9
[INFO] [stdout]     |
[INFO] [stdout] 207 | #[cfg(any(test, feature = "test-util"))]
[INFO] [stdout]     |          ----------------------------- the item is gated here
[INFO] [stdout] 208 | pub mod test_support {
[INFO] [stdout]     |         ^^^^^^^^^^^^
[INFO] [stdout] 
[INFO] [stdout] 
[INFO] [stdout] For more information about this error, try `rustc --explain E0433`.
[INFO] [stdout] 
[INFO] [stderr] error: could not compile `ka-engine` (test "feature_toggle_contract") due to 3 previous errors
[INFO] [stderr] warning: build failed, waiting for other jobs to finish...
[INFO] running `Command { std: "docker" "inspect" "6e2ea429c21e6b9a94c9e5d63b28db000e117bd108aab907691bc92bda6cb029", kill_on_drop: false }`
[INFO] running `Command { std: "docker" "rm" "-f" "6e2ea429c21e6b9a94c9e5d63b28db000e117bd108aab907691bc92bda6cb029", kill_on_drop: false }`
[INFO] [stdout] 6e2ea429c21e6b9a94c9e5d63b28db000e117bd108aab907691bc92bda6cb029
