[INFO] cloning repository https://github.com/jacek4yang/thorium-workspace
[INFO] running `Command { std: "git" "-c" "credential.helper=" "-c" "credential.helper=/workspace/cargo-home/bin/git-credential-null" "clone" "--bare" "https://github.com/jacek4yang/thorium-workspace" "/workspace/cache/git-repos/https%3A%2F%2Fgithub.com%2Fjacek4yang%2Fthorium-workspace", kill_on_drop: false }`
[INFO] [stderr] Cloning into bare repository '/workspace/cache/git-repos/https%3A%2F%2Fgithub.com%2Fjacek4yang%2Fthorium-workspace'...
[INFO] running `Command { std: "git" "rev-parse" "HEAD", kill_on_drop: false }`
[INFO] [stdout] 90c81e7ac0c42cc4067589cd39b662c70c0118f4
[INFO] checking jacek4yang/thorium-workspace against 3154cc1a3e6424e44f438a95007d043ed5ceaaf6 for pr-133502-30
[INFO] running `Command { std: "git" "clone" "/workspace/cache/git-repos/https%3A%2F%2Fgithub.com%2Fjacek4yang%2Fthorium-workspace" "/workspace/builds/worker-7-tc2/source", kill_on_drop: false }`
[INFO] [stderr] Cloning into '/workspace/builds/worker-7-tc2/source'...
[INFO] [stderr] done.
[INFO] started tweaking git repo https://github.com/jacek4yang/thorium-workspace
[INFO] finished tweaking git repo https://github.com/jacek4yang/thorium-workspace
[INFO] tweaked toml for git repo https://github.com/jacek4yang/thorium-workspace written to /workspace/builds/worker-7-tc2/source/Cargo.toml
[INFO] validating manifest of git repo https://github.com/jacek4yang/thorium-workspace on toolchain 3154cc1a3e6424e44f438a95007d043ed5ceaaf6
[INFO] running `Command { std: CARGO_HOME="/workspace/cargo-home" RUSTUP_HOME="/workspace/rustup-home" "/workspace/cargo-home/bin/cargo" "+3154cc1a3e6424e44f438a95007d043ed5ceaaf6" "metadata" "--manifest-path" "Cargo.toml" "--no-deps", kill_on_drop: false }`
[INFO] crate git repo https://github.com/jacek4yang/thorium-workspace already has a lockfile, it will not be regenerated
[INFO] running `Command { std: CARGO_HOME="/workspace/cargo-home" RUSTUP_HOME="/workspace/rustup-home" "/workspace/cargo-home/bin/cargo" "+3154cc1a3e6424e44f438a95007d043ed5ceaaf6" "fetch" "--manifest-path" "Cargo.toml", kill_on_drop: false }`
[INFO] [stderr] warning: unused workspace dependency `thorium-workspace-test-support`
[INFO] [stderr]    --> Cargo.toml:108:25
[INFO] [stderr]     |
[INFO] [stderr] 108 | [workspace.dependencies.thorium-workspace-test-support]
[INFO] [stderr]     |                         ^^^^^^^^^^^^^^^^^^^^^^^^^^^^^^
[INFO] [stderr]     |
[INFO] [stderr]     = note: `cargo::unused_workspace_dependencies` is set to `warn` by default
[INFO] [stderr] help: consider removing the workspace dependency `thorium-workspace-test-support`
[INFO] [stderr] warning: unused workspace dependency `tokio-tungstenite`
[INFO] [stderr]    --> Cargo.toml:124:25
[INFO] [stderr]     |
[INFO] [stderr] 124 | [workspace.dependencies.tokio-tungstenite]
[INFO] [stderr]     |                         ^^^^^^^^^^^^^^^^^
[INFO] [stderr]     |
[INFO] [stderr] help: consider removing the workspace dependency `tokio-tungstenite`
[INFO] [stderr] warning: workspace (manifest) generated 2 warnings
[INFO] running `Command { std: "docker" "create" "-v" "/var/lib/crater-agent-workspace/builds/worker-7-tc2/source:/opt/rustwide/workdir:ro,Z" "-v" "/var/lib/crater-agent-workspace/builds/worker-7-tc2/target:/opt/rustwide/target:rw,Z" "-v" "/var/lib/crater-agent-workspace/cargo-home:/opt/rustwide/cargo-home:ro,Z" "-v" "/var/lib/crater-agent-workspace/rustup-home:/opt/rustwide/rustup-home:ro,Z" "-m" "1610612736" "--network" "none" "ghcr.io/rust-lang/crates-build-env/linux@sha256:77db811e55d90add9212f6832c23229e3de5f1c1f9905e8cb07319ea15df73ac" "sleep" "infinity", kill_on_drop: false }`
[INFO] [stdout] e0883feb357a482ec8172648fef949c8304846738c97dcb736aba1805abf3049
[INFO] running `Command { std: "docker" "start" "e0883feb357a482ec8172648fef949c8304846738c97dcb736aba1805abf3049", kill_on_drop: false }`
[INFO] running `Command { std: "docker" "inspect" "e0883feb357a482ec8172648fef949c8304846738c97dcb736aba1805abf3049", kill_on_drop: false }`
[INFO] running `Command { std: "docker" "exec" "-e" "SOURCE_DIR=/opt/rustwide/workdir" "-e" "CARGO_HOME=/opt/rustwide/cargo-home" "-e" "RUSTUP_HOME=/opt/rustwide/rustup-home" "-e" "CARGO_TARGET_DIR=/opt/rustwide/target" "-w" "/opt/rustwide/workdir" "--user" "0:0" "e0883feb357a482ec8172648fef949c8304846738c97dcb736aba1805abf3049" "/opt/rustwide/cargo-home/bin/cargo" "+3154cc1a3e6424e44f438a95007d043ed5ceaaf6" "metadata" "--no-deps" "--format-version=1", kill_on_drop: false }`
[INFO] running `Command { std: "docker" "inspect" "e0883feb357a482ec8172648fef949c8304846738c97dcb736aba1805abf3049", kill_on_drop: false }`
[INFO] running `Command { std: "docker" "exec" "-e" "SOURCE_DIR=/opt/rustwide/workdir" "-e" "CARGO_HOME=/opt/rustwide/cargo-home" "-e" "RUSTUP_HOME=/opt/rustwide/rustup-home" "-e" "CARGO_TARGET_DIR=/opt/rustwide/target" "-e" "CARGO_INCREMENTAL=0" "-e" "RUST_BACKTRACE=full" "-e" "RUSTFLAGS=--cap-lints=forbid" "-e" "RUSTDOCFLAGS=--cap-lints=forbid" "-w" "/opt/rustwide/workdir" "--user" "0:0" "e0883feb357a482ec8172648fef949c8304846738c97dcb736aba1805abf3049" "/opt/rustwide/cargo-home/bin/cargo" "+3154cc1a3e6424e44f438a95007d043ed5ceaaf6" "check" "--frozen" "--all" "--all-targets" "--message-format=json", kill_on_drop: false }`
[INFO] [stderr] warning: unused workspace dependency `thorium-workspace-test-support`
[INFO] [stderr]    --> Cargo.toml:108:25
[INFO] [stderr]     |
[INFO] [stderr] 108 | [workspace.dependencies.thorium-workspace-test-support]
[INFO] [stderr]     |                         ^^^^^^^^^^^^^^^^^^^^^^^^^^^^^^
[INFO] [stderr]     |
[INFO] [stderr]     = note: `cargo::unused_workspace_dependencies` is set to `warn` by default
[INFO] [stderr] help: consider removing the workspace dependency `thorium-workspace-test-support`
[INFO] [stderr] warning: unused workspace dependency `tokio-tungstenite`
[INFO] [stderr]    --> Cargo.toml:124:25
[INFO] [stderr]     |
[INFO] [stderr] 124 | [workspace.dependencies.tokio-tungstenite]
[INFO] [stderr]     |                         ^^^^^^^^^^^^^^^^^
[INFO] [stderr]     |
[INFO] [stderr] help: consider removing the workspace dependency `tokio-tungstenite`
[INFO] [stderr] warning: workspace (manifest) generated 2 warnings
[INFO] [stderr]    Compiling smallvec v1.16.0
[INFO] [stderr]    Compiling syn v3.0.4
[INFO] [stderr]    Compiling cc v1.4.4
[INFO] [stderr]     Checking uuid v1.26.0
[INFO] [stderr]     Checking hybrid-array v0.4.14
[INFO] [stderr]     Checking zeroize v1.9.0
[INFO] [stderr]     Checking indexmap v2.14.1
[INFO] [stderr]    Compiling cfg-expr v0.15.8
[INFO] [stderr]    Compiling parking_lot_core v0.9.12
[INFO] [stderr]    Compiling cssparser v0.36.0
[INFO] [stderr]    Compiling parking_lot v0.12.5
[INFO] [stderr]    Compiling cfb v0.7.3
[INFO] [stderr]    Compiling string_cache v0.9.0
[INFO] [stderr]     Checking log v0.4.34
[INFO] [stderr]    Compiling web_atoms v0.2.6
[INFO] [stderr]     Checking zlib-rs v0.6.7
[INFO] [stderr]     Checking crypto-common v0.2.2
[INFO] [stderr]     Checking block-buffer v0.12.1
[INFO] [stderr]    Compiling infer v0.19.0
[INFO] [stderr]     Checking rustix v1.1.4
[INFO] [stderr]    Compiling selectors v0.36.1
[INFO] [stderr]    Compiling cmake v0.1.58
[INFO] [stderr]    Compiling markup5ever v0.38.0
[INFO] [stderr]     Checking digest v0.11.3
[INFO] [stderr]    Compiling embed-resource v3.0.11
[INFO] [stderr]    Compiling html5ever v0.38.0
[INFO] [stderr]    Compiling aws-lc-sys v0.45.0
[INFO] [stderr]    Compiling tracing-attributes v0.1.31
[INFO] [stderr]     Checking flate2 v1.1.10
[INFO] [stderr]    Compiling tauri-winres v0.3.6
[INFO] [stderr]     Checking rustls-pki-types v1.15.1
[INFO] [stderr]    Compiling rustls v0.23.43
[INFO] [stderr]    Compiling miniz_oxide v0.9.1
[INFO] [stderr]     Checking inout v0.2.2
[INFO] [stderr]    Compiling crc32fast v1.5.1
[INFO] [stderr]    Compiling dom_query v0.27.0
[INFO] [stderr]    Compiling toml_edit v0.25.13+spec-1.1.0
[INFO] [stderr]    Compiling enumflags2_derive v0.7.12
[INFO] [stderr]     Checking tracing v0.1.44
[INFO] [stderr]    Compiling libsqlite3-sys v0.38.2
[INFO] [stderr]    Compiling proc-macro-crate v3.5.0
[INFO] [stderr]    Compiling png v0.17.16
[INFO] [stderr]     Checking compression-codecs v0.4.38
[INFO] [stderr]     Checking phf v0.13.1
[INFO] [stderr]     Checking cipher v0.5.2
[INFO] [stderr]     Checking serde_with v3.22.0
[INFO] [stderr]    Compiling dlopen2_derive v0.4.3
[INFO] [stderr]    Compiling wry v0.55.1
[INFO] [stderr]    Compiling tauri-runtime v2.11.3
[INFO] [stderr]     Checking rustls-native-certs v0.8.4
[INFO] [stderr]    Compiling g2gen v1.2.2
[INFO] [stderr]    Compiling ico v0.5.0
[INFO] [stderr]     Checking dlopen2 v0.8.2
[INFO] [stderr]     Checking chacha20 v0.10.2
[INFO] [stderr]     Checking png v0.18.1
[INFO] [stderr]     Checking http-body-util v0.1.5
[INFO] [stderr]     Checking sha2 v0.11.0
[INFO] [stderr]     Checking universal-hash v0.6.1
[INFO] [stderr]     Checking bytemuck v1.25.2
[INFO] [stderr]    Compiling tauri-runtime-wry v2.11.4
[INFO] [stderr]     Checking zopfli v0.8.3
[INFO] [stderr]     Checking poly1305 v0.9.1
[INFO] [stderr]     Checking g2p v1.2.2
[INFO] [stderr]     Checking polling v3.11.0
[INFO] [stderr]     Checking image v0.25.10
[INFO] [stderr]     Checking aead v0.6.1
[INFO] [stderr]     Checking blake2 v0.11.0
[INFO] [stderr]     Checking hashlink v0.12.1
[INFO] [stderr]    Compiling serialize-to-javascript-impl v0.1.2
[INFO] [stderr]    Compiling serde_derive v1.0.229
[INFO] [stderr]    Compiling zerovec-derive v0.11.6
[INFO] [stderr]    Compiling displaydoc v0.2.7
[INFO] [stderr]    Compiling thiserror-impl v2.0.20
[INFO] [stderr]    Compiling futures-macro v0.3.34
[INFO] [stderr]    Compiling zerotrie v0.2.5
[INFO] [stderr]    Compiling zerovec v0.11.8
[INFO] [stderr]     Checking futures-util v0.3.34
[INFO] [stderr]     Checking thiserror v2.0.20
[INFO] [stderr]    Compiling tokio-macros v2.7.2
[INFO] [stderr]    Compiling serde_repr v0.1.21
[INFO] [stderr]    Compiling tinystr v0.8.4
[INFO] [stderr]    Compiling potential_utf v0.1.6
[INFO] [stderr]    Compiling icu_locale_core v2.3.0
[INFO] [stderr]    Compiling icu_collections v2.3.0
[INFO] [stderr]     Checking tokio v1.53.1
[INFO] [stderr]     Checking base64ct v1.8.3
[INFO] [stderr]     Checking argon2 v0.6.0
[INFO] [stderr]     Checking icu_provider v2.3.1
[INFO] [stderr]     Checking icu_normalizer v2.3.0
[INFO] [stderr]     Checking icu_properties v2.3.0
[INFO] [stderr]    Compiling serde v1.0.229
[INFO] [stderr]     Checking futures-executor v0.3.34
[INFO] [stderr]    Compiling toml_datetime v0.6.3
[INFO] [stderr]    Compiling serde_spanned v0.6.9
[INFO] [stderr]    Compiling indexmap v1.9.3
[INFO] [stderr]    Compiling cargo-platform v0.1.9
[INFO] [stderr]    Compiling toml_edit v0.20.2
[INFO] [stderr]    Compiling jsonptr v0.6.3
[INFO] [stderr]    Compiling cargo_metadata v0.19.2
[INFO] [stderr]    Compiling plist v1.10.0
[INFO] [stderr]    Compiling idna_adapter v1.2.2
[INFO] [stderr]    Compiling idna v1.1.0
[INFO] [stderr]    Compiling json-patch v3.0.1
[INFO] [stderr]    Compiling url v2.5.8
[INFO] [stderr]     Checking chrono v0.4.45
[INFO] [stderr]    Compiling urlpattern v0.3.0
[INFO] [stderr]    Compiling schemars v0.8.22
[INFO] [stderr]    Compiling toml_edit v0.19.15
[INFO] [stderr]    Compiling toml v0.8.2
[INFO] [stderr]    Compiling proc-macro-crate v2.0.2
[INFO] [stderr]    Compiling system-deps v6.2.2
[INFO] [stderr]     Checking thorium-workspace-domain v1.0.0 (/opt/rustwide/workdir/crates/domain)
[INFO] [stderr]    Compiling tauri-utils v2.9.3
[INFO] [stderr]    Compiling glib-macros v0.18.5
[INFO] [stderr]    Compiling cargo_toml v0.22.3
[INFO] [stderr]     Checking tokio-util v0.7.19
[INFO] [stderr]    Compiling glib-sys v0.18.1
[INFO] [stderr]    Compiling gobject-sys v0.18.0
[INFO] [stderr]    Compiling gio-sys v0.18.1
[INFO] [stderr]    Compiling gdk-sys v0.18.2
[INFO] [stderr]    Compiling atk-sys v0.18.2
[INFO] [stderr]    Compiling cairo-sys-rs v0.18.2
[INFO] [stderr]    Compiling pango-sys v0.18.0
[INFO] [stderr]    Compiling gdk-pixbuf-sys v0.18.0
[INFO] [stderr]    Compiling gtk-sys v0.18.2
[INFO] [stderr]    Compiling proc-macro-crate v1.3.1
[INFO] [stderr]    Compiling javascriptcore-rs-sys v1.1.1
[INFO] [stderr]    Compiling soup3-sys v0.5.0
[INFO] [stderr]    Compiling gtk v0.18.2
[INFO] [stderr]    Compiling webkit2gtk-sys v2.0.2
[INFO] [stderr]    Compiling gtk3-macros v0.18.2
[INFO] [stderr]    Compiling gdkx11-sys v0.18.2
[INFO] [stderr]     Checking dpi v0.1.2
[INFO] [stderr]     Checking h2 v0.4.19
[INFO] [stderr]     Checking secrecy v0.10.3
[INFO] [stderr]    Compiling zvariant_utils v4.2.0
[INFO] [stderr]     Checking glib v0.18.5
[INFO] [stderr]     Checking thorium-workspace-secrets v1.0.0 (/opt/rustwide/workdir/crates/secrets)
[INFO] [stderr]    Compiling zvariant_derive v5.15.0
[INFO] [stderr]     Checking gdkwayland-sys v0.18.2
[INFO] [stderr]     Checking async-compression v0.4.43
[INFO] [stderr]     Checking tower v0.5.3
[INFO] [stderr]     Checking keyboard-types v0.7.0
[INFO] [stderr]    Compiling enumflags2 v0.7.12
[INFO] [stderr]    Compiling zcheapstr v1.1.0
[INFO] [stderr]    Compiling zvariant v5.15.0
[INFO] [stderr]     Checking tower-http v0.6.11
[INFO] [stderr]     Checking rusqlite v0.40.2
[INFO] [stderr]     Checking hyper v1.11.1
[INFO] [stderr]     Checking serialize-to-javascript v0.1.2
[INFO] [stderr]     Checking zip v8.6.0
[INFO] [stderr]     Checking rqrr v0.10.1
[INFO] [stderr]     Checking hyper-util v0.1.20
[INFO] [stderr]     Checking chacha20poly1305 v0.11.0
[INFO] [stderr]     Checking async-io v2.6.0
[INFO] [stderr]     Checking rand v0.10.2
[INFO] [stderr]     Checking async-channel v2.5.0
[INFO] [stderr]     Checking sha1 v0.11.0
[INFO] [stderr]     Checking hmac v0.13.0
[INFO] [stderr]     Checking thorium-workspace-windows-platform v1.0.0 (/opt/rustwide/workdir/crates/windows-platform)
[INFO] [stdout] error[E0433]: cannot find `windows` in `os`
[INFO] [stdout]   --> crates/windows-platform/src/mutex.rs:21:14
[INFO] [stdout]    |
[INFO] [stdout] 21 | use std::os::windows::ffi::OsStrExt as _;
[INFO] [stdout]    |              ^^^^^^^ could not find `windows` in `os`
[INFO] [stdout]    |
[INFO] [stdout] note: found an item that was configured out
[INFO] [stdout]   --> /rustc/3154cc1a3e6424e44f438a95007d043ed5ceaaf6/library/std/src/os/mod.rs:62:4
[INFO] [stdout]    |
[INFO] [stdout]    = note: the item is gated behind the `windows` feature
[INFO] [stdout] 
[INFO] [stdout] 
[INFO] [stdout] error[E0433]: cannot find `windows` in `os`
[INFO] [stdout]   --> crates/windows-platform/src/process.rs:35:18
[INFO] [stdout]    |
[INFO] [stdout] 35 |     use std::os::windows::io::AsRawHandle;
[INFO] [stdout]    |                  ^^^^^^^ could not find `windows` in `os`
[INFO] [stdout]    |
[INFO] [stdout] note: found an item that was configured out
[INFO] [stdout]   --> /rustc/3154cc1a3e6424e44f438a95007d043ed5ceaaf6/library/std/src/os/mod.rs:62:4
[INFO] [stdout]    |
[INFO] [stdout]    = note: the item is gated behind the `windows` feature
[INFO] [stdout] 
[INFO] [stdout] 
[INFO] [stdout] error[E0433]: cannot find `windows` in `os`
[INFO] [stdout]   --> crates/windows-platform/src/process.rs:36:18
[INFO] [stdout]    |
[INFO] [stdout] 36 |     use std::os::windows::process::CommandExt as _;
[INFO] [stdout]    |                  ^^^^^^^ could not find `windows` in `os`
[INFO] [stdout]    |
[INFO] [stdout] note: found an item that was configured out
[INFO] [stdout]   --> /rustc/3154cc1a3e6424e44f438a95007d043ed5ceaaf6/library/std/src/os/mod.rs:62:4
[INFO] [stdout]    |
[INFO] [stdout]    = note: the item is gated behind the `windows` feature
[INFO] [stdout] 
[INFO] [stdout] 
[INFO] [stdout] error[E0433]: cannot find `windows` in `os`
[INFO] [stdout]  --> crates/windows-platform/src/wide.rs:3:14
[INFO] [stdout]   |
[INFO] [stdout] 3 | use std::os::windows::ffi::OsStrExt as _;
[INFO] [stdout]   |              ^^^^^^^ could not find `windows` in `os`
[INFO] [stdout]   |
[INFO] [stdout] note: found an item that was configured out
[INFO] [stdout]  --> /rustc/3154cc1a3e6424e44f438a95007d043ed5ceaaf6/library/std/src/os/mod.rs:62:4
[INFO] [stdout]   |
[INFO] [stdout]   = note: the item is gated behind the `windows` feature
[INFO] [stdout] 
[INFO] [stdout] 
[INFO] [stdout] error[E0433]: cannot find module or crate `windows_sys` in this scope
[INFO] [stdout]   --> crates/windows-platform/src/job.rs:21:5
[INFO] [stdout]    |
[INFO] [stdout] 21 | use windows_sys::Win32::Foundation::{CloseHandle, HANDLE};
[INFO] [stdout]    |     ^^^^^^^^^^^ use of unresolved module or unlinked crate `windows_sys`
[INFO] [stdout]    |
[INFO] [stdout]    = help: if you wanted to use a crate named `windows_sys`, use `cargo add windows_sys` to add it to your `Cargo.toml`
[INFO] [stdout] 
[INFO] [stdout] 
[INFO] [stdout] error[E0433]: cannot find module or crate `windows_sys` in this scope
[INFO] [stdout]   --> crates/windows-platform/src/job.rs:22:5
[INFO] [stdout]    |
[INFO] [stdout] 22 | use windows_sys::Win32::System::JobObjects::{
[INFO] [stdout]    |     ^^^^^^^^^^^ use of unresolved module or unlinked crate `windows_sys`
[INFO] [stdout]    |
[INFO] [stdout]    = help: if you wanted to use a crate named `windows_sys`, use `cargo add windows_sys` to add it to your `Cargo.toml`
[INFO] [stdout] 
[INFO] [stdout] 
[INFO] [stdout] error[E0433]: cannot find module or crate `windows_sys` in this scope
[INFO] [stdout]   --> crates/windows-platform/src/mutex.rs:24:5
[INFO] [stdout]    |
[INFO] [stdout] 24 | use windows_sys::Win32::Foundation::{CloseHandle, WAIT_ABANDONED, WAIT_OBJECT_0, WAIT_TIMEOUT};
[INFO] [stdout]    |     ^^^^^^^^^^^ use of unresolved module or unlinked crate `windows_sys`
[INFO] [stdout]    |
[INFO] [stdout]    = help: if you wanted to use a crate named `windows_sys`, use `cargo add windows_sys` to add it to your `Cargo.toml`
[INFO] [stdout] 
[INFO] [stdout] 
[INFO] [stdout] error[E0433]: cannot find module or crate `windows_sys` in this scope
[INFO] [stdout]   --> crates/windows-platform/src/mutex.rs:25:5
[INFO] [stdout]    |
[INFO] [stdout] 25 | use windows_sys::Win32::System::Threading::{CreateMutexW, INFINITE, WaitForSingleObject};
[INFO] [stdout]    |     ^^^^^^^^^^^ use of unresolved module or unlinked crate `windows_sys`
[INFO] [stdout]    |
[INFO] [stdout]    = help: if you wanted to use a crate named `windows_sys`, use `cargo add windows_sys` to add it to your `Cargo.toml`
[INFO] [stdout] 
[INFO] [stdout] 
[INFO] [stdout] error[E0432]: unresolved import `thorium_workspace_secrets`
[INFO] [stdout]   --> crates/windows-platform/src/clipboard.rs:20:5
[INFO] [stdout]    |
[INFO] [stdout] 20 | use thorium_workspace_secrets::{SecretBytes, SecretText, constant_time_eq};
[INFO] [stdout]    |     ^^^^^^^^^^^^^^^^^^^^^^^^^ use of unresolved module or unlinked crate `thorium_workspace_secrets`
[INFO] [stdout]    |
[INFO] [stdout]    = help: if you wanted to use a crate named `thorium_workspace_secrets`, use `cargo add thorium_workspace_secrets` to add it to your `Cargo.toml`
[INFO] [stdout] 
[INFO] [stdout] 
[INFO] [stdout] error[E0432]: unresolved import `thorium_workspace_domain`
[INFO] [stdout]  --> crates/windows-platform/src/error.rs:8:5
[INFO] [stdout]   |
[INFO] [stdout] 8 | use thorium_workspace_domain::DiagnosticCode;
[INFO] [stdout]   |     ^^^^^^^^^^^^^^^^^^^^^^^^ use of unresolved module or unlinked crate `thorium_workspace_domain`
[INFO] [stdout]   |
[INFO] [stdout]   = help: if you wanted to use a crate named `thorium_workspace_domain`, use `cargo add thorium_workspace_domain` to add it to your `Cargo.toml`
[INFO] [stdout] 
[INFO] [stdout] 
[INFO] [stdout] error[E0433]: cannot find module or crate `thiserror` in this scope
[INFO] [stdout]   --> crates/windows-platform/src/error.rs:11:17
[INFO] [stdout]    |
[INFO] [stdout] 11 | #[derive(Debug, thiserror::Error)]
[INFO] [stdout]    |                 ^^^^^^^^^ use of unresolved module or unlinked crate `thiserror`
[INFO] [stdout] 
[INFO] [stdout] 
[INFO] [stdout] error: cannot find attribute `error` in this scope
[INFO] [stdout]   --> crates/windows-platform/src/error.rs:14:7
[INFO] [stdout]    |
[INFO] [stdout] 14 |     #[error("failed to resolve the executable path: {source}")]
[INFO] [stdout]    |       ^^^^^
[INFO] [stdout] 
[INFO] [stdout] 
[INFO] [stdout] error: cannot find attribute `error` in this scope
[INFO] [stdout]   --> crates/windows-platform/src/error.rs:21:7
[INFO] [stdout]    |
[INFO] [stdout] 21 |     #[error(
[INFO] [stdout]    |       ^^^^^
[INFO] [stdout] 
[INFO] [stdout] 
[INFO] [stdout] error: cannot find attribute `error` in this scope
[INFO] [stdout]   --> crates/windows-platform/src/error.rs:30:7
[INFO] [stdout]    |
[INFO] [stdout] 30 |     #[error("filesystem operation failed for {path}: {source}")]
[INFO] [stdout]    |       ^^^^^
[INFO] [stdout] 
[INFO] [stdout] 
[INFO] [stdout] error: cannot find attribute `error` in this scope
[INFO] [stdout]   --> crates/windows-platform/src/error.rs:39:7
[INFO] [stdout]    |
[INFO] [stdout] 39 |     #[error("Windows API call failed: {operation} (system error {code})")]
[INFO] [stdout]    |       ^^^^^
[INFO] [stdout] 
[INFO] [stdout] 
[INFO] [stdout] error: cannot find attribute `error` in this scope
[INFO] [stdout]   --> crates/windows-platform/src/error.rs:48:7
[INFO] [stdout]    |
[INFO] [stdout] 48 |     #[error("Windows API call returned an unexpected result: {operation}")]
[INFO] [stdout]    |       ^^^^^
[INFO] [stdout] 
[INFO] [stdout] 
[INFO] [stdout] error: cannot find attribute `error` in this scope
[INFO] [stdout]   --> crates/windows-platform/src/error.rs:55:7
[INFO] [stdout]    |
[INFO] [stdout] 55 |     #[error("clipboard operation failed: {0}")]
[INFO] [stdout]    |       ^^^^^
[INFO] [stdout] 
[INFO] [stdout] 
[INFO] [stdout] error: cannot find attribute `error` in this scope
[INFO] [stdout]   --> crates/windows-platform/src/error.rs:60:7
[INFO] [stdout]    |
[INFO] [stdout] 60 |     #[error("path contains invalid Unicode: {path}")]
[INFO] [stdout]    |       ^^^^^
[INFO] [stdout] 
[INFO] [stdout] 
[INFO] [stdout] error[E0433]: cannot find module or crate `arboard` in this scope
[INFO] [stdout]   --> crates/windows-platform/src/clipboard.rs:68:5
[INFO] [stdout]    |
[INFO] [stdout] 68 |     arboard::Clipboard::new().map_err(|error| PlatformError::Clipboard(error.to_string()))
[INFO] [stdout]    |     ^^^^^^^ use of unresolved module or unlinked crate `arboard`
[INFO] [stdout]    |
[INFO] [stdout]    = help: if you wanted to use a crate named `arboard`, use `cargo add arboard` to add it to your `Cargo.toml`
[INFO] [stdout] help: there is an enum variant `crate::PlatformError::Clipboard`; try using the variant's enum
[INFO] [stdout]    |
[INFO] [stdout] 68 -     arboard::Clipboard::new().map_err(|error| PlatformError::Clipboard(error.to_string()))
[INFO] [stdout] 68 +     crate::PlatformError::new().map_err(|error| PlatformError::Clipboard(error.to_string()))
[INFO] [stdout]    |
[INFO] [stdout] 
[INFO] [stdout] 
[INFO] [stdout] error[E0433]: cannot find module or crate `windows_sys` in this scope
[INFO] [stdout]   --> crates/windows-platform/src/mutex.rs:38:13
[INFO] [stdout]    |
[INFO] [stdout] 38 |     handle: windows_sys::Win32::Foundation::HANDLE,
[INFO] [stdout]    |             ^^^^^^^^^^^ use of unresolved module or unlinked crate `windows_sys`
[INFO] [stdout]    |
[INFO] [stdout]    = help: if you wanted to use a crate named `windows_sys`, use `cargo add windows_sys` to add it to your `Cargo.toml`
[INFO] [stdout] 
[INFO] [stdout] 
[INFO] [stdout] error[E0433]: cannot find module or crate `windows_sys` in this scope
[INFO] [stdout]   --> crates/windows-platform/src/mutex.rs:51:20
[INFO] [stdout]    |
[INFO] [stdout] 51 |     fn new(handle: windows_sys::Win32::Foundation::HANDLE, name: String) -> Self {
[INFO] [stdout]    |                    ^^^^^^^^^^^ use of unresolved module or unlinked crate `windows_sys`
[INFO] [stdout]    |
[INFO] [stdout]    = help: if you wanted to use a crate named `windows_sys`, use `cargo add windows_sys` to add it to your `Cargo.toml`
[INFO] [stdout] 
[INFO] [stdout] 
[INFO] [stdout] error[E0408]: variable `WAIT_ABANDONED` is not bound in all patterns
[INFO] [stdout]   --> crates/windows-platform/src/mutex.rs:96:9
[INFO] [stdout]    |
[INFO] [stdout] 96 |         WAIT_OBJECT_0 | WAIT_ABANDONED => Ok(Some(NamedMutexGuard::new(handle, name.to_owned()))),
[INFO] [stdout]    |         ^^^^^^^^^^^^^   -------------- variable not in all patterns
[INFO] [stdout]    |         |
[INFO] [stdout]    |         pattern doesn't bind `WAIT_ABANDONED`
[INFO] [stdout]    |
[INFO] [stdout] help: if you meant to match on a unit struct, unit variant or a `const` item, consider making the path in the pattern qualified: `path::to::ModOrType::WAIT_ABANDONED`
[INFO] [stdout]   --> crates/windows-platform/src/mutex.rs:96:25
[INFO] [stdout]    |
[INFO] [stdout] 96 |         WAIT_OBJECT_0 | WAIT_ABANDONED => Ok(Some(NamedMutexGuard::new(handle, name.to_owned()))),
[INFO] [stdout]    |                         ^^^^^^^^^^^^^^
[INFO] [stdout] 
[INFO] [stdout] 
[INFO] [stdout] error[E0408]: variable `WAIT_OBJECT_0` is not bound in all patterns
[INFO] [stdout]   --> crates/windows-platform/src/mutex.rs:96:25
[INFO] [stdout]    |
[INFO] [stdout] 96 |         WAIT_OBJECT_0 | WAIT_ABANDONED => Ok(Some(NamedMutexGuard::new(handle, name.to_owned()))),
[INFO] [stdout]    |         -------------   ^^^^^^^^^^^^^^ pattern doesn't bind `WAIT_OBJECT_0`
[INFO] [stdout]    |         |
[INFO] [stdout]    |         variable not in all patterns
[INFO] [stdout]    |
[INFO] [stdout] help: if you meant to match on a unit struct, unit variant or a `const` item, consider making the path in the pattern qualified: `path::to::ModOrType::WAIT_OBJECT_0`
[INFO] [stdout]   --> crates/windows-platform/src/mutex.rs:96:9
[INFO] [stdout]    |
[INFO] [stdout] 96 |         WAIT_OBJECT_0 | WAIT_ABANDONED => Ok(Some(NamedMutexGuard::new(handle, name.to_owned()))),
[INFO] [stdout]    |         ^^^^^^^^^^^^^
[INFO] [stdout] 
[INFO] [stdout] 
[INFO] [stdout] error[E0408]: variable `WAIT_ABANDONED` is not bound in all patterns
[INFO] [stdout]    --> crates/windows-platform/src/mutex.rs:131:9
[INFO] [stdout]     |
[INFO] [stdout] 131 |         WAIT_OBJECT_0 | WAIT_ABANDONED => Ok(NamedMutexGuard::new(handle, name.to_owned())),
[INFO] [stdout]     |         ^^^^^^^^^^^^^   -------------- variable not in all patterns
[INFO] [stdout]     |         |
[INFO] [stdout]     |         pattern doesn't bind `WAIT_ABANDONED`
[INFO] [stdout]     |
[INFO] [stdout] help: if you meant to match on a unit struct, unit variant or a `const` item, consider making the path in the pattern qualified: `path::to::ModOrType::WAIT_ABANDONED`
[INFO] [stdout]    --> crates/windows-platform/src/mutex.rs:131:25
[INFO] [stdout]     |
[INFO] [stdout] 131 |         WAIT_OBJECT_0 | WAIT_ABANDONED => Ok(NamedMutexGuard::new(handle, name.to_owned())),
[INFO] [stdout]     |                         ^^^^^^^^^^^^^^
[INFO] [stdout] 
[INFO] [stdout] 
[INFO] [stdout] error[E0408]: variable `WAIT_OBJECT_0` is not bound in all patterns
[INFO] [stdout]    --> crates/windows-platform/src/mutex.rs:131:25
[INFO] [stdout]     |
[INFO] [stdout] 131 |         WAIT_OBJECT_0 | WAIT_ABANDONED => Ok(NamedMutexGuard::new(handle, name.to_owned())),
[INFO] [stdout]     |         -------------   ^^^^^^^^^^^^^^ pattern doesn't bind `WAIT_OBJECT_0`
[INFO] [stdout]     |         |
[INFO] [stdout]     |         variable not in all patterns
[INFO] [stdout]     |
[INFO] [stdout] help: if you meant to match on a unit struct, unit variant or a `const` item, consider making the path in the pattern qualified: `path::to::ModOrType::WAIT_OBJECT_0`
[INFO] [stdout]    --> crates/windows-platform/src/mutex.rs:131:9
[INFO] [stdout]     |
[INFO] [stdout] 131 |         WAIT_OBJECT_0 | WAIT_ABANDONED => Ok(NamedMutexGuard::new(handle, name.to_owned())),
[INFO] [stdout]     |         ^^^^^^^^^^^^^
[INFO] [stdout] 
[INFO] [stdout] 
[INFO] [stdout] error[E0433]: cannot find module or crate `windows_sys` in this scope
[INFO] [stdout]   --> crates/windows-platform/src/process.rs:52:43
[INFO] [stdout]    |
[INFO] [stdout] 52 |     let handle = child.as_raw_handle() as windows_sys::Win32::Foundation::HANDLE;
[INFO] [stdout]    |                                           ^^^^^^^^^^^ use of unresolved module or unlinked crate `windows_sys`
[INFO] [stdout]    |
[INFO] [stdout]    = help: if you wanted to use a crate named `windows_sys`, use `cargo add windows_sys` to add it to your `Cargo.toml`
[INFO] [stdout] 
[INFO] [stdout] 
[INFO] [stderr]    Compiling zbus_names v4.3.4
[INFO] [stdout] error[E0433]: cannot find module or crate `arboard` in this scope
[INFO] [stdout]   --> crates/windows-platform/src/clipboard.rs:67:31
[INFO] [stdout]    |
[INFO] [stdout] 67 | fn open_clipboard() -> Result<arboard::Clipboard, PlatformError> {
[INFO] [stdout]    |                               ^^^^^^^ use of unresolved module or unlinked crate `arboard`
[INFO] [stdout]    |
[INFO] [stdout]    = help: if you wanted to use a crate named `arboard`, use `cargo add arboard` to add it to your `Cargo.toml`
[INFO] [stdout] 
[INFO] [stdout] 
[INFO] [stdout] Some errors have detailed explanations: E0408, E0432, E0433.
[INFO] [stdout] 
[INFO] [stdout] For more information about an error, try `rustc --explain E0408`.
[INFO] [stdout] 
[INFO] [stderr] error: could not compile `thorium-workspace-windows-platform` (lib) due to 27 previous errors
[INFO] [stderr] warning: build failed, waiting for other jobs to finish...
[INFO] running `Command { std: "docker" "inspect" "e0883feb357a482ec8172648fef949c8304846738c97dcb736aba1805abf3049", kill_on_drop: false }`
[INFO] running `Command { std: "docker" "rm" "-f" "e0883feb357a482ec8172648fef949c8304846738c97dcb736aba1805abf3049", kill_on_drop: false }`
[INFO] [stdout] e0883feb357a482ec8172648fef949c8304846738c97dcb736aba1805abf3049
