[INFO] cloning repository https://github.com/j4nya-BinSrcs/glyphstream
[INFO] running `Command { std: "git" "-c" "credential.helper=" "-c" "credential.helper=/workspace/cargo-home/bin/git-credential-null" "clone" "--bare" "https://github.com/j4nya-BinSrcs/glyphstream" "/workspace/cache/git-repos/https%3A%2F%2Fgithub.com%2Fj4nya-BinSrcs%2Fglyphstream", kill_on_drop: false }`
[INFO] [stderr] Cloning into bare repository '/workspace/cache/git-repos/https%3A%2F%2Fgithub.com%2Fj4nya-BinSrcs%2Fglyphstream'...
[INFO] running `Command { std: "git" "rev-parse" "HEAD", kill_on_drop: false }`
[INFO] [stdout] 5c31aa43f6ed058278c161f7506d77a45edd7622
[INFO] checking j4nya-BinSrcs/glyphstream against 3154cc1a3e6424e44f438a95007d043ed5ceaaf6+rustflags=-Znext-solver=coherence for pr-133502-30
[INFO] running `Command { std: "git" "clone" "/workspace/cache/git-repos/https%3A%2F%2Fgithub.com%2Fj4nya-BinSrcs%2Fglyphstream" "/workspace/builds/worker-0-tc1/source", kill_on_drop: false }`
[INFO] [stderr] Cloning into '/workspace/builds/worker-0-tc1/source'...
[INFO] [stderr] done.
[INFO] started tweaking git repo https://github.com/j4nya-BinSrcs/glyphstream
[INFO] finished tweaking git repo https://github.com/j4nya-BinSrcs/glyphstream
[INFO] tweaked toml for git repo https://github.com/j4nya-BinSrcs/glyphstream written to /workspace/builds/worker-0-tc1/source/Cargo.toml
[INFO] validating manifest of git repo https://github.com/j4nya-BinSrcs/glyphstream on toolchain 3154cc1a3e6424e44f438a95007d043ed5ceaaf6
[INFO] running `Command { std: CARGO_HOME="/workspace/cargo-home" RUSTUP_HOME="/workspace/rustup-home" "/workspace/cargo-home/bin/cargo" "+3154cc1a3e6424e44f438a95007d043ed5ceaaf6" "metadata" "--manifest-path" "Cargo.toml" "--no-deps", kill_on_drop: false }`
[INFO] crate git repo https://github.com/j4nya-BinSrcs/glyphstream already has a lockfile, it will not be regenerated
[INFO] running `Command { std: CARGO_HOME="/workspace/cargo-home" RUSTUP_HOME="/workspace/rustup-home" "/workspace/cargo-home/bin/cargo" "+3154cc1a3e6424e44f438a95007d043ed5ceaaf6" "fetch" "--manifest-path" "Cargo.toml", kill_on_drop: false }`
[INFO] [stderr]     Updating crates.io index
[INFO] [stderr]  Downloading crates ...
[INFO] [stderr]   Downloaded clang v2.0.0
[INFO] [stderr]   Downloaded opencv-binding-generator v0.101.0
[INFO] [stderr]   Downloaded opencv v0.98.2
[INFO] running `Command { std: "docker" "create" "-v" "/var/lib/crater-agent-workspace/builds/worker-0-tc1/source:/opt/rustwide/workdir:ro,Z" "-v" "/var/lib/crater-agent-workspace/builds/worker-0-tc1/target:/opt/rustwide/target:rw,Z" "-v" "/var/lib/crater-agent-workspace/cargo-home:/opt/rustwide/cargo-home:ro,Z" "-v" "/var/lib/crater-agent-workspace/rustup-home:/opt/rustwide/rustup-home:ro,Z" "-m" "1610612736" "--network" "none" "ghcr.io/rust-lang/crates-build-env/linux@sha256:77db811e55d90add9212f6832c23229e3de5f1c1f9905e8cb07319ea15df73ac" "sleep" "infinity", kill_on_drop: false }`
[INFO] [stdout] 6c03c76a46c29320428e8d4bb99a7ee4249e338abfc5846cef5945f620eeb99c
[INFO] running `Command { std: "docker" "start" "6c03c76a46c29320428e8d4bb99a7ee4249e338abfc5846cef5945f620eeb99c", kill_on_drop: false }`
[INFO] running `Command { std: "docker" "inspect" "6c03c76a46c29320428e8d4bb99a7ee4249e338abfc5846cef5945f620eeb99c", kill_on_drop: false }`
[INFO] running `Command { std: "docker" "exec" "-e" "SOURCE_DIR=/opt/rustwide/workdir" "-e" "CARGO_HOME=/opt/rustwide/cargo-home" "-e" "RUSTUP_HOME=/opt/rustwide/rustup-home" "-e" "CARGO_TARGET_DIR=/opt/rustwide/target" "-w" "/opt/rustwide/workdir" "--user" "0:0" "6c03c76a46c29320428e8d4bb99a7ee4249e338abfc5846cef5945f620eeb99c" "/opt/rustwide/cargo-home/bin/cargo" "+3154cc1a3e6424e44f438a95007d043ed5ceaaf6" "metadata" "--no-deps" "--format-version=1", kill_on_drop: false }`
[INFO] running `Command { std: "docker" "inspect" "6c03c76a46c29320428e8d4bb99a7ee4249e338abfc5846cef5945f620eeb99c", kill_on_drop: false }`
[INFO] running `Command { std: "docker" "exec" "-e" "SOURCE_DIR=/opt/rustwide/workdir" "-e" "CARGO_HOME=/opt/rustwide/cargo-home" "-e" "RUSTUP_HOME=/opt/rustwide/rustup-home" "-e" "CARGO_TARGET_DIR=/opt/rustwide/target" "-e" "CARGO_INCREMENTAL=0" "-e" "RUST_BACKTRACE=full" "-e" "RUSTFLAGS=--cap-lints=forbid -Znext-solver=coherence" "-e" "RUSTDOCFLAGS=--cap-lints=forbid" "-w" "/opt/rustwide/workdir" "--user" "0:0" "6c03c76a46c29320428e8d4bb99a7ee4249e338abfc5846cef5945f620eeb99c" "/opt/rustwide/cargo-home/bin/cargo" "+3154cc1a3e6424e44f438a95007d043ed5ceaaf6" "check" "--frozen" "--all" "--all-targets" "--message-format=json", kill_on_drop: false }`
[INFO] [stderr]    Compiling libc v0.2.186
[INFO] [stderr]    Compiling glob v0.3.3
[INFO] [stderr]    Compiling memchr v2.8.2
[INFO] [stderr]    Compiling regex-syntax v0.8.11
[INFO] [stderr]    Compiling percent-encoding v2.3.2
[INFO] [stderr]    Compiling libloading v0.8.9
[INFO] [stderr]     Checking bitflags v2.13.0
[INFO] [stderr]    Compiling shlex v1.3.0
[INFO] [stderr]    Compiling nix v0.31.3
[INFO] [stderr]     Checking smallvec v1.15.2
[INFO] [stderr]     Checking log v0.4.32
[INFO] [stderr]    Compiling rustix v1.1.4
[INFO] [stderr]    Compiling syn v2.0.118
[INFO] [stderr]    Compiling anyhow v1.0.102
[INFO] [stderr]     Checking clap_builder v4.6.0
[INFO] [stderr]     Checking mio v1.2.1
[INFO] [stderr]    Compiling clang-sys v1.8.1
[INFO] [stderr]     Checking parking_lot_core v0.9.12
[INFO] [stderr]     Checking ctrlc v3.5.2
[INFO] [stderr]     Checking parking_lot v0.12.5
[INFO] [stderr]    Compiling aho-corasick v1.1.4
[INFO] [stderr]     Checking signal-hook-mio v0.2.5
[INFO] [stderr]    Compiling jobserver v0.1.34
[INFO] [stderr]    Compiling cc v1.2.64
[INFO] [stderr]    Compiling regex-automata v0.4.14
[INFO] [stderr]    Compiling derive_more-impl v2.1.1
[INFO] [stderr]    Compiling clap_derive v4.6.1
[INFO] [stderr]    Compiling clang v2.0.0
[INFO] [stderr]     Checking derive_more v2.1.1
[INFO] [stderr]     Checking crossterm v0.29.0
[INFO] [stderr]     Checking clap v4.6.1
[INFO] [stderr]    Compiling regex v1.12.4
[INFO] [stderr]    Compiling opencv-binding-generator v0.101.0
[INFO] [stderr]    Compiling opencv v0.98.2
[INFO] [stderr]     Checking glyphstream v0.1.0 (/opt/rustwide/workdir)
[INFO] [stdout] error[E0433]: cannot find `AlgorithmHint` in `core`
[INFO] [stdout]    --> src/main.rs:370:19
[INFO] [stdout]     |
[INFO] [stdout] 370 |             core::AlgorithmHint::ALGO_HINT_DEFAULT,
[INFO] [stdout]     |                   ^^^^^^^^^^^^^ could not find `AlgorithmHint` in `core`
[INFO] [stdout]     |
[INFO] [stdout] help: a struct with a similar name exists
[INFO] [stdout]     |
[INFO] [stdout] 370 -             core::AlgorithmHint::ALGO_HINT_DEFAULT,
[INFO] [stdout] 370 +             core::Algorithm::ALGO_HINT_DEFAULT,
[INFO] [stdout]     |
[INFO] [stdout] 
[INFO] [stdout] 
[INFO] [stdout] error[E0433]: cannot find `AlgorithmHint` in `core`
[INFO] [stdout]    --> src/main.rs:370:19
[INFO] [stdout]     |
[INFO] [stdout] 370 |             core::AlgorithmHint::ALGO_HINT_DEFAULT,
[INFO] [stdout]     |                   ^^^^^^^^^^^^^ could not find `AlgorithmHint` in `core`
[INFO] [stdout]     |
[INFO] [stdout] help: a struct with a similar name exists
[INFO] [stdout]     |
[INFO] [stdout] 370 -             core::AlgorithmHint::ALGO_HINT_DEFAULT,
[INFO] [stdout] 370 +             core::Algorithm::ALGO_HINT_DEFAULT,
[INFO] [stdout]     |
[INFO] [stdout] 
[INFO] [stdout] 
[INFO] [stdout] error[E0061]: this function takes 6 arguments but 7 arguments were supplied
[INFO] [stdout]     --> src/main.rs:363:9
[INFO] [stdout]      |
[INFO] [stdout]  363 |         imgproc::gaussian_blur(
[INFO] [stdout]      |         ^^^^^^^^^^^^^^^^^^^^^^
[INFO] [stdout] ...
[INFO] [stdout]  370 |             core::AlgorithmHint::ALGO_HINT_DEFAULT,
[INFO] [stdout]      |             -------------------------------------- unexpected argument #7
[INFO] [stdout]      |
[INFO] [stdout] note: function defined here
[INFO] [stdout]     --> /opt/rustwide/target/debug/build/opencv/88e9a20c62f18b49/out/opencv/imgproc.rs:2450:9
[INFO] [stdout]      |
[INFO] [stdout] 2450 |     pub fn gaussian_blur(src: &impl ToInputArray, dst: &mut impl ToOutputArray, ksize: core::Size, sigma_x: f64, sigma_y: f64, bor...
[INFO] [stdout]      |            ^^^^^^^^^^^^^
[INFO] [stdout] help: remove the extra argument
[INFO] [stdout]      |
[INFO] [stdout]  369 -             core::BORDER_DEFAULT,
[INFO] [stdout]  370 -             core::AlgorithmHint::ALGO_HINT_DEFAULT,
[INFO] [stdout]  369 +             core::BORDER_DEFAULT,
[INFO] [stdout]      |
[INFO] [stdout] 
[INFO] [stdout] 
[INFO] [stdout] error[E0061]: this function takes 6 arguments but 7 arguments were supplied
[INFO] [stdout]     --> src/main.rs:363:9
[INFO] [stdout]      |
[INFO] [stdout]  363 |         imgproc::gaussian_blur(
[INFO] [stdout]      |         ^^^^^^^^^^^^^^^^^^^^^^
[INFO] [stdout] ...
[INFO] [stdout]  370 |             core::AlgorithmHint::ALGO_HINT_DEFAULT,
[INFO] [stdout]      |             -------------------------------------- unexpected argument #7
[INFO] [stdout]      |
[INFO] [stdout] note: function defined here
[INFO] [stdout]     --> /opt/rustwide/target/debug/build/opencv/88e9a20c62f18b49/out/opencv/imgproc.rs:2450:9
[INFO] [stdout]      |
[INFO] [stdout] 2450 |     pub fn gaussian_blur(src: &impl ToInputArray, dst: &mut impl ToOutputArray, ksize: core::Size, sigma_x: f64, sigma_y: f64, bor...
[INFO] [stdout]      |            ^^^^^^^^^^^^^
[INFO] [stdout] help: remove the extra argument
[INFO] [stdout]      |
[INFO] [stdout]  369 -             core::BORDER_DEFAULT,
[INFO] [stdout]  370 -             core::AlgorithmHint::ALGO_HINT_DEFAULT,
[INFO] [stdout]  369 +             core::BORDER_DEFAULT,
[INFO] [stdout]      |
[INFO] [stdout] 
[INFO] [stdout] 
[INFO] [stdout] Some errors have detailed explanations: E0061, E0433.
[INFO] [stdout] 
[INFO] [stdout] For more information about an error, try `rustc --explain E0061`.
[INFO] [stdout] 
[INFO] [stderr] error: could not compile `glyphstream` (bin "glyphstream") due to 2 previous errors
[INFO] [stderr] warning: build failed, waiting for other jobs to finish...
[INFO] [stdout] Some errors have detailed explanations: E0061, E0433.
[INFO] [stdout] 
[INFO] [stdout] For more information about an error, try `rustc --explain E0061`.
[INFO] [stdout] 
[INFO] [stderr] error: could not compile `glyphstream` (bin "glyphstream" test) due to 2 previous errors
[INFO] running `Command { std: "docker" "inspect" "6c03c76a46c29320428e8d4bb99a7ee4249e338abfc5846cef5945f620eeb99c", kill_on_drop: false }`
[INFO] running `Command { std: "docker" "rm" "-f" "6c03c76a46c29320428e8d4bb99a7ee4249e338abfc5846cef5945f620eeb99c", kill_on_drop: false }`
[INFO] [stdout] 6c03c76a46c29320428e8d4bb99a7ee4249e338abfc5846cef5945f620eeb99c
