[INFO] cloning repository https://github.com/izcw/WirelessExpansionScreen
[INFO] running `Command { std: "git" "-c" "credential.helper=" "-c" "credential.helper=/workspace/cargo-home/bin/git-credential-null" "clone" "--bare" "https://github.com/izcw/WirelessExpansionScreen" "/workspace/cache/git-repos/https%3A%2F%2Fgithub.com%2Fizcw%2FWirelessExpansionScreen", kill_on_drop: false }`
[INFO] [stderr] Cloning into bare repository '/workspace/cache/git-repos/https%3A%2F%2Fgithub.com%2Fizcw%2FWirelessExpansionScreen'...
[INFO] running `Command { std: "git" "rev-parse" "HEAD", kill_on_drop: false }`
[INFO] [stdout] 2948faae90a53a9a146a4b4bb5219f7d3eea8f08
[INFO] checking izcw/WirelessExpansionScreen against 3154cc1a3e6424e44f438a95007d043ed5ceaaf6+rustflags=-Znext-solver=coherence for pr-133502-30
[INFO] running `Command { std: "git" "clone" "/workspace/cache/git-repos/https%3A%2F%2Fgithub.com%2Fizcw%2FWirelessExpansionScreen" "/workspace/builds/worker-6-tc1/source", kill_on_drop: false }`
[INFO] [stderr] Cloning into '/workspace/builds/worker-6-tc1/source'...
[INFO] [stderr] done.
[INFO] started tweaking git repo https://github.com/izcw/WirelessExpansionScreen
[INFO] finished tweaking git repo https://github.com/izcw/WirelessExpansionScreen
[INFO] tweaked toml for git repo https://github.com/izcw/WirelessExpansionScreen written to /workspace/builds/worker-6-tc1/source/Cargo.toml
[INFO] validating manifest of git repo https://github.com/izcw/WirelessExpansionScreen on toolchain 3154cc1a3e6424e44f438a95007d043ed5ceaaf6
[INFO] running `Command { std: CARGO_HOME="/workspace/cargo-home" RUSTUP_HOME="/workspace/rustup-home" "/workspace/cargo-home/bin/cargo" "+3154cc1a3e6424e44f438a95007d043ed5ceaaf6" "metadata" "--manifest-path" "Cargo.toml" "--no-deps", kill_on_drop: false }`
[INFO] crate git repo https://github.com/izcw/WirelessExpansionScreen already has a lockfile, it will not be regenerated
[INFO] running `Command { std: CARGO_HOME="/workspace/cargo-home" RUSTUP_HOME="/workspace/rustup-home" "/workspace/cargo-home/bin/cargo" "+3154cc1a3e6424e44f438a95007d043ed5ceaaf6" "fetch" "--manifest-path" "Cargo.toml", kill_on_drop: false }`
[INFO] [stderr] warning: unused field `authors` in `workspace.package`
[INFO] [stderr]   --> Cargo.toml:29:1
[INFO] [stderr]    |
[INFO] [stderr] 29 | authors = ["Yoko"]
[INFO] [stderr]    | ^^^^^^^
[INFO] [stderr]    |
[INFO] [stderr]    = note: `cargo::unused_workspace_package_fields` is set to `warn` by default
[INFO] [stderr] help: consider removing the field `workspace.package.authors`
[INFO] [stderr] warning: unused field `license` in `workspace.package`
[INFO] [stderr]   --> Cargo.toml:31:1
[INFO] [stderr]    |
[INFO] [stderr] 31 | license = "MIT"
[INFO] [stderr]    | ^^^^^^^
[INFO] [stderr]    |
[INFO] [stderr] help: consider removing the field `workspace.package.license`
[INFO] [stderr] warning: workspace (manifest) generated 2 warnings
[INFO] [stderr]     Updating crates.io index
[INFO] [stderr]  Downloading crates ...
[INFO] [stderr]   Downloaded scrap v0.5.0
[INFO] [stderr]   Downloaded mdns-sd v0.11.5
[INFO] [stderr]   Downloaded if-addrs v0.13.4
[INFO] [stderr]   Downloaded block2 v0.4.0
[INFO] [stderr]   Downloaded jpeg-encoder v0.7.0
[INFO] [stderr]   Downloaded xkbcommon v0.7.0
[INFO] [stderr]   Downloaded enigo v0.2.1
[INFO] [stderr]   Downloaded openh264-sys2 v0.6.6
[INFO] [stderr]   Downloaded icrate v0.1.2
[INFO] [stderr]   Downloaded openh264 v0.6.6
[INFO] running `Command { std: "docker" "create" "-v" "/var/lib/crater-agent-workspace/builds/worker-6-tc1/source:/opt/rustwide/workdir:ro,Z" "-v" "/var/lib/crater-agent-workspace/builds/worker-6-tc1/target:/opt/rustwide/target:rw,Z" "-v" "/var/lib/crater-agent-workspace/cargo-home:/opt/rustwide/cargo-home:ro,Z" "-v" "/var/lib/crater-agent-workspace/rustup-home:/opt/rustwide/rustup-home:ro,Z" "-m" "1610612736" "--network" "none" "ghcr.io/rust-lang/crates-build-env/linux@sha256:77db811e55d90add9212f6832c23229e3de5f1c1f9905e8cb07319ea15df73ac" "sleep" "infinity", kill_on_drop: false }`
[INFO] [stdout] ac4827edebd98026026b3938b044ab0d5446d1728e45d79cba4ffcff92695908
[INFO] running `Command { std: "docker" "start" "ac4827edebd98026026b3938b044ab0d5446d1728e45d79cba4ffcff92695908", kill_on_drop: false }`
[INFO] running `Command { std: "docker" "inspect" "ac4827edebd98026026b3938b044ab0d5446d1728e45d79cba4ffcff92695908", kill_on_drop: false }`
[INFO] running `Command { std: "docker" "exec" "-e" "SOURCE_DIR=/opt/rustwide/workdir" "-e" "CARGO_HOME=/opt/rustwide/cargo-home" "-e" "RUSTUP_HOME=/opt/rustwide/rustup-home" "-e" "CARGO_TARGET_DIR=/opt/rustwide/target" "-w" "/opt/rustwide/workdir" "--user" "0:0" "ac4827edebd98026026b3938b044ab0d5446d1728e45d79cba4ffcff92695908" "/opt/rustwide/cargo-home/bin/cargo" "+3154cc1a3e6424e44f438a95007d043ed5ceaaf6" "metadata" "--no-deps" "--format-version=1", kill_on_drop: false }`
[INFO] running `Command { std: "docker" "inspect" "ac4827edebd98026026b3938b044ab0d5446d1728e45d79cba4ffcff92695908", kill_on_drop: false }`
[INFO] running `Command { std: "docker" "exec" "-e" "SOURCE_DIR=/opt/rustwide/workdir" "-e" "CARGO_HOME=/opt/rustwide/cargo-home" "-e" "RUSTUP_HOME=/opt/rustwide/rustup-home" "-e" "CARGO_TARGET_DIR=/opt/rustwide/target" "-e" "CARGO_INCREMENTAL=0" "-e" "RUST_BACKTRACE=full" "-e" "RUSTFLAGS=--cap-lints=forbid -Znext-solver=coherence" "-e" "RUSTDOCFLAGS=--cap-lints=forbid" "-w" "/opt/rustwide/workdir" "--user" "0:0" "ac4827edebd98026026b3938b044ab0d5446d1728e45d79cba4ffcff92695908" "/opt/rustwide/cargo-home/bin/cargo" "+3154cc1a3e6424e44f438a95007d043ed5ceaaf6" "check" "--frozen" "--all" "--all-targets" "--message-format=json", kill_on_drop: false }`
[INFO] [stderr] warning: unused field `authors` in `workspace.package`
[INFO] [stderr]   --> Cargo.toml:29:1
[INFO] [stderr]    |
[INFO] [stderr] 29 | authors = ["Yoko"]
[INFO] [stderr]    | ^^^^^^^
[INFO] [stderr]    |
[INFO] [stderr]    = note: `cargo::unused_workspace_package_fields` is set to `warn` by default
[INFO] [stderr] help: consider removing the field `workspace.package.authors`
[INFO] [stderr] warning: unused field `license` in `workspace.package`
[INFO] [stderr]   --> Cargo.toml:31:1
[INFO] [stderr]    |
[INFO] [stderr] 31 | license = "MIT"
[INFO] [stderr]    | ^^^^^^^
[INFO] [stderr]    |
[INFO] [stderr] help: consider removing the field `workspace.package.license`
[INFO] [stderr] warning: workspace (manifest) generated 2 warnings
[INFO] [stderr]    Compiling syn v2.0.117
[INFO] [stderr]    Compiling cc v1.2.62
[INFO] [stderr]     Checking rustix v1.1.4
[INFO] [stderr]    Compiling serde_core v1.0.228
[INFO] [stderr]     Checking parking_lot_core v0.9.12
[INFO] [stderr]     Checking wayland-sys v0.31.11
[INFO] [stderr]    Compiling quick-xml v0.39.4
[INFO] [stderr]     Checking futures-sink v0.3.32
[INFO] [stderr]     Checking http v1.4.0
[INFO] [stderr]     Checking typenum v1.20.0
[INFO] [stderr]     Checking parking_lot v0.12.5
[INFO] [stderr]     Checking rustix v0.38.44
[INFO] [stderr]    Compiling polling v2.8.0
[INFO] [stderr]     Checking generic-array v0.14.7
[INFO] [stderr]    Compiling serde_json v1.0.149
[INFO] [stderr]    Compiling windows_x86_64_gnu v0.52.6
[INFO] [stderr]    Compiling either v1.15.0
[INFO] [stderr]    Compiling wayland-scanner v0.31.10
[INFO] [stderr]    Compiling nasm-rs v0.3.2
[INFO] [stderr]    Compiling wayland-backend v0.3.15
[INFO] [stderr]     Checking http-body v1.0.1
[INFO] [stderr]     Checking spin v0.9.8
[INFO] [stderr]     Checking getrandom v0.2.17
[INFO] [stderr]    Compiling openh264-sys2 v0.6.6
[INFO] [stderr]     Checking rand_core v0.6.4
[INFO] [stderr]     Checking flume v0.11.1
[INFO] [stderr]     Checking block-buffer v0.10.4
[INFO] [stderr]     Checking crypto-common v0.1.7
[INFO] [stderr]     Checking socket2 v0.5.10
[INFO] [stderr]     Checking if-addrs v0.13.4
[INFO] [stderr]     Checking regex-automata v0.4.14
[INFO] [stderr]     Checking digest v0.10.7
[INFO] [stderr]     Checking mdns-sd v0.11.5
[INFO] [stderr]     Checking rand_chacha v0.3.1
[INFO] [stderr]     Checking windows-targets v0.52.6
[INFO] [stderr]     Checking hostname v0.4.2
[INFO] [stderr]    Compiling smithay-client-toolkit v0.18.1
[INFO] [stderr]     Checking sha1 v0.10.6
[INFO] [stderr]     Checking windows-result v0.2.0
[INFO] [stderr]     Checking rand v0.8.6
[INFO] [stderr]     Checking http-body-util v0.1.3
[INFO] [stderr]     Checking tracing-log v0.2.0
[INFO] [stderr]     Checking futures-channel v0.3.32
[INFO] [stderr]    Compiling winit v0.29.15
[INFO] [stderr]     Checking windows-strings v0.1.0
[INFO] [stderr]     Checking memmap2 v0.8.0
[INFO] [stderr]    Compiling scrap v0.5.0
[INFO] [stderr]     Checking ahash v0.8.12
[INFO] [stderr]     Checking xkbcommon v0.7.0
[INFO] [stderr]     Checking serde_path_to_error v0.1.20
[INFO] [stderr]     Checking xkbcommon-dl v0.4.2
[INFO] [stderr]     Checking block v0.1.6
[INFO] [stderr]     Checking winapi v0.2.8
[INFO] [stderr]     Checking matchers v0.2.0
[INFO] [stderr]     Checking enigo v0.2.1
[INFO] [stderr]     Checking tower-http v0.5.2
[INFO] [stderr]     Checking jpeg-encoder v0.7.0
[INFO] [stderr]    Compiling darling_core v0.20.11
[INFO] [stderr]    Compiling proc-macro-error2 v2.0.1
[INFO] [stderr]     Checking polling v3.11.0
[INFO] [stderr]     Checking gethostname v1.1.0
[INFO] [stderr]     Checking x11rb v0.13.2
[INFO] [stderr]     Checking drm-ffi v0.9.1
[INFO] [stderr]     Checking wayland-client v0.31.14
[INFO] [stderr]     Checking wayland-csd-frame v0.3.0
[INFO] [stderr]    Compiling serde_derive v1.0.228
[INFO] [stderr]    Compiling bytemuck_derive v1.10.2
[INFO] [stderr]    Compiling tracing-attributes v0.1.31
[INFO] [stderr]    Compiling thiserror-impl v1.0.69
[INFO] [stderr]    Compiling tokio-macros v2.7.0
[INFO] [stderr]    Compiling getset v0.1.6
[INFO] [stderr]    Compiling darling_macro v0.20.11
[INFO] [stderr]     Checking tracing v0.1.44
[INFO] [stderr]     Checking thiserror v1.0.69
[INFO] [stderr]     Checking wayland-protocols v0.31.2
[INFO] [stderr]     Checking bytemuck v1.25.0
[INFO] [stderr]    Compiling darling v0.20.11
[INFO] [stderr]    Compiling derive_builder_core v0.20.2
[INFO] [stderr]    Compiling futures-macro v0.3.32
[INFO] [stderr]     Checking calloop v0.12.4
[INFO] [stderr]     Checking tokio v1.52.3
[INFO] [stderr]     Checking safe_arch v0.7.4
[INFO] [stderr]     Checking wide v0.7.33
[INFO] [stderr]     Checking calloop-wayland-source v0.2.0
[INFO] [stderr]     Checking tiny-skia-path v0.11.4
[INFO] [stderr]     Checking futures-util v0.3.32
[INFO] [stderr]     Checking wayland-cursor v0.31.14
[INFO] [stderr]    Compiling clap_derive v4.6.1
[INFO] [stderr]    Compiling derive_builder_macro v0.20.2
[INFO] [stderr]     Checking derive_builder v0.20.2
[INFO] [stderr]     Checking tiny-skia v0.11.4
[INFO] [stderr]     Checking tracing-subscriber v0.3.23
[INFO] [stderr]     Checking serde v1.0.228
[INFO] [stderr]     Checking clap v4.6.1
[INFO] [stderr]     Checking serde_spanned v0.6.9
[INFO] [stderr]     Checking toml_datetime v0.6.11
[INFO] [stderr]     Checking tungstenite v0.24.0
[INFO] [stderr]     Checking toml_edit v0.22.27
[INFO] [stderr]    Compiling async-trait v0.1.89
[INFO] [stderr]    Compiling neli-proc-macros v0.2.2
[INFO] [stderr]    Compiling windows-interface v0.58.0
[INFO] [stderr]     Checking wayland-protocols-wlr v0.2.0
[INFO] [stderr]    Compiling windows-implement v0.58.0
[INFO] [stderr]     Checking wayland-protocols-plasma v0.2.0
[INFO] [stderr]     Checking axum-core v0.4.5
[INFO] [stderr]     Checking windows-core v0.58.0
[INFO] [stderr]     Checking neli v0.7.4
[INFO] [stderr]     Checking serde_urlencoded v0.7.1
[INFO] [stderr]     Checking drm v0.14.1
[INFO] [stderr]     Checking hyper v1.9.0
[INFO] [stderr]     Checking toml v0.8.23
[INFO] [stderr]     Checking hyper-util v0.1.20
[INFO] [stderr]     Checking tokio-tungstenite v0.24.0
[INFO] [stderr]     Checking tower v0.5.3
[INFO] [stderr]     Checking sctk-adwaita v0.8.3
[INFO] [stderr]     Checking tiny-xlib v0.2.5
[INFO] [stderr]    Compiling async-stream-impl v0.3.6
[INFO] [stderr]     Checking windows v0.58.0
[INFO] [stderr]     Checking softbuffer v0.4.8
[INFO] [stderr]     Checking async-stream v0.3.6
[INFO] [stderr]     Checking axum v0.7.9
[INFO] [stderr]     Checking local-ip-address v0.6.13
[INFO] [stderr]     Checking wes-core v1.0.0 (/opt/rustwide/workdir/crates/wes-core)
[INFO] [stderr]     Checking openh264 v0.6.6
[INFO] [stderr]     Checking wes-host v1.0.0 (/opt/rustwide/workdir/crates/wes-host)
[INFO] [stderr]     Checking wes-client v1.0.0 (/opt/rustwide/workdir/crates/wes-client)
[INFO] [stdout] error: wes-client 仅支持 macOS
[INFO] [stdout]  --> crates/wes-client/src/main.rs:3:1
[INFO] [stdout]   |
[INFO] [stdout] 3 | compile_error!("wes-client 仅支持 macOS");
[INFO] [stdout]   | ^^^^^^^^^^^^^^^^^^^^^^^^^^^^^^^^^^^^^^^^^
[INFO] [stdout] 
[INFO] [stdout] 
[INFO] [stdout] error[E0425]: cannot find value `off` in this scope
[INFO] [stdout]    --> crates/wes-client/src/network.rs:106:43
[INFO] [stdout]     |
[INFO] [stdout] 106 |                     let payload = &packet[off..end];
[INFO] [stdout]     |                                           ^^^ not found in this scope
[INFO] [stdout] 
[INFO] [stdout] 
[INFO] [stdout] warning: unused import: `wes_core::input::InputEvent`
[INFO] [stdout]   --> crates/wes-client/src/main.rs:41:5
[INFO] [stdout]    |
[INFO] [stdout] 41 | use wes_core::input::InputEvent;
[INFO] [stdout]    |     ^^^^^^^^^^^^^^^^^^^^^^^^^^^
[INFO] [stdout]    |
[INFO] [stdout]    = note: `#[warn(unused_imports)]` (part of `#[warn(unused)]`) on by default
[INFO] [stdout] 
[INFO] [stdout] 
[INFO] [stdout] error: wes-host only supports Windows
[INFO] [stdout]  --> crates/wes-host/src/main.rs:2:1
[INFO] [stdout]   |
[INFO] [stdout] 2 | compile_error!("wes-host only supports Windows");
[INFO] [stdout]   | ^^^^^^^^^^^^^^^^^^^^^^^^^^^^^^^^^^^^^^^^^^^^^^^^
[INFO] [stdout] 
[INFO] [stdout] 
[INFO] [stdout] error: wes-client 仅支持 macOS
[INFO] [stdout]  --> crates/wes-client/src/main.rs:3:1
[INFO] [stdout]   |
[INFO] [stdout] 3 | compile_error!("wes-client 仅支持 macOS");
[INFO] [stdout]   | ^^^^^^^^^^^^^^^^^^^^^^^^^^^^^^^^^^^^^^^^^
[INFO] [stdout] 
[INFO] [stdout] 
[INFO] [stdout] error[E0433]: cannot find `Win32` in `windows`
[INFO] [stdout]   --> crates/wes-host/src/capture.rs:47:18
[INFO] [stdout]    |
[INFO] [stdout] 47 |     use windows::Win32::Foundation::{BOOL, LPARAM, RECT};
[INFO] [stdout]    |                  ^^^^^ could not find `Win32` in `windows`
[INFO] [stdout] 
[INFO] [stdout] 
[INFO] [stdout] error[E0433]: cannot find `Win32` in `windows`
[INFO] [stdout]   --> crates/wes-host/src/capture.rs:48:18
[INFO] [stdout]    |
[INFO] [stdout] 48 |     use windows::Win32::Graphics::Gdi::{
[INFO] [stdout]    |                  ^^^^^ could not find `Win32` in `windows`
[INFO] [stdout] 
[INFO] [stdout] 
[INFO] [stdout] error[E0433]: cannot find `Win32` in `windows`
[INFO] [stdout]   --> crates/wes-host/src/capture.rs:65:26
[INFO] [stdout]    |
[INFO] [stdout] 65 |             use windows::Win32::UI::WindowsAndMessaging::MONITORINFOF_PRIMARY;
[INFO] [stdout]    |                          ^^^^^ could not find `Win32` in `windows`
[INFO] [stdout] 
[INFO] [stdout] 
[INFO] [stdout] error[E0433]: cannot find `Win32` in `windows`
[INFO] [stdout]  --> crates/wes-host/src/cursor.rs:4:14
[INFO] [stdout]   |
[INFO] [stdout] 4 | use windows::Win32::Foundation::POINT;
[INFO] [stdout]   |              ^^^^^ could not find `Win32` in `windows`
[INFO] [stdout] 
[INFO] [stdout] 
[INFO] [stdout] error[E0433]: cannot find `Win32` in `windows`
[INFO] [stdout]  --> crates/wes-host/src/cursor.rs:5:14
[INFO] [stdout]   |
[INFO] [stdout] 5 | use windows::Win32::UI::WindowsAndMessaging::GetCursorPos;
[INFO] [stdout]   |              ^^^^^ could not find `Win32` in `windows`
[INFO] [stdout] 
[INFO] [stdout] 
[INFO] [stdout] error[E0433]: cannot find `Win32` in `windows`
[INFO] [stdout]  --> crates/wes-host/src/gdi_capture.rs:4:14
[INFO] [stdout]   |
[INFO] [stdout] 4 | use windows::Win32::Foundation::HWND;
[INFO] [stdout]   |              ^^^^^ could not find `Win32` in `windows`
[INFO] [stdout] 
[INFO] [stdout] 
[INFO] [stdout] error[E0433]: cannot find `Win32` in `windows`
[INFO] [stdout]  --> crates/wes-host/src/gdi_capture.rs:5:14
[INFO] [stdout]   |
[INFO] [stdout] 5 | use windows::Win32::Foundation::POINT;
[INFO] [stdout]   |              ^^^^^ could not find `Win32` in `windows`
[INFO] [stdout] 
[INFO] [stdout] 
[INFO] [stdout] error[E0433]: cannot find `Win32` in `windows`
[INFO] [stdout]  --> crates/wes-host/src/gdi_capture.rs:6:14
[INFO] [stdout]   |
[INFO] [stdout] 6 | use windows::Win32::Graphics::Gdi::{
[INFO] [stdout]   |              ^^^^^ could not find `Win32` in `windows`
[INFO] [stdout] 
[INFO] [stdout] 
[INFO] [stdout] error[E0433]: cannot find `Win32` in `windows`
[INFO] [stdout]   --> crates/wes-host/src/gdi_capture.rs:11:14
[INFO] [stdout]    |
[INFO] [stdout] 11 | use windows::Win32::UI::WindowsAndMessaging::{
[INFO] [stdout]    |              ^^^^^ could not find `Win32` in `windows`
[INFO] [stdout] 
[INFO] [stdout] 
[INFO] [stdout] error[E0433]: cannot find `Win32` in `windows`
[INFO] [stdout]  --> crates/wes-host/src/hwnd_capture.rs:2:14
[INFO] [stdout]   |
[INFO] [stdout] 2 | use windows::Win32::Foundation::HWND;
[INFO] [stdout]   |              ^^^^^ could not find `Win32` in `windows`
[INFO] [stdout] 
[INFO] [stdout] 
[INFO] [stdout] error[E0433]: cannot find `Win32` in `windows`
[INFO] [stdout]  --> crates/wes-host/src/hwnd_capture.rs:3:14
[INFO] [stdout]   |
[INFO] [stdout] 3 | use windows::Win32::Graphics::Gdi::{
[INFO] [stdout]   |              ^^^^^ could not find `Win32` in `windows`
[INFO] [stdout] 
[INFO] [stdout] 
[INFO] [stdout] error[E0433]: cannot find `Win32` in `windows`
[INFO] [stdout]  --> crates/wes-host/src/hwnd_capture.rs:7:14
[INFO] [stdout]   |
[INFO] [stdout] 7 | use windows::Win32::UI::WindowsAndMessaging::GetWindowRect;
[INFO] [stdout]   |              ^^^^^ could not find `Win32` in `windows`
[INFO] [stdout] 
[INFO] [stdout] 
[INFO] [stdout] error[E0433]: cannot find `Win32` in `windows`
[INFO] [stdout]  --> crates/wes-host/src/virtual_display.rs:6:14
[INFO] [stdout]   |
[INFO] [stdout] 6 | use windows::Win32::Foundation::{COLORREF, HWND, LPARAM, LRESULT, WPARAM};
[INFO] [stdout]   |              ^^^^^ could not find `Win32` in `windows`
[INFO] [stdout] 
[INFO] [stdout] 
[INFO] [stdout] error[E0433]: cannot find `Win32` in `windows`
[INFO] [stdout]  --> crates/wes-host/src/virtual_display.rs:7:14
[INFO] [stdout]   |
[INFO] [stdout] 7 | use windows::Win32::Graphics::Gdi::{CreateSolidBrush, FillRect, HBRUSH};
[INFO] [stdout]   |              ^^^^^ could not find `Win32` in `windows`
[INFO] [stdout] 
[INFO] [stdout] 
[INFO] [stdout] error[E0433]: cannot find `Win32` in `windows`
[INFO] [stdout]  --> crates/wes-host/src/virtual_display.rs:8:14
[INFO] [stdout]   |
[INFO] [stdout] 8 | use windows::Win32::System::LibraryLoader::GetModuleHandleW;
[INFO] [stdout]   |              ^^^^^ could not find `Win32` in `windows`
[INFO] [stdout] 
[INFO] [stdout] 
[INFO] [stdout] error[E0433]: cannot find `Win32` in `windows`
[INFO] [stdout]  --> crates/wes-host/src/virtual_display.rs:9:14
[INFO] [stdout]   |
[INFO] [stdout] 9 | use windows::Win32::UI::WindowsAndMessaging::{
[INFO] [stdout]   |              ^^^^^ could not find `Win32` in `windows`
[INFO] [stdout] 
[INFO] [stdout] 
[INFO] [stdout] error[E0433]: cannot find `Win32` in `windows`
[INFO] [stdout]    --> crates/wes-host/src/virtual_display.rs:132:30
[INFO] [stdout]     |
[INFO] [stdout] 132 |                 use windows::Win32::Graphics::Gdi::{BeginPaint, EndPaint, PAINTSTRUCT};
[INFO] [stdout]     |                              ^^^^^ could not find `Win32` in `windows`
[INFO] [stdout] 
[INFO] [stdout] 
[INFO] [stdout] error[E0433]: cannot find `Win32` in `windows`
[INFO] [stdout]   --> crates/wes-host/src/main.rs:62:18
[INFO] [stdout]    |
[INFO] [stdout] 62 |     use windows::Win32::UI::HiDpi::{SetProcessDpiAwarenessContext, DPI_AWARENESS_CONTEXT_PER_MONITOR_AWARE_V2};
[INFO] [stdout]    |                  ^^^^^ could not find `Win32` in `windows`
[INFO] [stdout] 
[INFO] [stdout] 
[INFO] [stdout] error[E0432]: unresolved import `windows::core`
[INFO] [stdout]  --> crates/wes-host/src/virtual_display.rs:5:14
[INFO] [stdout]   |
[INFO] [stdout] 5 | use windows::core::PCWSTR;
[INFO] [stdout]   |              ^^^^ could not find `core` in `windows`
[INFO] [stdout] 
[INFO] [stdout] 
[INFO] [stdout] error[E0599]: the method `context` exists for enum `Result<softbuffer::Context<&Window>, SoftBufferError>`, but its trait bounds were not satisfied
[INFO] [stdout]   --> crates/wes-client/src/display.rs:55:53
[INFO] [stdout]    |
[INFO] [stdout] 55 |     let mut ctx = softbuffer::Context::new(&window).context("softbuffer 上下文失败")?;
[INFO] [stdout]    |                                                     ^^^^^^^ method cannot be called due to unsatisfied trait bounds
[INFO] [stdout]    |
[INFO] [stdout]   ::: /opt/rustwide/cargo-home/registry/src/index.crates.io-1949cf8c6b5b557f/softbuffer-0.4.8/src/error.rs:9:1
[INFO] [stdout]    |
[INFO] [stdout]  9 | pub enum SoftBufferError {
[INFO] [stdout]    | ------------------------ doesn't satisfy `SoftBufferError: Send`, `SoftBufferError: Sync` or `SoftBufferError: anyhow::context::ext::StdError`
[INFO] [stdout]    |
[INFO] [stdout]    = note: the following trait bounds were not satisfied:
[INFO] [stdout]            `SoftBufferError: anyhow::context::ext::StdError`
[INFO] [stdout]            which is required by `Result<softbuffer::Context<&Window>, SoftBufferError>: anyhow::Context<softbuffer::Context<&Window>, SoftBufferError>`
[INFO] [stdout]            `SoftBufferError: Send`
[INFO] [stdout]            which is required by `Result<softbuffer::Context<&Window>, SoftBufferError>: anyhow::Context<softbuffer::Context<&Window>, SoftBufferError>`
[INFO] [stdout]            `SoftBufferError: Sync`
[INFO] [stdout]            which is required by `Result<softbuffer::Context<&Window>, SoftBufferError>: anyhow::Context<softbuffer::Context<&Window>, SoftBufferError>`
[INFO] [stdout] 
[INFO] [stdout] 
[INFO] [stdout] error: wes-host only supports Windows
[INFO] [stdout]  --> crates/wes-host/src/main.rs:2:1
[INFO] [stdout]   |
[INFO] [stdout] 2 | compile_error!("wes-host only supports Windows");
[INFO] [stdout]   | ^^^^^^^^^^^^^^^^^^^^^^^^^^^^^^^^^^^^^^^^^^^^^^^^
[INFO] [stdout] 
[INFO] [stdout] 
[INFO] [stdout] error[E0425]: cannot find value `off` in this scope
[INFO] [stdout]    --> crates/wes-client/src/network.rs:106:43
[INFO] [stdout]     |
[INFO] [stdout] 106 |                     let payload = &packet[off..end];
[INFO] [stdout]     |                                           ^^^ not found in this scope
[INFO] [stdout] 
[INFO] [stdout] 
[INFO] [stdout] warning: unused import: `wes_core::input::InputEvent`
[INFO] [stdout]   --> crates/wes-client/src/main.rs:41:5
[INFO] [stdout]    |
[INFO] [stdout] 41 | use wes_core::input::InputEvent;
[INFO] [stdout]    |     ^^^^^^^^^^^^^^^^^^^^^^^^^^^
[INFO] [stdout]    |
[INFO] [stdout]    = note: `#[warn(unused_imports)]` (part of `#[warn(unused)]`) on by default
[INFO] [stdout] 
[INFO] [stdout] 
[INFO] [stdout] error[E0599]: the method `context` exists for enum `Result<Surface<_, &Window>, SoftBufferError>`, but its trait bounds were not satisfied
[INFO] [stdout]   --> crates/wes-client/src/display.rs:56:63
[INFO] [stdout]    |
[INFO] [stdout] 56 |     let mut surface = softbuffer::Surface::new(&ctx, &window).context("softbuffer surface 失败")?;
[INFO] [stdout]    |                                                               ^^^^^^^ method cannot be called on `Result<Surface<_, &Window>, SoftBufferError>` due to unsatisfied trait bounds
[INFO] [stdout]    |
[INFO] [stdout]   ::: /opt/rustwide/cargo-home/registry/src/index.crates.io-1949cf8c6b5b557f/softbuffer-0.4.8/src/error.rs:9:1
[INFO] [stdout]    |
[INFO] [stdout]  9 | pub enum SoftBufferError {
[INFO] [stdout]    | ------------------------ doesn't satisfy `SoftBufferError: Send`, `SoftBufferError: Sync` or `SoftBufferError: anyhow::context::ext::StdError`
[INFO] [stdout]    |
[INFO] [stdout]    = note: the following trait bounds were not satisfied:
[INFO] [stdout]            `SoftBufferError: anyhow::context::ext::StdError`
[INFO] [stdout]            which is required by `Result<Surface<_, &Window>, SoftBufferError>: anyhow::Context<Surface<_, &Window>, SoftBufferError>`
[INFO] [stdout]            `SoftBufferError: Send`
[INFO] [stdout]            which is required by `Result<Surface<_, &Window>, SoftBufferError>: anyhow::Context<Surface<_, &Window>, SoftBufferError>`
[INFO] [stdout]            `SoftBufferError: Sync`
[INFO] [stdout]            which is required by `Result<Surface<_, &Window>, SoftBufferError>: anyhow::Context<Surface<_, &Window>, SoftBufferError>`
[INFO] [stdout] 
[INFO] [stdout] 
[INFO] [stdout] error[E0277]: the size for values of type `[u32]` cannot be known at compilation time
[INFO] [stdout]    --> crates/wes-client/src/display.rs:111:33
[INFO] [stdout]     |
[INFO] [stdout] 111 | ...                   let mut buf = match surface.buffer_mut() {
[INFO] [stdout]     |                           ^^^^^^^ doesn't have a size known at compile-time
[INFO] [stdout]     |
[INFO] [stdout]     = help: the trait `Sized` is not implemented for `[u32]`
[INFO] [stdout]     = note: all local variables must have a statically known size
[INFO] [stdout] 
[INFO] [stdout] 
[INFO] [stdout] error[E0433]: cannot find `Win32` in `windows`
[INFO] [stdout]    --> crates/wes-host/src/gdi_capture.rs:313:27
[INFO] [stdout]     |
[INFO] [stdout] 313 |     let mut ci = windows::Win32::UI::WindowsAndMessaging::CURSORINFO {
[INFO] [stdout]     |                           ^^^^^ could not find `Win32` in `windows`
[INFO] [stdout] 
[INFO] [stdout] 
[INFO] [stdout] error[E0433]: cannot find `Win32` in `windows`
[INFO] [stdout]    --> crates/wes-host/src/gdi_capture.rs:314:46
[INFO] [stdout]     |
[INFO] [stdout] 314 |         cbSize: std::mem::size_of::<windows::Win32::UI::WindowsAndMessaging::CURSORINFO>()
[INFO] [stdout]     |                                              ^^^^^ could not find `Win32` in `windows`
[INFO] [stdout] 
[INFO] [stdout] 
[INFO] [stdout] error[E0599]: no method named `present` found for slice `[u32]` in the current scope
[INFO] [stdout]    --> crates/wes-client/src/display.rs:125:41
[INFO] [stdout]     |
[INFO] [stdout] 125 | ...                   let _ = buf.present();
[INFO] [stdout]     |                                   ^^^^^^^ method not found in `[u32]`
[INFO] [stdout] 
[INFO] [stdout] 
[INFO] [stdout] error[E0433]: cannot find `Win32` in `windows`
[INFO] [stdout]    --> crates/wes-host/src/gdi_capture.rs:318:28
[INFO] [stdout]     |
[INFO] [stdout] 318 |     let hcur = if windows::Win32::UI::WindowsAndMessaging::GetCursorInfo(&mut ci).is_ok() {
[INFO] [stdout]     |                            ^^^^^ could not find `Win32` in `windows`
[INFO] [stdout] 
[INFO] [stdout] 
[INFO] [stdout] error[E0433]: cannot find `Win32` in `windows`
[INFO] [stdout]   --> crates/wes-host/src/hwnd_capture.rs:24:37
[INFO] [stdout]    |
[INFO] [stdout] 24 |             let mut rect = windows::Win32::Foundation::RECT::default();
[INFO] [stdout]    |                                     ^^^^^ could not find `Win32` in `windows`
[INFO] [stdout] 
[INFO] [stdout] 
[INFO] [stdout] error[E0433]: cannot find `Win32` in `windows`
[INFO] [stdout]    --> crates/wes-host/src/virtual_display.rs:139:38
[INFO] [stdout]     |
[INFO] [stdout] 139 |                     let _ = windows::Win32::Graphics::Gdi::DeleteObject(brush);
[INFO] [stdout]     |                                      ^^^^^ could not find `Win32` in `windows`
[INFO] [stdout]     |
[INFO] [stdout] help: there is an enum variant `crate::capture::Backend::Gdi`; try using the variant's enum
[INFO] [stdout]     |
[INFO] [stdout] 139 -                     let _ = windows::Win32::Graphics::Gdi::DeleteObject(brush);
[INFO] [stdout] 139 +                     let _ = crate::capture::Backend::DeleteObject(brush);
[INFO] [stdout]     |
[INFO] [stdout] 
[INFO] [stdout] 
[INFO] [stdout] error[E0308]: mismatched types
[INFO] [stdout]    --> crates/wes-client/src/main.rs:258:12
[INFO] [stdout]     |
[INFO] [stdout] 258 |     if let Err(e) = net.join().expect("网络线程 panic") {
[INFO] [stdout]     |            ^^^^^^   ----------------------------------- this expression has type `()`
[INFO] [stdout]     |            |
[INFO] [stdout]     |            expected `()`, found `Result<_, _>`
[INFO] [stdout]     |
[INFO] [stdout]     = note: expected unit type `()`
[INFO] [stdout]                     found enum `Result<_, _>`
[INFO] [stdout] 
[INFO] [stdout] 
[INFO] [stdout] error[E0433]: cannot find `Win32` in `windows`
[INFO] [stdout]   --> crates/wes-host/src/capture.rs:47:18
[INFO] [stdout]    |
[INFO] [stdout] 47 |     use windows::Win32::Foundation::{BOOL, LPARAM, RECT};
[INFO] [stdout]    |                  ^^^^^ could not find `Win32` in `windows`
[INFO] [stdout] 
[INFO] [stdout] 
[INFO] [stdout] error[E0433]: cannot find `Win32` in `windows`
[INFO] [stdout]   --> crates/wes-host/src/capture.rs:48:18
[INFO] [stdout]    |
[INFO] [stdout] 48 |     use windows::Win32::Graphics::Gdi::{
[INFO] [stdout]    |                  ^^^^^ could not find `Win32` in `windows`
[INFO] [stdout] 
[INFO] [stdout] 
[INFO] [stdout] error[E0433]: cannot find `Win32` in `windows`
[INFO] [stdout]   --> crates/wes-host/src/capture.rs:65:26
[INFO] [stdout]    |
[INFO] [stdout] 65 |             use windows::Win32::UI::WindowsAndMessaging::MONITORINFOF_PRIMARY;
[INFO] [stdout]    |                          ^^^^^ could not find `Win32` in `windows`
[INFO] [stdout] 
[INFO] [stdout] 
[INFO] [stdout] Some errors have detailed explanations: E0277, E0308, E0425, E0599.
[INFO] [stdout] 
[INFO] [stdout] error[E0433]: cannot find `Win32` in `windows`
[INFO] [stdout]  --> crates/wes-host/src/cursor.rs:4:14
[INFO] [stdout]   |
[INFO] [stdout] 4 | use windows::Win32::Foundation::POINT;
[INFO] [stdout]   |              ^^^^^ could not find `Win32` in `windows`
[INFO] [stdout] 
[INFO] [stdout] 
[INFO] [stdout] error[E0433]: cannot find `Win32` in `windows`
[INFO] [stdout]  --> crates/wes-host/src/cursor.rs:5:14
[INFO] [stdout]   |
[INFO] [stdout] 5 | use windows::Win32::UI::WindowsAndMessaging::GetCursorPos;
[INFO] [stdout]   |              ^^^^^ could not find `Win32` in `windows`
[INFO] [stdout] 
[INFO] [stdout] 
[INFO] [stdout] error[E0433]: cannot find `Win32` in `windows`
[INFO] [stdout]  --> crates/wes-host/src/gdi_capture.rs:4:14
[INFO] [stdout]   |
[INFO] [stdout] 4 | use windows::Win32::Foundation::HWND;
[INFO] [stdout]   |              ^^^^^ could not find `Win32` in `windows`
[INFO] [stdout] 
[INFO] [stdout] 
[INFO] [stdout] error[E0433]: cannot find `Win32` in `windows`
[INFO] [stdout]  --> crates/wes-host/src/gdi_capture.rs:5:14
[INFO] [stdout]   |
[INFO] [stdout] 5 | use windows::Win32::Foundation::POINT;
[INFO] [stdout]   |              ^^^^^ could not find `Win32` in `windows`
[INFO] [stdout] 
[INFO] [stdout] 
[INFO] [stdout] error[E0433]: cannot find `Win32` in `windows`
[INFO] [stdout]  --> crates/wes-host/src/gdi_capture.rs:6:14
[INFO] [stdout]   |
[INFO] [stdout] 6 | use windows::Win32::Graphics::Gdi::{
[INFO] [stdout]   |              ^^^^^ could not find `Win32` in `windows`
[INFO] [stdout] 
[INFO] [stdout] 
[INFO] [stdout] error[E0433]: cannot find `Win32` in `windows`
[INFO] [stdout]   --> crates/wes-host/src/gdi_capture.rs:11:14
[INFO] [stdout]    |
[INFO] [stdout] 11 | use windows::Win32::UI::WindowsAndMessaging::{
[INFO] [stdout]    |              ^^^^^ could not find `Win32` in `windows`
[INFO] [stdout] 
[INFO] [stdout] 
[INFO] [stdout] error[E0433]: cannot find `Win32` in `windows`
[INFO] [stdout]  --> crates/wes-host/src/hwnd_capture.rs:2:14
[INFO] [stdout]   |
[INFO] [stdout] 2 | use windows::Win32::Foundation::HWND;
[INFO] [stdout]   |              ^^^^^ could not find `Win32` in `windows`
[INFO] [stdout] 
[INFO] [stdout] 
[INFO] [stdout] error[E0433]: cannot find `Win32` in `windows`
[INFO] [stdout]  --> crates/wes-host/src/hwnd_capture.rs:3:14
[INFO] [stdout]   |
[INFO] [stdout] 3 | use windows::Win32::Graphics::Gdi::{
[INFO] [stdout]   |              ^^^^^ could not find `Win32` in `windows`
[INFO] [stdout] 
[INFO] [stdout] 
[INFO] [stdout] error[E0433]: cannot find `Win32` in `windows`
[INFO] [stdout]  --> crates/wes-host/src/hwnd_capture.rs:7:14
[INFO] [stdout]   |
[INFO] [stdout] 7 | use windows::Win32::UI::WindowsAndMessaging::GetWindowRect;
[INFO] [stdout]   |              ^^^^^ could not find `Win32` in `windows`
[INFO] [stdout] 
[INFO] [stdout] 
[INFO] [stdout] For more information about an error, try `rustc --explain E0277`.
[INFO] [stdout] 
[INFO] [stdout] error[E0433]: cannot find `Win32` in `windows`
[INFO] [stdout]  --> crates/wes-host/src/virtual_display.rs:6:14
[INFO] [stdout]   |
[INFO] [stdout] 6 | use windows::Win32::Foundation::{COLORREF, HWND, LPARAM, LRESULT, WPARAM};
[INFO] [stdout]   |              ^^^^^ could not find `Win32` in `windows`
[INFO] [stdout] 
[INFO] [stdout] 
[INFO] [stdout] error[E0433]: cannot find `Win32` in `windows`
[INFO] [stdout]  --> crates/wes-host/src/virtual_display.rs:7:14
[INFO] [stdout]   |
[INFO] [stdout] 7 | use windows::Win32::Graphics::Gdi::{CreateSolidBrush, FillRect, HBRUSH};
[INFO] [stdout]   |              ^^^^^ could not find `Win32` in `windows`
[INFO] [stdout] 
[INFO] [stdout] 
[INFO] [stdout] error[E0433]: cannot find `Win32` in `windows`
[INFO] [stdout]  --> crates/wes-host/src/virtual_display.rs:8:14
[INFO] [stdout]   |
[INFO] [stdout] 8 | use windows::Win32::System::LibraryLoader::GetModuleHandleW;
[INFO] [stdout]   |              ^^^^^ could not find `Win32` in `windows`
[INFO] [stdout] 
[INFO] [stdout] 
[INFO] [stdout] error[E0433]: cannot find `Win32` in `windows`
[INFO] [stdout]  --> crates/wes-host/src/virtual_display.rs:9:14
[INFO] [stdout]   |
[INFO] [stdout] 9 | use windows::Win32::UI::WindowsAndMessaging::{
[INFO] [stdout]   |              ^^^^^ could not find `Win32` in `windows`
[INFO] [stdout] 
[INFO] [stdout] 
[INFO] [stdout] error[E0433]: cannot find `Win32` in `windows`
[INFO] [stdout]    --> crates/wes-host/src/virtual_display.rs:132:30
[INFO] [stdout]     |
[INFO] [stdout] 132 |                 use windows::Win32::Graphics::Gdi::{BeginPaint, EndPaint, PAINTSTRUCT};
[INFO] [stdout]     |                              ^^^^^ could not find `Win32` in `windows`
[INFO] [stdout] 
[INFO] [stdout] 
[INFO] [stdout] error[E0433]: cannot find `Win32` in `windows`
[INFO] [stdout]   --> crates/wes-host/src/main.rs:62:18
[INFO] [stdout]    |
[INFO] [stdout] 62 |     use windows::Win32::UI::HiDpi::{SetProcessDpiAwarenessContext, DPI_AWARENESS_CONTEXT_PER_MONITOR_AWARE_V2};
[INFO] [stdout]    |                  ^^^^^ could not find `Win32` in `windows`
[INFO] [stdout] 
[INFO] [stdout] 
[INFO] [stdout] error[E0432]: unresolved import `windows::core`
[INFO] [stdout]  --> crates/wes-host/src/virtual_display.rs:5:14
[INFO] [stdout]   |
[INFO] [stdout] 5 | use windows::core::PCWSTR;
[INFO] [stdout]   |              ^^^^ could not find `core` in `windows`
[INFO] [stdout] 
[INFO] [stdout] 
[INFO] [stdout] error[E0599]: the method `context` exists for enum `Result<softbuffer::Context<&Window>, SoftBufferError>`, but its trait bounds were not satisfied
[INFO] [stdout]   --> crates/wes-client/src/display.rs:55:53
[INFO] [stdout]    |
[INFO] [stdout] 55 |     let mut ctx = softbuffer::Context::new(&window).context("softbuffer 上下文失败")?;
[INFO] [stdout]    |                                                     ^^^^^^^ method cannot be called due to unsatisfied trait bounds
[INFO] [stdout]    |
[INFO] [stdout]   ::: /opt/rustwide/cargo-home/registry/src/index.crates.io-1949cf8c6b5b557f/softbuffer-0.4.8/src/error.rs:9:1
[INFO] [stdout]    |
[INFO] [stdout]  9 | pub enum SoftBufferError {
[INFO] [stdout]    | ------------------------ doesn't satisfy `SoftBufferError: Send`, `SoftBufferError: Sync` or `SoftBufferError: anyhow::context::ext::StdError`
[INFO] [stdout]    |
[INFO] [stdout]    = note: the following trait bounds were not satisfied:
[INFO] [stdout]            `SoftBufferError: anyhow::context::ext::StdError`
[INFO] [stdout]            which is required by `Result<softbuffer::Context<&Window>, SoftBufferError>: anyhow::Context<softbuffer::Context<&Window>, SoftBufferError>`
[INFO] [stdout]            `SoftBufferError: Send`
[INFO] [stdout]            which is required by `Result<softbuffer::Context<&Window>, SoftBufferError>: anyhow::Context<softbuffer::Context<&Window>, SoftBufferError>`
[INFO] [stdout]            `SoftBufferError: Sync`
[INFO] [stdout]            which is required by `Result<softbuffer::Context<&Window>, SoftBufferError>: anyhow::Context<softbuffer::Context<&Window>, SoftBufferError>`
[INFO] [stdout] 
[INFO] [stdout] 
[INFO] [stderr] error: could not compile `wes-client` (bin "wes-client" test) due to 7 previous errors; 1 warning emitted
[INFO] [stderr] warning: build failed, waiting for other jobs to finish...
[INFO] [stdout] error[E0599]: the method `context` exists for enum `Result<Surface<_, &Window>, SoftBufferError>`, but its trait bounds were not satisfied
[INFO] [stdout]   --> crates/wes-client/src/display.rs:56:63
[INFO] [stdout]    |
[INFO] [stdout] 56 |     let mut surface = softbuffer::Surface::new(&ctx, &window).context("softbuffer surface 失败")?;
[INFO] [stdout]    |                                                               ^^^^^^^ method cannot be called on `Result<Surface<_, &Window>, SoftBufferError>` due to unsatisfied trait bounds
[INFO] [stdout]    |
[INFO] [stdout]   ::: /opt/rustwide/cargo-home/registry/src/index.crates.io-1949cf8c6b5b557f/softbuffer-0.4.8/src/error.rs:9:1
[INFO] [stdout]    |
[INFO] [stdout]  9 | pub enum SoftBufferError {
[INFO] [stdout]    | ------------------------ doesn't satisfy `SoftBufferError: Send`, `SoftBufferError: Sync` or `SoftBufferError: anyhow::context::ext::StdError`
[INFO] [stdout]    |
[INFO] [stdout]    = note: the following trait bounds were not satisfied:
[INFO] [stdout]            `SoftBufferError: anyhow::context::ext::StdError`
[INFO] [stdout]            which is required by `Result<Surface<_, &Window>, SoftBufferError>: anyhow::Context<Surface<_, &Window>, SoftBufferError>`
[INFO] [stdout]            `SoftBufferError: Send`
[INFO] [stdout]            which is required by `Result<Surface<_, &Window>, SoftBufferError>: anyhow::Context<Surface<_, &Window>, SoftBufferError>`
[INFO] [stdout]            `SoftBufferError: Sync`
[INFO] [stdout]            which is required by `Result<Surface<_, &Window>, SoftBufferError>: anyhow::Context<Surface<_, &Window>, SoftBufferError>`
[INFO] [stdout] 
[INFO] [stdout] 
[INFO] [stdout] error[E0277]: the size for values of type `[u32]` cannot be known at compilation time
[INFO] [stdout]    --> crates/wes-client/src/display.rs:111:33
[INFO] [stdout]     |
[INFO] [stdout] 111 | ...                   let mut buf = match surface.buffer_mut() {
[INFO] [stdout]     |                           ^^^^^^^ doesn't have a size known at compile-time
[INFO] [stdout]     |
[INFO] [stdout]     = help: the trait `Sized` is not implemented for `[u32]`
[INFO] [stdout]     = note: all local variables must have a statically known size
[INFO] [stdout] 
[INFO] [stdout] 
[INFO] [stdout] error[E0433]: cannot find `Win32` in `windows`
[INFO] [stdout]    --> crates/wes-host/src/gdi_capture.rs:313:27
[INFO] [stdout]     |
[INFO] [stdout] 313 |     let mut ci = windows::Win32::UI::WindowsAndMessaging::CURSORINFO {
[INFO] [stdout]     |                           ^^^^^ could not find `Win32` in `windows`
[INFO] [stdout] 
[INFO] [stdout] 
[INFO] [stdout] error[E0599]: no method named `present` found for slice `[u32]` in the current scope
[INFO] [stdout]    --> crates/wes-client/src/display.rs:125:41
[INFO] [stdout]     |
[INFO] [stdout] 125 | ...                   let _ = buf.present();
[INFO] [stdout]     |                                   ^^^^^^^ method not found in `[u32]`
[INFO] [stdout] 
[INFO] [stdout] 
[INFO] [stdout] error[E0433]: cannot find `Win32` in `windows`
[INFO] [stdout]    --> crates/wes-host/src/gdi_capture.rs:314:46
[INFO] [stdout]     |
[INFO] [stdout] 314 |         cbSize: std::mem::size_of::<windows::Win32::UI::WindowsAndMessaging::CURSORINFO>()
[INFO] [stdout]     |                                              ^^^^^ could not find `Win32` in `windows`
[INFO] [stdout] 
[INFO] [stdout] 
[INFO] [stdout] error[E0433]: cannot find `Win32` in `windows`
[INFO] [stdout]    --> crates/wes-host/src/gdi_capture.rs:318:28
[INFO] [stdout]     |
[INFO] [stdout] 318 |     let hcur = if windows::Win32::UI::WindowsAndMessaging::GetCursorInfo(&mut ci).is_ok() {
[INFO] [stdout]     |                            ^^^^^ could not find `Win32` in `windows`
[INFO] [stdout] 
[INFO] [stdout] 
[INFO] [stdout] error[E0433]: cannot find `Win32` in `windows`
[INFO] [stdout]   --> crates/wes-host/src/hwnd_capture.rs:24:37
[INFO] [stdout]    |
[INFO] [stdout] 24 |             let mut rect = windows::Win32::Foundation::RECT::default();
[INFO] [stdout]    |                                     ^^^^^ could not find `Win32` in `windows`
[INFO] [stdout] 
[INFO] [stdout] 
[INFO] [stdout] error[E0433]: cannot find `Win32` in `windows`
[INFO] [stdout]    --> crates/wes-host/src/virtual_display.rs:139:38
[INFO] [stdout]     |
[INFO] [stdout] 139 |                     let _ = windows::Win32::Graphics::Gdi::DeleteObject(brush);
[INFO] [stdout]     |                                      ^^^^^ could not find `Win32` in `windows`
[INFO] [stdout]     |
[INFO] [stdout] help: there is an enum variant `crate::capture::Backend::Gdi`; try using the variant's enum
[INFO] [stdout]     |
[INFO] [stdout] 139 -                     let _ = windows::Win32::Graphics::Gdi::DeleteObject(brush);
[INFO] [stdout] 139 +                     let _ = crate::capture::Backend::DeleteObject(brush);
[INFO] [stdout]     |
[INFO] [stdout] 
[INFO] [stdout] 
[INFO] [stdout] error[E0308]: mismatched types
[INFO] [stdout]    --> crates/wes-client/src/main.rs:258:12
[INFO] [stdout]     |
[INFO] [stdout] 258 |     if let Err(e) = net.join().expect("网络线程 panic") {
[INFO] [stdout]     |            ^^^^^^   ----------------------------------- this expression has type `()`
[INFO] [stdout]     |            |
[INFO] [stdout]     |            expected `()`, found `Result<_, _>`
[INFO] [stdout]     |
[INFO] [stdout]     = note: expected unit type `()`
[INFO] [stdout]                     found enum `Result<_, _>`
[INFO] [stdout] 
[INFO] [stdout] 
[INFO] [stdout] Some errors have detailed explanations: E0277, E0308, E0425, E0599.
[INFO] [stdout] 
[INFO] [stdout] For more information about an error, try `rustc --explain E0277`.
[INFO] [stdout] 
[INFO] [stderr] error: could not compile `wes-client` (bin "wes-client") due to 7 previous errors; 1 warning emitted
[INFO] [stdout] Some errors have detailed explanations: E0432, E0433.
[INFO] [stdout] 
[INFO] [stdout] For more information about an error, try `rustc --explain E0432`.
[INFO] [stdout] 
[INFO] [stderr] error: could not compile `wes-host` (bin "wes-host") due to 25 previous errors
[INFO] [stdout] Some errors have detailed explanations: E0432, E0433.
[INFO] [stdout] 
[INFO] [stdout] For more information about an error, try `rustc --explain E0432`.
[INFO] [stdout] 
[INFO] [stderr] error: could not compile `wes-host` (bin "wes-host" test) due to 25 previous errors
[INFO] [stderr] warning: unused dependency `pollster`
[INFO] [stderr]   --> crates/wes-client/Cargo.toml:22:1
[INFO] [stderr]    |
[INFO] [stderr] 22 | pollster = "0.3"
[INFO] [stderr]    | ^^^^^^^^^^^^^^^^
[INFO] [stderr]    |
[INFO] [stderr]    = note: `cargo::unused_dependencies` is set to `warn` by default
[INFO] [stderr] help: consider removing the dependency on `pollster`
[INFO] [stderr] warning: `wes-client` (manifest) generated 1 warning
[INFO] [stderr] warning: unused dependency `serde_json`
[INFO] [stderr]  --> crates/wes-core/Cargo.toml:9:1
[INFO] [stderr]   |
[INFO] [stderr] 9 | serde_json.workspace = true
[INFO] [stderr]   | ^^^^^^^^^^
[INFO] [stderr]   |
[INFO] [stderr]   = note: `cargo::unused_dependencies` is set to `warn` by default
[INFO] [stderr] help: consider removing the dependency on `serde_json`
[INFO] [stderr] warning: `wes-core` (manifest) generated 1 warning
[INFO] [stderr] warning: unused dependency `tower-http`
[INFO] [stderr]   --> crates/wes-host/Cargo.toml:38:1
[INFO] [stderr]    |
[INFO] [stderr] 38 | tower-http = { version = "0.5", features = ["cors"] }
[INFO] [stderr]    | ^^^^^^^^^^^^^^^^^^^^^^^^^^^^^^^^^^^^^^^^^^^^^^^^^^^^^
[INFO] [stderr]    |
[INFO] [stderr]    = note: `cargo::unused_dependencies` is set to `warn` by default
[INFO] [stderr] help: consider removing the dependency on `tower-http`
[INFO] [stderr] warning: `wes-host` (manifest) generated 1 warning
[INFO] running `Command { std: "docker" "inspect" "ac4827edebd98026026b3938b044ab0d5446d1728e45d79cba4ffcff92695908", kill_on_drop: false }`
[INFO] running `Command { std: "docker" "rm" "-f" "ac4827edebd98026026b3938b044ab0d5446d1728e45d79cba4ffcff92695908", kill_on_drop: false }`
[INFO] [stdout] ac4827edebd98026026b3938b044ab0d5446d1728e45d79cba4ffcff92695908
