[INFO] cloning repository https://github.com/iyappanm05357/aeron-cluster
[INFO] running `Command { std: "git" "-c" "credential.helper=" "-c" "credential.helper=/workspace/cargo-home/bin/git-credential-null" "clone" "--bare" "https://github.com/iyappanm05357/aeron-cluster" "/workspace/cache/git-repos/https%3A%2F%2Fgithub.com%2Fiyappanm05357%2Faeron-cluster", kill_on_drop: false }`
[INFO] [stderr] Cloning into bare repository '/workspace/cache/git-repos/https%3A%2F%2Fgithub.com%2Fiyappanm05357%2Faeron-cluster'...
[INFO] running `Command { std: "git" "rev-parse" "HEAD", kill_on_drop: false }`
[INFO] [stdout] 0db6873d15382a4535e1717da488bc9b4407f293
[INFO] checking iyappanm05357/aeron-cluster against 3154cc1a3e6424e44f438a95007d043ed5ceaaf6+rustflags=-Znext-solver=coherence for pr-133502-30
[INFO] running `Command { std: "git" "clone" "/workspace/cache/git-repos/https%3A%2F%2Fgithub.com%2Fiyappanm05357%2Faeron-cluster" "/workspace/builds/worker-0-tc1/source", kill_on_drop: false }`
[INFO] [stderr] Cloning into '/workspace/builds/worker-0-tc1/source'...
[INFO] [stderr] done.
[INFO] started tweaking git repo https://github.com/iyappanm05357/aeron-cluster
[INFO] finished tweaking git repo https://github.com/iyappanm05357/aeron-cluster
[INFO] tweaked toml for git repo https://github.com/iyappanm05357/aeron-cluster written to /workspace/builds/worker-0-tc1/source/Cargo.toml
[INFO] validating manifest of git repo https://github.com/iyappanm05357/aeron-cluster on toolchain 3154cc1a3e6424e44f438a95007d043ed5ceaaf6
[INFO] running `Command { std: CARGO_HOME="/workspace/cargo-home" RUSTUP_HOME="/workspace/rustup-home" "/workspace/cargo-home/bin/cargo" "+3154cc1a3e6424e44f438a95007d043ed5ceaaf6" "metadata" "--manifest-path" "Cargo.toml" "--no-deps", kill_on_drop: false }`
[INFO] crate git repo https://github.com/iyappanm05357/aeron-cluster already has a lockfile, it will not be regenerated
[INFO] running `Command { std: CARGO_HOME="/workspace/cargo-home" RUSTUP_HOME="/workspace/rustup-home" "/workspace/cargo-home/bin/cargo" "+3154cc1a3e6424e44f438a95007d043ed5ceaaf6" "fetch" "--manifest-path" "Cargo.toml", kill_on_drop: false }`
[INFO] [stderr]     Updating crates.io index
[INFO] [stderr]  Downloading crates ...
[INFO] [stderr]   Downloaded rusteron-code-gen v0.2.4
[INFO] [stderr]   Downloaded rusteron-client v0.2.4
[INFO] [stderr]   Downloaded rusteron-archive v0.2.4
[INFO] [stderr]   Downloaded rusteron-media-driver v0.2.4
[INFO] running `Command { std: "docker" "create" "-v" "/var/lib/crater-agent-workspace/builds/worker-0-tc1/source:/opt/rustwide/workdir:ro,Z" "-v" "/var/lib/crater-agent-workspace/builds/worker-0-tc1/target:/opt/rustwide/target:rw,Z" "-v" "/var/lib/crater-agent-workspace/cargo-home:/opt/rustwide/cargo-home:ro,Z" "-v" "/var/lib/crater-agent-workspace/rustup-home:/opt/rustwide/rustup-home:ro,Z" "-m" "1610612736" "--network" "none" "ghcr.io/rust-lang/crates-build-env/linux@sha256:77db811e55d90add9212f6832c23229e3de5f1c1f9905e8cb07319ea15df73ac" "sleep" "infinity", kill_on_drop: false }`
[INFO] [stdout] 90e98ceec108017bec84d64b8f0fdd63cab0622debaf793c5f16f25340608bb5
[INFO] running `Command { std: "docker" "start" "90e98ceec108017bec84d64b8f0fdd63cab0622debaf793c5f16f25340608bb5", kill_on_drop: false }`
[INFO] running `Command { std: "docker" "inspect" "90e98ceec108017bec84d64b8f0fdd63cab0622debaf793c5f16f25340608bb5", kill_on_drop: false }`
[INFO] running `Command { std: "docker" "exec" "-e" "SOURCE_DIR=/opt/rustwide/workdir" "-e" "CARGO_HOME=/opt/rustwide/cargo-home" "-e" "RUSTUP_HOME=/opt/rustwide/rustup-home" "-e" "CARGO_TARGET_DIR=/opt/rustwide/target" "-w" "/opt/rustwide/workdir" "--user" "0:0" "90e98ceec108017bec84d64b8f0fdd63cab0622debaf793c5f16f25340608bb5" "/opt/rustwide/cargo-home/bin/cargo" "+3154cc1a3e6424e44f438a95007d043ed5ceaaf6" "metadata" "--no-deps" "--format-version=1", kill_on_drop: false }`
[INFO] running `Command { std: "docker" "inspect" "90e98ceec108017bec84d64b8f0fdd63cab0622debaf793c5f16f25340608bb5", kill_on_drop: false }`
[INFO] running `Command { std: "docker" "exec" "-e" "SOURCE_DIR=/opt/rustwide/workdir" "-e" "CARGO_HOME=/opt/rustwide/cargo-home" "-e" "RUSTUP_HOME=/opt/rustwide/rustup-home" "-e" "CARGO_TARGET_DIR=/opt/rustwide/target" "-e" "CARGO_INCREMENTAL=0" "-e" "RUST_BACKTRACE=full" "-e" "RUSTFLAGS=--cap-lints=forbid -Znext-solver=coherence" "-e" "RUSTDOCFLAGS=--cap-lints=forbid" "-w" "/opt/rustwide/workdir" "--user" "0:0" "90e98ceec108017bec84d64b8f0fdd63cab0622debaf793c5f16f25340608bb5" "/opt/rustwide/cargo-home/bin/cargo" "+3154cc1a3e6424e44f438a95007d043ed5ceaaf6" "check" "--frozen" "--all" "--all-targets" "--message-format=json", kill_on_drop: false }`
[INFO] [stderr]    Compiling aho-corasick v1.1.5
[INFO] [stderr]    Compiling clang-sys v1.9.1
[INFO] [stderr]    Compiling either v1.17.0
[INFO] [stderr]    Compiling prettyplease v0.2.37
[INFO] [stderr]    Compiling libloading v0.8.9
[INFO] [stderr]    Compiling nom v7.1.3
[INFO] [stderr]    Compiling find-msvc-tools v0.1.10
[INFO] [stderr]    Compiling rusteron-code-gen v0.2.4
[INFO] [stderr]    Compiling bindgen v0.72.1
[INFO] [stderr]    Compiling log v0.4.33
[INFO] [stderr]    Compiling cc v1.4.2
[INFO] [stderr]    Compiling itertools v0.15.0
[INFO] [stderr]    Compiling itertools v0.13.0
[INFO] [stderr]    Compiling rustc-hash v2.1.3
[INFO] [stderr]    Compiling bitflags v2.13.1
[INFO] [stderr]    Compiling nix v0.31.3
[INFO] [stderr]    Compiling libc v0.2.189
[INFO] [stderr]     Checking orders v0.1.0 (/opt/rustwide/workdir/crates/sbe-codec)
[INFO] [stderr]    Compiling regex-automata v0.4.18
[INFO] [stderr]    Compiling cmake v0.1.58
[INFO] [stderr]    Compiling cexpr v0.6.0
[INFO] [stderr]     Checking matching-engine v0.1.0 (/opt/rustwide/workdir/crates/matching-engine)
[INFO] [stderr]     Checking io_aeron_cluster_codecs v0.1.0 (/opt/rustwide/workdir/crates/aeron-cluster-codecs)
[INFO] [stderr]     Checking regex v1.13.1
[INFO] [stderr]     Checking ctrlc v3.5.2
[INFO] [stderr]    Compiling rusteron-media-driver v0.2.4
[INFO] [stderr]    Compiling rusteron-client v0.2.4
[INFO] [stderr]    Compiling rusteron-archive v0.2.4
[INFO] [stderr] error: failed to run custom build command for `rusteron-archive v0.2.4`
[INFO] [stderr] note: To improve backtraces for build dependencies, set the CARGO_PROFILE_DEV_BUILD_OVERRIDE_DEBUG=true environment variable to enable debug information generation.
[INFO] [stderr] 
[INFO] [stderr] Caused by:
[INFO] [stderr]   process didn't exit successfully: `/opt/rustwide/target/debug/build/rusteron-archive/9c4e80468da1dae1/out/build_script_build` (exit status: 101)
[INFO] [stderr]   --- stdout
[INFO] [stderr]   cargo:rerun-if-changed=build.rs
[INFO] [stderr]   cargo:rerun-if-changed=bindings.h
[INFO] [stderr]   cargo:rerun-if-env-changed=UUID_NO_PKG_CONFIG
[INFO] [stderr]   cargo:rerun-if-env-changed=PKG_CONFIG_x86_64-unknown-linux-gnu
[INFO] [stderr]   cargo:rerun-if-env-changed=PKG_CONFIG_x86_64_unknown_linux_gnu
[INFO] [stderr]   cargo:rerun-if-env-changed=HOST_PKG_CONFIG
[INFO] [stderr]   cargo:rerun-if-env-changed=PKG_CONFIG
[INFO] [stderr]   cargo:rerun-if-env-changed=UUID_STATIC
[INFO] [stderr]   cargo:rerun-if-env-changed=UUID_DYNAMIC
[INFO] [stderr]   cargo:rerun-if-env-changed=PKG_CONFIG_ALL_STATIC
[INFO] [stderr]   cargo:rerun-if-env-changed=PKG_CONFIG_ALL_DYNAMIC
[INFO] [stderr]   cargo:rerun-if-env-changed=PKG_CONFIG_PATH_x86_64-unknown-linux-gnu
[INFO] [stderr]   cargo:rerun-if-env-changed=PKG_CONFIG_PATH_x86_64_unknown_linux_gnu
[INFO] [stderr]   cargo:rerun-if-env-changed=HOST_PKG_CONFIG_PATH
[INFO] [stderr]   cargo:rerun-if-env-changed=PKG_CONFIG_PATH
[INFO] [stderr]   cargo:rerun-if-env-changed=PKG_CONFIG_LIBDIR_x86_64-unknown-linux-gnu
[INFO] [stderr]   cargo:rerun-if-env-changed=PKG_CONFIG_LIBDIR_x86_64_unknown_linux_gnu
[INFO] [stderr]   cargo:rerun-if-env-changed=HOST_PKG_CONFIG_LIBDIR
[INFO] [stderr]   cargo:rerun-if-env-changed=PKG_CONFIG_LIBDIR
[INFO] [stderr]   cargo:rerun-if-env-changed=PKG_CONFIG_SYSROOT_DIR_x86_64-unknown-linux-gnu
[INFO] [stderr]   cargo:rerun-if-env-changed=PKG_CONFIG_SYSROOT_DIR_x86_64_unknown_linux_gnu
[INFO] [stderr]   cargo:rerun-if-env-changed=HOST_PKG_CONFIG_SYSROOT_DIR
[INFO] [stderr]   cargo:rerun-if-env-changed=PKG_CONFIG_SYSROOT_DIR
[INFO] [stderr]   cargo:rerun-if-env-changed=PKG_CONFIG_SYSROOT_DIR
[INFO] [stderr]   cargo:rerun-if-env-changed=SYSROOT
[INFO] [stderr]   cargo:rerun-if-env-changed=UUID_STATIC
[INFO] [stderr]   cargo:rerun-if-env-changed=UUID_DYNAMIC
[INFO] [stderr]   cargo:rerun-if-env-changed=PKG_CONFIG_ALL_STATIC
[INFO] [stderr]   cargo:rerun-if-env-changed=PKG_CONFIG_ALL_DYNAMIC
[INFO] [stderr]   cargo:rustc-link-search=native=/usr/lib/x86_64-linux-gnu
[INFO] [stderr]   cargo:rustc-link-lib=uuid
[INFO] [stderr]   cargo:rerun-if-env-changed=PKG_CONFIG_x86_64-unknown-linux-gnu
[INFO] [stderr]   cargo:rerun-if-env-changed=PKG_CONFIG_x86_64_unknown_linux_gnu
[INFO] [stderr]   cargo:rerun-if-env-changed=HOST_PKG_CONFIG
[INFO] [stderr]   cargo:rerun-if-env-changed=PKG_CONFIG
[INFO] [stderr]   cargo:rerun-if-env-changed=UUID_STATIC
[INFO] [stderr]   cargo:rerun-if-env-changed=UUID_DYNAMIC
[INFO] [stderr]   cargo:rerun-if-env-changed=PKG_CONFIG_ALL_STATIC
[INFO] [stderr]   cargo:rerun-if-env-changed=PKG_CONFIG_ALL_DYNAMIC
[INFO] [stderr]   cargo:rerun-if-env-changed=PKG_CONFIG_PATH_x86_64-unknown-linux-gnu
[INFO] [stderr]   cargo:rerun-if-env-changed=PKG_CONFIG_PATH_x86_64_unknown_linux_gnu
[INFO] [stderr]   cargo:rerun-if-env-changed=HOST_PKG_CONFIG_PATH
[INFO] [stderr]   cargo:rerun-if-env-changed=PKG_CONFIG_PATH
[INFO] [stderr]   cargo:rerun-if-env-changed=PKG_CONFIG_LIBDIR_x86_64-unknown-linux-gnu
[INFO] [stderr]   cargo:rerun-if-env-changed=PKG_CONFIG_LIBDIR_x86_64_unknown_linux_gnu
[INFO] [stderr]   cargo:rerun-if-env-changed=HOST_PKG_CONFIG_LIBDIR
[INFO] [stderr]   cargo:rerun-if-env-changed=PKG_CONFIG_LIBDIR
[INFO] [stderr]   cargo:rerun-if-env-changed=PKG_CONFIG_SYSROOT_DIR_x86_64-unknown-linux-gnu
[INFO] [stderr]   cargo:rerun-if-env-changed=PKG_CONFIG_SYSROOT_DIR_x86_64_unknown_linux_gnu
[INFO] [stderr]   cargo:rerun-if-env-changed=HOST_PKG_CONFIG_SYSROOT_DIR
[INFO] [stderr]   cargo:rerun-if-env-changed=PKG_CONFIG_SYSROOT_DIR
[INFO] [stderr]   Fetching distribution.
[INFO] [stderr]   Downloading https://services.gradle.org/distributions/gradle-9.6.1-all.zip
[INFO] [stderr] 
[INFO] [stderr]   Attempt 1/1 failed. Reason: services.gradle.org
[INFO] [stderr]   cargo:rerun-if-changed=aeron/aeron-all/build/libs
[INFO] [stderr]   cargo:rustc-link-lib=dylib=aeron_archive_c_client
[INFO] [stderr]   cargo:rustc-link-lib=dylib=aeron
[INFO] [stderr]   cargo:rustc-link-arg=-Wl,--allow-multiple-definition
[INFO] [stderr]   cargo:rustc-link-arg=-Wl,--no-as-needed
[INFO] [stderr]   cargo:rustc-link-lib=bsd
[INFO] [stderr]   cargo:rustc-link-arg=-Wl,--as-needed
[INFO] [stderr]   cargo:rerun-if-env-changed=RUSTERON_SANITIZE
[INFO] [stderr]   CMAKE_TOOLCHAIN_FILE_x86_64-unknown-linux-gnu = None
[INFO] [stderr]   CMAKE_TOOLCHAIN_FILE_x86_64_unknown_linux_gnu = None
[INFO] [stderr]   HOST_CMAKE_TOOLCHAIN_FILE = None
[INFO] [stderr]   CMAKE_TOOLCHAIN_FILE = None
[INFO] [stderr]   CMAKE_GENERATOR_x86_64-unknown-linux-gnu = None
[INFO] [stderr]   CMAKE_GENERATOR_x86_64_unknown_linux_gnu = None
[INFO] [stderr]   HOST_CMAKE_GENERATOR = None
[INFO] [stderr]   CMAKE_GENERATOR = None
[INFO] [stderr]   CMAKE_PREFIX_PATH_x86_64-unknown-linux-gnu = None
[INFO] [stderr]   CMAKE_PREFIX_PATH_x86_64_unknown_linux_gnu = None
[INFO] [stderr]   HOST_CMAKE_PREFIX_PATH = None
[INFO] [stderr]   CMAKE_PREFIX_PATH = None
[INFO] [stderr]   CMAKE_x86_64-unknown-linux-gnu = None
[INFO] [stderr]   CMAKE_x86_64_unknown_linux_gnu = None
[INFO] [stderr]   HOST_CMAKE = None
[INFO] [stderr]   CMAKE = None
[INFO] [stderr]   -- The C compiler identification is GNU 15.2.0
[INFO] [stderr]   -- The CXX compiler identification is GNU 15.2.0
[INFO] [stderr]   -- Detecting C compiler ABI info
[INFO] [stderr]   -- Detecting C compiler ABI info - done
[INFO] [stderr]   -- Check for working C compiler: /usr/bin/cc - skipped
[INFO] [stderr]   -- Detecting C compile features
[INFO] [stderr]   -- Detecting C compile features - done
[INFO] [stderr]   -- Detecting CXX compiler ABI info
[INFO] [stderr]   -- Detecting CXX compiler ABI info - done
[INFO] [stderr]   -- Check for working CXX compiler: /usr/bin/c++ - skipped
[INFO] [stderr]   -- Detecting CXX compile features
[INFO] [stderr]   -- Detecting CXX compile features - done
[INFO] [stderr]   -- Performing Test CMAKE_HAVE_LIBC_PTHREAD
[INFO] [stderr]   -- Performing Test CMAKE_HAVE_LIBC_PTHREAD - Success
[INFO] [stderr]   -- Found Threads: TRUE
[INFO] [stderr]   -- Looking up: /dev/urandom
[INFO] [stderr]   -- Looking for bsd/stdlib.h
[INFO] [stderr]   -- Looking for bsd/stdlib.h - found
[INFO] [stderr]   -- Looking for arc4random
[INFO] [stderr]   -- Looking for arc4random - found
[INFO] [stderr]   -- Looking for posix_memalign
[INFO] [stderr]   -- Looking for posix_memalign - found
[INFO] [stderr]   -- Looking for reallocf
[INFO] [stderr]   -- Looking for reallocf - found
[INFO] [stderr]   -- Looking for fallocate
[INFO] [stderr]   -- Looking for fallocate - found
[INFO] [stderr]   -- Looking for posix_fallocate
[INFO] [stderr]   -- Looking for posix_fallocate - found
[INFO] [stderr]   -- Looking for F_PREALLOCATE
[INFO] [stderr]   -- Looking for F_PREALLOCATE - not found
[INFO] [stderr]   -- Found: /dev/urandom
[INFO] [stderr]   -- Configuring incomplete, errors occurred!
[INFO] [stderr] 
[INFO] [stderr]   --- stderr
[INFO] [stderr]   running ./gradlew in /opt/rustwide/cargo-home/registry/src/index.crates.io-1949cf8c6b5b557f/rusteron-archive-0.2.4/aeron
[INFO] [stderr]   Exception in thread "main" java.net.UnknownHostException: services.gradle.org
[INFO] [stderr]   	at java.net.AbstractPlainSocketImpl.connect(AbstractPlainSocketImpl.java:184)
[INFO] [stderr]   	at java.net.SocksSocketImpl.connect(SocksSocketImpl.java:392)
[INFO] [stderr]   	at java.net.Socket.connect(Socket.java:607)
[INFO] [stderr]   	at sun.security.ssl.SSLSocketImpl.connect(SSLSocketImpl.java:293)
[INFO] [stderr]   	at sun.net.NetworkClient.doConnect(NetworkClient.java:175)
[INFO] [stderr]   	at sun.net.www.http.HttpClient.openServer(HttpClient.java:473)
[INFO] [stderr]   	at sun.net.www.http.HttpClient.openServer(HttpClient.java:568)
[INFO] [stderr]   	at sun.net.www.protocol.https.HttpsClient.<init>(HttpsClient.java:264)
[INFO] [stderr]   	at sun.net.www.protocol.https.HttpsClient.New(HttpsClient.java:367)
[INFO] [stderr]   	at sun.net.www.protocol.https.AbstractDelegateHttpsURLConnection.getNewHttpClient(AbstractDelegateHttpsURLConnection.java:203)
[INFO] [stderr]   	at sun.net.www.protocol.http.HttpURLConnection.plainConnect0(HttpURLConnection.java:1182)
[INFO] [stderr]   	at sun.net.www.protocol.http.HttpURLConnection.plainConnect(HttpURLConnection.java:1076)
[INFO] [stderr]   	at sun.net.www.protocol.http.HttpURLConnection.connect(HttpURLConnection.java:1010)
[INFO] [stderr]   	at sun.net.www.protocol.https.AbstractDelegateHttpsURLConnection.connect(AbstractDelegateHttpsURLConnection.java:189)
[INFO] [stderr]   	at sun.net.www.protocol.http.HttpURLConnection.getInputStream0(HttpURLConnection.java:1591)
[INFO] [stderr]   	at sun.net.www.protocol.http.HttpURLConnection.getInputStream(HttpURLConnection.java:1520)
[INFO] [stderr]   	at java.net.HttpURLConnection.getResponseCode(HttpURLConnection.java:480)
[INFO] [stderr]   	at sun.net.www.protocol.https.HttpsURLConnectionImpl.getResponseCode(HttpsURLConnectionImpl.java:352)
[INFO] [stderr]   	at org.gradle.wrapper.Download.download(SourceFile:1)
[INFO] [stderr]   	at org.gradle.wrapper.Install.forceFetch(SourceFile)
[INFO] [stderr]   	at org.gradle.wrapper.Install.lambda$createDist$0(SourceFile:9)
[INFO] [stderr]   	at org.gradle.wrapper.Install.createDist(SourceFile:24)
[INFO] [stderr]   	at org.gradle.wrapper.GradleWrapperMain.lambda$prepareWrapper$0(SourceFile:2)
[INFO] [stderr]   	at org.gradle.wrapper.GradleWrapperMain.main(SourceFile:2)
[INFO] [stderr]   running: cd "/opt/rustwide/target/debug/build/rusteron-archive/40a32c01b9700029/out/build" && CMAKE_PREFIX_PATH="" LC_ALL="C" "cmake" "/opt/rustwide/cargo-home/registry/src/index.crates.io-1949cf8c6b5b557f/rusteron-archive-0.2.4/aeron" "-B" "/opt/rustwide/target/debug/build/rusteron-archive/40a32c01b9700029/out/build" "-DCMAKE_C_FLAGS=-fcommon" "-DBUILD_AERON_DRIVER=OFF" "-DBUILD_AERON_ARCHIVE_API=OFF" "-DAERON_TESTS=OFF" "-DAERON_BUILD_SAMPLES=OFF" "-DAERON_BUILD_DOCUMENTATION=OFF" "-DBUILD_AERON_ARCHIVE_API=ON" "-DCMAKE_OSX_DEPLOYMENT_TARGET=14.0" "-DBUILD_SHARED_LIBS=ON" "-DCMAKE_INSTALL_PREFIX=/opt/rustwide/target/debug/build/rusteron-archive/40a32c01b9700029/out" "-DCMAKE_C_COMPILER=/usr/bin/cc" "-DCMAKE_CXX_FLAGS= -ffunction-sections -fdata-sections -fPIC -m64 -w" "-DCMAKE_CXX_COMPILER=/usr/bin/c++" "-DCMAKE_ASM_FLAGS= -ffunction-sections -fdata-sections -fPIC -m64 -w" "-DCMAKE_ASM_COMPILER=/usr/bin/cc" "-DCMAKE_BUILD_TYPE=Debug"
[INFO] [stderr]   fatal: not a git repository (or any parent up to mount point /opt/rustwide)
[INFO] [stderr]   Stopping at filesystem boundary (GIT_DISCOVERY_ACROSS_FILESYSTEM not set).
[INFO] [stderr]   fatal: not a git repository (or any parent up to mount point /opt/rustwide)
[INFO] [stderr]   Stopping at filesystem boundary (GIT_DISCOVERY_ACROSS_FILESYSTEM not set).
[INFO] [stderr]   CMake Error at /usr/share/cmake-4.2/Modules/FindPackageHandleStandardArgs.cmake:290 (message):
[INFO] [stderr]     Could NOT find Java: Found unsuitable version "1.8.0.504", but required is
[INFO] [stderr]     at least "17" (found /usr/bin/java)
[INFO] [stderr]   Call Stack (most recent call first):
[INFO] [stderr]     /usr/share/cmake-4.2/Modules/FindPackageHandleStandardArgs.cmake:652 (_FPHSA_FAILURE_MESSAGE)
[INFO] [stderr]     /usr/share/cmake-4.2/Modules/FindJava.cmake:410 (find_package_handle_standard_args)
[INFO] [stderr]     aeron-archive/src/main/c/CMakeLists.txt:61 (find_package)
[INFO] [stderr] 
[INFO] [stderr] 
[INFO] [stderr] 
[INFO] [stderr]   thread 'main' (496) panicked at /opt/rustwide/cargo-home/registry/src/index.crates.io-1949cf8c6b5b557f/cmake-0.1.58/src/lib.rs:1132:5:
[INFO] [stderr] 
[INFO] [stderr]   command did not execute successfully, got: exit status: 1
[INFO] [stderr] 
[INFO] [stderr]   build script failed, must exit now
[INFO] [stderr]   stack backtrace:
[INFO] [stderr]      0:     0x5bae0e8d72a1 - std[3164a59e47d3bde]::backtrace_rs::backtrace::libunwind::trace
[INFO] [stderr]                                  at /rustc/3154cc1a3e6424e44f438a95007d043ed5ceaaf6/library/std/src/../../backtrace/src/backtrace/libunwind.rs:117:9
[INFO] [stderr]      1:     0x5bae0e8d72a1 - std[3164a59e47d3bde]::backtrace_rs::backtrace::trace_unsynchronized::<std[3164a59e47d3bde]::sys::backtrace::_print_fmt::{closure#1}>
[INFO] [stderr]                                  at /rustc/3154cc1a3e6424e44f438a95007d043ed5ceaaf6/library/std/src/../../backtrace/src/backtrace/mod.rs:66:14
[INFO] [stderr]      2:     0x5bae0e8d72a1 - std[3164a59e47d3bde]::sys::backtrace::_print_fmt
[INFO] [stderr]                                  at /rustc/3154cc1a3e6424e44f438a95007d043ed5ceaaf6/library/std/src/sys/backtrace.rs:74:9
[INFO] [stderr]      3:     0x5bae0e8d72a1 - <<std[3164a59e47d3bde]::sys::backtrace::BacktraceLock>::print::DisplayBacktrace as core[934024a1e6126fb4]::fmt::Display>::fmt
[INFO] [stderr]                                  at /rustc/3154cc1a3e6424e44f438a95007d043ed5ceaaf6/library/std/src/sys/backtrace.rs:44:26
[INFO] [stderr]      4:     0x5bae0e8ef56a - <core[934024a1e6126fb4]::fmt::rt::Argument>::fmt
[INFO] [stderr]                                  at /rustc/3154cc1a3e6424e44f438a95007d043ed5ceaaf6/library/core/src/fmt/rt.rs:152:76
[INFO] [stderr]      5:     0x5bae0e8ef56a - core[934024a1e6126fb4]::fmt::write
[INFO] [stderr]      6:     0x5bae0e8dd60c - core[934024a1e6126fb4]::io::write::default_write_fmt::<std[3164a59e47d3bde]::sys::stdio::unix::Stderr>
[INFO] [stderr]                                  at /rustc/3154cc1a3e6424e44f438a95007d043ed5ceaaf6/library/core/src/io/write.rs:402:11
[INFO] [stderr]      7:     0x5bae0e8dd60c - <std[3164a59e47d3bde]::sys::stdio::unix::Stderr as core[934024a1e6126fb4]::io::write::Write>::write_fmt
[INFO] [stderr]                                  at /rustc/3154cc1a3e6424e44f438a95007d043ed5ceaaf6/library/core/src/io/write.rs:335:13
[INFO] [stderr]      8:     0x5bae0e8b0296 - <std[3164a59e47d3bde]::sys::backtrace::BacktraceLock>::print
[INFO] [stderr]                                  at /rustc/3154cc1a3e6424e44f438a95007d043ed5ceaaf6/library/std/src/sys/backtrace.rs:47:9
[INFO] [stderr]      9:     0x5bae0e8b0296 - std[3164a59e47d3bde]::panicking::default_hook::{closure#0}
[INFO] [stderr]                                  at /rustc/3154cc1a3e6424e44f438a95007d043ed5ceaaf6/library/std/src/panicking.rs:289:27
[INFO] [stderr]     10:     0x5bae0e8cdb51 - std[3164a59e47d3bde]::panicking::default_hook
[INFO] [stderr]                                  at /rustc/3154cc1a3e6424e44f438a95007d043ed5ceaaf6/library/std/src/panicking.rs:316:9
[INFO] [stderr]     11:     0x5bae0e8cde7b - std[3164a59e47d3bde]::panicking::panic_with_hook
[INFO] [stderr]                                  at /rustc/3154cc1a3e6424e44f438a95007d043ed5ceaaf6/library/std/src/panicking.rs:811:13
[INFO] [stderr]     12:     0x5bae0e8b0342 - std[3164a59e47d3bde]::panicking::panic_handler::{closure#0}
[INFO] [stderr]                                  at /rustc/3154cc1a3e6424e44f438a95007d043ed5ceaaf6/library/std/src/panicking.rs:685:13
[INFO] [stderr]     13:     0x5bae0e8a8d39 - std[3164a59e47d3bde]::sys::backtrace::__rust_end_short_backtrace::<std[3164a59e47d3bde]::panicking::panic_handler::{closure#0}, !>
[INFO] [stderr]                                  at /rustc/3154cc1a3e6424e44f438a95007d043ed5ceaaf6/library/std/src/sys/backtrace.rs:182:18
[INFO] [stderr]     14:     0x5bae0e8b0f3d - __rustc[2e7b49d4226056d3]::rust_begin_unwind
[INFO] [stderr]                                  at /rustc/3154cc1a3e6424e44f438a95007d043ed5ceaaf6/library/std/src/panicking.rs:676:5
[INFO] [stderr]     15:     0x5bae0e8efe0c - core[934024a1e6126fb4]::panicking::panic_fmt
[INFO] [stderr]                                  at /rustc/3154cc1a3e6424e44f438a95007d043ed5ceaaf6/library/core/src/panicking.rs:80:14
[INFO] [stderr]     16:     0x5bae0e1f5857 - cmake[71df874224664742]::fail
[INFO] [stderr]     17:     0x5bae0e1f54e3 - cmake[71df874224664742]::run
[INFO] [stderr]     18:     0x5bae0e1fae62 - <cmake[71df874224664742]::Config>::build
[INFO] [stderr]     19:     0x5bae0e10a3b8 - build_script_build[14d7ad9da8524bcb]::build_from_source
[INFO] [stderr]     20:     0x5bae0e10d1f3 - build_script_build[14d7ad9da8524bcb]::rusteron_build_main
[INFO] [stderr]     21:     0x5bae0e10dabd - build_script_build[14d7ad9da8524bcb]::main
[INFO] [stderr]     22:     0x5bae0e1108a3 - <fn() as core[934024a1e6126fb4]::ops::function::FnOnce<()>>::call_once
[INFO] [stderr]     23:     0x5bae0e10777e - std[3164a59e47d3bde]::sys::backtrace::__rust_begin_short_backtrace::<fn(), ()>
[INFO] [stderr]     24:     0x5bae0e107c79 - std[3164a59e47d3bde]::rt::lang_start::<()>::{closure#0}
[INFO] [stderr]     25:     0x5bae0e8cce48 - <&dyn core[934024a1e6126fb4]::ops::function::Fn<(), Output = i32> + core[934024a1e6126fb4]::marker::Sync + core[934024a1e6126fb4]::panic::unwind_safe::RefUnwindSafe as core[934024a1e6126fb4]::ops::function::FnOnce<()>>::call_once
[INFO] [stderr]                                  at /rustc/3154cc1a3e6424e44f438a95007d043ed5ceaaf6/library/core/src/ops/function.rs:287:21
[INFO] [stderr]     26:     0x5bae0e8cce48 - std[3164a59e47d3bde]::panicking::catch_unwind::do_call::<&dyn core[934024a1e6126fb4]::ops::function::Fn<(), Output = i32> + core[934024a1e6126fb4]::marker::Sync + core[934024a1e6126fb4]::panic::unwind_safe::RefUnwindSafe, i32>
[INFO] [stderr]                                  at /rustc/3154cc1a3e6424e44f438a95007d043ed5ceaaf6/library/std/src/panicking.rs:573:43
[INFO] [stderr]     27:     0x5bae0e8cce48 - std[3164a59e47d3bde]::panicking::catch_unwind::<i32, &dyn core[934024a1e6126fb4]::ops::function::Fn<(), Output = i32> + core[934024a1e6126fb4]::marker::Sync + core[934024a1e6126fb4]::panic::unwind_safe::RefUnwindSafe>
[INFO] [stderr]                                  at /rustc/3154cc1a3e6424e44f438a95007d043ed5ceaaf6/library/std/src/panicking.rs:541:19
[INFO] [stderr]     28:     0x5bae0e8cce48 - std[3164a59e47d3bde]::panic::catch_unwind::<&dyn core[934024a1e6126fb4]::ops::function::Fn<(), Output = i32> + core[934024a1e6126fb4]::marker::Sync + core[934024a1e6126fb4]::panic::unwind_safe::RefUnwindSafe, i32>
[INFO] [stderr]                                  at /rustc/3154cc1a3e6424e44f438a95007d043ed5ceaaf6/library/std/src/panic.rs:359:14
[INFO] [stderr]     29:     0x5bae0e8cce48 - std[3164a59e47d3bde]::rt::lang_start_internal::{closure#0}
[INFO] [stderr]                                  at /rustc/3154cc1a3e6424e44f438a95007d043ed5ceaaf6/library/std/src/rt.rs:175:24
[INFO] [stderr]     30:     0x5bae0e8cce48 - std[3164a59e47d3bde]::panicking::catch_unwind::do_call::<std[3164a59e47d3bde]::rt::lang_start_internal::{closure#0}, isize>
[INFO] [stderr]                                  at /rustc/3154cc1a3e6424e44f438a95007d043ed5ceaaf6/library/std/src/panicking.rs:573:43
[INFO] [stderr]     31:     0x5bae0e8cce48 - std[3164a59e47d3bde]::panicking::catch_unwind::<isize, std[3164a59e47d3bde]::rt::lang_start_internal::{closure#0}>
[INFO] [stderr]                                  at /rustc/3154cc1a3e6424e44f438a95007d043ed5ceaaf6/library/std/src/panicking.rs:541:19
[INFO] [stderr]     32:     0x5bae0e8cce48 - std[3164a59e47d3bde]::panic::catch_unwind::<std[3164a59e47d3bde]::rt::lang_start_internal::{closure#0}, isize>
[INFO] [stderr]                                  at /rustc/3154cc1a3e6424e44f438a95007d043ed5ceaaf6/library/std/src/panic.rs:359:14
[INFO] [stderr]     33:     0x5bae0e8cce48 - std[3164a59e47d3bde]::rt::lang_start_internal
[INFO] [stderr]                                  at /rustc/3154cc1a3e6424e44f438a95007d043ed5ceaaf6/library/std/src/rt.rs:171:5
[INFO] [stderr]     34:     0x5bae0e107771 - std[3164a59e47d3bde]::rt::lang_start::<()>
[INFO] [stderr]     35:     0x5bae0e110a75 - main
[INFO] [stderr]     36:     0x72859d38e601 - <unknown>
[INFO] [stderr]     37:     0x72859d38e718 - __libc_start_main
[INFO] [stderr]     38:     0x5bae0e104b35 - _start
[INFO] [stderr]     39:                0x0 - <unknown>
[INFO] [stderr] warning: build failed, waiting for other jobs to finish...
[INFO] [stderr] error: failed to run custom build command for `rusteron-client v0.2.4`
[INFO] [stderr] note: To improve backtraces for build dependencies, set the CARGO_PROFILE_DEV_BUILD_OVERRIDE_DEBUG=true environment variable to enable debug information generation.
[INFO] [stderr] 
[INFO] [stderr] Caused by:
[INFO] [stderr]   process didn't exit successfully: `/opt/rustwide/target/debug/build/rusteron-client/087e82b014e20db1/out/build_script_build` (exit status: 101)
[INFO] [stderr]   --- stdout
[INFO] [stderr]   cargo:rerun-if-changed=build.rs
[INFO] [stderr]   cargo:rerun-if-changed=bindings.h
[INFO] [stderr]   cargo:rerun-if-env-changed=UUID_NO_PKG_CONFIG
[INFO] [stderr]   cargo:rerun-if-env-changed=PKG_CONFIG_x86_64-unknown-linux-gnu
[INFO] [stderr]   cargo:rerun-if-env-changed=PKG_CONFIG_x86_64_unknown_linux_gnu
[INFO] [stderr]   cargo:rerun-if-env-changed=HOST_PKG_CONFIG
[INFO] [stderr]   cargo:rerun-if-env-changed=PKG_CONFIG
[INFO] [stderr]   cargo:rerun-if-env-changed=UUID_STATIC
[INFO] [stderr]   cargo:rerun-if-env-changed=UUID_DYNAMIC
[INFO] [stderr]   cargo:rerun-if-env-changed=PKG_CONFIG_ALL_STATIC
[INFO] [stderr]   cargo:rerun-if-env-changed=PKG_CONFIG_ALL_DYNAMIC
[INFO] [stderr]   cargo:rerun-if-env-changed=PKG_CONFIG_PATH_x86_64-unknown-linux-gnu
[INFO] [stderr]   cargo:rerun-if-env-changed=PKG_CONFIG_PATH_x86_64_unknown_linux_gnu
[INFO] [stderr]   cargo:rerun-if-env-changed=HOST_PKG_CONFIG_PATH
[INFO] [stderr]   cargo:rerun-if-env-changed=PKG_CONFIG_PATH
[INFO] [stderr]   cargo:rerun-if-env-changed=PKG_CONFIG_LIBDIR_x86_64-unknown-linux-gnu
[INFO] [stderr]   cargo:rerun-if-env-changed=PKG_CONFIG_LIBDIR_x86_64_unknown_linux_gnu
[INFO] [stderr]   cargo:rerun-if-env-changed=HOST_PKG_CONFIG_LIBDIR
[INFO] [stderr]   cargo:rerun-if-env-changed=PKG_CONFIG_LIBDIR
[INFO] [stderr]   cargo:rerun-if-env-changed=PKG_CONFIG_SYSROOT_DIR_x86_64-unknown-linux-gnu
[INFO] [stderr]   cargo:rerun-if-env-changed=PKG_CONFIG_SYSROOT_DIR_x86_64_unknown_linux_gnu
[INFO] [stderr]   cargo:rerun-if-env-changed=HOST_PKG_CONFIG_SYSROOT_DIR
[INFO] [stderr]   cargo:rerun-if-env-changed=PKG_CONFIG_SYSROOT_DIR
[INFO] [stderr]   cargo:rerun-if-env-changed=PKG_CONFIG_SYSROOT_DIR
[INFO] [stderr]   cargo:rerun-if-env-changed=SYSROOT
[INFO] [stderr]   cargo:rerun-if-env-changed=UUID_STATIC
[INFO] [stderr]   cargo:rerun-if-env-changed=UUID_DYNAMIC
[INFO] [stderr]   cargo:rerun-if-env-changed=PKG_CONFIG_ALL_STATIC
[INFO] [stderr]   cargo:rerun-if-env-changed=PKG_CONFIG_ALL_DYNAMIC
[INFO] [stderr]   cargo:rustc-link-search=native=/usr/lib/x86_64-linux-gnu
[INFO] [stderr]   cargo:rustc-link-lib=uuid
[INFO] [stderr]   cargo:rerun-if-env-changed=PKG_CONFIG_x86_64-unknown-linux-gnu
[INFO] [stderr]   cargo:rerun-if-env-changed=PKG_CONFIG_x86_64_unknown_linux_gnu
[INFO] [stderr]   cargo:rerun-if-env-changed=HOST_PKG_CONFIG
[INFO] [stderr]   cargo:rerun-if-env-changed=PKG_CONFIG
[INFO] [stderr]   cargo:rerun-if-env-changed=UUID_STATIC
[INFO] [stderr]   cargo:rerun-if-env-changed=UUID_DYNAMIC
[INFO] [stderr]   cargo:rerun-if-env-changed=PKG_CONFIG_ALL_STATIC
[INFO] [stderr]   cargo:rerun-if-env-changed=PKG_CONFIG_ALL_DYNAMIC
[INFO] [stderr]   cargo:rerun-if-env-changed=PKG_CONFIG_PATH_x86_64-unknown-linux-gnu
[INFO] [stderr]   cargo:rerun-if-env-changed=PKG_CONFIG_PATH_x86_64_unknown_linux_gnu
[INFO] [stderr]   cargo:rerun-if-env-changed=HOST_PKG_CONFIG_PATH
[INFO] [stderr]   cargo:rerun-if-env-changed=PKG_CONFIG_PATH
[INFO] [stderr]   cargo:rerun-if-env-changed=PKG_CONFIG_LIBDIR_x86_64-unknown-linux-gnu
[INFO] [stderr]   cargo:rerun-if-env-changed=PKG_CONFIG_LIBDIR_x86_64_unknown_linux_gnu
[INFO] [stderr]   cargo:rerun-if-env-changed=HOST_PKG_CONFIG_LIBDIR
[INFO] [stderr]   cargo:rerun-if-env-changed=PKG_CONFIG_LIBDIR
[INFO] [stderr]   cargo:rerun-if-env-changed=PKG_CONFIG_SYSROOT_DIR_x86_64-unknown-linux-gnu
[INFO] [stderr]   cargo:rerun-if-env-changed=PKG_CONFIG_SYSROOT_DIR_x86_64_unknown_linux_gnu
[INFO] [stderr]   cargo:rerun-if-env-changed=HOST_PKG_CONFIG_SYSROOT_DIR
[INFO] [stderr]   cargo:rerun-if-env-changed=PKG_CONFIG_SYSROOT_DIR
[INFO] [stderr]   cargo:rustc-link-lib=dylib=aeron
[INFO] [stderr]   cargo:rustc-link-arg=-Wl,--no-as-needed
[INFO] [stderr]   cargo:rustc-link-lib=bsd
[INFO] [stderr]   cargo:rustc-link-arg=-Wl,--as-needed
[INFO] [stderr]   cargo:rerun-if-env-changed=RUSTERON_SANITIZE
[INFO] [stderr]   CMAKE_TOOLCHAIN_FILE_x86_64-unknown-linux-gnu = None
[INFO] [stderr]   CMAKE_TOOLCHAIN_FILE_x86_64_unknown_linux_gnu = None
[INFO] [stderr]   HOST_CMAKE_TOOLCHAIN_FILE = None
[INFO] [stderr]   CMAKE_TOOLCHAIN_FILE = None
[INFO] [stderr]   CMAKE_GENERATOR_x86_64-unknown-linux-gnu = None
[INFO] [stderr]   CMAKE_GENERATOR_x86_64_unknown_linux_gnu = None
[INFO] [stderr]   HOST_CMAKE_GENERATOR = None
[INFO] [stderr]   CMAKE_GENERATOR = None
[INFO] [stderr]   CMAKE_PREFIX_PATH_x86_64-unknown-linux-gnu = None
[INFO] [stderr]   CMAKE_PREFIX_PATH_x86_64_unknown_linux_gnu = None
[INFO] [stderr]   HOST_CMAKE_PREFIX_PATH = None
[INFO] [stderr]   CMAKE_PREFIX_PATH = None
[INFO] [stderr]   CMAKE_x86_64-unknown-linux-gnu = None
[INFO] [stderr]   CMAKE_x86_64_unknown_linux_gnu = None
[INFO] [stderr]   HOST_CMAKE = None
[INFO] [stderr]   CMAKE = None
[INFO] [stderr]   -- The C compiler identification is GNU 15.2.0
[INFO] [stderr]   -- The CXX compiler identification is GNU 15.2.0
[INFO] [stderr]   -- Detecting C compiler ABI info
[INFO] [stderr]   -- Detecting C compiler ABI info - done
[INFO] [stderr]   -- Check for working C compiler: /usr/bin/cc - skipped
[INFO] [stderr]   -- Detecting C compile features
[INFO] [stderr]   -- Detecting C compile features - done
[INFO] [stderr]   -- Detecting CXX compiler ABI info
[INFO] [stderr]   -- Detecting CXX compiler ABI info - done
[INFO] [stderr]   -- Check for working CXX compiler: /usr/bin/c++ - skipped
[INFO] [stderr]   -- Detecting CXX compile features
[INFO] [stderr]   -- Detecting CXX compile features - done
[INFO] [stderr]   -- Performing Test CMAKE_HAVE_LIBC_PTHREAD
[INFO] [stderr]   -- Performing Test CMAKE_HAVE_LIBC_PTHREAD - Success
[INFO] [stderr]   -- Found Threads: TRUE
[INFO] [stderr]   -- Looking up: /dev/urandom
[INFO] [stderr]   -- Looking for bsd/stdlib.h
[INFO] [stderr]   -- Looking for bsd/stdlib.h - found
[INFO] [stderr]   -- Looking for arc4random
[INFO] [stderr]   -- Looking for arc4random - found
[INFO] [stderr]   -- Looking for posix_memalign
[INFO] [stderr]   -- Looking for posix_memalign - found
[INFO] [stderr]   -- Looking for reallocf
[INFO] [stderr]   -- Looking for reallocf - found
[INFO] [stderr]   -- Looking for fallocate
[INFO] [stderr]   -- Looking for fallocate - found
[INFO] [stderr]   -- Looking for posix_fallocate
[INFO] [stderr]   -- Looking for posix_fallocate - found
[INFO] [stderr]   -- Looking for F_PREALLOCATE
[INFO] [stderr]   -- Looking for F_PREALLOCATE - not found
[INFO] [stderr]   -- Found: /dev/urandom
[INFO] [stderr]   -- Configuring done (5.6s)
[INFO] [stderr]   -- Generating done (0.2s)
[INFO] [stderr]   -- Build files have been written to: /opt/rustwide/target/debug/build/rusteron-client/561e915dce7d82d8/out/build
[INFO] [stderr]   [  0%] Building C object aeron-client/src/main/c/CMakeFiles/aeron.dir/collections/aeron_array_to_ptr_hash_map.c.o
[INFO] [stderr]   [  2%] Building C object aeron-client/src/main/c/CMakeFiles/aeron.dir/collections/aeron_hashing.c.o
[INFO] [stderr]   [  4%] Building C object aeron-client/src/main/c/CMakeFiles/aeron.dir/collections/aeron_bit_set.c.o
[INFO] [stderr]   [  4%] Building C object aeron-client/src/main/c/CMakeFiles/aeron.dir/collections/aeron_int64_to_ptr_hash_map.c.o
[INFO] [stderr]   [  6%] Building C object aeron-client/src/main/c/CMakeFiles/aeron.dir/collections/aeron_int64_counter_map.c.o
[INFO] [stderr]   [  8%] Building C object aeron-client/src/main/c/CMakeFiles/aeron.dir/collections/aeron_int64_to_tagged_ptr_hash_map.c.o
[INFO] [stderr]   [ 10%] Building C object aeron-client/src/main/c/CMakeFiles/aeron.dir/collections/aeron_linked_queue.c.o
[INFO] [stderr]   [ 12%] Building C object aeron-client/src/main/c/CMakeFiles/aeron.dir/collections/aeron_map.c.o
[INFO] [stderr]   [ 14%] Building C object aeron-client/src/main/c/CMakeFiles/aeron.dir/collections/aeron_str_to_ptr_hash_map.c.o
[INFO] [stderr]   [ 16%] Building C object aeron-client/src/main/c/CMakeFiles/aeron.dir/concurrent/aeron_broadcast_receiver.c.o
[INFO] [stderr]   [ 16%] Building C object aeron-client/src/main/c/CMakeFiles/aeron.dir/concurrent/aeron_atomic.c.o
[INFO] [stderr]   [ 18%] Building C object aeron-client/src/main/c/CMakeFiles/aeron.dir/concurrent/aeron_broadcast_transmitter.c.o
[INFO] [stderr]   [ 20%] Building C object aeron-client/src/main/c/CMakeFiles/aeron.dir/concurrent/aeron_counters_manager.c.o
[INFO] [stderr]   [ 22%] Building C object aeron-client/src/main/c/CMakeFiles/aeron.dir/concurrent/aeron_mpsc_concurrent_array_queue.c.o
[INFO] [stderr]   [ 22%] Building C object aeron-client/src/main/c/CMakeFiles/aeron.dir/concurrent/aeron_distinct_error_log.c.o
[INFO] [stderr]   [ 24%] Building C object aeron-client/src/main/c/CMakeFiles/aeron.dir/concurrent/aeron_logbuffer_descriptor.c.o
[INFO] [stderr]   [ 26%] Building C object aeron-client/src/main/c/CMakeFiles/aeron.dir/concurrent/aeron_spsc_concurrent_array_queue.c.o
[INFO] [stderr]   [ 28%] Building C object aeron-client/src/main/c/CMakeFiles/aeron.dir/concurrent/aeron_mpsc_rb.c.o
[INFO] [stderr]   [ 30%] Building C object aeron-client/src/main/c/CMakeFiles/aeron.dir/concurrent/aeron_term_gap_filler.c.o
[INFO] [stderr]   [ 30%] Building C object aeron-client/src/main/c/CMakeFiles/aeron.dir/concurrent/aeron_spsc_rb.c.o
[INFO] [stderr]   [ 32%] Building C object aeron-client/src/main/c/CMakeFiles/aeron.dir/concurrent/aeron_term_gap_scanner.c.o
[INFO] [stderr]   [ 34%] Building C object aeron-client/src/main/c/CMakeFiles/aeron.dir/concurrent/aeron_term_rebuilder.c.o
[INFO] [stderr]   [ 34%] Building C object aeron-client/src/main/c/CMakeFiles/aeron.dir/concurrent/aeron_term_scanner.c.o
[INFO] [stderr]   [ 36%] Building C object aeron-client/src/main/c/CMakeFiles/aeron.dir/concurrent/aeron_thread.c.o
[INFO] [stderr]   [ 38%] Building C object aeron-client/src/main/c/CMakeFiles/aeron.dir/concurrent/aeron_term_unblocker.c.o
[INFO] [stderr]   [ 40%] Building C object aeron-client/src/main/c/CMakeFiles/aeron.dir/protocol/aeron_udp_protocol.c.o
[INFO] [stderr]   [ 40%] Building C object aeron-client/src/main/c/CMakeFiles/aeron.dir/status/aeron_local_sockaddr.c.o
[INFO] [stderr]   [ 42%] Building C object aeron-client/src/main/c/CMakeFiles/aeron.dir/util/aeron_arrayutil.c.o
[INFO] [stderr]   [ 44%] Building C object aeron-client/src/main/c/CMakeFiles/aeron.dir/reports/aeron_loss_reporter.c.o
[INFO] [stderr]   [ 46%] Building C object aeron-client/src/main/c/CMakeFiles/aeron.dir/util/aeron_clock.c.o
[INFO] [stderr]   [ 48%] Building C object aeron-client/src/main/c/CMakeFiles/aeron.dir/util/aeron_bitutil.c.o
[INFO] [stderr]   [ 50%] Building C object aeron-client/src/main/c/CMakeFiles/aeron.dir/util/aeron_deque.c.o
[INFO] [stderr]   [ 52%] Building C object aeron-client/src/main/c/CMakeFiles/aeron.dir/util/aeron_dlopen.c.o
[INFO] [stderr]   [ 52%] Building C object aeron-client/src/main/c/CMakeFiles/aeron.dir/util/aeron_env.c.o
[INFO] [stderr]   [ 54%] Building C object aeron-client/src/main/c/CMakeFiles/aeron.dir/util/aeron_error.c.o
[INFO] [stderr]   [ 56%] Building C object aeron-client/src/main/c/CMakeFiles/aeron.dir/util/aeron_fileutil.c.o
[INFO] [stderr]   [ 58%] Building C object aeron-client/src/main/c/CMakeFiles/aeron.dir/util/aeron_math.c.o
[INFO] [stderr]   [ 58%] Building C object aeron-client/src/main/c/CMakeFiles/aeron.dir/util/aeron_http_util.c.o
[INFO] [stderr]   [ 60%] Building C object aeron-client/src/main/c/CMakeFiles/aeron.dir/util/aeron_netutil.c.o
[INFO] [stderr]   [ 62%] Building C object aeron-client/src/main/c/CMakeFiles/aeron.dir/util/aeron_properties_util.c.o
[INFO] [stderr]   [ 64%] Building C object aeron-client/src/main/c/CMakeFiles/aeron.dir/util/aeron_parse_util.c.o
[INFO] [stderr]   [ 64%] Building C object aeron-client/src/main/c/CMakeFiles/aeron.dir/util/aeron_strutil.c.o
[INFO] [stderr]   [ 66%] Building C object aeron-client/src/main/c/CMakeFiles/aeron.dir/uri/aeron_uri.c.o
[INFO] [stderr]   [ 68%] Building C object aeron-client/src/main/c/CMakeFiles/aeron.dir/util/aeron_symbol_table.c.o
[INFO] [stderr]   [ 68%] Building C object aeron-client/src/main/c/CMakeFiles/aeron.dir/aeron_agent.c.o
[INFO] [stderr]   [ 70%] Building C object aeron-client/src/main/c/CMakeFiles/aeron.dir/aeron_alloc.c.o
[INFO] [stderr]   [ 72%] Building C object aeron-client/src/main/c/CMakeFiles/aeron.dir/uri/aeron_uri_string_builder.c.o
[INFO] [stderr]   [ 74%] Building C object aeron-client/src/main/c/CMakeFiles/aeron.dir/aeron_client_conductor.c.o
[INFO] [stderr]   [ 76%] Building C object aeron-client/src/main/c/CMakeFiles/aeron.dir/aeron_cnc.c.o
[INFO] [stderr]   [ 78%] Building C object aeron-client/src/main/c/CMakeFiles/aeron.dir/aeron_client.c.o
[INFO] [stderr]   [ 78%] Building C object aeron-client/src/main/c/CMakeFiles/aeron.dir/aeron_cnc_file_descriptor.c.o
[INFO] [stderr]   [ 80%] Building C object aeron-client/src/main/c/CMakeFiles/aeron.dir/aeron_context.c.o
[INFO] [stderr]   [ 82%] Building C object aeron-client/src/main/c/CMakeFiles/aeron.dir/aeron_counter.c.o
[INFO] [stderr]   [ 84%] Building C object aeron-client/src/main/c/CMakeFiles/aeron.dir/aeron_exclusive_publication.c.o
[INFO] [stderr]   [ 84%] Building C object aeron-client/src/main/c/CMakeFiles/aeron.dir/aeron_fragment_assembler.c.o
[INFO] [stderr]   [ 86%] Building C object aeron-client/src/main/c/CMakeFiles/aeron.dir/aeron_image.c.o
[INFO] [stderr]   [ 88%] Building C object aeron-client/src/main/c/CMakeFiles/aeron.dir/aeron_log_buffer.c.o
[INFO] [stderr]   [ 90%] Building C object aeron-client/src/main/c/CMakeFiles/aeron.dir/aeron_publication.c.o
[INFO] [stderr]   [ 92%] Building C object aeron-client/src/main/c/CMakeFiles/aeron.dir/aeron_socket.c.o
[INFO] [stderr]   [ 94%] Building C object aeron-client/src/main/c/CMakeFiles/aeron.dir/aeron_windows.c.o
[INFO] [stderr]   [ 94%] Building C object aeron-client/src/main/c/CMakeFiles/aeron.dir/aeron_subscription.c.o
[INFO] [stderr]   [ 96%] Building C object aeron-client/src/main/c/CMakeFiles/aeron.dir/aeronc.c.o
[INFO] [stderr]   [ 98%] Building C object aeron-client/src/main/c/CMakeFiles/aeron.dir/aeron_version.c.o
[INFO] [stderr]   [100%] Linking C shared library ../../../../lib/libaeron.so
[INFO] [stderr]   [100%] Built target aeron
[INFO] [stderr]   cargo:root=/opt/rustwide/target/debug/build/rusteron-client/561e915dce7d82d8/out
[INFO] [stderr]   cargo:rustc-link-search=native=/opt/rustwide/target/debug/build/rusteron-client/561e915dce7d82d8/out/build/lib
[INFO] [stderr]   cargo:rustc-link-search=native=/opt/rustwide/target/debug/build/rusteron-client/561e915dce7d82d8/out/build/lib/Debug
[INFO] [stderr]   cargo:rustc-link-search=native=/opt/rustwide/target/debug/build/rusteron-client/561e915dce7d82d8/out/build/binaries/Debug
[INFO] [stderr]   cargo:rustc-link-search=native=/opt/rustwide/target/debug/build/rusteron-client/561e915dce7d82d8/out/build/lib/Release
[INFO] [stderr]   cargo:rustc-link-search=native=/opt/rustwide/target/debug/build/rusteron-client/561e915dce7d82d8/out/build/binaries/Release
[INFO] [stderr]   cargo:include=/opt/rustwide/cargo-home/registry/src/index.crates.io-1949cf8c6b5b557f/rusteron-client-0.2.4/aeron/aeron-client/src/main/c
[INFO] [stderr] 
[INFO] [stderr]   --- stderr
[INFO] [stderr]   running: cd "/opt/rustwide/target/debug/build/rusteron-client/561e915dce7d82d8/out/build" && CMAKE_PREFIX_PATH="" LC_ALL="C" "cmake" "/opt/rustwide/cargo-home/registry/src/index.crates.io-1949cf8c6b5b557f/rusteron-client-0.2.4/aeron" "-B" "/opt/rustwide/target/debug/build/rusteron-client/561e915dce7d82d8/out/build" "-DCMAKE_C_FLAGS=-fcommon" "-DBUILD_AERON_DRIVER=OFF" "-DBUILD_AERON_ARCHIVE_API=OFF" "-DAERON_TESTS=OFF" "-DAERON_BUILD_SAMPLES=OFF" "-DAERON_BUILD_DOCUMENTATION=OFF" "-DCMAKE_INSTALL_PREFIX=/opt/rustwide/target/debug/build/rusteron-client/561e915dce7d82d8/out" "-DCMAKE_C_COMPILER=/usr/bin/cc" "-DCMAKE_CXX_FLAGS= -ffunction-sections -fdata-sections -fPIC -m64 -w" "-DCMAKE_CXX_COMPILER=/usr/bin/c++" "-DCMAKE_ASM_FLAGS= -ffunction-sections -fdata-sections -fPIC -m64 -w" "-DCMAKE_ASM_COMPILER=/usr/bin/cc" "-DCMAKE_BUILD_TYPE=Debug"
[INFO] [stderr]   fatal: not a git repository (or any parent up to mount point /opt/rustwide)
[INFO] [stderr]   Stopping at filesystem boundary (GIT_DISCOVERY_ACROSS_FILESYSTEM not set).
[INFO] [stderr]   fatal: not a git repository (or any parent up to mount point /opt/rustwide)
[INFO] [stderr]   Stopping at filesystem boundary (GIT_DISCOVERY_ACROSS_FILESYSTEM not set).
[INFO] [stderr]   CMake Warning:
[INFO] [stderr]     Manually-specified variables were not used by the project:
[INFO] [stderr] 
[INFO] [stderr]       CMAKE_ASM_COMPILER
[INFO] [stderr]       CMAKE_ASM_FLAGS
[INFO] [stderr] 
[INFO] [stderr] 
[INFO] [stderr]   running: cd "/opt/rustwide/target/debug/build/rusteron-client/561e915dce7d82d8/out/build" && LC_ALL="C" MAKEFLAGS="-j --jobserver-fds=4,5 --jobserver-auth=4,5" "cmake" "--build" "/opt/rustwide/target/debug/build/rusteron-client/561e915dce7d82d8/out/build" "--target" "aeron" "--config" "Debug"
[INFO] [stderr]   error: 'rustfmt' is not installed for the custom toolchain '3154cc1a3e6424e44f438a95007d043ed5ceaaf6'.
[INFO] [stderr]   note: this is a custom toolchain, which cannot use `rustup component add`
[INFO] [stderr]   help: if you built this toolchain from source, and used `rustup toolchain link`, then you may be able to build the component with `x.py`
[INFO] [stderr]   Failed to run rustfmt: Internal rustfmt error (non-fatal, continuing)
[INFO] [stderr]   Saved unformatted code to: /opt/rustwide/target/debug/build/rusteron-client/561e915dce7d82d8/out/aeron_unformatted.rs
[INFO] [stderr]   error: 'rustfmt' is not installed for the custom toolchain '3154cc1a3e6424e44f438a95007d043ed5ceaaf6'.
[INFO] [stderr]   note: this is a custom toolchain, which cannot use `rustup component add`
[INFO] [stderr]   help: if you built this toolchain from source, and used `rustup toolchain link`, then you may be able to build the component with `x.py`
[INFO] [stderr]   WARNING: rustfmt failed with error: Broken pipe (os error 32)
[INFO] [stderr]   First 1000 chars of generated code: type aeron_client_registering_resource_t = aeron_client_registering_resource_stct ; # [derive (Clone)] pub struct AeronAgentRunner { inner : CResource < aeron_agent_runner_t > , } impl core :: fmt :: Debug for AeronAgentRunner { fn fmt (& self , f : & mut std :: fmt :: Formatter < '_ >) -> std :: fmt :: Result { if self . inner . get () . is_null () { f . debug_struct (stringify ! (AeronAgentRunner)) . field ("inner" , & "null") . finish () } else { f . debug_struct (stringify ! (AeronAgentRunner)) . field ("inner" , & self . inner) . field (stringify ! (role_name) , & self . role_name ()) . field (stringify ! (running) , & self . running ()) . finish () } } } impl AeronAgentRunner { # [inline] pub fn new (role_name : & std :: ffi :: CStr , agent_state : * mut :: std :: os :: raw :: c_void , idle_strategy_state : * mut :: std :: os :: raw :: c_void , on_start_state : * mut :: std :: os :: raw :: c_void , on_start : aeron_agent_on_start_func_t , do_work : aeron_agent_do_work_func_t , on
[INFO] [stderr] 
[INFO] [stderr]   thread 'main' (503) panicked at /opt/rustwide/cargo-home/registry/src/index.crates.io-1949cf8c6b5b557f/rusteron-client-0.2.4/build_common.rs:462:13:
[INFO] [stderr]   rustfmt failed - likely syntax error in generated code: Broken pipe (os error 32)
[INFO] [stderr]   stack backtrace:
[INFO] [stderr]      0:     0x5f8636ea4611 - std[3164a59e47d3bde]::backtrace_rs::backtrace::libunwind::trace
[INFO] [stderr]                                  at /rustc/3154cc1a3e6424e44f438a95007d043ed5ceaaf6/library/std/src/../../backtrace/src/backtrace/libunwind.rs:117:9
[INFO] [stderr]      1:     0x5f8636ea4611 - std[3164a59e47d3bde]::backtrace_rs::backtrace::trace_unsynchronized::<std[3164a59e47d3bde]::sys::backtrace::_print_fmt::{closure#1}>
[INFO] [stderr]                                  at /rustc/3154cc1a3e6424e44f438a95007d043ed5ceaaf6/library/std/src/../../backtrace/src/backtrace/mod.rs:66:14
[INFO] [stderr]      2:     0x5f8636ea4611 - std[3164a59e47d3bde]::sys::backtrace::_print_fmt
[INFO] [stderr]                                  at /rustc/3154cc1a3e6424e44f438a95007d043ed5ceaaf6/library/std/src/sys/backtrace.rs:74:9
[INFO] [stderr]      3:     0x5f8636ea4611 - <<std[3164a59e47d3bde]::sys::backtrace::BacktraceLock>::print::DisplayBacktrace as core[934024a1e6126fb4]::fmt::Display>::fmt
[INFO] [stderr]                                  at /rustc/3154cc1a3e6424e44f438a95007d043ed5ceaaf6/library/std/src/sys/backtrace.rs:44:26
[INFO] [stderr]      4:     0x5f8636ebc8da - <core[934024a1e6126fb4]::fmt::rt::Argument>::fmt
[INFO] [stderr]                                  at /rustc/3154cc1a3e6424e44f438a95007d043ed5ceaaf6/library/core/src/fmt/rt.rs:152:76
[INFO] [stderr]      5:     0x5f8636ebc8da - core[934024a1e6126fb4]::fmt::write
[INFO] [stderr]      6:     0x5f8636eaa97c - core[934024a1e6126fb4]::io::write::default_write_fmt::<std[3164a59e47d3bde]::sys::stdio::unix::Stderr>
[INFO] [stderr]                                  at /rustc/3154cc1a3e6424e44f438a95007d043ed5ceaaf6/library/core/src/io/write.rs:402:11
[INFO] [stderr]      7:     0x5f8636eaa97c - <std[3164a59e47d3bde]::sys::stdio::unix::Stderr as core[934024a1e6126fb4]::io::write::Write>::write_fmt
[INFO] [stderr]                                  at /rustc/3154cc1a3e6424e44f438a95007d043ed5ceaaf6/library/core/src/io/write.rs:335:13
[INFO] [stderr]      8:     0x5f8636e7d606 - <std[3164a59e47d3bde]::sys::backtrace::BacktraceLock>::print
[INFO] [stderr]                                  at /rustc/3154cc1a3e6424e44f438a95007d043ed5ceaaf6/library/std/src/sys/backtrace.rs:47:9
[INFO] [stderr]      9:     0x5f8636e7d606 - std[3164a59e47d3bde]::panicking::default_hook::{closure#0}
[INFO] [stderr]                                  at /rustc/3154cc1a3e6424e44f438a95007d043ed5ceaaf6/library/std/src/panicking.rs:289:27
[INFO] [stderr]     10:     0x5f8636e9aec1 - std[3164a59e47d3bde]::panicking::default_hook
[INFO] [stderr]                                  at /rustc/3154cc1a3e6424e44f438a95007d043ed5ceaaf6/library/std/src/panicking.rs:316:9
[INFO] [stderr]     11:     0x5f8636e9b1eb - std[3164a59e47d3bde]::panicking::panic_with_hook
[INFO] [stderr]                                  at /rustc/3154cc1a3e6424e44f438a95007d043ed5ceaaf6/library/std/src/panicking.rs:811:13
[INFO] [stderr]     12:     0x5f8636e7d6b2 - std[3164a59e47d3bde]::panicking::panic_handler::{closure#0}
[INFO] [stderr]                                  at /rustc/3154cc1a3e6424e44f438a95007d043ed5ceaaf6/library/std/src/panicking.rs:685:13
[INFO] [stderr]     13:     0x5f8636e760a9 - std[3164a59e47d3bde]::sys::backtrace::__rust_end_short_backtrace::<std[3164a59e47d3bde]::panicking::panic_handler::{closure#0}, !>
[INFO] [stderr]                                  at /rustc/3154cc1a3e6424e44f438a95007d043ed5ceaaf6/library/std/src/sys/backtrace.rs:182:18
[INFO] [stderr]     14:     0x5f8636e7e2ad - __rustc[2e7b49d4226056d3]::rust_begin_unwind
[INFO] [stderr]                                  at /rustc/3154cc1a3e6424e44f438a95007d043ed5ceaaf6/library/std/src/panicking.rs:676:5
[INFO] [stderr]     15:     0x5f8636ebd17c - core[934024a1e6126fb4]::panicking::panic_fmt
[INFO] [stderr]                                  at /rustc/3154cc1a3e6424e44f438a95007d043ed5ceaaf6/library/core/src/panicking.rs:80:14
[INFO] [stderr]     16:     0x5f86366da7d9 - build_script_build[2aae99752638bdcf]::build_from_source
[INFO] [stderr]     17:     0x5f86366dae33 - build_script_build[2aae99752638bdcf]::rusteron_build_main
[INFO] [stderr]     18:     0x5f86366db06d - build_script_build[2aae99752638bdcf]::main
[INFO] [stderr]     19:     0x5f86366ddc13 - <fn() as core[934024a1e6126fb4]::ops::function::FnOnce<()>>::call_once
[INFO] [stderr]     20:     0x5f86366d53be - std[3164a59e47d3bde]::sys::backtrace::__rust_begin_short_backtrace::<fn(), ()>
[INFO] [stderr]     21:     0x5f86366d58b9 - std[3164a59e47d3bde]::rt::lang_start::<()>::{closure#0}
[INFO] [stderr]     22:     0x5f8636e9a1b8 - <&dyn core[934024a1e6126fb4]::ops::function::Fn<(), Output = i32> + core[934024a1e6126fb4]::marker::Sync + core[934024a1e6126fb4]::panic::unwind_safe::RefUnwindSafe as core[934024a1e6126fb4]::ops::function::FnOnce<()>>::call_once
[INFO] [stderr]                                  at /rustc/3154cc1a3e6424e44f438a95007d043ed5ceaaf6/library/core/src/ops/function.rs:287:21
[INFO] [stderr]     23:     0x5f8636e9a1b8 - std[3164a59e47d3bde]::panicking::catch_unwind::do_call::<&dyn core[934024a1e6126fb4]::ops::function::Fn<(), Output = i32> + core[934024a1e6126fb4]::marker::Sync + core[934024a1e6126fb4]::panic::unwind_safe::RefUnwindSafe, i32>
[INFO] [stderr]                                  at /rustc/3154cc1a3e6424e44f438a95007d043ed5ceaaf6/library/std/src/panicking.rs:573:43
[INFO] [stderr]     24:     0x5f8636e9a1b8 - std[3164a59e47d3bde]::panicking::catch_unwind::<i32, &dyn core[934024a1e6126fb4]::ops::function::Fn<(), Output = i32> + core[934024a1e6126fb4]::marker::Sync + core[934024a1e6126fb4]::panic::unwind_safe::RefUnwindSafe>
[INFO] [stderr]                                  at /rustc/3154cc1a3e6424e44f438a95007d043ed5ceaaf6/library/std/src/panicking.rs:541:19
[INFO] [stderr]     25:     0x5f8636e9a1b8 - std[3164a59e47d3bde]::panic::catch_unwind::<&dyn core[934024a1e6126fb4]::ops::function::Fn<(), Output = i32> + core[934024a1e6126fb4]::marker::Sync + core[934024a1e6126fb4]::panic::unwind_safe::RefUnwindSafe, i32>
[INFO] [stderr]                                  at /rustc/3154cc1a3e6424e44f438a95007d043ed5ceaaf6/library/std/src/panic.rs:359:14
[INFO] [stderr]     26:     0x5f8636e9a1b8 - std[3164a59e47d3bde]::rt::lang_start_internal::{closure#0}
[INFO] [stderr]                                  at /rustc/3154cc1a3e6424e44f438a95007d043ed5ceaaf6/library/std/src/rt.rs:175:24
[INFO] [stderr]     27:     0x5f8636e9a1b8 - std[3164a59e47d3bde]::panicking::catch_unwind::do_call::<std[3164a59e47d3bde]::rt::lang_start_internal::{closure#0}, isize>
[INFO] [stderr]                                  at /rustc/3154cc1a3e6424e44f438a95007d043ed5ceaaf6/library/std/src/panicking.rs:573:43
[INFO] [stderr]     28:     0x5f8636e9a1b8 - std[3164a59e47d3bde]::panicking::catch_unwind::<isize, std[3164a59e47d3bde]::rt::lang_start_internal::{closure#0}>
[INFO] [stderr]                                  at /rustc/3154cc1a3e6424e44f438a95007d043ed5ceaaf6/library/std/src/panicking.rs:541:19
[INFO] [stderr]     29:     0x5f8636e9a1b8 - std[3164a59e47d3bde]::panic::catch_unwind::<std[3164a59e47d3bde]::rt::lang_start_internal::{closure#0}, isize>
[INFO] [stderr]                                  at /rustc/3154cc1a3e6424e44f438a95007d043ed5ceaaf6/library/std/src/panic.rs:359:14
[INFO] [stderr]     30:     0x5f8636e9a1b8 - std[3164a59e47d3bde]::rt::lang_start_internal
[INFO] [stderr]                                  at /rustc/3154cc1a3e6424e44f438a95007d043ed5ceaaf6/library/std/src/rt.rs:171:5
[INFO] [stderr]     31:     0x5f86366d53b1 - std[3164a59e47d3bde]::rt::lang_start::<()>
[INFO] [stderr]     32:     0x5f86366ddde5 - main
[INFO] [stderr]     33:     0x7c14c73cb601 - <unknown>
[INFO] [stderr]     34:     0x7c14c73cb718 - __libc_start_main
[INFO] [stderr]     35:     0x5f86366d2965 - _start
[INFO] [stderr]     36:                0x0 - <unknown>
[INFO] [stderr] error: failed to run custom build command for `rusteron-media-driver v0.2.4`
[INFO] [stderr] note: To improve backtraces for build dependencies, set the CARGO_PROFILE_DEV_BUILD_OVERRIDE_DEBUG=true environment variable to enable debug information generation.
[INFO] [stderr] 
[INFO] [stderr] Caused by:
[INFO] [stderr]   process didn't exit successfully: `/opt/rustwide/target/debug/build/rusteron-media-driver/7aac01278f36fbe5/out/build_script_build` (exit status: 101)
[INFO] [stderr]   --- stdout
[INFO] [stderr]   cargo:rerun-if-changed=build.rs
[INFO] [stderr]   cargo:rerun-if-changed=bindings.h
[INFO] [stderr]   cargo:rerun-if-env-changed=UUID_NO_PKG_CONFIG
[INFO] [stderr]   cargo:rerun-if-env-changed=PKG_CONFIG_x86_64-unknown-linux-gnu
[INFO] [stderr]   cargo:rerun-if-env-changed=PKG_CONFIG_x86_64_unknown_linux_gnu
[INFO] [stderr]   cargo:rerun-if-env-changed=HOST_PKG_CONFIG
[INFO] [stderr]   cargo:rerun-if-env-changed=PKG_CONFIG
[INFO] [stderr]   cargo:rerun-if-env-changed=UUID_STATIC
[INFO] [stderr]   cargo:rerun-if-env-changed=UUID_DYNAMIC
[INFO] [stderr]   cargo:rerun-if-env-changed=PKG_CONFIG_ALL_STATIC
[INFO] [stderr]   cargo:rerun-if-env-changed=PKG_CONFIG_ALL_DYNAMIC
[INFO] [stderr]   cargo:rerun-if-env-changed=PKG_CONFIG_PATH_x86_64-unknown-linux-gnu
[INFO] [stderr]   cargo:rerun-if-env-changed=PKG_CONFIG_PATH_x86_64_unknown_linux_gnu
[INFO] [stderr]   cargo:rerun-if-env-changed=HOST_PKG_CONFIG_PATH
[INFO] [stderr]   cargo:rerun-if-env-changed=PKG_CONFIG_PATH
[INFO] [stderr]   cargo:rerun-if-env-changed=PKG_CONFIG_LIBDIR_x86_64-unknown-linux-gnu
[INFO] [stderr]   cargo:rerun-if-env-changed=PKG_CONFIG_LIBDIR_x86_64_unknown_linux_gnu
[INFO] [stderr]   cargo:rerun-if-env-changed=HOST_PKG_CONFIG_LIBDIR
[INFO] [stderr]   cargo:rerun-if-env-changed=PKG_CONFIG_LIBDIR
[INFO] [stderr]   cargo:rerun-if-env-changed=PKG_CONFIG_SYSROOT_DIR_x86_64-unknown-linux-gnu
[INFO] [stderr]   cargo:rerun-if-env-changed=PKG_CONFIG_SYSROOT_DIR_x86_64_unknown_linux_gnu
[INFO] [stderr]   cargo:rerun-if-env-changed=HOST_PKG_CONFIG_SYSROOT_DIR
[INFO] [stderr]   cargo:rerun-if-env-changed=PKG_CONFIG_SYSROOT_DIR
[INFO] [stderr]   cargo:rerun-if-env-changed=PKG_CONFIG_SYSROOT_DIR
[INFO] [stderr]   cargo:rerun-if-env-changed=SYSROOT
[INFO] [stderr]   cargo:rerun-if-env-changed=UUID_STATIC
[INFO] [stderr]   cargo:rerun-if-env-changed=UUID_DYNAMIC
[INFO] [stderr]   cargo:rerun-if-env-changed=PKG_CONFIG_ALL_STATIC
[INFO] [stderr]   cargo:rerun-if-env-changed=PKG_CONFIG_ALL_DYNAMIC
[INFO] [stderr]   cargo:rustc-link-search=native=/usr/lib/x86_64-linux-gnu
[INFO] [stderr]   cargo:rustc-link-lib=uuid
[INFO] [stderr]   cargo:rerun-if-env-changed=PKG_CONFIG_x86_64-unknown-linux-gnu
[INFO] [stderr]   cargo:rerun-if-env-changed=PKG_CONFIG_x86_64_unknown_linux_gnu
[INFO] [stderr]   cargo:rerun-if-env-changed=HOST_PKG_CONFIG
[INFO] [stderr]   cargo:rerun-if-env-changed=PKG_CONFIG
[INFO] [stderr]   cargo:rerun-if-env-changed=UUID_STATIC
[INFO] [stderr]   cargo:rerun-if-env-changed=UUID_DYNAMIC
[INFO] [stderr]   cargo:rerun-if-env-changed=PKG_CONFIG_ALL_STATIC
[INFO] [stderr]   cargo:rerun-if-env-changed=PKG_CONFIG_ALL_DYNAMIC
[INFO] [stderr]   cargo:rerun-if-env-changed=PKG_CONFIG_PATH_x86_64-unknown-linux-gnu
[INFO] [stderr]   cargo:rerun-if-env-changed=PKG_CONFIG_PATH_x86_64_unknown_linux_gnu
[INFO] [stderr]   cargo:rerun-if-env-changed=HOST_PKG_CONFIG_PATH
[INFO] [stderr]   cargo:rerun-if-env-changed=PKG_CONFIG_PATH
[INFO] [stderr]   cargo:rerun-if-env-changed=PKG_CONFIG_LIBDIR_x86_64-unknown-linux-gnu
[INFO] [stderr]   cargo:rerun-if-env-changed=PKG_CONFIG_LIBDIR_x86_64_unknown_linux_gnu
[INFO] [stderr]   cargo:rerun-if-env-changed=HOST_PKG_CONFIG_LIBDIR
[INFO] [stderr]   cargo:rerun-if-env-changed=PKG_CONFIG_LIBDIR
[INFO] [stderr]   cargo:rerun-if-env-changed=PKG_CONFIG_SYSROOT_DIR_x86_64-unknown-linux-gnu
[INFO] [stderr]   cargo:rerun-if-env-changed=PKG_CONFIG_SYSROOT_DIR_x86_64_unknown_linux_gnu
[INFO] [stderr]   cargo:rerun-if-env-changed=HOST_PKG_CONFIG_SYSROOT_DIR
[INFO] [stderr]   cargo:rerun-if-env-changed=PKG_CONFIG_SYSROOT_DIR
[INFO] [stderr]   cargo:rustc-link-lib=dylib=aeron_driver
[INFO] [stderr]   cargo:rustc-link-lib=dylib=aeron
[INFO] [stderr]   cargo:rustc-link-arg=-Wl,--no-as-needed
[INFO] [stderr]   cargo:rustc-link-lib=bsd
[INFO] [stderr]   cargo:rustc-link-arg=-Wl,--as-needed
[INFO] [stderr]   cargo:rerun-if-env-changed=RUSTERON_SANITIZE
[INFO] [stderr]   CMAKE_TOOLCHAIN_FILE_x86_64-unknown-linux-gnu = None
[INFO] [stderr]   CMAKE_TOOLCHAIN_FILE_x86_64_unknown_linux_gnu = None
[INFO] [stderr]   HOST_CMAKE_TOOLCHAIN_FILE = None
[INFO] [stderr]   CMAKE_TOOLCHAIN_FILE = None
[INFO] [stderr]   CMAKE_GENERATOR_x86_64-unknown-linux-gnu = None
[INFO] [stderr]   CMAKE_GENERATOR_x86_64_unknown_linux_gnu = None
[INFO] [stderr]   HOST_CMAKE_GENERATOR = None
[INFO] [stderr]   CMAKE_GENERATOR = None
[INFO] [stderr]   CMAKE_PREFIX_PATH_x86_64-unknown-linux-gnu = None
[INFO] [stderr]   CMAKE_PREFIX_PATH_x86_64_unknown_linux_gnu = None
[INFO] [stderr]   HOST_CMAKE_PREFIX_PATH = None
[INFO] [stderr]   CMAKE_PREFIX_PATH = None
[INFO] [stderr]   CMAKE_x86_64-unknown-linux-gnu = None
[INFO] [stderr]   CMAKE_x86_64_unknown_linux_gnu = None
[INFO] [stderr]   HOST_CMAKE = None
[INFO] [stderr]   CMAKE = None
[INFO] [stderr]   -- The C compiler identification is GNU 15.2.0
[INFO] [stderr]   -- The CXX compiler identification is GNU 15.2.0
[INFO] [stderr]   -- Detecting C compiler ABI info
[INFO] [stderr]   -- Detecting C compiler ABI info - done
[INFO] [stderr]   -- Check for working C compiler: /usr/bin/cc - skipped
[INFO] [stderr]   -- Detecting C compile features
[INFO] [stderr]   -- Detecting C compile features - done
[INFO] [stderr]   -- Detecting CXX compiler ABI info
[INFO] [stderr]   -- Detecting CXX compiler ABI info - done
[INFO] [stderr]   -- Check for working CXX compiler: /usr/bin/c++ - skipped
[INFO] [stderr]   -- Detecting CXX compile features
[INFO] [stderr]   -- Detecting CXX compile features - done
[INFO] [stderr]   -- Performing Test CMAKE_HAVE_LIBC_PTHREAD
[INFO] [stderr]   -- Performing Test CMAKE_HAVE_LIBC_PTHREAD - Success
[INFO] [stderr]   -- Found Threads: TRUE
[INFO] [stderr]   -- Looking up: /dev/urandom
[INFO] [stderr]   -- Looking for bsd/stdlib.h
[INFO] [stderr]   -- Looking for bsd/stdlib.h - found
[INFO] [stderr]   -- Looking for arc4random
[INFO] [stderr]   -- Looking for arc4random - found
[INFO] [stderr]   -- Looking for posix_memalign
[INFO] [stderr]   -- Looking for posix_memalign - found
[INFO] [stderr]   -- Looking for reallocf
[INFO] [stderr]   -- Looking for reallocf - found
[INFO] [stderr]   -- Looking for fallocate
[INFO] [stderr]   -- Looking for fallocate - found
[INFO] [stderr]   -- Looking for posix_fallocate
[INFO] [stderr]   -- Looking for posix_fallocate - found
[INFO] [stderr]   -- Looking for F_PREALLOCATE
[INFO] [stderr]   -- Looking for F_PREALLOCATE - not found
[INFO] [stderr]   -- Found: /dev/urandom
[INFO] [stderr]   -- Looking up: /dev/urandom
[INFO] [stderr]   -- Looking for uuid/uuid.h
[INFO] [stderr]   -- Looking for uuid/uuid.h - found
[INFO] [stderr]   -- Looking for uuid_generate
[INFO] [stderr]   -- Looking for uuid_generate - found
[INFO] [stderr]   -- Looking for poll
[INFO] [stderr]   -- Looking for poll - found
[INFO] [stderr]   -- Looking for epoll_create
[INFO] [stderr]   -- Looking for epoll_create - found
[INFO] [stderr]   -- Looking for sys/types.h
[INFO] [stderr]   -- Looking for sys/types.h - found
[INFO] [stderr]   -- Looking for stdint.h
[INFO] [stderr]   -- Looking for stdint.h - found
[INFO] [stderr]   -- Looking for stddef.h
[INFO] [stderr]   -- Looking for stddef.h - found
[INFO] [stderr]   -- Check size of struct mmsghdr
[INFO] [stderr]   -- Check size of struct mmsghdr - done
[INFO] [stderr]   -- Looking for recvmmsg
[INFO] [stderr]   -- Looking for recvmmsg - found
[INFO] [stderr]   -- Looking for sendmmsg
[INFO] [stderr]   -- Looking for sendmmsg - found
[INFO] [stderr]   -- Found: /dev/urandom
[INFO] [stderr]   -- Configuring done (13.6s)
[INFO] [stderr]   -- Generating done (0.3s)
[INFO] [stderr]   -- Build files have been written to: /opt/rustwide/target/debug/build/rusteron-media-driver/7f5dc793570a8312/out/build
[INFO] [stderr]   [  2%] Building C object aeron-client/src/main/c/CMakeFiles/aeron.dir/collections/aeron_hashing.c.o
[INFO] [stderr]   [  2%] Building C object aeron-client/src/main/c/CMakeFiles/aeron.dir/collections/aeron_bit_set.c.o
[INFO] [stderr]   [  2%] Building C object aeron-client/src/main/c/CMakeFiles/aeron.dir/collections/aeron_array_to_ptr_hash_map.c.o
[INFO] [stderr]   [  2%] Building C object aeron-client/src/main/c/CMakeFiles/aeron.dir/collections/aeron_int64_counter_map.c.o
[INFO] [stderr]   [  2%] Building C object aeron-client/src/main/c/CMakeFiles/aeron.dir/collections/aeron_int64_to_ptr_hash_map.c.o
[INFO] [stderr]   [  2%] Building C object aeron-client/src/main/c/CMakeFiles/aeron.dir/collections/aeron_linked_queue.c.o
[INFO] [stderr]   [  5%] Building C object aeron-client/src/main/c/CMakeFiles/aeron.dir/collections/aeron_int64_to_tagged_ptr_hash_map.c.o
[INFO] [stderr]   [  5%] Building C object aeron-client/src/main/c/CMakeFiles/aeron.dir/collections/aeron_map.c.o
[INFO] [stderr]   [  5%] Building C object aeron-client/src/main/c/CMakeFiles/aeron.dir/concurrent/aeron_broadcast_receiver.c.o
[INFO] [stderr]   [  5%] Building C object aeron-client/src/main/c/CMakeFiles/aeron.dir/concurrent/aeron_atomic.c.o
[INFO] [stderr]   [  7%] Building C object aeron-client/src/main/c/CMakeFiles/aeron.dir/collections/aeron_str_to_ptr_hash_map.c.o
[INFO] [stderr]   [ 10%] Building C object aeron-client/src/main/c/CMakeFiles/aeron.dir/concurrent/aeron_broadcast_transmitter.c.o
[INFO] [stderr]   [ 10%] Building C object aeron-client/src/main/c/CMakeFiles/aeron.dir/concurrent/aeron_counters_manager.c.o
[INFO] [stderr]   [ 10%] Building C object aeron-client/src/main/c/CMakeFiles/aeron.dir/concurrent/aeron_distinct_error_log.c.o
[INFO] [stderr]   [ 13%] Building C object aeron-client/src/main/c/CMakeFiles/aeron.dir/concurrent/aeron_logbuffer_descriptor.c.o
[INFO] [stderr]   [ 13%] Building C object aeron-client/src/main/c/CMakeFiles/aeron.dir/concurrent/aeron_mpsc_concurrent_array_queue.c.o
[INFO] [stderr]   [ 15%] Building C object aeron-client/src/main/c/CMakeFiles/aeron.dir/concurrent/aeron_spsc_concurrent_array_queue.c.o
[INFO] [stderr]   [ 15%] Building C object aeron-client/src/main/c/CMakeFiles/aeron.dir/concurrent/aeron_spsc_rb.c.o
[INFO] [stderr]   [ 15%] Building C object aeron-client/src/main/c/CMakeFiles/aeron.dir/concurrent/aeron_mpsc_rb.c.o
[INFO] [stderr]   [ 15%] Building C object aeron-client/src/main/c/CMakeFiles/aeron.dir/concurrent/aeron_term_gap_filler.c.o
[INFO] [stderr]   [ 18%] Building C object aeron-client/src/main/c/CMakeFiles/aeron.dir/concurrent/aeron_term_gap_scanner.c.o
[INFO] [stderr]   [ 18%] Building C object aeron-client/src/main/c/CMakeFiles/aeron.dir/concurrent/aeron_term_rebuilder.c.o
[INFO] [stderr]   [ 18%] Building C object aeron-client/src/main/c/CMakeFiles/aeron.dir/concurrent/aeron_thread.c.o
[INFO] [stderr]   [ 18%] Building C object aeron-client/src/main/c/CMakeFiles/aeron.dir/concurrent/aeron_term_scanner.c.o
[INFO] [stderr]   [ 21%] Building C object aeron-client/src/main/c/CMakeFiles/aeron.dir/concurrent/aeron_term_unblocker.c.o
[INFO] [stderr]   [ 21%] Building C object aeron-client/src/main/c/CMakeFiles/aeron.dir/status/aeron_local_sockaddr.c.o
[INFO] [stderr]   [ 21%] Building C object aeron-client/src/main/c/CMakeFiles/aeron.dir/protocol/aeron_udp_protocol.c.o
[INFO] [stderr]   [ 23%] Building C object aeron-client/src/main/c/CMakeFiles/aeron.dir/reports/aeron_loss_reporter.c.o
[INFO] [stderr]   [ 23%] Building C object aeron-client/src/main/c/CMakeFiles/aeron.dir/util/aeron_arrayutil.c.o
[INFO] [stderr]   [ 26%] Building C object aeron-client/src/main/c/CMakeFiles/aeron.dir/util/aeron_bitutil.c.o
[INFO] [stderr]   [ 26%] Building C object aeron-client/src/main/c/CMakeFiles/aeron.dir/util/aeron_clock.c.o
[INFO] [stderr]   [ 26%] Building C object aeron-client/src/main/c/CMakeFiles/aeron.dir/util/aeron_deque.c.o
[INFO] [stderr]   [ 26%] Building C object aeron-client/src/main/c/CMakeFiles/aeron.dir/util/aeron_env.c.o
[INFO] [stderr]   [ 28%] Building C object aeron-client/src/main/c/CMakeFiles/aeron.dir/util/aeron_dlopen.c.o
[INFO] [stderr]   [ 28%] Building C object aeron-client/src/main/c/CMakeFiles/aeron.dir/util/aeron_error.c.o
[INFO] [stderr]   [ 31%] Building C object aeron-client/src/main/c/CMakeFiles/aeron.dir/util/aeron_fileutil.c.o
[INFO] [stderr]   [ 31%] Building C object aeron-client/src/main/c/CMakeFiles/aeron.dir/util/aeron_math.c.o
[INFO] [stderr]   [ 31%] Building C object aeron-client/src/main/c/CMakeFiles/aeron.dir/util/aeron_http_util.c.o
[INFO] [stderr]   [ 34%] Building C object aeron-client/src/main/c/CMakeFiles/aeron.dir/util/aeron_netutil.c.o
[INFO] [stderr]   [ 34%] Building C object aeron-client/src/main/c/CMakeFiles/aeron.dir/util/aeron_parse_util.c.o
[INFO] [stderr]   [ 34%] Building C object aeron-client/src/main/c/CMakeFiles/aeron.dir/util/aeron_properties_util.c.o
[INFO] [stderr]   [ 36%] Building C object aeron-client/src/main/c/CMakeFiles/aeron.dir/util/aeron_strutil.c.o
[INFO] [stderr]   [ 36%] Building C object aeron-client/src/main/c/CMakeFiles/aeron.dir/util/aeron_symbol_table.c.o
[INFO] [stderr]   [ 36%] Building C object aeron-client/src/main/c/CMakeFiles/aeron.dir/uri/aeron_uri.c.o
[INFO] [stderr]   [ 39%] Building C object aeron-client/src/main/c/CMakeFiles/aeron.dir/uri/aeron_uri_string_builder.c.o
[INFO] [stderr]   [ 39%] Building C object aeron-client/src/main/c/CMakeFiles/aeron.dir/aeron_agent.c.o
[INFO] [stderr]   [ 42%] Building C object aeron-client/src/main/c/CMakeFiles/aeron.dir/aeron_client.c.o
[INFO] [stderr]   [ 42%] Building C object aeron-client/src/main/c/CMakeFiles/aeron.dir/aeron_alloc.c.o
[INFO] [stderr]   [ 42%] Building C object aeron-client/src/main/c/CMakeFiles/aeron.dir/aeron_client_conductor.c.o
[INFO] [stderr]   [ 44%] Building C object aeron-client/src/main/c/CMakeFiles/aeron.dir/aeron_cnc.c.o
[INFO] [stderr]   [ 44%] Building C object aeron-client/src/main/c/CMakeFiles/aeron.dir/aeron_cnc_file_descriptor.c.o
[INFO] [stderr]   [ 44%] Building C object aeron-client/src/main/c/CMakeFiles/aeron.dir/aeron_context.c.o
[INFO] [stderr]   [ 47%] Building C object aeron-client/src/main/c/CMakeFiles/aeron.dir/aeron_counter.c.o
[INFO] [stderr]   [ 47%] Building C object aeron-client/src/main/c/CMakeFiles/aeron.dir/aeron_fragment_assembler.c.o
[INFO] [stderr]   [ 47%] Building C object aeron-client/src/main/c/CMakeFiles/aeron.dir/aeron_exclusive_publication.c.o
[INFO] [stderr]   [ 50%] Building C object aeron-client/src/main/c/CMakeFiles/aeron.dir/aeron_image.c.o
[INFO] [stderr]   [ 50%] Building C object aeron-client/src/main/c/CMakeFiles/aeron.dir/aeron_log_buffer.c.o
[INFO] [stderr]   [ 50%] Building C object aeron-client/src/main/c/CMakeFiles/aeron.dir/aeron_publication.c.o
[INFO] [stderr]   [ 52%] Building C object aeron-client/src/main/c/CMakeFiles/aeron.dir/aeron_socket.c.o
[INFO] [stderr]   [ 52%] Building C object aeron-client/src/main/c/CMakeFiles/aeron.dir/aeron_subscription.c.o
[INFO] [stderr]   [ 52%] Building C object aeron-client/src/main/c/CMakeFiles/aeron.dir/aeron_windows.c.o
[INFO] [stderr]   [ 55%] Building C object aeron-client/src/main/c/CMakeFiles/aeron.dir/aeronc.c.o
[INFO] [stderr]   [ 55%] Building C object aeron-client/src/main/c/CMakeFiles/aeron.dir/aeron_version.c.o
[INFO] [stderr]   [ 55%] Linking C shared library ../../../../lib/libaeron.so
[INFO] [stderr]   [ 55%] Built target aeron
[INFO] [stderr]   [ 55%] Building C object aeron-driver/src/main/c/CMakeFiles/aeron_driver.dir/media/aeron_receive_channel_endpoint.c.o
[INFO] [stderr]   [ 57%] Building C object aeron-driver/src/main/c/CMakeFiles/aeron_driver.dir/agent/aeron_driver_agent.c.o
[INFO] [stderr]   [ 57%] Building C object aeron-driver/src/main/c/CMakeFiles/aeron_driver.dir/concurrent/aeron_logbuffer_unblocker.c.o
[INFO] [stderr]   [ 60%] Building C object aeron-driver/src/main/c/CMakeFiles/aeron_driver.dir/media/aeron_receive_destination.c.o
[INFO] [stderr]   [ 63%] Building C object aeron-driver/src/main/c/CMakeFiles/aeron_driver.dir/media/aeron_udp_channel.c.o
[INFO] [stderr]   [ 63%] Building C object aeron-driver/src/main/c/CMakeFiles/aeron_driver.dir/media/aeron_send_channel_endpoint.c.o
[INFO] [stderr]   [ 63%] Building C object aeron-driver/src/main/c/CMakeFiles/aeron_driver.dir/media/aeron_timestamps.c.o
[INFO] [stderr]   [ 63%] Building C object aeron-driver/src/main/c/CMakeFiles/aeron_driver.dir/media/aeron_udp_channel_transport.c.o
[INFO] [stderr]   [ 63%] Building C object aeron-driver/src/main/c/CMakeFiles/aeron_driver.dir/media/aeron_udp_channel_transport_bindings.c.o
[INFO] [stderr]   [ 65%] Building C object aeron-driver/src/main/c/CMakeFiles/aeron_driver.dir/media/aeron_udp_channel_transport_fixed_loss.c.o
[INFO] [stderr]   [ 65%] Building C object aeron-driver/src/main/c/CMakeFiles/aeron_driver.dir/media/aeron_udp_channel_transport_multi_gap_loss.c.o
[INFO] [stderr]   [ 65%] Building C object aeron-driver/src/main/c/CMakeFiles/aeron_driver.dir/media/aeron_udp_channel_transport_loss.c.o
[INFO] [stderr]   [ 65%] Building C object aeron-driver/src/main/c/CMakeFiles/aeron_driver.dir/media/aeron_fixed_loss_generator.c.o
[INFO] [stderr]   [ 68%] Building C object aeron-driver/src/main/c/CMakeFiles/aeron_driver.dir/media/aeron_random_loss_generator.c.o
[INFO] [stderr]   [ 68%] Building C object aeron-driver/src/main/c/CMakeFiles/aeron_driver.dir/media/aeron_multi_gap_loss_generator.c.o
[INFO] [stderr]   [ 71%] Building C object aeron-driver/src/main/c/CMakeFiles/aeron_driver.dir/media/aeron_debug_channel_endpoint_configuration.c.o
[INFO] [stderr]   [ 71%] Building C object aeron-driver/src/main/c/CMakeFiles/aeron_driver.dir/media/aeron_udp_destination_tracker.c.o
[INFO] [stderr]   [ 71%] Building C object aeron-driver/src/main/c/CMakeFiles/aeron_driver.dir/media/aeron_udp_transport_poller.c.o
[INFO] [stderr]   [ 73%] Building C object aeron-driver/src/main/c/CMakeFiles/aeron_driver.dir/uri/aeron_driver_uri.c.o
[INFO] [stderr]   [ 73%] Building C object aeron-driver/src/main/c/CMakeFiles/aeron_driver.dir/aeron_driver_native_resource_agent.c.o
[INFO] [stderr]   [ 73%] Building C object aeron-driver/src/main/c/CMakeFiles/aeron_driver.dir/aeron_driver_native_resource_agent_proxy.c.o
[INFO] [stderr]   [ 76%] Building C object aeron-driver/src/main/c/CMakeFiles/aeron_driver.dir/aeron_congestion_control.c.o
[INFO] [stderr]   [ 76%] Building C object aeron-driver/src/main/c/CMakeFiles/aeron_driver.dir/aeron_cpuset.c.o
[INFO] [stderr]   [ 76%] Building C object aeron-driver/src/main/c/CMakeFiles/aeron_driver.dir/aeron_csv_table_name_resolver.c.o
[INFO] [stderr]   [ 76%] Building C object aeron-driver/src/main/c/CMakeFiles/aeron_driver.dir/aeron_driver_version.c.o
[INFO] [stderr]   [ 78%] Building C object aeron-driver/src/main/c/CMakeFiles/aeron_driver.dir/aeron_data_packet_dispatcher.c.o
[INFO] [stderr]   [ 78%] Building C object aeron-driver/src/main/c/CMakeFiles/aeron_driver.dir/aeron_driver.c.o
[INFO] [stderr]   [ 81%] Building C object aeron-driver/src/main/c/CMakeFiles/aeron_driver.dir/aeron_driver_conductor.c.o
[INFO] [stderr]   [ 81%] Building C object aeron-driver/src/main/c/CMakeFiles/aeron_driver.dir/aeron_driver_conductor_proxy.c.o
[INFO] [stderr]   [ 81%] Building C object aeron-driver/src/main/c/CMakeFiles/aeron_driver.dir/aeron_driver_context.c.o
[INFO] [stderr]   [ 84%] Building C object aeron-driver/src/main/c/CMakeFiles/aeron_driver.dir/aeron_driver_name_resolver.c.o
[INFO] [stderr]   [ 84%] Building C object aeron-driver/src/main/c/CMakeFiles/aeron_driver.dir/aeron_driver_receiver.c.o
[INFO] [stderr]   [ 84%] Building C object aeron-driver/src/main/c/CMakeFiles/aeron_driver.dir/aeron_driver_receiver_proxy.c.o
[INFO] [stderr]   [ 86%] Building C object aeron-driver/src/main/c/CMakeFiles/aeron_driver.dir/aeron_driver_sender.c.o
[INFO] [stderr]   [ 86%] Building C object aeron-driver/src/main/c/CMakeFiles/aeron_driver.dir/aeron_driver_sender_proxy.c.o
[INFO] [stderr]   [ 89%] Building C object aeron-driver/src/main/c/CMakeFiles/aeron_driver.dir/aeron_flow_control.c.o
[INFO] [stderr]   [ 89%] Building C object aeron-driver/src/main/c/CMakeFiles/aeron_driver.dir/aeron_ipc_publication.c.o
[INFO] [stderr]   [ 89%] Building C object aeron-driver/src/main/c/CMakeFiles/aeron_driver.dir/aeron_loss_detector.c.o
[INFO] [stderr]   [ 92%] Building C object aeron-driver/src/main/c/CMakeFiles/aeron_driver.dir/aeron_min_flow_control.c.o
[INFO] [stderr]   [ 92%] Building C object aeron-driver/src/main/c/CMakeFiles/aeron_driver.dir/aeron_name_resolver.c.o
[INFO] [stderr]   [ 92%] Building C object aeron-driver/src/main/c/CMakeFiles/aeron_driver.dir/aeron_name_resolver_cache.c.o
[INFO] [stderr]   [ 94%] Building C object aeron-driver/src/main/c/CMakeFiles/aeron_driver.dir/aeron_network_publication.c.o
[INFO] [stderr]   [ 94%] Building C object aeron-driver/src/main/c/CMakeFiles/aeron_driver.dir/aeron_position.c.o
[INFO] [stderr]   [ 94%] Building C object aeron-driver/src/main/c/CMakeFiles/aeron_driver.dir/aeron_port_manager.c.o
[INFO] [stderr]   [ 97%] Building C object aeron-driver/src/main/c/CMakeFiles/aeron_driver.dir/aeron_publication_image.c.o
[INFO] [stderr]   [ 97%] Building C object aeron-driver/src/main/c/CMakeFiles/aeron_driver.dir/aeron_retransmit_handler.c.o
[INFO] [stderr]   [ 97%] Building C object aeron-driver/src/main/c/CMakeFiles/aeron_driver.dir/aeron_system_counters.c.o
[INFO] [stderr]   [100%] Building C object aeron-driver/src/main/c/CMakeFiles/aeron_driver.dir/aeron_termination_validator.c.o
[INFO] [stderr]   [100%] Building C object aeron-driver/src/main/c/CMakeFiles/aeron_driver.dir/aeron_topology.c.o
[INFO] [stderr]   [100%] Linking C shared library ../../../../lib/libaeron_driver.so
[INFO] [stderr]   [100%] Built target aeron_driver
[INFO] [stderr]   cargo:root=/opt/rustwide/target/debug/build/rusteron-media-driver/7f5dc793570a8312/out
[INFO] [stderr]   cargo:rustc-link-search=native=/opt/rustwide/target/debug/build/rusteron-media-driver/7f5dc793570a8312/out/build/lib
[INFO] [stderr]   cargo:rustc-link-search=native=/opt/rustwide/target/debug/build/rusteron-media-driver/7f5dc793570a8312/out/build/lib/Debug
[INFO] [stderr]   cargo:rustc-link-search=native=/opt/rustwide/target/debug/build/rusteron-media-driver/7f5dc793570a8312/out/build/binaries/Debug
[INFO] [stderr]   cargo:rustc-link-search=native=/opt/rustwide/target/debug/build/rusteron-media-driver/7f5dc793570a8312/out/build/lib/Release
[INFO] [stderr]   cargo:rustc-link-search=native=/opt/rustwide/target/debug/build/rusteron-media-driver/7f5dc793570a8312/out/build/binaries/Release
[INFO] [stderr]   cargo:include=/opt/rustwide/cargo-home/registry/src/index.crates.io-1949cf8c6b5b557f/rusteron-media-driver-0.2.4/aeron/aeron-driver/src/main/c
[INFO] [stderr] 
[INFO] [stderr]   --- stderr
[INFO] [stderr]   running: cd "/opt/rustwide/target/debug/build/rusteron-media-driver/7f5dc793570a8312/out/build" && CMAKE_PREFIX_PATH="" LC_ALL="C" "cmake" "/opt/rustwide/cargo-home/registry/src/index.crates.io-1949cf8c6b5b557f/rusteron-media-driver-0.2.4/aeron" "-B" "/opt/rustwide/target/debug/build/rusteron-media-driver/7f5dc793570a8312/out/build" "-DCMAKE_C_FLAGS=-fcommon" "-DBUILD_AERON_DRIVER=OFF" "-DBUILD_AERON_ARCHIVE_API=OFF" "-DAERON_TESTS=OFF" "-DAERON_BUILD_SAMPLES=OFF" "-DAERON_BUILD_DOCUMENTATION=OFF" "-DBUILD_AERON_DRIVER=ON" "-DCMAKE_INSTALL_PREFIX=/opt/rustwide/target/debug/build/rusteron-media-driver/7f5dc793570a8312/out" "-DCMAKE_C_COMPILER=/usr/bin/cc" "-DCMAKE_CXX_FLAGS= -ffunction-sections -fdata-sections -fPIC -m64 -w" "-DCMAKE_CXX_COMPILER=/usr/bin/c++" "-DCMAKE_ASM_FLAGS= -ffunction-sections -fdata-sections -fPIC -m64 -w" "-DCMAKE_ASM_COMPILER=/usr/bin/cc" "-DCMAKE_BUILD_TYPE=Debug"
[INFO] [stderr]   fatal: not a git repository (or any parent up to mount point /opt/rustwide)
[INFO] [stderr]   Stopping at filesystem boundary (GIT_DISCOVERY_ACROSS_FILESYSTEM not set).
[INFO] [stderr]   fatal: not a git repository (or any parent up to mount point /opt/rustwide)
[INFO] [stderr]   Stopping at filesystem boundary (GIT_DISCOVERY_ACROSS_FILESYSTEM not set).
[INFO] [stderr]   CMake Warning:
[INFO] [stderr]     Manually-specified variables were not used by the project:
[INFO] [stderr] 
[INFO] [stderr]       CMAKE_ASM_COMPILER
[INFO] [stderr]       CMAKE_ASM_FLAGS
[INFO] [stderr] 
[INFO] [stderr] 
[INFO] [stderr]   running: cd "/opt/rustwide/target/debug/build/rusteron-media-driver/7f5dc793570a8312/out/build" && LC_ALL="C" MAKEFLAGS="-j --jobserver-fds=4,5 --jobserver-auth=4,5" "cmake" "--build" "/opt/rustwide/target/debug/build/rusteron-media-driver/7f5dc793570a8312/out/build" "--target" "aeron_driver" "--config" "Debug"
[INFO] [stderr]   error: 'rustfmt' is not installed for the custom toolchain '3154cc1a3e6424e44f438a95007d043ed5ceaaf6'.
[INFO] [stderr]   note: this is a custom toolchain, which cannot use `rustup component add`
[INFO] [stderr]   help: if you built this toolchain from source, and used `rustup toolchain link`, then you may be able to build the component with `x.py`
[INFO] [stderr]   Failed to run rustfmt: Internal rustfmt error (non-fatal, continuing)
[INFO] [stderr]   Saved unformatted code to: /opt/rustwide/target/debug/build/rusteron-media-driver/7f5dc793570a8312/out/aeron_unformatted.rs
[INFO] [stderr]   error: 'rustfmt' is not installed for the custom toolchain '3154cc1a3e6424e44f438a95007d043ed5ceaaf6'.
[INFO] [stderr]   note: this is a custom toolchain, which cannot use `rustup component add`
[INFO] [stderr]   help: if you built this toolchain from source, and used `rustup toolchain link`, then you may be able to build the component with `x.py`
[INFO] [stderr]   WARNING: rustfmt failed with error: Broken pipe (os error 32)
[INFO] [stderr]   First 1000 chars of generated code: type aeron_client_registering_resource_t = aeron_client_registering_resource_stct ; # [derive (Clone)] pub struct AtomicWideCounterBindgenTy1 { inner : CResource < __atomic_wide_counter__bindgen_ty_1 > , } impl core :: fmt :: Debug for AtomicWideCounterBindgenTy1 { fn fmt (& self , f : & mut std :: fmt :: Formatter < '_ >) -> std :: fmt :: Result { if self . inner . get () . is_null () { f . debug_struct (stringify ! (AtomicWideCounterBindgenTy1)) . field ("inner" , & "null") . finish () } else { f . debug_struct (stringify ! (AtomicWideCounterBindgenTy1)) . field ("inner" , & self . inner) . finish () } } } impl AtomicWideCounterBindgenTy1 { # [inline] # [doc = r" creates zeroed struct where the underlying c struct is on the heap"] pub fn new_zeroed_on_heap () -> Self { let resource = ManagedCResource :: new (move | ctx_field | { # [cfg (feature = "extra-logging")] log :: info ! ("creating zeroed empty resource on heap {}" , stringify ! (__atomic_wide_counter__bindgen_ty_1)) ; let ins
[INFO] [stderr] 
[INFO] [stderr]   thread 'main' (532) panicked at /opt/rustwide/cargo-home/registry/src/index.crates.io-1949cf8c6b5b557f/rusteron-media-driver-0.2.4/build_common.rs:462:13:
[INFO] [stderr]   rustfmt failed - likely syntax error in generated code: Broken pipe (os error 32)
[INFO] [stderr]   stack backtrace:
[INFO] [stderr]      0:     0x5744b4191751 - std[3164a59e47d3bde]::backtrace_rs::backtrace::libunwind::trace
[INFO] [stderr]                                  at /rustc/3154cc1a3e6424e44f438a95007d043ed5ceaaf6/library/std/src/../../backtrace/src/backtrace/libunwind.rs:117:9
[INFO] [stderr]      1:     0x5744b4191751 - std[3164a59e47d3bde]::backtrace_rs::backtrace::trace_unsynchronized::<std[3164a59e47d3bde]::sys::backtrace::_print_fmt::{closure#1}>
[INFO] [stderr]                                  at /rustc/3154cc1a3e6424e44f438a95007d043ed5ceaaf6/library/std/src/../../backtrace/src/backtrace/mod.rs:66:14
[INFO] [stderr]      2:     0x5744b4191751 - std[3164a59e47d3bde]::sys::backtrace::_print_fmt
[INFO] [stderr]                                  at /rustc/3154cc1a3e6424e44f438a95007d043ed5ceaaf6/library/std/src/sys/backtrace.rs:74:9
[INFO] [stderr]      3:     0x5744b4191751 - <<std[3164a59e47d3bde]::sys::backtrace::BacktraceLock>::print::DisplayBacktrace as core[934024a1e6126fb4]::fmt::Display>::fmt
[INFO] [stderr]                                  at /rustc/3154cc1a3e6424e44f438a95007d043ed5ceaaf6/library/std/src/sys/backtrace.rs:44:26
[INFO] [stderr]      4:     0x5744b41a9a1a - <core[934024a1e6126fb4]::fmt::rt::Argument>::fmt
[INFO] [stderr]                                  at /rustc/3154cc1a3e6424e44f438a95007d043ed5ceaaf6/library/core/src/fmt/rt.rs:152:76
[INFO] [stderr]      5:     0x5744b41a9a1a - core[934024a1e6126fb4]::fmt::write
[INFO] [stderr]      6:     0x5744b4197abc - core[934024a1e6126fb4]::io::write::default_write_fmt::<std[3164a59e47d3bde]::sys::stdio::unix::Stderr>
[INFO] [stderr]                                  at /rustc/3154cc1a3e6424e44f438a95007d043ed5ceaaf6/library/core/src/io/write.rs:402:11
[INFO] [stderr]      7:     0x5744b4197abc - <std[3164a59e47d3bde]::sys::stdio::unix::Stderr as core[934024a1e6126fb4]::io::write::Write>::write_fmt
[INFO] [stderr]                                  at /rustc/3154cc1a3e6424e44f438a95007d043ed5ceaaf6/library/core/src/io/write.rs:335:13
[INFO] [stderr]      8:     0x5744b416a746 - <std[3164a59e47d3bde]::sys::backtrace::BacktraceLock>::print
[INFO] [stderr]                                  at /rustc/3154cc1a3e6424e44f438a95007d043ed5ceaaf6/library/std/src/sys/backtrace.rs:47:9
[INFO] [stderr]      9:     0x5744b416a746 - std[3164a59e47d3bde]::panicking::default_hook::{closure#0}
[INFO] [stderr]                                  at /rustc/3154cc1a3e6424e44f438a95007d043ed5ceaaf6/library/std/src/panicking.rs:289:27
[INFO] [stderr]     10:     0x5744b4188001 - std[3164a59e47d3bde]::panicking::default_hook
[INFO] [stderr]                                  at /rustc/3154cc1a3e6424e44f438a95007d043ed5ceaaf6/library/std/src/panicking.rs:316:9
[INFO] [stderr]     11:     0x5744b418832b - std[3164a59e47d3bde]::panicking::panic_with_hook
[INFO] [stderr]                                  at /rustc/3154cc1a3e6424e44f438a95007d043ed5ceaaf6/library/std/src/panicking.rs:811:13
[INFO] [stderr]     12:     0x5744b416a7f2 - std[3164a59e47d3bde]::panicking::panic_handler::{closure#0}
[INFO] [stderr]                                  at /rustc/3154cc1a3e6424e44f438a95007d043ed5ceaaf6/library/std/src/panicking.rs:685:13
[INFO] [stderr]     13:     0x5744b41631e9 - std[3164a59e47d3bde]::sys::backtrace::__rust_end_short_backtrace::<std[3164a59e47d3bde]::panicking::panic_handler::{closure#0}, !>
[INFO] [stderr]                                  at /rustc/3154cc1a3e6424e44f438a95007d043ed5ceaaf6/library/std/src/sys/backtrace.rs:182:18
[INFO] [stderr]     14:     0x5744b416b3ed - __rustc[2e7b49d4226056d3]::rust_begin_unwind
[INFO] [stderr]                                  at /rustc/3154cc1a3e6424e44f438a95007d043ed5ceaaf6/library/std/src/panicking.rs:676:5
[INFO] [stderr]     15:     0x5744b41aa2bc - core[934024a1e6126fb4]::panicking::panic_fmt
[INFO] [stderr]                                  at /rustc/3154cc1a3e6424e44f438a95007d043ed5ceaaf6/library/core/src/panicking.rs:80:14
[INFO] [stderr]     16:     0x5744b39c78d9 - build_script_build[98c7a74dabd017b5]::build_from_source
[INFO] [stderr]     17:     0x5744b39c7f33 - build_script_build[98c7a74dabd017b5]::rusteron_build_main
[INFO] [stderr]     18:     0x5744b39c81cd - build_script_build[98c7a74dabd017b5]::main
[INFO] [stderr]     19:     0x5744b39cad53 - <fn() as core[934024a1e6126fb4]::ops::function::FnOnce<()>>::call_once
[INFO] [stderr]     20:     0x5744b39c24be - std[3164a59e47d3bde]::sys::backtrace::__rust_begin_short_backtrace::<fn(), ()>
[INFO] [stderr]     21:     0x5744b39c29b9 - std[3164a59e47d3bde]::rt::lang_start::<()>::{closure#0}
[INFO] [stderr]     22:     0x5744b41872f8 - <&dyn core[934024a1e6126fb4]::ops::function::Fn<(), Output = i32> + core[934024a1e6126fb4]::marker::Sync + core[934024a1e6126fb4]::panic::unwind_safe::RefUnwindSafe as core[934024a1e6126fb4]::ops::function::FnOnce<()>>::call_once
[INFO] [stderr]                                  at /rustc/3154cc1a3e6424e44f438a95007d043ed5ceaaf6/library/core/src/ops/function.rs:287:21
[INFO] [stderr]     23:     0x5744b41872f8 - std[3164a59e47d3bde]::panicking::catch_unwind::do_call::<&dyn core[934024a1e6126fb4]::ops::function::Fn<(), Output = i32> + core[934024a1e6126fb4]::marker::Sync + core[934024a1e6126fb4]::panic::unwind_safe::RefUnwindSafe, i32>
[INFO] [stderr]                                  at /rustc/3154cc1a3e6424e44f438a95007d043ed5ceaaf6/library/std/src/panicking.rs:573:43
[INFO] [stderr]     24:     0x5744b41872f8 - std[3164a59e47d3bde]::panicking::catch_unwind::<i32, &dyn core[934024a1e6126fb4]::ops::function::Fn<(), Output = i32> + core[934024a1e6126fb4]::marker::Sync + core[934024a1e6126fb4]::panic::unwind_safe::RefUnwindSafe>
[INFO] [stderr]                                  at /rustc/3154cc1a3e6424e44f438a95007d043ed5ceaaf6/library/std/src/panicking.rs:541:19
[INFO] [stderr]     25:     0x5744b41872f8 - std[3164a59e47d3bde]::panic::catch_unwind::<&dyn core[934024a1e6126fb4]::ops::function::Fn<(), Output = i32> + core[934024a1e6126fb4]::marker::Sync + core[934024a1e6126fb4]::panic::unwind_safe::RefUnwindSafe, i32>
[INFO] [stderr]                                  at /rustc/3154cc1a3e6424e44f438a95007d043ed5ceaaf6/library/std/src/panic.rs:359:14
[INFO] [stderr]     26:     0x5744b41872f8 - std[3164a59e47d3bde]::rt::lang_start_internal::{closure#0}
[INFO] [stderr]                                  at /rustc/3154cc1a3e6424e44f438a95007d043ed5ceaaf6/library/std/src/rt.rs:175:24
[INFO] [stderr]     27:     0x5744b41872f8 - std[3164a59e47d3bde]::panicking::catch_unwind::do_call::<std[3164a59e47d3bde]::rt::lang_start_internal::{closure#0}, isize>
[INFO] [stderr]                                  at /rustc/3154cc1a3e6424e44f438a95007d043ed5ceaaf6/library/std/src/panicking.rs:573:43
[INFO] [stderr]     28:     0x5744b41872f8 - std[3164a59e47d3bde]::panicking::catch_unwind::<isize, std[3164a59e47d3bde]::rt::lang_start_internal::{closure#0}>
[INFO] [stderr]                                  at /rustc/3154cc1a3e6424e44f438a95007d043ed5ceaaf6/library/std/src/panicking.rs:541:19
[INFO] [stderr]     29:     0x5744b41872f8 - std[3164a59e47d3bde]::panic::catch_unwind::<std[3164a59e47d3bde]::rt::lang_start_internal::{closure#0}, isize>
[INFO] [stderr]                                  at /rustc/3154cc1a3e6424e44f438a95007d043ed5ceaaf6/library/std/src/panic.rs:359:14
[INFO] [stderr]     30:     0x5744b41872f8 - std[3164a59e47d3bde]::rt::lang_start_internal
[INFO] [stderr]                                  at /rustc/3154cc1a3e6424e44f438a95007d043ed5ceaaf6/library/std/src/rt.rs:171:5
[INFO] [stderr]     31:     0x5744b39c24b1 - std[3164a59e47d3bde]::rt::lang_start::<()>
[INFO] [stderr]     32:     0x5744b39caf25 - main
[INFO] [stderr]     33:     0x7786bcf82601 - <unknown>
[INFO] [stderr]     34:     0x7786bcf82718 - __libc_start_main
[INFO] [stderr]     35:     0x5744b39bfa65 - _start
[INFO] [stderr]     36:                0x0 - <unknown>
[INFO] running `Command { std: "docker" "inspect" "90e98ceec108017bec84d64b8f0fdd63cab0622debaf793c5f16f25340608bb5", kill_on_drop: false }`
[INFO] running `Command { std: "docker" "rm" "-f" "90e98ceec108017bec84d64b8f0fdd63cab0622debaf793c5f16f25340608bb5", kill_on_drop: false }`
[INFO] [stdout] 90e98ceec108017bec84d64b8f0fdd63cab0622debaf793c5f16f25340608bb5
