[INFO] cloning repository https://github.com/iwadjp/location-history
[INFO] running `Command { std: "git" "-c" "credential.helper=" "-c" "credential.helper=/workspace/cargo-home/bin/git-credential-null" "clone" "--bare" "https://github.com/iwadjp/location-history" "/workspace/cache/git-repos/https%3A%2F%2Fgithub.com%2Fiwadjp%2Flocation-history", kill_on_drop: false }`
[INFO] [stderr] Cloning into bare repository '/workspace/cache/git-repos/https%3A%2F%2Fgithub.com%2Fiwadjp%2Flocation-history'...
[INFO] running `Command { std: "git" "rev-parse" "HEAD", kill_on_drop: false }`
[INFO] [stdout] bac61b69e600c2551d0b116b1b7c98f41aff68d6
[INFO] checking iwadjp/location-history against 3154cc1a3e6424e44f438a95007d043ed5ceaaf6+rustflags=-Znext-solver=coherence for pr-133502-30
[INFO] running `Command { std: "git" "clone" "/workspace/cache/git-repos/https%3A%2F%2Fgithub.com%2Fiwadjp%2Flocation-history" "/workspace/builds/worker-5-tc1/source", kill_on_drop: false }`
[INFO] [stderr] Cloning into '/workspace/builds/worker-5-tc1/source'...
[INFO] [stderr] done.
[INFO] started tweaking git repo https://github.com/iwadjp/location-history
[INFO] finished tweaking git repo https://github.com/iwadjp/location-history
[INFO] tweaked toml for git repo https://github.com/iwadjp/location-history written to /workspace/builds/worker-5-tc1/source/Cargo.toml
[INFO] validating manifest of git repo https://github.com/iwadjp/location-history on toolchain 3154cc1a3e6424e44f438a95007d043ed5ceaaf6
[INFO] running `Command { std: CARGO_HOME="/workspace/cargo-home" RUSTUP_HOME="/workspace/rustup-home" "/workspace/cargo-home/bin/cargo" "+3154cc1a3e6424e44f438a95007d043ed5ceaaf6" "metadata" "--manifest-path" "Cargo.toml" "--no-deps", kill_on_drop: false }`
[INFO] crate git repo https://github.com/iwadjp/location-history already has a lockfile, it will not be regenerated
[INFO] running `Command { std: CARGO_HOME="/workspace/cargo-home" RUSTUP_HOME="/workspace/rustup-home" "/workspace/cargo-home/bin/cargo" "+3154cc1a3e6424e44f438a95007d043ed5ceaaf6" "fetch" "--manifest-path" "Cargo.toml", kill_on_drop: false }`
[INFO] [stderr]     Blocking waiting for file lock on package cache
[INFO] [stderr]     Blocking waiting for file lock on package cache
[INFO] [stderr]  Downloading crates ...
[INFO] [stderr]   Downloaded log v0.4.32
[INFO] [stderr]   Downloaded rfd v0.14.1
[INFO] [stderr]   Downloaded ashpd v0.8.2
[INFO] [stderr]   Downloaded redox_syscall v0.8.1
[INFO] [stderr]   Downloaded cc v1.2.64
[INFO] [stderr]   Downloaded eframe v0.29.1
[INFO] [stderr]   Downloaded egui_glow v0.29.1
[INFO] [stderr]   Downloaded ecolor v0.29.1
[INFO] [stderr]   Downloaded glow v0.14.2
[INFO] [stderr]   Downloaded emath v0.29.1
[INFO] [stderr]   Downloaded egui-winit v0.29.1
[INFO] [stderr]   Downloaded webbrowser v1.2.1
[INFO] [stderr]   Downloaded egui-wgpu v0.29.1
[INFO] [stderr]   Downloaded bit-set v0.6.0
[INFO] [stderr]   Downloaded immutable-chunkmap v2.1.2
[INFO] [stderr]   Downloaded bit-vec v0.7.0
[INFO] [stderr]   Downloaded epaint v0.29.1
[INFO] [stderr]   Downloaded gpu-allocator v0.26.0
[INFO] [stderr]   Downloaded wgpu-types v22.0.0
[INFO] [stderr]   Downloaded wgpu v22.1.0
[INFO] [stderr]   Downloaded wgpu-core v22.1.0
[INFO] [stderr]   Downloaded egui v0.29.1
[INFO] [stderr]   Downloaded wgpu-hal v22.0.0
[INFO] [stderr]   Downloaded epaint_default_fonts v0.29.1
[INFO] [stderr]   Downloaded naga v22.1.0
[INFO] [stderr]   Downloaded metal v0.29.0
[INFO] running `Command { std: "docker" "create" "-v" "/var/lib/crater-agent-workspace/builds/worker-5-tc1/source:/opt/rustwide/workdir:ro,Z" "-v" "/var/lib/crater-agent-workspace/builds/worker-5-tc1/target:/opt/rustwide/target:rw,Z" "-v" "/var/lib/crater-agent-workspace/cargo-home:/opt/rustwide/cargo-home:ro,Z" "-v" "/var/lib/crater-agent-workspace/rustup-home:/opt/rustwide/rustup-home:ro,Z" "-m" "1610612736" "--network" "none" "ghcr.io/rust-lang/crates-build-env/linux@sha256:77db811e55d90add9212f6832c23229e3de5f1c1f9905e8cb07319ea15df73ac" "sleep" "infinity", kill_on_drop: false }`
[INFO] [stdout] d805bd764ac93574e6d560ce3c16514f46303edcb5e8b21634e36bb12793e8a8
[INFO] running `Command { std: "docker" "start" "d805bd764ac93574e6d560ce3c16514f46303edcb5e8b21634e36bb12793e8a8", kill_on_drop: false }`
[INFO] running `Command { std: "docker" "inspect" "d805bd764ac93574e6d560ce3c16514f46303edcb5e8b21634e36bb12793e8a8", kill_on_drop: false }`
[INFO] running `Command { std: "docker" "exec" "-e" "SOURCE_DIR=/opt/rustwide/workdir" "-e" "CARGO_HOME=/opt/rustwide/cargo-home" "-e" "RUSTUP_HOME=/opt/rustwide/rustup-home" "-e" "CARGO_TARGET_DIR=/opt/rustwide/target" "-w" "/opt/rustwide/workdir" "--user" "0:0" "d805bd764ac93574e6d560ce3c16514f46303edcb5e8b21634e36bb12793e8a8" "/opt/rustwide/cargo-home/bin/cargo" "+3154cc1a3e6424e44f438a95007d043ed5ceaaf6" "metadata" "--no-deps" "--format-version=1", kill_on_drop: false }`
[INFO] running `Command { std: "docker" "inspect" "d805bd764ac93574e6d560ce3c16514f46303edcb5e8b21634e36bb12793e8a8", kill_on_drop: false }`
[INFO] running `Command { std: "docker" "exec" "-e" "SOURCE_DIR=/opt/rustwide/workdir" "-e" "CARGO_HOME=/opt/rustwide/cargo-home" "-e" "RUSTUP_HOME=/opt/rustwide/rustup-home" "-e" "CARGO_TARGET_DIR=/opt/rustwide/target" "-e" "CARGO_INCREMENTAL=0" "-e" "RUST_BACKTRACE=full" "-e" "RUSTFLAGS=--cap-lints=forbid -Znext-solver=coherence" "-e" "RUSTDOCFLAGS=--cap-lints=forbid" "-w" "/opt/rustwide/workdir" "--user" "0:0" "d805bd764ac93574e6d560ce3c16514f46303edcb5e8b21634e36bb12793e8a8" "/opt/rustwide/cargo-home/bin/cargo" "+3154cc1a3e6424e44f438a95007d043ed5ceaaf6" "check" "--frozen" "--all" "--all-targets" "--message-format=json", kill_on_drop: false }`
[INFO] [stderr]     Checking smallvec v1.15.2
[INFO] [stderr]     Checking bitflags v2.13.0
[INFO] [stderr]    Compiling libc v0.2.186
[INFO] [stderr]     Checking log v0.4.32
[INFO] [stderr]    Compiling syn v2.0.118
[INFO] [stderr]    Compiling memchr v2.8.2
[INFO] [stderr]    Compiling serde v1.0.228
[INFO] [stderr]    Compiling winnow v1.0.3
[INFO] [stderr]    Compiling indexmap v2.14.0
[INFO] [stderr]     Checking rustix v1.1.4
[INFO] [stderr]    Compiling crossbeam-utils v0.8.21
[INFO] [stderr]    Compiling cfg_aliases v0.2.1
[INFO] [stderr]    Compiling wayland-sys v0.31.11
[INFO] [stderr]    Compiling zerocopy v0.8.52
[INFO] [stderr]    Compiling cc v1.2.64
[INFO] [stderr]     Checking concurrent-queue v2.5.0
[INFO] [stderr]     Checking futures-io v0.3.32
[INFO] [stderr]     Checking event-listener v5.4.1
[INFO] [stderr]    Compiling quick-xml v0.39.4
[INFO] [stderr]    Compiling wayland-client v0.31.14
[INFO] [stderr]     Checking fastrand v2.4.1
[INFO] [stderr]    Compiling toml_parser v1.1.3+spec-1.1.0
[INFO] [stderr]     Checking event-listener-strategy v0.5.4
[INFO] [stderr]     Checking futures-lite v2.6.1
[INFO] [stderr]    Compiling serde_core v1.0.228
[INFO] [stderr]    Compiling toml_edit v0.25.12+spec-1.1.0
[INFO] [stderr]    Compiling wayland-scanner v0.31.10
[INFO] [stderr]    Compiling wayland-backend v0.3.15
[INFO] [stderr]     Checking piper v0.2.5
[INFO] [stderr]     Checking getrandom v0.2.17
[INFO] [stderr]     Checking async-channel v2.5.0
[INFO] [stderr]     Checking rand_core v0.6.4
[INFO] [stderr]    Compiling nix v0.29.0
[INFO] [stderr]     Checking blocking v1.6.2
[INFO] [stderr]    Compiling proc-macro-crate v3.5.0
[INFO] [stderr]     Checking async-lock v3.4.2
[INFO] [stderr]     Checking sha1 v0.10.6
[INFO] [stderr]     Checking async-executor v1.14.0
[INFO] [stderr]     Checking xdg-home v1.3.0
[INFO] [stderr]     Checking async-fs v2.2.0
[INFO] [stderr]     Checking async-broadcast v0.7.2
[INFO] [stderr]     Checking ordered-stream v0.2.0
[INFO] [stderr]     Checking arrayvec v0.7.6
[INFO] [stderr]     Checking xcursor v0.3.10
[INFO] [stderr]    Compiling xml-rs v0.8.28
[INFO] [stderr]     Checking rustix v0.38.44
[INFO] [stderr]     Checking getrandom v0.3.4
[INFO] [stderr]     Checking memmap2 v0.9.10
[INFO] [stderr]    Compiling x11-dl v2.21.0
[INFO] [stderr]     Checking accesskit v0.16.3
[INFO] [stderr]     Checking polling v3.11.0
[INFO] [stderr]     Checking async-io v2.6.0
[INFO] [stderr]    Compiling synstructure v0.13.2
[INFO] [stderr]    Compiling zvariant_utils v2.1.0
[INFO] [stderr]    Compiling gl_generator v0.14.0
[INFO] [stderr]     Checking simd-adler32 v0.3.9
[INFO] [stderr]     Checking gethostname v1.1.0
[INFO] [stderr]     Checking parking_lot_core v0.9.12
[INFO] [stderr]    Compiling windows_x86_64_gnu v0.52.6
[INFO] [stderr]     Checking ppv-lite86 v0.2.21
[INFO] [stderr]     Checking wayland-csd-frame v0.3.0
[INFO] [stderr]     Checking ahash v0.8.12
[INFO] [stderr]     Checking x11rb v0.13.2
[INFO] [stderr]     Checking miniz_oxide v0.8.9
[INFO] [stderr]     Checking parking_lot v0.12.5
[INFO] [stderr]     Checking rand_chacha v0.3.1
[INFO] [stderr]     Checking immutable-chunkmap v2.1.2
[INFO] [stderr]     Checking rand v0.8.6
[INFO] [stderr]    Compiling winit v0.30.13
[INFO] [stderr]     Checking accesskit_consumer v0.24.3
[INFO] [stderr]     Checking flate2 v1.1.9
[INFO] [stderr]    Compiling glutin_glx_sys v0.6.1
[INFO] [stderr]    Compiling glutin_egl_sys v0.7.1
[INFO] [stderr]     Checking fdeflate v0.3.7
[INFO] [stderr]     Checking wayland-protocols v0.32.12
[INFO] [stderr]     Checking wayland-cursor v0.31.14
[INFO] [stderr]    Compiling zerofrom-derive v0.1.7
[INFO] [stderr]    Compiling yoke-derive v0.8.2
[INFO] [stderr]    Compiling serde_derive v1.0.228
[INFO] [stderr]    Compiling zerovec-derive v0.11.3
[INFO] [stderr]    Compiling displaydoc v0.2.6
[INFO] [stderr]    Compiling enumflags2_derive v0.7.12
[INFO] [stderr]    Compiling zvariant_derive v4.2.0
[INFO] [stderr]    Compiling tracing-attributes v0.1.31
[INFO] [stderr]    Compiling bytemuck_derive v1.10.2
[INFO] [stderr]     Checking zerofrom v0.1.8
[INFO] [stderr]     Checking yoke v0.8.3
[INFO] [stderr]    Compiling futures-macro v0.3.32
[INFO] [stderr]    Compiling serde_repr v0.1.20
[INFO] [stderr]     Checking zerovec v0.11.6
[INFO] [stderr]     Checking zerotrie v0.2.4
[INFO] [stderr]    Compiling thiserror-impl v1.0.69
[INFO] [stderr]     Checking bytemuck v1.25.0
[INFO] [stderr]     Checking futures-util v0.3.32
[INFO] [stderr]    Compiling async-trait v0.1.89
[INFO] [stderr]     Checking tinystr v0.8.3
[INFO] [stderr]     Checking potential_utf v0.1.5
[INFO] [stderr]     Checking icu_collections v2.2.0
[INFO] [stderr]     Checking tracing v0.1.44
[INFO] [stderr]     Checking icu_locale_core v2.2.0
[INFO] [stderr]    Compiling zbus_macros v4.4.0
[INFO] [stderr]     Checking tiny-skia-path v0.11.4
[INFO] [stderr]     Checking thiserror v1.0.69
[INFO] [stderr]     Checking calloop v0.13.0
[INFO] [stderr]     Checking emath v0.29.1
[INFO] [stderr]     Checking tiny-skia v0.11.4
[INFO] [stderr]     Checking icu_provider v2.2.0
[INFO] [stderr]     Checking ecolor v0.29.1
[INFO] [stderr]     Checking calloop v0.14.4
[INFO] [stderr]     Checking calloop-wayland-source v0.3.0
[INFO] [stderr]    Compiling thiserror-impl v2.0.18
[INFO] [stderr]     Checking icu_properties v2.2.0
[INFO] [stderr]     Checking icu_normalizer v2.2.0
[INFO] [stderr]     Checking xkbcommon-dl v0.4.2
[INFO] [stderr]     Checking pxfm v0.1.29
[INFO] [stderr]     Checking enumflags2 v0.7.12
[INFO] [stderr]     Checking quick-xml v0.30.0
[INFO] [stderr]     Checking idna_adapter v1.2.2
[INFO] [stderr]     Checking idna v1.1.0
[INFO] [stderr]     Checking epaint_default_fonts v0.29.1
[INFO] [stderr]     Checking epaint v0.29.1
[INFO] [stderr]     Checking url v2.5.8
[INFO] [stderr]    Compiling zvariant v4.2.0
[INFO] [stderr]     Checking thiserror v2.0.18
[INFO] [stderr]     Checking calloop-wayland-source v0.4.1
[INFO] [stderr]     Checking wayland-protocols-wlr v0.3.12
[INFO] [stderr]     Checking wayland-protocols-plasma v0.3.12
[INFO] [stderr]     Checking wayland-protocols-experimental v20250721.0.1
[INFO] [stderr]     Checking wayland-protocols-misc v0.3.12
[INFO] [stderr]     Checking png v0.18.1
[INFO] [stderr]     Checking windows-targets v0.52.6
[INFO] [stderr]    Compiling glutin v0.32.3
[INFO] [stderr]     Checking windows-result v0.2.0
[INFO] [stderr]     Checking smithay-client-toolkit v0.19.2
[INFO] [stderr]     Checking smithay-client-toolkit v0.20.0
[INFO] [stderr]     Checking egui v0.29.1
[INFO] [stderr]    Compiling glutin-winit v0.5.0
[INFO] [stderr]     Checking moxcms v0.8.1
[INFO] [stderr]    Compiling getrandom v0.4.3
[INFO] [stderr]    Compiling zmij v1.0.21
[INFO] [stderr]     Checking sctk-adwaita v0.10.1
[INFO] [stderr]    Compiling zbus_names v3.0.0
[INFO] [stderr]     Checking smithay-clipboard v0.7.3
[INFO] [stderr]     Checking windows-strings v0.1.0
[INFO] [stderr]     Checking webbrowser v1.2.1
[INFO] [stderr]    Compiling windows-interface v0.58.0
[INFO] [stderr]    Compiling zbus_xml v4.0.0
[INFO] [stderr]    Compiling windows-implement v0.58.0
[INFO] [stderr]     Checking async-net v2.0.0
[INFO] [stderr]     Checking zbus v4.4.0
[INFO] [stderr]     Checking futures-channel v0.3.32
[INFO] [stderr]    Compiling zbus-lockstep v0.4.4
[INFO] [stderr]    Compiling rfd v0.14.1
[INFO] [stderr]    Compiling serde_json v1.0.150
[INFO] [stderr]     Checking glow v0.14.2
[INFO] [stderr]     Checking windows-core v0.58.0
[INFO] [stderr]    Compiling zbus-lockstep-macros v0.4.4
[INFO] [stderr]    Compiling location-history v0.1.1 (/opt/rustwide/workdir)
[INFO] [stderr]     Checking pollster v0.3.0
[INFO] [stderr]     Checking windows v0.58.0
[INFO] [stderr]     Checking chrono v0.4.45
[INFO] [stderr]     Checking uuid v1.23.3
[INFO] [stderr]     Checking egui_glow v0.29.1
[INFO] [stderr]     Checking image v0.25.10
[INFO] [stderr]     Checking arboard v3.6.1
[INFO] [stderr]     Checking atspi-common v0.6.0
[INFO] [stderr]     Checking ashpd v0.8.2
[INFO] [stderr]     Checking atspi-proxies v0.6.0
[INFO] [stderr]     Checking accesskit_atspi_common v0.9.3
[INFO] [stderr]     Checking atspi-connection v0.6.0
[INFO] [stderr]     Checking atspi v0.22.0
[INFO] [stderr]     Checking accesskit_unix v0.12.3
[INFO] [stderr]     Checking accesskit_winit v0.22.4
[INFO] [stderr]     Checking egui-winit v0.29.1
[INFO] [stderr]     Checking eframe v0.29.1
[INFO] [stdout] error[E0433]: cannot find `Win32` in `windows`
[INFO] [stdout]  --> src/explorer.rs:2:15
[INFO] [stdout]   |
[INFO] [stdout] 2 | use windows::{Win32::System::Com::*, Win32::UI::Shell::*, core::*};
[INFO] [stdout]   |               ^^^^^ could not find `Win32` in `windows`
[INFO] [stdout] 
[INFO] [stdout] 
[INFO] [stdout] error[E0433]: cannot find `Win32` in `windows`
[INFO] [stdout]  --> src/explorer.rs:2:38
[INFO] [stdout]   |
[INFO] [stdout] 2 | use windows::{Win32::System::Com::*, Win32::UI::Shell::*, core::*};
[INFO] [stdout]   |                                      ^^^^^ could not find `Win32` in `windows`
[INFO] [stdout] 
[INFO] [stdout] 
[INFO] [stdout] error[E0433]: cannot find `Win32` in `windows`
[INFO] [stdout]   --> src/opener.rs:12:5
[INFO] [stdout]    |
[INFO] [stdout] 12 |     Win32::Foundation::{GetLastError, HWND},
[INFO] [stdout]    |     ^^^^^ could not find `Win32` in `windows`
[INFO] [stdout] 
[INFO] [stdout] 
[INFO] [stdout] error[E0433]: cannot find `Win32` in `windows`
[INFO] [stdout]   --> src/opener.rs:13:5
[INFO] [stdout]    |
[INFO] [stdout] 13 |     Win32::UI::Shell::ShellExecuteW,
[INFO] [stdout]    |     ^^^^^ could not find `Win32` in `windows`
[INFO] [stdout] 
[INFO] [stdout] 
[INFO] [stdout] error[E0433]: cannot find `Win32` in `windows`
[INFO] [stdout]   --> src/opener.rs:14:5
[INFO] [stdout]    |
[INFO] [stdout] 14 |     Win32::UI::WindowsAndMessaging::SW_SHOWNORMAL,
[INFO] [stdout]    |     ^^^^^ could not find `Win32` in `windows`
[INFO] [stdout] 
[INFO] [stdout] 
[INFO] [stdout] error[E0432]: unresolved import `windows::core`
[INFO] [stdout]  --> src/explorer.rs:2:59
[INFO] [stdout]   |
[INFO] [stdout] 2 | use windows::{Win32::System::Com::*, Win32::UI::Shell::*, core::*};
[INFO] [stdout]   |                                                           ^^^^ could not find `core` in `windows`
[INFO] [stdout] 
[INFO] [stdout] 
[INFO] [stdout] error[E0433]: cannot find `Win32` in `windows`
[INFO] [stdout]  --> src/qdir.rs:3:14
[INFO] [stdout]   |
[INFO] [stdout] 3 | use windows::Win32::Foundation::{BOOL, HWND, LPARAM, RECT, WPARAM};
[INFO] [stdout]   |              ^^^^^ could not find `Win32` in `windows`
[INFO] [stdout] 
[INFO] [stdout] 
[INFO] [stdout] error[E0433]: cannot find `Win32` in `windows`
[INFO] [stdout]  --> src/qdir.rs:4:14
[INFO] [stdout]   |
[INFO] [stdout] 4 | use windows::Win32::System::Com::{
[INFO] [stdout]   |              ^^^^^ could not find `Win32` in `windows`
[INFO] [stdout] 
[INFO] [stdout] 
[INFO] [stdout] error[E0433]: cannot find `Win32` in `windows`
[INFO] [stdout]  --> src/qdir.rs:8:14
[INFO] [stdout]   |
[INFO] [stdout] 8 | use windows::Win32::System::Threading::{
[INFO] [stdout]   |              ^^^^^ could not find `Win32` in `windows`
[INFO] [stdout] 
[INFO] [stdout] 
[INFO] [stdout] error[E0433]: cannot find `Win32` in `windows`
[INFO] [stdout]   --> src/qdir.rs:11:14
[INFO] [stdout]    |
[INFO] [stdout] 11 | use windows::Win32::UI::Accessibility::{
[INFO] [stdout]    |              ^^^^^ could not find `Win32` in `windows`
[INFO] [stdout] 
[INFO] [stdout] 
[INFO] [stdout] error[E0433]: cannot find `Win32` in `windows`
[INFO] [stdout]   --> src/qdir.rs:15:14
[INFO] [stdout]    |
[INFO] [stdout] 15 | use windows::Win32::UI::WindowsAndMessaging::{
[INFO] [stdout]    |              ^^^^^ could not find `Win32` in `windows`
[INFO] [stdout] 
[INFO] [stdout] 
[INFO] [stdout] error[E0432]: unresolved import `windows::core`
[INFO] [stdout]   --> src/opener.rs:15:5
[INFO] [stdout]    |
[INFO] [stdout] 15 |     core::PCWSTR,
[INFO] [stdout]    |     ^^^^ could not find `core` in `windows`
[INFO] [stdout] 
[INFO] [stdout] 
[INFO] [stdout] error[E0433]: cannot find `Win32` in `windows`
[INFO] [stdout]  --> src/qdir_uia.rs:3:14
[INFO] [stdout]   |
[INFO] [stdout] 3 | use windows::Win32::Foundation::HWND;
[INFO] [stdout]   |              ^^^^^ could not find `Win32` in `windows`
[INFO] [stdout] 
[INFO] [stdout] 
[INFO] [stdout] error[E0433]: cannot find `Win32` in `windows`
[INFO] [stdout]  --> src/qdir_uia.rs:4:14
[INFO] [stdout]   |
[INFO] [stdout] 4 | use windows::Win32::System::Com::{
[INFO] [stdout]   |              ^^^^^ could not find `Win32` in `windows`
[INFO] [stdout] 
[INFO] [stdout] 
[INFO] [stdout] error[E0433]: cannot find `Win32` in `windows`
[INFO] [stdout]  --> src/qdir_uia.rs:8:14
[INFO] [stdout]   |
[INFO] [stdout] 8 | use windows::Win32::UI::Accessibility::{
[INFO] [stdout]   |              ^^^^^ could not find `Win32` in `windows`
[INFO] [stdout] 
[INFO] [stdout] 
[INFO] [stdout] error[E0433]: cannot find `Win32` in `windows`
[INFO] [stdout]   --> src/qdir_uia.rs:15:14
[INFO] [stdout]    |
[INFO] [stdout] 15 | use windows::Win32::UI::WindowsAndMessaging::GetForegroundWindow;
[INFO] [stdout]    |              ^^^^^ could not find `Win32` in `windows`
[INFO] [stdout] 
[INFO] [stdout] 
[INFO] [stdout] error[E0432]: unresolved import `windows::core`
[INFO] [stdout]   --> src/qdir.rs:23:14
[INFO] [stdout]    |
[INFO] [stdout] 23 | use windows::core::{Interface, VARIANT};
[INFO] [stdout]    |              ^^^^ could not find `core` in `windows`
[INFO] [stdout] 
[INFO] [stdout] 
[INFO] [stdout] error[E0433]: cannot find `Win32` in `windows`
[INFO] [stdout]   --> src/tray.rs:17:5
[INFO] [stdout]    |
[INFO] [stdout] 17 |     Win32::Foundation::{
[INFO] [stdout]    |     ^^^^^ could not find `Win32` in `windows`
[INFO] [stdout] 
[INFO] [stdout] 
[INFO] [stdout] error[E0433]: cannot find `Win32` in `windows`
[INFO] [stdout]   --> src/tray.rs:21:5
[INFO] [stdout]    |
[INFO] [stdout] 21 |     Win32::System::LibraryLoader::GetModuleHandleW,
[INFO] [stdout]    |     ^^^^^ could not find `Win32` in `windows`
[INFO] [stdout] 
[INFO] [stdout] 
[INFO] [stdout] error[E0433]: cannot find `Win32` in `windows`
[INFO] [stdout]   --> src/tray.rs:22:5
[INFO] [stdout]    |
[INFO] [stdout] 22 |     Win32::System::Threading::{CreateMutexW, INFINITE, ReleaseMutex, WaitForSingleObject},
[INFO] [stdout]    |     ^^^^^ could not find `Win32` in `windows`
[INFO] [stdout] 
[INFO] [stdout] 
[INFO] [stdout] error[E0433]: cannot find `Win32` in `windows`
[INFO] [stdout]   --> src/tray.rs:23:5
[INFO] [stdout]    |
[INFO] [stdout] 23 |     Win32::UI::Shell::{
[INFO] [stdout]    |     ^^^^^ could not find `Win32` in `windows`
[INFO] [stdout] 
[INFO] [stdout] 
[INFO] [stdout] error[E0433]: cannot find `Win32` in `windows`
[INFO] [stdout]   --> src/tray.rs:26:5
[INFO] [stdout]    |
[INFO] [stdout] 26 |     Win32::UI::WindowsAndMessaging::*,
[INFO] [stdout]    |     ^^^^^ could not find `Win32` in `windows`
[INFO] [stdout] 
[INFO] [stdout] 
[INFO] [stdout] error[E0432]: unresolved import `windows::core`
[INFO] [stdout]   --> src/qdir_uia.rs:16:14
[INFO] [stdout]    |
[INFO] [stdout] 16 | use windows::core::{BSTR, Interface, VARIANT};
[INFO] [stdout]    |              ^^^^ could not find `core` in `windows`
[INFO] [stdout] 
[INFO] [stdout] 
[INFO] [stdout] error[E0432]: unresolved import `windows::core`
[INFO] [stdout]   --> src/tray.rs:27:5
[INFO] [stdout]    |
[INFO] [stdout] 27 |     core::Result,
[INFO] [stdout]    |     ^^^^ could not find `core` in `windows`
[INFO] [stdout] 
[INFO] [stdout] 
[INFO] [stdout] error[E0433]: cannot find `core` in `windows`
[INFO] [stdout]    --> src/tray.rs:102:22
[INFO] [stdout]     |
[INFO] [stdout] 102 |             windows::core::w!("Local\\location-history-tray-log"),
[INFO] [stdout]     |                      ^^^^ could not find `core` in `windows`
[INFO] [stdout] 
[INFO] [stdout] 
[INFO] [stdout] error[E0433]: cannot find `core` in `windows`
[INFO] [stdout]    --> src/tray.rs:165:22
[INFO] [stdout]     |
[INFO] [stdout] 165 |             windows::core::w!("Local\\location-history-tray"),
[INFO] [stdout]     |                      ^^^^ could not find `core` in `windows`
[INFO] [stdout] 
[INFO] [stdout] 
[INFO] [stdout] error[E0433]: cannot find `core` in `windows`
[INFO] [stdout]    --> src/tray.rs:428:22
[INFO] [stdout]     |
[INFO] [stdout] 428 |             windows::core::w!("Open GUI"),
[INFO] [stdout]     |                      ^^^^ could not find `core` in `windows`
[INFO] [stdout] 
[INFO] [stdout] 
[INFO] [stdout] error[E0433]: cannot find `core` in `windows`
[INFO] [stdout]    --> src/tray.rs:434:22
[INFO] [stdout]     |
[INFO] [stdout] 434 |             windows::core::w!("Capture Now"),
[INFO] [stdout]     |                      ^^^^ could not find `core` in `windows`
[INFO] [stdout] 
[INFO] [stdout] 
[INFO] [stdout] error[E0433]: cannot find `core` in `windows`
[INFO] [stdout]    --> src/tray.rs:440:22
[INFO] [stdout]     |
[INFO] [stdout] 440 |             windows::core::w!("Start Periodic Capture"),
[INFO] [stdout]     |                      ^^^^ could not find `core` in `windows`
[INFO] [stdout] 
[INFO] [stdout] 
[INFO] [stdout] error[E0433]: cannot find `core` in `windows`
[INFO] [stdout]    --> src/tray.rs:446:22
[INFO] [stdout]     |
[INFO] [stdout] 446 |             windows::core::w!("Stop Periodic Capture"),
[INFO] [stdout]     |                      ^^^^ could not find `core` in `windows`
[INFO] [stdout] 
[INFO] [stdout] 
[INFO] [stdout] error[E0433]: cannot find `core` in `windows`
[INFO] [stdout]    --> src/tray.rs:449:66
[INFO] [stdout]     |
[INFO] [stdout] 449 |         let _ = AppendMenuW(hmenu, MF_STRING, IDM_EXIT, windows::core::w!("Exit"));
[INFO] [stdout]     |                                                                  ^^^^ could not find `core` in `windows`
[INFO] [stdout] 
[INFO] [stdout] 
[INFO] [stdout] error[E0433]: cannot find `core` in `windows`
[INFO] [stdout]    --> src/tray.rs:540:35
[INFO] [stdout]     |
[INFO] [stdout] 540 |         let class_name = windows::core::w!("LocationHistoryTray");
[INFO] [stdout]     |                                   ^^^^ could not find `core` in `windows`
[INFO] [stdout] 
[INFO] [stdout] 
[INFO] [stdout] error[E0433]: cannot find `core` in `windows`
[INFO] [stdout]    --> src/tray.rs:555:22
[INFO] [stdout]     |
[INFO] [stdout] 555 |             windows::core::w!(""),
[INFO] [stdout]     |                      ^^^^ could not find `core` in `windows`
[INFO] [stdout] 
[INFO] [stdout] 
[INFO] [stdout] error[E0433]: cannot find `Win32` in `windows`
[INFO] [stdout]  --> src/explorer.rs:2:15
[INFO] [stdout]   |
[INFO] [stdout] 2 | use windows::{Win32::System::Com::*, Win32::UI::Shell::*, core::*};
[INFO] [stdout]   |               ^^^^^ could not find `Win32` in `windows`
[INFO] [stdout] 
[INFO] [stdout] 
[INFO] [stdout] error[E0433]: cannot find `Win32` in `windows`
[INFO] [stdout]  --> src/explorer.rs:2:38
[INFO] [stdout]   |
[INFO] [stdout] 2 | use windows::{Win32::System::Com::*, Win32::UI::Shell::*, core::*};
[INFO] [stdout]   |                                      ^^^^^ could not find `Win32` in `windows`
[INFO] [stdout] 
[INFO] [stdout] 
[INFO] [stdout] error[E0433]: cannot find `Win32` in `windows`
[INFO] [stdout]   --> src/opener.rs:12:5
[INFO] [stdout]    |
[INFO] [stdout] 12 |     Win32::Foundation::{GetLastError, HWND},
[INFO] [stdout]    |     ^^^^^ could not find `Win32` in `windows`
[INFO] [stdout] 
[INFO] [stdout] 
[INFO] [stdout] error[E0433]: cannot find `Win32` in `windows`
[INFO] [stdout]   --> src/opener.rs:13:5
[INFO] [stdout]    |
[INFO] [stdout] 13 |     Win32::UI::Shell::ShellExecuteW,
[INFO] [stdout]    |     ^^^^^ could not find `Win32` in `windows`
[INFO] [stdout] 
[INFO] [stdout] 
[INFO] [stdout] error[E0433]: cannot find `Win32` in `windows`
[INFO] [stdout]   --> src/opener.rs:14:5
[INFO] [stdout]    |
[INFO] [stdout] 14 |     Win32::UI::WindowsAndMessaging::SW_SHOWNORMAL,
[INFO] [stdout]    |     ^^^^^ could not find `Win32` in `windows`
[INFO] [stdout] 
[INFO] [stdout] 
[INFO] [stdout] error[E0432]: unresolved import `windows::core`
[INFO] [stdout]  --> src/explorer.rs:2:59
[INFO] [stdout]   |
[INFO] [stdout] 2 | use windows::{Win32::System::Com::*, Win32::UI::Shell::*, core::*};
[INFO] [stdout]   |                                                           ^^^^ could not find `core` in `windows`
[INFO] [stdout] 
[INFO] [stdout] 
[INFO] [stdout] error[E0433]: cannot find `Win32` in `windows`
[INFO] [stdout]  --> src/qdir.rs:3:14
[INFO] [stdout]   |
[INFO] [stdout] 3 | use windows::Win32::Foundation::{BOOL, HWND, LPARAM, RECT, WPARAM};
[INFO] [stdout]   |              ^^^^^ could not find `Win32` in `windows`
[INFO] [stdout] 
[INFO] [stdout] 
[INFO] [stdout] error[E0433]: cannot find `Win32` in `windows`
[INFO] [stdout]  --> src/qdir.rs:4:14
[INFO] [stdout]   |
[INFO] [stdout] 4 | use windows::Win32::System::Com::{
[INFO] [stdout]   |              ^^^^^ could not find `Win32` in `windows`
[INFO] [stdout] 
[INFO] [stdout] 
[INFO] [stdout] error[E0433]: cannot find `Win32` in `windows`
[INFO] [stdout]  --> src/qdir.rs:8:14
[INFO] [stdout]   |
[INFO] [stdout] 8 | use windows::Win32::System::Threading::{
[INFO] [stdout]   |              ^^^^^ could not find `Win32` in `windows`
[INFO] [stdout] 
[INFO] [stdout] 
[INFO] [stdout] error[E0433]: cannot find `Win32` in `windows`
[INFO] [stdout]   --> src/qdir.rs:11:14
[INFO] [stdout]    |
[INFO] [stdout] 11 | use windows::Win32::UI::Accessibility::{
[INFO] [stdout]    |              ^^^^^ could not find `Win32` in `windows`
[INFO] [stdout] 
[INFO] [stdout] 
[INFO] [stdout] error[E0433]: cannot find `Win32` in `windows`
[INFO] [stdout]   --> src/qdir.rs:15:14
[INFO] [stdout]    |
[INFO] [stdout] 15 | use windows::Win32::UI::WindowsAndMessaging::{
[INFO] [stdout]    |              ^^^^^ could not find `Win32` in `windows`
[INFO] [stdout] 
[INFO] [stdout] 
[INFO] [stdout] error[E0432]: unresolved import `windows::core`
[INFO] [stdout]   --> src/opener.rs:15:5
[INFO] [stdout]    |
[INFO] [stdout] 15 |     core::PCWSTR,
[INFO] [stdout]    |     ^^^^ could not find `core` in `windows`
[INFO] [stdout] 
[INFO] [stdout] 
[INFO] [stdout] error[E0433]: cannot find `Win32` in `windows`
[INFO] [stdout]  --> src/qdir_uia.rs:3:14
[INFO] [stdout]   |
[INFO] [stdout] 3 | use windows::Win32::Foundation::HWND;
[INFO] [stdout]   |              ^^^^^ could not find `Win32` in `windows`
[INFO] [stdout] 
[INFO] [stdout] 
[INFO] [stdout] error[E0433]: cannot find `Win32` in `windows`
[INFO] [stdout]  --> src/qdir_uia.rs:4:14
[INFO] [stdout]   |
[INFO] [stdout] 4 | use windows::Win32::System::Com::{
[INFO] [stdout]   |              ^^^^^ could not find `Win32` in `windows`
[INFO] [stdout] 
[INFO] [stdout] 
[INFO] [stdout] error[E0433]: cannot find `Win32` in `windows`
[INFO] [stdout]  --> src/qdir_uia.rs:8:14
[INFO] [stdout]   |
[INFO] [stdout] 8 | use windows::Win32::UI::Accessibility::{
[INFO] [stdout]   |              ^^^^^ could not find `Win32` in `windows`
[INFO] [stdout] 
[INFO] [stdout] 
[INFO] [stdout] error[E0433]: cannot find `Win32` in `windows`
[INFO] [stdout]   --> src/qdir_uia.rs:15:14
[INFO] [stdout]    |
[INFO] [stdout] 15 | use windows::Win32::UI::WindowsAndMessaging::GetForegroundWindow;
[INFO] [stdout]    |              ^^^^^ could not find `Win32` in `windows`
[INFO] [stdout] 
[INFO] [stdout] 
[INFO] [stdout] error[E0432]: unresolved import `windows::core`
[INFO] [stdout]   --> src/qdir.rs:23:14
[INFO] [stdout]    |
[INFO] [stdout] 23 | use windows::core::{Interface, VARIANT};
[INFO] [stdout]    |              ^^^^ could not find `core` in `windows`
[INFO] [stdout] 
[INFO] [stdout] 
[INFO] [stdout] error[E0433]: cannot find `Win32` in `windows`
[INFO] [stdout]   --> src/tray.rs:17:5
[INFO] [stdout]    |
[INFO] [stdout] 17 |     Win32::Foundation::{
[INFO] [stdout]    |     ^^^^^ could not find `Win32` in `windows`
[INFO] [stdout] 
[INFO] [stdout] 
[INFO] [stdout] error[E0433]: cannot find `Win32` in `windows`
[INFO] [stdout]   --> src/tray.rs:21:5
[INFO] [stdout]    |
[INFO] [stdout] 21 |     Win32::System::LibraryLoader::GetModuleHandleW,
[INFO] [stdout]    |     ^^^^^ could not find `Win32` in `windows`
[INFO] [stdout] 
[INFO] [stdout] 
[INFO] [stdout] error[E0433]: cannot find `Win32` in `windows`
[INFO] [stdout]   --> src/tray.rs:22:5
[INFO] [stdout]    |
[INFO] [stdout] 22 |     Win32::System::Threading::{CreateMutexW, INFINITE, ReleaseMutex, WaitForSingleObject},
[INFO] [stdout]    |     ^^^^^ could not find `Win32` in `windows`
[INFO] [stdout] 
[INFO] [stdout] 
[INFO] [stdout] error[E0433]: cannot find `Win32` in `windows`
[INFO] [stdout]   --> src/tray.rs:23:5
[INFO] [stdout]    |
[INFO] [stdout] 23 |     Win32::UI::Shell::{
[INFO] [stdout]    |     ^^^^^ could not find `Win32` in `windows`
[INFO] [stdout] 
[INFO] [stdout] 
[INFO] [stdout] error[E0433]: cannot find `Win32` in `windows`
[INFO] [stdout]   --> src/tray.rs:26:5
[INFO] [stdout]    |
[INFO] [stdout] 26 |     Win32::UI::WindowsAndMessaging::*,
[INFO] [stdout]    |     ^^^^^ could not find `Win32` in `windows`
[INFO] [stdout] 
[INFO] [stdout] 
[INFO] [stdout] error[E0432]: unresolved import `windows::core`
[INFO] [stdout]   --> src/qdir_uia.rs:16:14
[INFO] [stdout]    |
[INFO] [stdout] 16 | use windows::core::{BSTR, Interface, VARIANT};
[INFO] [stdout]    |              ^^^^ could not find `core` in `windows`
[INFO] [stdout] 
[INFO] [stdout] 
[INFO] [stdout] error[E0432]: unresolved import `windows::core`
[INFO] [stdout]   --> src/tray.rs:27:5
[INFO] [stdout]    |
[INFO] [stdout] 27 |     core::Result,
[INFO] [stdout]    |     ^^^^ could not find `core` in `windows`
[INFO] [stdout] 
[INFO] [stdout] 
[INFO] [stdout] error[E0433]: cannot find `core` in `windows`
[INFO] [stdout]    --> src/tray.rs:102:22
[INFO] [stdout]     |
[INFO] [stdout] 102 |             windows::core::w!("Local\\location-history-tray-log"),
[INFO] [stdout]     |                      ^^^^ could not find `core` in `windows`
[INFO] [stdout] 
[INFO] [stdout] 
[INFO] [stdout] error[E0433]: cannot find `core` in `windows`
[INFO] [stdout]    --> src/tray.rs:165:22
[INFO] [stdout]     |
[INFO] [stdout] 165 |             windows::core::w!("Local\\location-history-tray"),
[INFO] [stdout]     |                      ^^^^ could not find `core` in `windows`
[INFO] [stdout] 
[INFO] [stdout] 
[INFO] [stdout] error[E0433]: cannot find `core` in `windows`
[INFO] [stdout]    --> src/tray.rs:428:22
[INFO] [stdout]     |
[INFO] [stdout] 428 |             windows::core::w!("Open GUI"),
[INFO] [stdout]     |                      ^^^^ could not find `core` in `windows`
[INFO] [stdout] 
[INFO] [stdout] 
[INFO] [stdout] error[E0433]: cannot find `core` in `windows`
[INFO] [stdout]    --> src/tray.rs:434:22
[INFO] [stdout]     |
[INFO] [stdout] 434 |             windows::core::w!("Capture Now"),
[INFO] [stdout]     |                      ^^^^ could not find `core` in `windows`
[INFO] [stdout] 
[INFO] [stdout] 
[INFO] [stdout] error[E0433]: cannot find `core` in `windows`
[INFO] [stdout]    --> src/tray.rs:440:22
[INFO] [stdout]     |
[INFO] [stdout] 440 |             windows::core::w!("Start Periodic Capture"),
[INFO] [stdout]     |                      ^^^^ could not find `core` in `windows`
[INFO] [stdout] 
[INFO] [stdout] 
[INFO] [stdout] error[E0433]: cannot find `core` in `windows`
[INFO] [stdout]    --> src/tray.rs:446:22
[INFO] [stdout]     |
[INFO] [stdout] 446 |             windows::core::w!("Stop Periodic Capture"),
[INFO] [stdout]     |                      ^^^^ could not find `core` in `windows`
[INFO] [stdout] 
[INFO] [stdout] 
[INFO] [stdout] error[E0433]: cannot find `core` in `windows`
[INFO] [stdout]    --> src/tray.rs:449:66
[INFO] [stdout]     |
[INFO] [stdout] 449 |         let _ = AppendMenuW(hmenu, MF_STRING, IDM_EXIT, windows::core::w!("Exit"));
[INFO] [stdout]     |                                                                  ^^^^ could not find `core` in `windows`
[INFO] [stdout] 
[INFO] [stdout] 
[INFO] [stdout] error[E0433]: cannot find `core` in `windows`
[INFO] [stdout]    --> src/tray.rs:540:35
[INFO] [stdout]     |
[INFO] [stdout] 540 |         let class_name = windows::core::w!("LocationHistoryTray");
[INFO] [stdout]     |                                   ^^^^ could not find `core` in `windows`
[INFO] [stdout] 
[INFO] [stdout] 
[INFO] [stdout] error[E0433]: cannot find `core` in `windows`
[INFO] [stdout]    --> src/tray.rs:555:22
[INFO] [stdout]     |
[INFO] [stdout] 555 |             windows::core::w!(""),
[INFO] [stdout]     |                      ^^^^ could not find `core` in `windows`
[INFO] [stdout] 
[INFO] [stdout] 
[INFO] [stdout] error[E0107]: enum takes 2 generic arguments but 1 generic argument was supplied
[INFO] [stdout]   --> src/explorer.rs:29:18
[INFO] [stdout]    |
[INFO] [stdout] 29 | pub fn scan() -> Result<Vec<ExplorerWindow>> {
[INFO] [stdout]    |                  ^^^^^^ ------------------- supplied 1 generic argument
[INFO] [stdout]    |                  |
[INFO] [stdout]    |                  expected 2 generic arguments
[INFO] [stdout]    |
[INFO] [stdout] help: add missing generic argument
[INFO] [stdout]    |
[INFO] [stdout] 29 | pub fn scan() -> Result<Vec<ExplorerWindow>, E> {
[INFO] [stdout]    |                                            +++
[INFO] [stdout] 
[INFO] [stdout] 
[INFO] [stdout] error[E0107]: enum takes 2 generic arguments but 1 generic argument was supplied
[INFO] [stdout]   --> src/explorer.rs:14:17
[INFO] [stdout]    |
[INFO] [stdout] 14 |     fn new() -> Result<Self> {
[INFO] [stdout]    |                 ^^^^^^ ---- supplied 1 generic argument
[INFO] [stdout]    |                 |
[INFO] [stdout]    |                 expected 2 generic arguments
[INFO] [stdout]    |
[INFO] [stdout] help: add missing generic argument
[INFO] [stdout]    |
[INFO] [stdout] 14 |     fn new() -> Result<Self, E> {
[INFO] [stdout]    |                            +++
[INFO] [stdout] 
[INFO] [stdout] 
[INFO] [stdout] warning: method call on a diverging inference variable
[INFO] [stdout]   --> src/explorer.rs:46:52
[INFO] [stdout]    |
[INFO] [stdout] 46 |         let browser: IWebBrowser2 = match dispatch.cast() {
[INFO] [stdout]    |                                                    ^^^^
[INFO] [stdout]    |
[INFO] [stdout]    = help: consider providing a type annotation
[INFO] [stdout]    = warning: this was previously accepted by the compiler but is being phased out; it will become a hard error in a future release!
[INFO] [stdout]    = note: for more information, see issue #156047 <https://github.com/rust-lang/rust/issues/156047>
[INFO] [stdout]    = note: `#[warn(method_call_on_diverging_infer_var)]` (part of `#[warn(future_incompatible)]`) on by default
[INFO] [stdout] 
[INFO] [stdout] 
[INFO] [stdout] error[E0599]: no method named `cast` found for type `!` in the current scope
[INFO] [stdout]   --> src/explorer.rs:46:52
[INFO] [stdout]    |
[INFO] [stdout] 46 |         let browser: IWebBrowser2 = match dispatch.cast() {
[INFO] [stdout]    |                                                    ^^^^ method not found in `!`
[INFO] [stdout] 
[INFO] [stdout] 
[INFO] [stdout] warning: method call on a diverging inference variable
[INFO] [stdout]   --> src/explorer.rs:55:28
[INFO] [stdout]    |
[INFO] [stdout] 55 |         let url = url_bstr.to_string();
[INFO] [stdout]    |                            ^^^^^^^^^
[INFO] [stdout]    |
[INFO] [stdout]    = help: consider providing a type annotation
[INFO] [stdout]    = warning: this was previously accepted by the compiler but is being phased out; it will become a hard error in a future release!
[INFO] [stdout]    = note: for more information, see issue #156047 <https://github.com/rust-lang/rust/issues/156047>
[INFO] [stdout] 
[INFO] [stdout] 
[INFO] [stdout] warning: falling back to `f32` as the trait bound `f32: From<f64>` is not satisfied
[INFO] [stdout]     --> src/gui.rs:7140:80
[INFO] [stdout]      |
[INFO] [stdout] 7140 |                     painter.vline(cx - 1.5, y_range.clone(), egui::Stroke::new(1.0, color));
[INFO] [stdout]      |                                                                                ^^^ help: explicitly specify the type as `f32`: `1.0_f32`
[INFO] [stdout]      |
[INFO] [stdout]      = warning: this was previously accepted by the compiler but is being phased out; it will become a hard error in a future release!
[INFO] [stdout]      = note: for more information, see issue #154024 <https://github.com/rust-lang/rust/issues/154024>
[INFO] [stdout]      = note: `#[warn(float_literal_f32_fallback)]` (part of `#[warn(future_incompatible)]`) on by default
[INFO] [stdout] 
[INFO] [stdout] 
[INFO] [stdout] warning: falling back to `f32` as the trait bound `f32: From<f64>` is not satisfied
[INFO] [stdout]     --> src/gui.rs:7141:72
[INFO] [stdout]      |
[INFO] [stdout] 7141 |                     painter.vline(cx + 1.5, y_range, egui::Stroke::new(1.0, color));
[INFO] [stdout]      |                                                                        ^^^ help: explicitly specify the type as `f32`: `1.0_f32`
[INFO] [stdout]      |
[INFO] [stdout]      = warning: this was previously accepted by the compiler but is being phased out; it will become a hard error in a future release!
[INFO] [stdout]      = note: for more information, see issue #154024 <https://github.com/rust-lang/rust/issues/154024>
[INFO] [stdout] 
[INFO] [stdout] 
[INFO] [stdout] error[E0107]: enum takes 2 generic arguments but 1 generic argument was supplied
[INFO] [stdout]   --> src/explorer.rs:29:18
[INFO] [stdout]    |
[INFO] [stdout] 29 | pub fn scan() -> Result<Vec<ExplorerWindow>> {
[INFO] [stdout]    |                  ^^^^^^ ------------------- supplied 1 generic argument
[INFO] [stdout]    |                  |
[INFO] [stdout]    |                  expected 2 generic arguments
[INFO] [stdout]    |
[INFO] [stdout] help: add missing generic argument
[INFO] [stdout]    |
[INFO] [stdout] 29 | pub fn scan() -> Result<Vec<ExplorerWindow>, E> {
[INFO] [stdout]    |                                            +++
[INFO] [stdout] 
[INFO] [stdout] 
[INFO] [stdout] error[E0107]: enum takes 2 generic arguments but 1 generic argument was supplied
[INFO] [stdout]   --> src/explorer.rs:14:17
[INFO] [stdout]    |
[INFO] [stdout] 14 |     fn new() -> Result<Self> {
[INFO] [stdout]    |                 ^^^^^^ ---- supplied 1 generic argument
[INFO] [stdout]    |                 |
[INFO] [stdout]    |                 expected 2 generic arguments
[INFO] [stdout]    |
[INFO] [stdout] help: add missing generic argument
[INFO] [stdout]    |
[INFO] [stdout] 14 |     fn new() -> Result<Self, E> {
[INFO] [stdout]    |                            +++
[INFO] [stdout] 
[INFO] [stdout] 
[INFO] [stdout] error[E0599]: no method named `creation_flags` found for mutable reference `&mut Command` in the current scope
[INFO] [stdout]    --> src/opener.rs:240:10
[INFO] [stdout]     |
[INFO] [stdout] 237 |     Command::new("powershell.exe")
[INFO] [stdout] 238 |         .arg("-NoExit")
[INFO] [stdout] 239 |         .current_dir(path)
[INFO] [stdout] 240 |         .creation_flags(CREATE_NEW_CONSOLE)
[INFO] [stdout]     |          ^^^^^^^^^^^^^^ method not found in `&mut Command`
[INFO] [stdout] 
[INFO] [stdout] 
[INFO] [stdout] error[E0599]: no method named `creation_flags` found for mutable reference `&mut Command` in the current scope
[INFO] [stdout]    --> src/opener.rs:253:10
[INFO] [stdout]     |
[INFO] [stdout] 250 |     Command::new("cmd.exe")
[INFO] [stdout] 251 |         .arg("/K")
[INFO] [stdout] 252 |         .current_dir(path)
[INFO] [stdout] 253 |         .creation_flags(CREATE_NEW_CONSOLE)
[INFO] [stdout]     |          ^^^^^^^^^^^^^^ method not found in `&mut Command`
[INFO] [stdout] 
[INFO] [stdout] 
[INFO] [stdout] warning: method call on a diverging inference variable
[INFO] [stdout]     --> src/qdir.rs:1781:43
[INFO] [stdout]      |
[INFO] [stdout] 1781 |         let pattern = match unsafe { elem.GetCurrentPattern(UIA_SelectionItemPatternId) } {
[INFO] [stdout]      |                                           ^^^^^^^^^^^^^^^^^
[INFO] [stdout]      |
[INFO] [stdout]      = help: consider providing a type annotation
[INFO] [stdout]      = warning: this was previously accepted by the compiler but is being phased out; it will become a hard error in a future release!
[INFO] [stdout]      = note: for more information, see issue #156047 <https://github.com/rust-lang/rust/issues/156047>
[INFO] [stdout] 
[INFO] [stdout] 
[INFO] [stdout] error[E0599]: no method named `GetCurrentPattern` found for type `!` in the current scope
[INFO] [stdout]     --> src/qdir.rs:1781:43
[INFO] [stdout]      |
[INFO] [stdout] 1781 |         let pattern = match unsafe { elem.GetCurrentPattern(UIA_SelectionItemPatternId) } {
[INFO] [stdout]      |                                           ^^^^^^^^^^^^^^^^^ method not found in `!`
[INFO] [stdout] 
[INFO] [stdout] 
[INFO] [stdout] error[E0599]: no method named `CurrentName` found for type `!` in the current scope
[INFO] [stdout]     --> src/qdir.rs:1791:18
[INFO] [stdout]      |
[INFO] [stdout] 1791 |             elem.CurrentName()
[INFO] [stdout]      |                  ^^^^^^^^^^^ method not found in `!`
[INFO] [stdout] 
[INFO] [stdout] 
[INFO] [stdout] warning: unreachable call
[INFO] [stdout]     --> src/qdir.rs:1791:18
[INFO] [stdout]      |
[INFO] [stdout] 1791 |             elem.CurrentName()
[INFO] [stdout]      |             ---- ^^^^^^^^^^^ unreachable call
[INFO] [stdout]      |             |
[INFO] [stdout]      |             any code following this expression is unreachable
[INFO] [stdout]      |
[INFO] [stdout]      = note: `#[warn(unreachable_code)]` (part of `#[warn(unused)]`) on by default
[INFO] [stdout] 
[INFO] [stdout] 
[INFO] [stdout] error[E0599]: no method named `CurrentAutomationId` found for type `!` in the current scope
[INFO] [stdout]     --> src/qdir.rs:1796:18
[INFO] [stdout]      |
[INFO] [stdout] 1796 |             elem.CurrentAutomationId()
[INFO] [stdout]      |                  ^^^^^^^^^^^^^^^^^^^ method not found in `!`
[INFO] [stdout] 
[INFO] [stdout] 
[INFO] [stdout] warning: unreachable call
[INFO] [stdout]     --> src/qdir.rs:1796:18
[INFO] [stdout]      |
[INFO] [stdout] 1796 |             elem.CurrentAutomationId()
[INFO] [stdout]      |             ---- ^^^^^^^^^^^^^^^^^^^ unreachable call
[INFO] [stdout]      |             |
[INFO] [stdout]      |             any code following this expression is unreachable
[INFO] [stdout] 
[INFO] [stdout] 
[INFO] [stdout] warning: method call on a diverging inference variable
[INFO] [stdout]   --> src/explorer.rs:46:52
[INFO] [stdout]    |
[INFO] [stdout] 46 |         let browser: IWebBrowser2 = match dispatch.cast() {
[INFO] [stdout]    |                                                    ^^^^
[INFO] [stdout]    |
[INFO] [stdout]    = help: consider providing a type annotation
[INFO] [stdout]    = warning: this was previously accepted by the compiler but is being phased out; it will become a hard error in a future release!
[INFO] [stdout]    = note: for more information, see issue #156047 <https://github.com/rust-lang/rust/issues/156047>
[INFO] [stdout]    = note: `#[warn(method_call_on_diverging_infer_var)]` (part of `#[warn(future_incompatible)]`) on by default
[INFO] [stdout] 
[INFO] [stdout] 
[INFO] [stdout] error[E0599]: no method named `CurrentNativeWindowHandle` found for type `!` in the current scope
[INFO] [stdout]     --> src/qdir.rs:1801:18
[INFO] [stdout]      |
[INFO] [stdout] 1801 |             elem.CurrentNativeWindowHandle()
[INFO] [stdout]      |                  ^^^^^^^^^^^^^^^^^^^^^^^^^ method not found in `!`
[INFO] [stdout] 
[INFO] [stdout] 
[INFO] [stdout] warning: unreachable call
[INFO] [stdout]     --> src/qdir.rs:1801:18
[INFO] [stdout]      |
[INFO] [stdout] 1801 |             elem.CurrentNativeWindowHandle()
[INFO] [stdout]      |             ---- ^^^^^^^^^^^^^^^^^^^^^^^^^ unreachable call
[INFO] [stdout]      |             |
[INFO] [stdout]      |             any code following this expression is unreachable
[INFO] [stdout] 
[INFO] [stdout] 
[INFO] [stdout] warning: method call on a diverging inference variable
[INFO] [stdout]     --> src/qdir.rs:1807:18
[INFO] [stdout]      |
[INFO] [stdout] 1807 |                 .CurrentSelectionContainer()
[INFO] [stdout]      |                  ^^^^^^^^^^^^^^^^^^^^^^^^^
[INFO] [stdout]      |
[INFO] [stdout]      = help: consider providing a type annotation
[INFO] [stdout]      = warning: this was previously accepted by the compiler but is being phased out; it will become a hard error in a future release!
[INFO] [stdout]      = note: for more information, see issue #156047 <https://github.com/rust-lang/rust/issues/156047>
[INFO] [stdout] 
[INFO] [stdout] 
[INFO] [stdout] error[E0599]: no method named `cast` found for type `!` in the current scope
[INFO] [stdout]   --> src/explorer.rs:46:52
[INFO] [stdout]    |
[INFO] [stdout] 46 |         let browser: IWebBrowser2 = match dispatch.cast() {
[INFO] [stdout]    |                                                    ^^^^ method not found in `!`
[INFO] [stdout] 
[INFO] [stdout] 
[INFO] [stdout] warning: method call on a diverging inference variable
[INFO] [stdout]   --> src/explorer.rs:55:28
[INFO] [stdout]    |
[INFO] [stdout] 55 |         let url = url_bstr.to_string();
[INFO] [stdout]    |                            ^^^^^^^^^
[INFO] [stdout]    |
[INFO] [stdout]    = help: consider providing a type annotation
[INFO] [stdout]    = warning: this was previously accepted by the compiler but is being phased out; it will become a hard error in a future release!
[INFO] [stdout]    = note: for more information, see issue #156047 <https://github.com/rust-lang/rust/issues/156047>
[INFO] [stdout] 
[INFO] [stdout] 
[INFO] [stdout] error[E0599]: no method named `CurrentSelectionContainer` found for type `!` in the current scope
[INFO] [stdout]     --> src/qdir.rs:1807:18
[INFO] [stdout]      |
[INFO] [stdout] 1806 |             pattern
[INFO] [stdout] 1807 |                 .CurrentSelectionContainer()
[INFO] [stdout]      |                  ^^^^^^^^^^^^^^^^^^^^^^^^^ method not found in `!`
[INFO] [stdout] 
[INFO] [stdout] 
[INFO] [stdout] error[E0599]: no method named `CurrentProcessId` found for type `!` in the current scope
[INFO] [stdout]     --> src/qdir.rs:1813:33
[INFO] [stdout]      |
[INFO] [stdout] 1813 |         let pid = unsafe { elem.CurrentProcessId().unwrap_or(-1) as u32 };
[INFO] [stdout]      |                                 ^^^^^^^^^^^^^^^^ method not found in `!`
[INFO] [stdout] 
[INFO] [stdout] 
[INFO] [stdout] warning: unreachable call
[INFO] [stdout]     --> src/qdir.rs:1813:33
[INFO] [stdout]      |
[INFO] [stdout] 1813 |         let pid = unsafe { elem.CurrentProcessId().unwrap_or(-1) as u32 };
[INFO] [stdout]      |                            ---- ^^^^^^^^^^^^^^^^ unreachable call
[INFO] [stdout]      |                            |
[INFO] [stdout]      |                            any code following this expression is unreachable
[INFO] [stdout] 
[INFO] [stdout] 
[INFO] [stdout] error[E0599]: no method named `CurrentBoundingRectangle` found for type `!` in the current scope
[INFO] [stdout]     --> src/qdir.rs:1815:18
[INFO] [stdout]      |
[INFO] [stdout] 1815 |             elem.CurrentBoundingRectangle().unwrap_or(RECT {
[INFO] [stdout]      |                  ^^^^^^^^^^^^^^^^^^^^^^^^ method not found in `!`
[INFO] [stdout] 
[INFO] [stdout] 
[INFO] [stdout] warning: unreachable call
[INFO] [stdout]     --> src/qdir.rs:1815:18
[INFO] [stdout]      |
[INFO] [stdout] 1815 |             elem.CurrentBoundingRectangle().unwrap_or(RECT {
[INFO] [stdout]      |             ---- ^^^^^^^^^^^^^^^^^^^^^^^^ unreachable call
[INFO] [stdout]      |             |
[INFO] [stdout]      |             any code following this expression is unreachable
[INFO] [stdout] 
[INFO] [stdout] 
[INFO] [stdout] error[E0599]: no method named `CurrentIsSelected` found for type `!` in the current scope
[INFO] [stdout]     --> src/qdir.rs:1824:18
[INFO] [stdout]      |
[INFO] [stdout] 1823 |             pattern
[INFO] [stdout] 1824 |                 .CurrentIsSelected()
[INFO] [stdout]      |                  ^^^^^^^^^^^^^^^^^ method not found in `!`
[INFO] [stdout] 
[INFO] [stdout] 
[INFO] [stdout] warning: unreachable call
[INFO] [stdout]     --> src/qdir.rs:1824:18
[INFO] [stdout]      |
[INFO] [stdout] 1823 |             pattern
[INFO] [stdout]      |             ------- any code following this expression is unreachable
[INFO] [stdout] 1824 |                 .CurrentIsSelected()
[INFO] [stdout]      |                  ^^^^^^^^^^^^^^^^^ unreachable call
[INFO] [stdout] 
[INFO] [stdout] 
[INFO] [stdout] warning: unreachable expression
[INFO] [stdout]     --> src/qdir.rs:1845:51
[INFO] [stdout]      |
[INFO] [stdout] 1845 |         items.push(UiaTabItemCandidate { pattern, info });
[INFO] [stdout]      |                                          -------  ^^^^ unreachable expression
[INFO] [stdout]      |                                          |
[INFO] [stdout]      |                                          any code following this expression is unreachable
[INFO] [stdout] 
[INFO] [stdout] 
[INFO] [stdout] warning: method call on a diverging inference variable
[INFO] [stdout]    --> src/qdir_uia.rs:572:33
[INFO] [stdout]     |
[INFO] [stdout] 572 |         let pid = unsafe { elem.CurrentProcessId().unwrap_or(-1) as u32 };
[INFO] [stdout]     |                                 ^^^^^^^^^^^^^^^^
[INFO] [stdout]     |
[INFO] [stdout]     = help: consider providing a type annotation
[INFO] [stdout]     = warning: this was previously accepted by the compiler but is being phased out; it will become a hard error in a future release!
[INFO] [stdout]     = note: for more information, see issue #156047 <https://github.com/rust-lang/rust/issues/156047>
[INFO] [stdout] 
[INFO] [stdout] 
[INFO] [stdout] error[E0599]: no method named `CurrentProcessId` found for type `!` in the current scope
[INFO] [stdout]    --> src/qdir_uia.rs:572:33
[INFO] [stdout]     |
[INFO] [stdout] 572 |         let pid = unsafe { elem.CurrentProcessId().unwrap_or(-1) as u32 };
[INFO] [stdout]     |                                 ^^^^^^^^^^^^^^^^ method not found in `!`
[INFO] [stdout] 
[INFO] [stdout] 
[INFO] [stdout] warning: falling back to `f32` as the trait bound `f32: From<f64>` is not satisfied
[INFO] [stdout]     --> src/gui.rs:7140:80
[INFO] [stdout]      |
[INFO] [stdout] 7140 |                     painter.vline(cx - 1.5, y_range.clone(), egui::Stroke::new(1.0, color));
[INFO] [stdout]      |                                                                                ^^^ help: explicitly specify the type as `f32`: `1.0_f32`
[INFO] [stdout]      |
[INFO] [stdout]      = warning: this was previously accepted by the compiler but is being phased out; it will become a hard error in a future release!
[INFO] [stdout]      = note: for more information, see issue #154024 <https://github.com/rust-lang/rust/issues/154024>
[INFO] [stdout]      = note: `#[warn(float_literal_f32_fallback)]` (part of `#[warn(future_incompatible)]`) on by default
[INFO] [stdout] 
[INFO] [stdout] 
[INFO] [stdout] warning: falling back to `f32` as the trait bound `f32: From<f64>` is not satisfied
[INFO] [stdout]     --> src/gui.rs:7141:72
[INFO] [stdout]      |
[INFO] [stdout] 7141 |                     painter.vline(cx + 1.5, y_range, egui::Stroke::new(1.0, color));
[INFO] [stdout]      |                                                                        ^^^ help: explicitly specify the type as `f32`: `1.0_f32`
[INFO] [stdout]      |
[INFO] [stdout]      = warning: this was previously accepted by the compiler but is being phased out; it will become a hard error in a future release!
[INFO] [stdout]      = note: for more information, see issue #154024 <https://github.com/rust-lang/rust/issues/154024>
[INFO] [stdout] 
[INFO] [stdout] 
[INFO] [stdout] Some errors have detailed explanations: E0107, E0432, E0433, E0599.
[INFO] [stdout] 
[INFO] [stdout] For more information about an error, try `rustc --explain E0107`.
[INFO] [stdout] 
[INFO] [stderr] error: could not compile `location-history` (lib) due to 47 previous errors; 19 warnings emitted
[INFO] [stderr] warning: build failed, waiting for other jobs to finish...
[INFO] [stdout] error[E0599]: no method named `creation_flags` found for mutable reference `&mut std::process::Command` in the current scope
[INFO] [stdout]    --> src/opener.rs:240:10
[INFO] [stdout]     |
[INFO] [stdout] 237 |     Command::new("powershell.exe")
[INFO] [stdout] 238 |         .arg("-NoExit")
[INFO] [stdout] 239 |         .current_dir(path)
[INFO] [stdout] 240 |         .creation_flags(CREATE_NEW_CONSOLE)
[INFO] [stdout]     |          ^^^^^^^^^^^^^^ method not found in `&mut std::process::Command`
[INFO] [stdout] 
[INFO] [stdout] 
[INFO] [stdout] error[E0599]: no method named `creation_flags` found for mutable reference `&mut std::process::Command` in the current scope
[INFO] [stdout]    --> src/opener.rs:253:10
[INFO] [stdout]     |
[INFO] [stdout] 250 |     Command::new("cmd.exe")
[INFO] [stdout] 251 |         .arg("/K")
[INFO] [stdout] 252 |         .current_dir(path)
[INFO] [stdout] 253 |         .creation_flags(CREATE_NEW_CONSOLE)
[INFO] [stdout]     |          ^^^^^^^^^^^^^^ method not found in `&mut std::process::Command`
[INFO] [stdout] 
[INFO] [stdout] 
[INFO] [stdout] warning: method call on a diverging inference variable
[INFO] [stdout]     --> src/qdir.rs:1781:43
[INFO] [stdout]      |
[INFO] [stdout] 1781 |         let pattern = match unsafe { elem.GetCurrentPattern(UIA_SelectionItemPatternId) } {
[INFO] [stdout]      |                                           ^^^^^^^^^^^^^^^^^
[INFO] [stdout]      |
[INFO] [stdout]      = help: consider providing a type annotation
[INFO] [stdout]      = warning: this was previously accepted by the compiler but is being phased out; it will become a hard error in a future release!
[INFO] [stdout]      = note: for more information, see issue #156047 <https://github.com/rust-lang/rust/issues/156047>
[INFO] [stdout] 
[INFO] [stdout] 
[INFO] [stdout] error[E0599]: no method named `GetCurrentPattern` found for type `!` in the current scope
[INFO] [stdout]     --> src/qdir.rs:1781:43
[INFO] [stdout]      |
[INFO] [stdout] 1781 |         let pattern = match unsafe { elem.GetCurrentPattern(UIA_SelectionItemPatternId) } {
[INFO] [stdout]      |                                           ^^^^^^^^^^^^^^^^^ method not found in `!`
[INFO] [stdout] 
[INFO] [stdout] 
[INFO] [stdout] error[E0599]: no method named `CurrentName` found for type `!` in the current scope
[INFO] [stdout]     --> src/qdir.rs:1791:18
[INFO] [stdout]      |
[INFO] [stdout] 1791 |             elem.CurrentName()
[INFO] [stdout]      |                  ^^^^^^^^^^^ method not found in `!`
[INFO] [stdout] 
[INFO] [stdout] 
[INFO] [stdout] warning: unreachable call
[INFO] [stdout]     --> src/qdir.rs:1791:18
[INFO] [stdout]      |
[INFO] [stdout] 1791 |             elem.CurrentName()
[INFO] [stdout]      |             ---- ^^^^^^^^^^^ unreachable call
[INFO] [stdout]      |             |
[INFO] [stdout]      |             any code following this expression is unreachable
[INFO] [stdout]      |
[INFO] [stdout]      = note: `#[warn(unreachable_code)]` (part of `#[warn(unused)]`) on by default
[INFO] [stdout] 
[INFO] [stdout] 
[INFO] [stdout] error[E0599]: no method named `CurrentAutomationId` found for type `!` in the current scope
[INFO] [stdout]     --> src/qdir.rs:1796:18
[INFO] [stdout]      |
[INFO] [stdout] 1796 |             elem.CurrentAutomationId()
[INFO] [stdout]      |                  ^^^^^^^^^^^^^^^^^^^ method not found in `!`
[INFO] [stdout] 
[INFO] [stdout] 
[INFO] [stdout] warning: unreachable call
[INFO] [stdout]     --> src/qdir.rs:1796:18
[INFO] [stdout]      |
[INFO] [stdout] 1796 |             elem.CurrentAutomationId()
[INFO] [stdout]      |             ---- ^^^^^^^^^^^^^^^^^^^ unreachable call
[INFO] [stdout]      |             |
[INFO] [stdout]      |             any code following this expression is unreachable
[INFO] [stdout] 
[INFO] [stdout] 
[INFO] [stdout] error[E0599]: no method named `CurrentNativeWindowHandle` found for type `!` in the current scope
[INFO] [stdout]     --> src/qdir.rs:1801:18
[INFO] [stdout]      |
[INFO] [stdout] 1801 |             elem.CurrentNativeWindowHandle()
[INFO] [stdout]      |                  ^^^^^^^^^^^^^^^^^^^^^^^^^ method not found in `!`
[INFO] [stdout] 
[INFO] [stdout] 
[INFO] [stdout] warning: unreachable call
[INFO] [stdout]     --> src/qdir.rs:1801:18
[INFO] [stdout]      |
[INFO] [stdout] 1801 |             elem.CurrentNativeWindowHandle()
[INFO] [stdout]      |             ---- ^^^^^^^^^^^^^^^^^^^^^^^^^ unreachable call
[INFO] [stdout]      |             |
[INFO] [stdout]      |             any code following this expression is unreachable
[INFO] [stdout] 
[INFO] [stdout] 
[INFO] [stdout] warning: method call on a diverging inference variable
[INFO] [stdout]     --> src/qdir.rs:1807:18
[INFO] [stdout]      |
[INFO] [stdout] 1807 |                 .CurrentSelectionContainer()
[INFO] [stdout]      |                  ^^^^^^^^^^^^^^^^^^^^^^^^^
[INFO] [stdout]      |
[INFO] [stdout]      = help: consider providing a type annotation
[INFO] [stdout]      = warning: this was previously accepted by the compiler but is being phased out; it will become a hard error in a future release!
[INFO] [stdout]      = note: for more information, see issue #156047 <https://github.com/rust-lang/rust/issues/156047>
[INFO] [stdout] 
[INFO] [stdout] 
[INFO] [stdout] error[E0599]: no method named `CurrentSelectionContainer` found for type `!` in the current scope
[INFO] [stdout]     --> src/qdir.rs:1807:18
[INFO] [stdout]      |
[INFO] [stdout] 1806 |             pattern
[INFO] [stdout] 1807 |                 .CurrentSelectionContainer()
[INFO] [stdout]      |                  ^^^^^^^^^^^^^^^^^^^^^^^^^ method not found in `!`
[INFO] [stdout] 
[INFO] [stdout] 
[INFO] [stdout] error[E0599]: no method named `CurrentProcessId` found for type `!` in the current scope
[INFO] [stdout]     --> src/qdir.rs:1813:33
[INFO] [stdout]      |
[INFO] [stdout] 1813 |         let pid = unsafe { elem.CurrentProcessId().unwrap_or(-1) as u32 };
[INFO] [stdout]      |                                 ^^^^^^^^^^^^^^^^ method not found in `!`
[INFO] [stdout] 
[INFO] [stdout] 
[INFO] [stdout] warning: unreachable call
[INFO] [stdout]     --> src/qdir.rs:1813:33
[INFO] [stdout]      |
[INFO] [stdout] 1813 |         let pid = unsafe { elem.CurrentProcessId().unwrap_or(-1) as u32 };
[INFO] [stdout]      |                            ---- ^^^^^^^^^^^^^^^^ unreachable call
[INFO] [stdout]      |                            |
[INFO] [stdout]      |                            any code following this expression is unreachable
[INFO] [stdout] 
[INFO] [stdout] 
[INFO] [stdout] error[E0599]: no method named `CurrentBoundingRectangle` found for type `!` in the current scope
[INFO] [stdout]     --> src/qdir.rs:1815:18
[INFO] [stdout]      |
[INFO] [stdout] 1815 |             elem.CurrentBoundingRectangle().unwrap_or(RECT {
[INFO] [stdout]      |                  ^^^^^^^^^^^^^^^^^^^^^^^^ method not found in `!`
[INFO] [stdout] 
[INFO] [stdout] 
[INFO] [stdout] warning: unreachable call
[INFO] [stdout]     --> src/qdir.rs:1815:18
[INFO] [stdout]      |
[INFO] [stdout] 1815 |             elem.CurrentBoundingRectangle().unwrap_or(RECT {
[INFO] [stdout]      |             ---- ^^^^^^^^^^^^^^^^^^^^^^^^ unreachable call
[INFO] [stdout]      |             |
[INFO] [stdout]      |             any code following this expression is unreachable
[INFO] [stdout] 
[INFO] [stdout] 
[INFO] [stdout] error[E0599]: no method named `CurrentIsSelected` found for type `!` in the current scope
[INFO] [stdout]     --> src/qdir.rs:1824:18
[INFO] [stdout]      |
[INFO] [stdout] 1823 |             pattern
[INFO] [stdout] 1824 |                 .CurrentIsSelected()
[INFO] [stdout]      |                  ^^^^^^^^^^^^^^^^^ method not found in `!`
[INFO] [stdout] 
[INFO] [stdout] 
[INFO] [stdout] warning: unreachable call
[INFO] [stdout]     --> src/qdir.rs:1824:18
[INFO] [stdout]      |
[INFO] [stdout] 1823 |             pattern
[INFO] [stdout]      |             ------- any code following this expression is unreachable
[INFO] [stdout] 1824 |                 .CurrentIsSelected()
[INFO] [stdout]      |                  ^^^^^^^^^^^^^^^^^ unreachable call
[INFO] [stdout] 
[INFO] [stdout] 
[INFO] [stdout] warning: unreachable expression
[INFO] [stdout]     --> src/qdir.rs:1845:51
[INFO] [stdout]      |
[INFO] [stdout] 1845 |         items.push(UiaTabItemCandidate { pattern, info });
[INFO] [stdout]      |                                          -------  ^^^^ unreachable expression
[INFO] [stdout]      |                                          |
[INFO] [stdout]      |                                          any code following this expression is unreachable
[INFO] [stdout] 
[INFO] [stdout] 
[INFO] [stdout] warning: method call on a diverging inference variable
[INFO] [stdout]    --> src/qdir_uia.rs:572:33
[INFO] [stdout]     |
[INFO] [stdout] 572 |         let pid = unsafe { elem.CurrentProcessId().unwrap_or(-1) as u32 };
[INFO] [stdout]     |                                 ^^^^^^^^^^^^^^^^
[INFO] [stdout]     |
[INFO] [stdout]     = help: consider providing a type annotation
[INFO] [stdout]     = warning: this was previously accepted by the compiler but is being phased out; it will become a hard error in a future release!
[INFO] [stdout]     = note: for more information, see issue #156047 <https://github.com/rust-lang/rust/issues/156047>
[INFO] [stdout] 
[INFO] [stdout] 
[INFO] [stdout] error[E0599]: no method named `CurrentProcessId` found for type `!` in the current scope
[INFO] [stdout]    --> src/qdir_uia.rs:572:33
[INFO] [stdout]     |
[INFO] [stdout] 572 |         let pid = unsafe { elem.CurrentProcessId().unwrap_or(-1) as u32 };
[INFO] [stdout]     |                                 ^^^^^^^^^^^^^^^^ method not found in `!`
[INFO] [stdout] 
[INFO] [stdout] 
[INFO] [stdout] Some errors have detailed explanations: E0107, E0432, E0433, E0599.
[INFO] [stdout] 
[INFO] [stdout] For more information about an error, try `rustc --explain E0107`.
[INFO] [stdout] 
[INFO] [stderr] error: could not compile `location-history` (lib test) due to 47 previous errors; 19 warnings emitted
[INFO] running `Command { std: "docker" "inspect" "d805bd764ac93574e6d560ce3c16514f46303edcb5e8b21634e36bb12793e8a8", kill_on_drop: false }`
[INFO] running `Command { std: "docker" "rm" "-f" "d805bd764ac93574e6d560ce3c16514f46303edcb5e8b21634e36bb12793e8a8", kill_on_drop: false }`
[INFO] [stdout] d805bd764ac93574e6d560ce3c16514f46303edcb5e8b21634e36bb12793e8a8
