[INFO] cloning repository https://github.com/itsVentie/aestris
[INFO] running `Command { std: "git" "-c" "credential.helper=" "-c" "credential.helper=/workspace/cargo-home/bin/git-credential-null" "clone" "--bare" "https://github.com/itsVentie/aestris" "/workspace/cache/git-repos/https%3A%2F%2Fgithub.com%2FitsVentie%2Faestris", kill_on_drop: false }`
[INFO] [stderr] Cloning into bare repository '/workspace/cache/git-repos/https%3A%2F%2Fgithub.com%2FitsVentie%2Faestris'...
[INFO] running `Command { std: "git" "rev-parse" "HEAD", kill_on_drop: false }`
[INFO] [stdout] 885769668679edf7965aecab9d8489679d76c297
[INFO] checking itsVentie/aestris against 3154cc1a3e6424e44f438a95007d043ed5ceaaf6+rustflags=-Znext-solver=coherence for pr-133502-30
[INFO] running `Command { std: "git" "clone" "/workspace/cache/git-repos/https%3A%2F%2Fgithub.com%2FitsVentie%2Faestris" "/workspace/builds/worker-3-tc1/source", kill_on_drop: false }`
[INFO] [stderr] Cloning into '/workspace/builds/worker-3-tc1/source'...
[INFO] [stderr] done.
[INFO] removed /workspace/builds/worker-3-tc1/source/.cargo/config.toml
[INFO] started tweaking git repo https://github.com/itsVentie/aestris
[INFO] finished tweaking git repo https://github.com/itsVentie/aestris
[INFO] tweaked toml for git repo https://github.com/itsVentie/aestris written to /workspace/builds/worker-3-tc1/source/Cargo.toml
[INFO] validating manifest of git repo https://github.com/itsVentie/aestris on toolchain 3154cc1a3e6424e44f438a95007d043ed5ceaaf6
[INFO] running `Command { std: CARGO_HOME="/workspace/cargo-home" RUSTUP_HOME="/workspace/rustup-home" "/workspace/cargo-home/bin/cargo" "+3154cc1a3e6424e44f438a95007d043ed5ceaaf6" "metadata" "--manifest-path" "Cargo.toml" "--no-deps", kill_on_drop: false }`
[INFO] crate git repo https://github.com/itsVentie/aestris already has a lockfile, it will not be regenerated
[INFO] running `Command { std: CARGO_HOME="/workspace/cargo-home" RUSTUP_HOME="/workspace/rustup-home" "/workspace/cargo-home/bin/cargo" "+3154cc1a3e6424e44f438a95007d043ed5ceaaf6" "fetch" "--manifest-path" "Cargo.toml", kill_on_drop: false }`
[INFO] [stderr]     Updating crates.io index
[INFO] [stderr]  Downloading crates ...
[INFO] [stderr]   Downloaded mbrman v0.5.4
[INFO] [stderr]   Downloaded fatfs v0.3.6
[INFO] [stderr]   Downloaded bootloader-boot-config v0.11.17
[INFO] [stderr]   Downloaded llvm-tools v0.1.1
[INFO] [stderr]   Downloaded uart_16550 v0.3.2
[INFO] [stderr]   Downloaded bootloader_api v0.11.17
[INFO] [stderr]   Downloaded bootloader v0.11.17
[INFO] [stderr]   Downloaded volatile v0.4.6
[INFO] [stderr]   Downloaded const_fn v0.4.12
[INFO] [stderr]   Downloaded x86_64 v0.15.5
[INFO] [stderr]   Downloaded x86 v0.52.0
[INFO] running `Command { std: "docker" "create" "-v" "/var/lib/crater-agent-workspace/builds/worker-3-tc1/source:/opt/rustwide/workdir:ro,Z" "-v" "/var/lib/crater-agent-workspace/builds/worker-3-tc1/target:/opt/rustwide/target:rw,Z" "-v" "/var/lib/crater-agent-workspace/cargo-home:/opt/rustwide/cargo-home:ro,Z" "-v" "/var/lib/crater-agent-workspace/rustup-home:/opt/rustwide/rustup-home:ro,Z" "-m" "1610612736" "--network" "none" "ghcr.io/rust-lang/crates-build-env/linux@sha256:77db811e55d90add9212f6832c23229e3de5f1c1f9905e8cb07319ea15df73ac" "sleep" "infinity", kill_on_drop: false }`
[INFO] [stdout] dc939af8f9afcc63101f6a23a95941f0ca01118492bbc1c6e3b497a61f139680
[INFO] running `Command { std: "docker" "start" "dc939af8f9afcc63101f6a23a95941f0ca01118492bbc1c6e3b497a61f139680", kill_on_drop: false }`
[INFO] running `Command { std: "docker" "inspect" "dc939af8f9afcc63101f6a23a95941f0ca01118492bbc1c6e3b497a61f139680", kill_on_drop: false }`
[INFO] running `Command { std: "docker" "exec" "-e" "SOURCE_DIR=/opt/rustwide/workdir" "-e" "CARGO_HOME=/opt/rustwide/cargo-home" "-e" "RUSTUP_HOME=/opt/rustwide/rustup-home" "-e" "CARGO_TARGET_DIR=/opt/rustwide/target" "-w" "/opt/rustwide/workdir" "--user" "0:0" "dc939af8f9afcc63101f6a23a95941f0ca01118492bbc1c6e3b497a61f139680" "/opt/rustwide/cargo-home/bin/cargo" "+3154cc1a3e6424e44f438a95007d043ed5ceaaf6" "metadata" "--no-deps" "--format-version=1", kill_on_drop: false }`
[INFO] running `Command { std: "docker" "inspect" "dc939af8f9afcc63101f6a23a95941f0ca01118492bbc1c6e3b497a61f139680", kill_on_drop: false }`
[INFO] running `Command { std: "docker" "exec" "-e" "SOURCE_DIR=/opt/rustwide/workdir" "-e" "CARGO_HOME=/opt/rustwide/cargo-home" "-e" "RUSTUP_HOME=/opt/rustwide/rustup-home" "-e" "CARGO_TARGET_DIR=/opt/rustwide/target" "-e" "CARGO_INCREMENTAL=0" "-e" "RUST_BACKTRACE=full" "-e" "RUSTFLAGS=--cap-lints=forbid -Znext-solver=coherence" "-e" "RUSTDOCFLAGS=--cap-lints=forbid" "-w" "/opt/rustwide/workdir" "--user" "0:0" "dc939af8f9afcc63101f6a23a95941f0ca01118492bbc1c6e3b497a61f139680" "/opt/rustwide/cargo-home/bin/cargo" "+3154cc1a3e6424e44f438a95007d043ed5ceaaf6" "check" "--frozen" "--all" "--all-targets" "--message-format=json", kill_on_drop: false }`
[INFO] [stderr]    Compiling radium v0.7.0
[INFO] [stderr]    Compiling libc v0.2.189
[INFO] [stderr]    Compiling syn v3.0.4
[INFO] [stderr]    Compiling syn v2.0.119
[INFO] [stderr]     Checking wyz v0.5.1
[INFO] [stderr]    Compiling llvm-tools v0.1.1
[INFO] [stderr]    Compiling const_fn v0.4.12
[INFO] [stderr]     Checking bit_field v0.10.3
[INFO] [stderr]    Compiling x86 v0.52.0
[INFO] [stderr]     Checking funty v2.0.0
[INFO] [stderr]    Compiling bootloader v0.11.17
[INFO] [stderr]     Checking raw-cpuid v10.7.0
[INFO] [stderr]    Compiling bootloader_api v0.11.17
[INFO] [stderr]     Checking fatfs v0.3.6
[INFO] [stderr]     Checking bitvec v1.1.1
[INFO] [stderr]     Checking volatile v0.4.6
[INFO] [stderr]     Checking x86_64 v0.15.5
[INFO] [stderr]     Checking getrandom v0.4.3
[INFO] [stderr]     Checking tempfile v3.27.0
[INFO] [stderr]    Compiling thiserror-impl v1.0.69
[INFO] [stderr]     Checking uart_16550 v0.3.2
[INFO] [stderr]     Checking kernel v0.0.1 (/opt/rustwide/workdir/kernel)
[INFO] [stdout] error[E0152]: found duplicate lang item `panic_impl`
[INFO] [stdout]   --> kernel/src/main.rs:59:1
[INFO] [stdout]    |
[INFO] [stdout] 59 | / fn panic(info: &PanicInfo) -> ! {
[INFO] [stdout] 60 | |     let mut serial = unsafe { uart_16550::SerialPort::new(0x3F8) };
[INFO] [stdout] 61 | |     serial.init();
[INFO] [stdout] 62 | |     let _ = writeln!(serial, "\n[!!!] KERNEL PANIC: {}", info);
[INFO] [stdout] ...  |
[INFO] [stdout] 67 | | }
[INFO] [stdout]    | |_^
[INFO] [stdout]    |
[INFO] [stdout]    = note: the lang item is first defined in crate `std` (which `test` depends on)
[INFO] [stdout]    = note: first definition in `std` loaded from /opt/rustwide/rustup-home/toolchains/3154cc1a3e6424e44f438a95007d043ed5ceaaf6/lib/rustlib/x86_64-unknown-linux-gnu/lib/libstd-6ee2a0f0126c8a50.rmeta
[INFO] [stdout]    = note: second definition in the local crate (`kernel`)
[INFO] [stdout] 
[INFO] [stdout] 
[INFO] [stdout] For more information about this error, try `rustc --explain E0152`.
[INFO] [stdout] 
[INFO] [stderr]    Compiling serde_derive v1.0.229
[INFO] [stdout] error[E0152]: found duplicate lang item `panic_impl`
[INFO] [stdout]   --> kernel/src/main.rs:59:1
[INFO] [stdout]    |
[INFO] [stdout] 59 | / fn panic(info: &PanicInfo) -> ! {
[INFO] [stdout] 60 | |     let mut serial = unsafe { uart_16550::SerialPort::new(0x3F8) };
[INFO] [stdout] 61 | |     serial.init();
[INFO] [stdout] 62 | |     let _ = writeln!(serial, "\n[!!!] KERNEL PANIC: {}", info);
[INFO] [stdout] ...  |
[INFO] [stdout] 67 | | }
[INFO] [stdout]    | |_^
[INFO] [stdout]    |
[INFO] [stdout]    = note: the lang item is first defined in crate `std` (which `bitflags` depends on)
[INFO] [stdout]    = note: first definition in `std` loaded from /opt/rustwide/rustup-home/toolchains/3154cc1a3e6424e44f438a95007d043ed5ceaaf6/lib/rustlib/x86_64-unknown-linux-gnu/lib/libstd-6ee2a0f0126c8a50.rmeta
[INFO] [stdout]    = note: second definition in the local crate (`kernel`)
[INFO] [stdout] 
[INFO] [stdout] 
[INFO] [stderr] error: could not compile `kernel` (bin "kernel" test) due to 1 previous error
[INFO] [stderr] warning: build failed, waiting for other jobs to finish...
[INFO] [stdout] For more information about this error, try `rustc --explain E0152`.
[INFO] [stdout] 
[INFO] [stderr] error: could not compile `kernel` (bin "kernel") due to 1 previous error
[INFO] [stderr] error: failed to run custom build command for `bootloader v0.11.17`
[INFO] [stderr] note: To improve backtraces for build dependencies, set the CARGO_PROFILE_DEV_BUILD_OVERRIDE_DEBUG=true environment variable to enable debug information generation.
[INFO] [stderr] 
[INFO] [stderr] Caused by:
[INFO] [stderr]   process didn't exit successfully: `/opt/rustwide/target/debug/build/bootloader/10dec93f1c8eee7d/out/build_script_build` (exit status: 101)
[INFO] [stderr]   --- stderr
[INFO] [stderr]       Updating crates.io index
[INFO] [stderr]   warning: spurious network error (3 tries remaining): [6] Could not resolve hostname (Could not resolve host: index.crates.io)
[INFO] [stderr]       Updating crates.io index
[INFO] [stderr]   warning: spurious network error (3 tries remaining): [6] Could not resolve hostname (Could not resolve host: index.crates.io)
[INFO] [stderr]       Updating crates.io index
[INFO] [stderr]       Updating crates.io index
[INFO] [stderr]   warning: spurious network error (3 tries remaining): [6] Could not resolve hostname (Could not resolve host: index.crates.io)
[INFO] [stderr]   warning: spurious network error (3 tries remaining): [6] Could not resolve hostname (Could not resolve host: index.crates.io)
[INFO] [stderr]   warning: spurious network error (2 tries remaining): [6] Could not resolve hostname (Could not resolve host: index.crates.io)
[INFO] [stderr]   warning: spurious network error (2 tries remaining): [6] Could not resolve hostname (Could not resolve host: index.crates.io)
[INFO] [stderr]   warning: spurious network error (2 tries remaining): [6] Could not resolve hostname (Could not resolve host: index.crates.io)
[INFO] [stderr]   warning: spurious network error (2 tries remaining): [6] Could not resolve hostname (Could not resolve host: index.crates.io)
[INFO] [stderr]   warning: spurious network error (1 try remaining): [6] Could not resolve hostname (Could not resolve host: index.crates.io)
[INFO] [stderr]   warning: spurious network error (1 try remaining): [6] Could not resolve hostname (Could not resolve host: index.crates.io)
[INFO] [stderr]   warning: spurious network error (1 try remaining): [6] Could not resolve hostname (Could not resolve host: index.crates.io)
[INFO] [stderr]   warning: spurious network error (1 try remaining): [6] Could not resolve hostname (Could not resolve host: index.crates.io)
[INFO] [stderr]   warning: spurious network error (3 tries remaining): [6] Could not resolve hostname (Could not resolve host: index.crates.io)
[INFO] [stderr]   warning: spurious network error (3 tries remaining): [6] Could not resolve hostname (Could not resolve host: index.crates.io)
[INFO] [stderr]   warning: spurious network error (3 tries remaining): [6] Could not resolve hostname (Could not resolve host: index.crates.io)
[INFO] [stderr]   warning: spurious network error (3 tries remaining): [6] Could not resolve hostname (Could not resolve host: index.crates.io)
[INFO] [stderr]   warning: spurious network error (2 tries remaining): [6] Could not resolve hostname (Could not resolve host: index.crates.io)
[INFO] [stderr]   warning: spurious network error (2 tries remaining): [6] Could not resolve hostname (Could not resolve host: index.crates.io)
[INFO] [stderr]   warning: spurious network error (2 tries remaining): [6] Could not resolve hostname (Could not resolve host: index.crates.io)
[INFO] [stderr]   warning: spurious network error (2 tries remaining): [6] Could not resolve hostname (Could not resolve host: index.crates.io)
[INFO] [stderr]   warning: spurious network error (1 try remaining): [6] Could not resolve hostname (Could not resolve host: index.crates.io)
[INFO] [stderr]   warning: spurious network error (1 try remaining): [6] Could not resolve hostname (Could not resolve host: index.crates.io)
[INFO] [stderr]   warning: spurious network error (1 try remaining): [6] Could not resolve hostname (Could not resolve host: index.crates.io)
[INFO] [stderr]   warning: spurious network error (1 try remaining): [6] Could not resolve hostname (Could not resolve host: index.crates.io)
[INFO] [stderr]   error: download of config.json failed
[INFO] [stderr] 
[INFO] [stderr]   Caused by:
[INFO] [stderr]     [6] Could not resolve hostname (Could not resolve host: index.crates.io)
[INFO] [stderr] 
[INFO] [stderr]   thread '<unnamed>' (193) panicked at /opt/rustwide/cargo-home/registry/src/index.crates.io-1949cf8c6b5b557f/bootloader-0.11.17/build.rs:300:9:
[INFO] [stderr]   failed to build bios stage-3
[INFO] [stderr]   stack backtrace:
[INFO] [stderr]      0:     0x61a6d19d5a21 - std[3164a59e47d3bde]::backtrace_rs::backtrace::libunwind::trace
[INFO] [stderr]                                  at /rustc/3154cc1a3e6424e44f438a95007d043ed5ceaaf6/library/std/src/../../backtrace/src/backtrace/libunwind.rs:117:9
[INFO] [stderr]      1:     0x61a6d19d5a21 - std[3164a59e47d3bde]::backtrace_rs::backtrace::trace_unsynchronized::<std[3164a59e47d3bde]::sys::backtrace::_print_fmt::{closure#1}>
[INFO] [stderr]                                  at /rustc/3154cc1a3e6424e44f438a95007d043ed5ceaaf6/library/std/src/../../backtrace/src/backtrace/mod.rs:66:14
[INFO] [stderr]      2:     0x61a6d19d5a21 - std[3164a59e47d3bde]::sys::backtrace::_print_fmt
[INFO] [stderr]                                  at /rustc/3154cc1a3e6424e44f438a95007d043ed5ceaaf6/library/std/src/sys/backtrace.rs:74:9
[INFO] [stderr]      3:     0x61a6d19d5a21 - <<std[3164a59e47d3bde]::sys::backtrace::BacktraceLock>::print::DisplayBacktrace as core[934024a1e6126fb4]::fmt::Display>::fmt
[INFO] [stderr]                                  at /rustc/3154cc1a3e6424e44f438a95007d043ed5ceaaf6/library/std/src/sys/backtrace.rs:44:26
[INFO] [stderr]      4:     0x61a6d19e8f5a - <core[934024a1e6126fb4]::fmt::rt::Argument>::fmt
[INFO] [stderr]                                  at /rustc/3154cc1a3e6424e44f438a95007d043ed5ceaaf6/library/core/src/fmt/rt.rs:152:76
[INFO] [stderr]      5:     0x61a6d19e8f5a - core[934024a1e6126fb4]::fmt::write
[INFO] [stderr]      6:     0x61a6d19db25c - core[934024a1e6126fb4]::io::write::default_write_fmt::<std[3164a59e47d3bde]::sys::stdio::unix::Stderr>
[INFO] [stderr]                                  at /rustc/3154cc1a3e6424e44f438a95007d043ed5ceaaf6/library/core/src/io/write.rs:402:11
[INFO] [stderr]      7:     0x61a6d19db25c - <std[3164a59e47d3bde]::sys::stdio::unix::Stderr as core[934024a1e6126fb4]::io::write::Write>::write_fmt
[INFO] [stderr]                                  at /rustc/3154cc1a3e6424e44f438a95007d043ed5ceaaf6/library/core/src/io/write.rs:335:13
[INFO] [stderr]      8:     0x61a6d19b5696 - <std[3164a59e47d3bde]::sys::backtrace::BacktraceLock>::print
[INFO] [stderr]                                  at /rustc/3154cc1a3e6424e44f438a95007d043ed5ceaaf6/library/std/src/sys/backtrace.rs:47:9
[INFO] [stderr]      9:     0x61a6d19b5696 - std[3164a59e47d3bde]::panicking::default_hook::{closure#0}
[INFO] [stderr]                                  at /rustc/3154cc1a3e6424e44f438a95007d043ed5ceaaf6/library/std/src/panicking.rs:289:27
[INFO] [stderr]     10:     0x61a6d19d0de1 - std[3164a59e47d3bde]::panicking::default_hook
[INFO] [stderr]                                  at /rustc/3154cc1a3e6424e44f438a95007d043ed5ceaaf6/library/std/src/panicking.rs:316:9
[INFO] [stderr]     11:     0x61a6d19d0f9b - std[3164a59e47d3bde]::panicking::panic_with_hook
[INFO] [stderr]                                  at /rustc/3154cc1a3e6424e44f438a95007d043ed5ceaaf6/library/std/src/panicking.rs:811:13
[INFO] [stderr]     12:     0x61a6d19b5774 - std[3164a59e47d3bde]::panicking::panic_handler::{closure#0}
[INFO] [stderr]                                  at /rustc/3154cc1a3e6424e44f438a95007d043ed5ceaaf6/library/std/src/panicking.rs:678:13
[INFO] [stderr]     13:     0x61a6d19ae509 - std[3164a59e47d3bde]::sys::backtrace::__rust_end_short_backtrace::<std[3164a59e47d3bde]::panicking::panic_handler::{closure#0}, !>
[INFO] [stderr]                                  at /rustc/3154cc1a3e6424e44f438a95007d043ed5ceaaf6/library/std/src/sys/backtrace.rs:182:18
[INFO] [stderr]     14:     0x61a6d19b5f5d - __rustc[2e7b49d4226056d3]::rust_begin_unwind
[INFO] [stderr]                                  at /rustc/3154cc1a3e6424e44f438a95007d043ed5ceaaf6/library/std/src/panicking.rs:676:5
[INFO] [stderr]     15:     0x61a6d19e96cc - core[934024a1e6126fb4]::panicking::panic_fmt
[INFO] [stderr]                                  at /rustc/3154cc1a3e6424e44f438a95007d043ed5ceaaf6/library/core/src/panicking.rs:80:14
[INFO] [stderr]     16:     0x61a6d1996163 - build_script_build[e38e2e05f59780b1]::build_bios_stage_3
[INFO] [stderr]     17:     0x61a6d199ace1 - <build_script_build[e38e2e05f59780b1]::build_bios_stage_3 as core[934024a1e6126fb4]::ops::function::FnOnce<()>>::call_once
[INFO] [stderr]     18:     0x61a6d198f6b1 - std[3164a59e47d3bde]::sys::backtrace::__rust_begin_short_backtrace::<build_script_build[e38e2e05f59780b1]::build_bios_stage_3, std[3164a59e47d3bde]::path::PathBuf>
[INFO] [stderr]     19:     0x61a6d199455d - std[3164a59e47d3bde]::thread::lifecycle::spawn_unchecked::<build_script_build[e38e2e05f59780b1]::build_bios_stage_3, std[3164a59e47d3bde]::path::PathBuf>::{closure#1}::{closure#0}
[INFO] [stderr]     20:     0x61a6d199a929 - <core[934024a1e6126fb4]::panic::unwind_safe::AssertUnwindSafe<std[3164a59e47d3bde]::thread::lifecycle::spawn_unchecked<build_script_build[e38e2e05f59780b1]::build_bios_stage_3, std[3164a59e47d3bde]::path::PathBuf>::{closure#1}::{closure#0}> as core[934024a1e6126fb4]::ops::function::FnOnce<()>>::call_once
[INFO] [stderr]     21:     0x61a6d19929aa - std[3164a59e47d3bde]::panicking::catch_unwind::do_call::<core[934024a1e6126fb4]::panic::unwind_safe::AssertUnwindSafe<std[3164a59e47d3bde]::thread::lifecycle::spawn_unchecked<build_script_build[e38e2e05f59780b1]::build_bios_stage_3, std[3164a59e47d3bde]::path::PathBuf>::{closure#1}::{closure#0}>, std[3164a59e47d3bde]::path::PathBuf>
[INFO] [stderr]     22:     0x61a6d199ad5b - __rust_try
[INFO] [stderr]     23:     0x61a6d19933ae - std[3164a59e47d3bde]::thread::lifecycle::spawn_unchecked::<build_script_build[e38e2e05f59780b1]::build_bios_stage_3, std[3164a59e47d3bde]::path::PathBuf>::{closure#1}
[INFO] [stderr]     24:     0x61a6d1994fae - <std[3164a59e47d3bde]::thread::lifecycle::spawn_unchecked<build_script_build[e38e2e05f59780b1]::build_bios_stage_3, std[3164a59e47d3bde]::path::PathBuf>::{closure#1} as core[934024a1e6126fb4]::ops::function::FnOnce<()>>::call_once::{shim:vtable#0}
[INFO] [stderr]     25:     0x61a6d19d51ff - <alloc[b96ed41a801e996d]::boxed::Box<dyn core[934024a1e6126fb4]::ops::function::FnOnce<(), Output = ()> + core[934024a1e6126fb4]::marker::Send> as core[934024a1e6126fb4]::ops::function::FnOnce<()>>::call_once
[INFO] [stderr]                                  at /rustc/3154cc1a3e6424e44f438a95007d043ed5ceaaf6/library/alloc/src/boxed.rs:2314:9
[INFO] [stderr]     26:     0x61a6d19d51ff - <std[3164a59e47d3bde]::sys::thread::unix::Thread>::new::thread_start
[INFO] [stderr]                                  at /rustc/3154cc1a3e6424e44f438a95007d043ed5ceaaf6/library/std/src/sys/thread/unix.rs:127:17
[INFO] [stderr]     27:     0x7611f6201dfa - <unknown>
[INFO] [stderr]     28:     0x7611f62953d4 - clone
[INFO] [stderr]     29:                0x0 - <unknown>
[INFO] [stderr]   error: download of config.json failed
[INFO] [stderr] 
[INFO] [stderr]   Caused by:
[INFO] [stderr]     [6] Could not resolve hostname (Could not resolve host: index.crates.io)
[INFO] [stderr] 
[INFO] [stderr]   thread '<unnamed>' (194) panicked at /opt/rustwide/cargo-home/registry/src/index.crates.io-1949cf8c6b5b557f/bootloader-0.11.17/build.rs:365:9:
[INFO] [stderr]   failed to build bios stage-4
[INFO] [stderr]   stack backtrace:
[INFO] [stderr]      0:     0x61a6d19d5a21 - std[3164a59e47d3bde]::backtrace_rs::backtrace::libunwind::trace
[INFO] [stderr]                                  at /rustc/3154cc1a3e6424e44f438a95007d043ed5ceaaf6/library/std/src/../../backtrace/src/backtrace/libunwind.rs:117:9
[INFO] [stderr]      1:     0x61a6d19d5a21 - std[3164a59e47d3bde]::backtrace_rs::backtrace::trace_unsynchronized::<std[3164a59e47d3bde]::sys::backtrace::_print_fmt::{closure#1}>
[INFO] [stderr]                                  at /rustc/3154cc1a3e6424e44f438a95007d043ed5ceaaf6/library/std/src/../../backtrace/src/backtrace/mod.rs:66:14
[INFO] [stderr]      2:     0x61a6d19d5a21 - std[3164a59e47d3bde]::sys::backtrace::_print_fmt
[INFO] [stderr]                                  at /rustc/3154cc1a3e6424e44f438a95007d043ed5ceaaf6/library/std/src/sys/backtrace.rs:74:9
[INFO] [stderr]      3:     0x61a6d19d5a21 - <<std[3164a59e47d3bde]::sys::backtrace::BacktraceLock>::print::DisplayBacktrace as core[934024a1e6126fb4]::fmt::Display>::fmt
[INFO] [stderr]                                  at /rustc/3154cc1a3e6424e44f438a95007d043ed5ceaaf6/library/std/src/sys/backtrace.rs:44:26
[INFO] [stderr]      4:     0x61a6d19e8f5a - <core[934024a1e6126fb4]::fmt::rt::Argument>::fmt
[INFO] [stderr]                                  at /rustc/3154cc1a3e6424e44f438a95007d043ed5ceaaf6/library/core/src/fmt/rt.rs:152:76
[INFO] [stderr]      5:     0x61a6d19e8f5a - core[934024a1e6126fb4]::fmt::write
[INFO] [stderr]      6:     0x61a6d19db25c - core[934024a1e6126fb4]::io::write::default_write_fmt::<std[3164a59e47d3bde]::sys::stdio::unix::Stderr>
[INFO] [stderr]                                  at /rustc/3154cc1a3e6424e44f438a95007d043ed5ceaaf6/library/core/src/io/write.rs:402:11
[INFO] [stderr]      7:     0x61a6d19db25c - <std[3164a59e47d3bde]::sys::stdio::unix::Stderr as core[934024a1e6126fb4]::io::write::Write>::write_fmt
[INFO] [stderr]                                  at /rustc/3154cc1a3e6424e44f438a95007d043ed5ceaaf6/library/core/src/io/write.rs:335:13
[INFO] [stderr]      8:     0x61a6d19b5696 - <std[3164a59e47d3bde]::sys::backtrace::BacktraceLock>::print
[INFO] [stderr]                                  at /rustc/3154cc1a3e6424e44f438a95007d043ed5ceaaf6/library/std/src/sys/backtrace.rs:47:9
[INFO] [stderr]      9:     0x61a6d19b5696 - std[3164a59e47d3bde]::panicking::default_hook::{closure#0}
[INFO] [stderr]                                  at /rustc/3154cc1a3e6424e44f438a95007d043ed5ceaaf6/library/std/src/panicking.rs:289:27
[INFO] [stderr]     10:     0x61a6d19d0de1 - std[3164a59e47d3bde]::panicking::default_hook
[INFO] [stderr]                                  at /rustc/3154cc1a3e6424e44f438a95007d043ed5ceaaf6/library/std/src/panicking.rs:316:9
[INFO] [stderr]     11:     0x61a6d19d0f9b - std[3164a59e47d3bde]::panicking::panic_with_hook
[INFO] [stderr]                                  at /rustc/3154cc1a3e6424e44f438a95007d043ed5ceaaf6/library/std/src/panicking.rs:811:13
[INFO] [stderr]     12:     0x61a6d19b5774 - std[3164a59e47d3bde]::panicking::panic_handler::{closure#0}
[INFO] [stderr]                                  at /rustc/3154cc1a3e6424e44f438a95007d043ed5ceaaf6/library/std/src/panicking.rs:678:13
[INFO] [stderr]     13:     0x61a6d19ae509 - std[3164a59e47d3bde]::sys::backtrace::__rust_end_short_backtrace::<std[3164a59e47d3bde]::panicking::panic_handler::{closure#0}, !>
[INFO] [stderr]                                  at /rustc/3154cc1a3e6424e44f438a95007d043ed5ceaaf6/library/std/src/sys/backtrace.rs:182:18
[INFO] [stderr]     14:     0x61a6d19b5f5d - __rustc[2e7b49d4226056d3]::rust_begin_unwind
[INFO] [stderr]                                  at /rustc/3154cc1a3e6424e44f438a95007d043ed5ceaaf6/library/std/src/panicking.rs:676:5
[INFO] [stderr]     15:     0x61a6d19e96cc - core[934024a1e6126fb4]::panicking::panic_fmt
[INFO] [stderr]                                  at /rustc/3154cc1a3e6424e44f438a95007d043ed5ceaaf6/library/core/src/panicking.rs:80:14
[INFO] [stderr]     16:     0x61a6d1996a93 - build_script_build[e38e2e05f59780b1]::build_bios_stage_4
[INFO] [stderr]     17:     0x61a6d199ad01 - <build_script_build[e38e2e05f59780b1]::build_bios_stage_4 as core[934024a1e6126fb4]::ops::function::FnOnce<()>>::call_once
[INFO] [stderr]     18:     0x61a6d198f6d1 - std[3164a59e47d3bde]::sys::backtrace::__rust_begin_short_backtrace::<build_script_build[e38e2e05f59780b1]::build_bios_stage_4, std[3164a59e47d3bde]::path::PathBuf>
[INFO] [stderr]     19:     0x61a6d19946dd - std[3164a59e47d3bde]::thread::lifecycle::spawn_unchecked::<build_script_build[e38e2e05f59780b1]::build_bios_stage_4, std[3164a59e47d3bde]::path::PathBuf>::{closure#1}::{closure#0}
[INFO] [stderr]     20:     0x61a6d199a979 - <core[934024a1e6126fb4]::panic::unwind_safe::AssertUnwindSafe<std[3164a59e47d3bde]::thread::lifecycle::spawn_unchecked<build_script_build[e38e2e05f59780b1]::build_bios_stage_4, std[3164a59e47d3bde]::path::PathBuf>::{closure#1}::{closure#0}> as core[934024a1e6126fb4]::ops::function::FnOnce<()>>::call_once
[INFO] [stderr]     21:     0x61a6d1992a2a - std[3164a59e47d3bde]::panicking::catch_unwind::do_call::<core[934024a1e6126fb4]::panic::unwind_safe::AssertUnwindSafe<std[3164a59e47d3bde]::thread::lifecycle::spawn_unchecked<build_script_build[e38e2e05f59780b1]::build_bios_stage_4, std[3164a59e47d3bde]::path::PathBuf>::{closure#1}::{closure#0}>, std[3164a59e47d3bde]::path::PathBuf>
[INFO] [stderr]     22:     0x61a6d199ad5b - __rust_try
[INFO] [stderr]     23:     0x61a6d199372e - std[3164a59e47d3bde]::thread::lifecycle::spawn_unchecked::<build_script_build[e38e2e05f59780b1]::build_bios_stage_4, std[3164a59e47d3bde]::path::PathBuf>::{closure#1}
[INFO] [stderr]     24:     0x61a6d1994fb6 - <std[3164a59e47d3bde]::thread::lifecycle::spawn_unchecked<build_script_build[e38e2e05f59780b1]::build_bios_stage_4, std[3164a59e47d3bde]::path::PathBuf>::{closure#1} as core[934024a1e6126fb4]::ops::function::FnOnce<()>>::call_once::{shim:vtable#0}
[INFO] [stderr]     25:     0x61a6d19d51ff - <alloc[b96ed41a801e996d]::boxed::Box<dyn core[934024a1e6126fb4]::ops::function::FnOnce<(), Output = ()> + core[934024a1e6126fb4]::marker::Send> as core[934024a1e6126fb4]::ops::function::FnOnce<()>>::call_once
[INFO] [stderr]                                  at /rustc/3154cc1a3e6424e44f438a95007d043ed5ceaaf6/library/alloc/src/boxed.rs:2314:9
[INFO] [stderr]     26:     0x61a6d19d51ff - <std[3164a59e47d3bde]::sys::thread::unix::Thread>::new::thread_start
[INFO] [stderr]                                  at /rustc/3154cc1a3e6424e44f438a95007d043ed5ceaaf6/library/std/src/sys/thread/unix.rs:127:17
[INFO] [stderr]     27:     0x7611f6201dfa - <unknown>
[INFO] [stderr]     28:     0x7611f62953d4 - clone
[INFO] [stderr]     29:                0x0 - <unknown>
[INFO] [stderr]   error: download of config.json failed
[INFO] [stderr] 
[INFO] [stderr]   Caused by:
[INFO] [stderr]     [6] Could not resolve hostname (Could not resolve host: index.crates.io)
[INFO] [stderr] 
[INFO] [stderr]   thread '<unnamed>' (192) panicked at /opt/rustwide/cargo-home/registry/src/index.crates.io-1949cf8c6b5b557f/bootloader-0.11.17/build.rs:235:9:
[INFO] [stderr]   failed to build bios second stage
[INFO] [stderr]   stack backtrace:
[INFO] [stderr]      0:     0x61a6d19d5a21 - std[3164a59e47d3bde]::backtrace_rs::backtrace::libunwind::trace
[INFO] [stderr]                                  at /rustc/3154cc1a3e6424e44f438a95007d043ed5ceaaf6/library/std/src/../../backtrace/src/backtrace/libunwind.rs:117:9
[INFO] [stderr]      1:     0x61a6d19d5a21 - std[3164a59e47d3bde]::backtrace_rs::backtrace::trace_unsynchronized::<std[3164a59e47d3bde]::sys::backtrace::_print_fmt::{closure#1}>
[INFO] [stderr]                                  at /rustc/3154cc1a3e6424e44f438a95007d043ed5ceaaf6/library/std/src/../../backtrace/src/backtrace/mod.rs:66:14
[INFO] [stderr]      2:     0x61a6d19d5a21 - std[3164a59e47d3bde]::sys::backtrace::_print_fmt
[INFO] [stderr]                                  at /rustc/3154cc1a3e6424e44f438a95007d043ed5ceaaf6/library/std/src/sys/backtrace.rs:74:9
[INFO] [stderr]      3:     0x61a6d19d5a21 - <<std[3164a59e47d3bde]::sys::backtrace::BacktraceLock>::print::DisplayBacktrace as core[934024a1e6126fb4]::fmt::Display>::fmt
[INFO] [stderr]                                  at /rustc/3154cc1a3e6424e44f438a95007d043ed5ceaaf6/library/std/src/sys/backtrace.rs:44:26
[INFO] [stderr]      4:     0x61a6d19e8f5a - <core[934024a1e6126fb4]::fmt::rt::Argument>::fmt
[INFO] [stderr]                                  at /rustc/3154cc1a3e6424e44f438a95007d043ed5ceaaf6/library/core/src/fmt/rt.rs:152:76
[INFO] [stderr]      5:     0x61a6d19e8f5a - core[934024a1e6126fb4]::fmt::write
[INFO] [stderr]      6:     0x61a6d19db25c - core[934024a1e6126fb4]::io::write::default_write_fmt::<std[3164a59e47d3bde]::sys::stdio::unix::Stderr>
[INFO] [stderr]                                  at /rustc/3154cc1a3e6424e44f438a95007d043ed5ceaaf6/library/core/src/io/write.rs:402:11
[INFO] [stderr]      7:     0x61a6d19db25c - <std[3164a59e47d3bde]::sys::stdio::unix::Stderr as core[934024a1e6126fb4]::io::write::Write>::write_fmt
[INFO] [stderr]                                  at /rustc/3154cc1a3e6424e44f438a95007d043ed5ceaaf6/library/core/src/io/write.rs:335:13
[INFO] [stderr]      8:     0x61a6d19b5696 - <std[3164a59e47d3bde]::sys::backtrace::BacktraceLock>::print
[INFO] [stderr]                                  at /rustc/3154cc1a3e6424e44f438a95007d043ed5ceaaf6/library/std/src/sys/backtrace.rs:47:9
[INFO] [stderr]      9:     0x61a6d19b5696 - std[3164a59e47d3bde]::panicking::default_hook::{closure#0}
[INFO] [stderr]                                  at /rustc/3154cc1a3e6424e44f438a95007d043ed5ceaaf6/library/std/src/panicking.rs:289:27
[INFO] [stderr]     10:     0x61a6d19d0de1 - std[3164a59e47d3bde]::panicking::default_hook
[INFO] [stderr]                                  at /rustc/3154cc1a3e6424e44f438a95007d043ed5ceaaf6/library/std/src/panicking.rs:316:9
[INFO] [stderr]     11:     0x61a6d19d0f9b - std[3164a59e47d3bde]::panicking::panic_with_hook
[INFO] [stderr]                                  at /rustc/3154cc1a3e6424e44f438a95007d043ed5ceaaf6/library/std/src/panicking.rs:811:13
[INFO] [stderr]     12:     0x61a6d19b5774 - std[3164a59e47d3bde]::panicking::panic_handler::{closure#0}
[INFO] [stderr]                                  at /rustc/3154cc1a3e6424e44f438a95007d043ed5ceaaf6/library/std/src/panicking.rs:678:13
[INFO] [stderr]     13:     0x61a6d19ae509 - std[3164a59e47d3bde]::sys::backtrace::__rust_end_short_backtrace::<std[3164a59e47d3bde]::panicking::panic_handler::{closure#0}, !>
[INFO] [stderr]                                  at /rustc/3154cc1a3e6424e44f438a95007d043ed5ceaaf6/library/std/src/sys/backtrace.rs:182:18
[INFO] [stderr]     14:     0x61a6d19b5f5d - __rustc[2e7b49d4226056d3]::rust_begin_unwind
[INFO] [stderr]                                  at /rustc/3154cc1a3e6424e44f438a95007d043ed5ceaaf6/library/std/src/panicking.rs:676:5
[INFO] [stderr]     15:     0x61a6d19e96cc - core[934024a1e6126fb4]::panicking::panic_fmt
[INFO] [stderr]                                  at /rustc/3154cc1a3e6424e44f438a95007d043ed5ceaaf6/library/core/src/panicking.rs:80:14
[INFO] [stderr]     16:     0x61a6d1995839 - build_script_build[e38e2e05f59780b1]::build_bios_stage_2
[INFO] [stderr]     17:     0x61a6d199acc1 - <build_script_build[e38e2e05f59780b1]::build_bios_stage_2 as core[934024a1e6126fb4]::ops::function::FnOnce<()>>::call_once
[INFO] [stderr]     18:     0x61a6d198f691 - std[3164a59e47d3bde]::sys::backtrace::__rust_begin_short_backtrace::<build_script_build[e38e2e05f59780b1]::build_bios_stage_2, std[3164a59e47d3bde]::path::PathBuf>
[INFO] [stderr]     19:     0x61a6d19943dd - std[3164a59e47d3bde]::thread::lifecycle::spawn_unchecked::<build_script_build[e38e2e05f59780b1]::build_bios_stage_2, std[3164a59e47d3bde]::path::PathBuf>::{closure#1}::{closure#0}
[INFO] [stderr]     20:     0x61a6d199a8d9 - <core[934024a1e6126fb4]::panic::unwind_safe::AssertUnwindSafe<std[3164a59e47d3bde]::thread::lifecycle::spawn_unchecked<build_script_build[e38e2e05f59780b1]::build_bios_stage_2, std[3164a59e47d3bde]::path::PathBuf>::{closure#1}::{closure#0}> as core[934024a1e6126fb4]::ops::function::FnOnce<()>>::call_once
[INFO] [stderr]     21:     0x61a6d199292a - std[3164a59e47d3bde]::panicking::catch_unwind::do_call::<core[934024a1e6126fb4]::panic::unwind_safe::AssertUnwindSafe<std[3164a59e47d3bde]::thread::lifecycle::spawn_unchecked<build_script_build[e38e2e05f59780b1]::build_bios_stage_2, std[3164a59e47d3bde]::path::PathBuf>::{closure#1}::{closure#0}>, std[3164a59e47d3bde]::path::PathBuf>
[INFO] [stderr]     22:     0x61a6d199ad5b - __rust_try
[INFO] [stderr]     23:     0x61a6d199302e - std[3164a59e47d3bde]::thread::lifecycle::spawn_unchecked::<build_script_build[e38e2e05f59780b1]::build_bios_stage_2, std[3164a59e47d3bde]::path::PathBuf>::{closure#1}
[INFO] [stderr]     24:     0x61a6d1994fa6 - <std[3164a59e47d3bde]::thread::lifecycle::spawn_unchecked<build_script_build[e38e2e05f59780b1]::build_bios_stage_2, std[3164a59e47d3bde]::path::PathBuf>::{closure#1} as core[934024a1e6126fb4]::ops::function::FnOnce<()>>::call_once::{shim:vtable#0}
[INFO] [stderr]     25:     0x61a6d19d51ff - <alloc[b96ed41a801e996d]::boxed::Box<dyn core[934024a1e6126fb4]::ops::function::FnOnce<(), Output = ()> + core[934024a1e6126fb4]::marker::Send> as core[934024a1e6126fb4]::ops::function::FnOnce<()>>::call_once
[INFO] [stderr]                                  at /rustc/3154cc1a3e6424e44f438a95007d043ed5ceaaf6/library/alloc/src/boxed.rs:2314:9
[INFO] [stderr]     26:     0x61a6d19d51ff - <std[3164a59e47d3bde]::sys::thread::unix::Thread>::new::thread_start
[INFO] [stderr]                                  at /rustc/3154cc1a3e6424e44f438a95007d043ed5ceaaf6/library/std/src/sys/thread/unix.rs:127:17
[INFO] [stderr]     27:     0x7611f6201dfa - <unknown>
[INFO] [stderr]     28:     0x7611f62953d4 - clone
[INFO] [stderr]     29:                0x0 - <unknown>
[INFO] [stderr]   error: download of config.json failed
[INFO] [stderr] 
[INFO] [stderr]   Caused by:
[INFO] [stderr]     [6] Could not resolve hostname (Could not resolve host: index.crates.io)
[INFO] [stderr] 
[INFO] [stderr]   thread '<unnamed>' (191) panicked at /opt/rustwide/cargo-home/registry/src/index.crates.io-1949cf8c6b5b557f/bootloader-0.11.17/build.rs:166:9:
[INFO] [stderr]   failed to build bios boot sector
[INFO] [stderr]   stack backtrace:
[INFO] [stderr]      0:     0x61a6d19d5a21 - std[3164a59e47d3bde]::backtrace_rs::backtrace::libunwind::trace
[INFO] [stderr]                                  at /rustc/3154cc1a3e6424e44f438a95007d043ed5ceaaf6/library/std/src/../../backtrace/src/backtrace/libunwind.rs:117:9
[INFO] [stderr]      1:     0x61a6d19d5a21 - std[3164a59e47d3bde]::backtrace_rs::backtrace::trace_unsynchronized::<std[3164a59e47d3bde]::sys::backtrace::_print_fmt::{closure#1}>
[INFO] [stderr]                                  at /rustc/3154cc1a3e6424e44f438a95007d043ed5ceaaf6/library/std/src/../../backtrace/src/backtrace/mod.rs:66:14
[INFO] [stderr]      2:     0x61a6d19d5a21 - std[3164a59e47d3bde]::sys::backtrace::_print_fmt
[INFO] [stderr]                                  at /rustc/3154cc1a3e6424e44f438a95007d043ed5ceaaf6/library/std/src/sys/backtrace.rs:74:9
[INFO] [stderr]      3:     0x61a6d19d5a21 - <<std[3164a59e47d3bde]::sys::backtrace::BacktraceLock>::print::DisplayBacktrace as core[934024a1e6126fb4]::fmt::Display>::fmt
[INFO] [stderr]                                  at /rustc/3154cc1a3e6424e44f438a95007d043ed5ceaaf6/library/std/src/sys/backtrace.rs:44:26
[INFO] [stderr]      4:     0x61a6d19e8f5a - <core[934024a1e6126fb4]::fmt::rt::Argument>::fmt
[INFO] [stderr]                                  at /rustc/3154cc1a3e6424e44f438a95007d043ed5ceaaf6/library/core/src/fmt/rt.rs:152:76
[INFO] [stderr]      5:     0x61a6d19e8f5a - core[934024a1e6126fb4]::fmt::write
[INFO] [stderr]      6:     0x61a6d19db25c - core[934024a1e6126fb4]::io::write::default_write_fmt::<std[3164a59e47d3bde]::sys::stdio::unix::Stderr>
[INFO] [stderr]                                  at /rustc/3154cc1a3e6424e44f438a95007d043ed5ceaaf6/library/core/src/io/write.rs:402:11
[INFO] [stderr]      7:     0x61a6d19db25c - <std[3164a59e47d3bde]::sys::stdio::unix::Stderr as core[934024a1e6126fb4]::io::write::Write>::write_fmt
[INFO] [stderr]                                  at /rustc/3154cc1a3e6424e44f438a95007d043ed5ceaaf6/library/core/src/io/write.rs:335:13
[INFO] [stderr]      8:     0x61a6d19b5696 - <std[3164a59e47d3bde]::sys::backtrace::BacktraceLock>::print
[INFO] [stderr]                                  at /rustc/3154cc1a3e6424e44f438a95007d043ed5ceaaf6/library/std/src/sys/backtrace.rs:47:9
[INFO] [stderr]      9:     0x61a6d19b5696 - std[3164a59e47d3bde]::panicking::default_hook::{closure#0}
[INFO] [stderr]                                  at /rustc/3154cc1a3e6424e44f438a95007d043ed5ceaaf6/library/std/src/panicking.rs:289:27
[INFO] [stderr]     10:     0x61a6d19d0de1 - std[3164a59e47d3bde]::panicking::default_hook
[INFO] [stderr]                                  at /rustc/3154cc1a3e6424e44f438a95007d043ed5ceaaf6/library/std/src/panicking.rs:316:9
[INFO] [stderr]     11:     0x61a6d19d0f9b - std[3164a59e47d3bde]::panicking::panic_with_hook
[INFO] [stderr]                                  at /rustc/3154cc1a3e6424e44f438a95007d043ed5ceaaf6/library/std/src/panicking.rs:811:13
[INFO] [stderr]     12:     0x61a6d19b5774 - std[3164a59e47d3bde]::panicking::panic_handler::{closure#0}
[INFO] [stderr]                                  at /rustc/3154cc1a3e6424e44f438a95007d043ed5ceaaf6/library/std/src/panicking.rs:678:13
[INFO] [stderr]     13:     0x61a6d19ae509 - std[3164a59e47d3bde]::sys::backtrace::__rust_end_short_backtrace::<std[3164a59e47d3bde]::panicking::panic_handler::{closure#0}, !>
[INFO] [stderr]                                  at /rustc/3154cc1a3e6424e44f438a95007d043ed5ceaaf6/library/std/src/sys/backtrace.rs:182:18
[INFO] [stderr]     14:     0x61a6d19b5f5d - __rustc[2e7b49d4226056d3]::rust_begin_unwind
[INFO] [stderr]                                  at /rustc/3154cc1a3e6424e44f438a95007d043ed5ceaaf6/library/std/src/panicking.rs:676:5
[INFO] [stderr]     15:     0x61a6d19e96cc - core[934024a1e6126fb4]::panicking::panic_fmt
[INFO] [stderr]                                  at /rustc/3154cc1a3e6424e44f438a95007d043ed5ceaaf6/library/core/src/panicking.rs:80:14
[INFO] [stderr]     16:     0x61a6d1997913 - build_script_build[e38e2e05f59780b1]::build_bios_boot_sector
[INFO] [stderr]     17:     0x61a6d199ad21 - <build_script_build[e38e2e05f59780b1]::build_bios_boot_sector as core[934024a1e6126fb4]::ops::function::FnOnce<()>>::call_once
[INFO] [stderr]     18:     0x61a6d198f6f1 - std[3164a59e47d3bde]::sys::backtrace::__rust_begin_short_backtrace::<build_script_build[e38e2e05f59780b1]::build_bios_boot_sector, std[3164a59e47d3bde]::path::PathBuf>
[INFO] [stderr]     19:     0x61a6d199485d - std[3164a59e47d3bde]::thread::lifecycle::spawn_unchecked::<build_script_build[e38e2e05f59780b1]::build_bios_boot_sector, std[3164a59e47d3bde]::path::PathBuf>::{closure#1}::{closure#0}
[INFO] [stderr]     20:     0x61a6d199a9c9 - <core[934024a1e6126fb4]::panic::unwind_safe::AssertUnwindSafe<std[3164a59e47d3bde]::thread::lifecycle::spawn_unchecked<build_script_build[e38e2e05f59780b1]::build_bios_boot_sector, std[3164a59e47d3bde]::path::PathBuf>::{closure#1}::{closure#0}> as core[934024a1e6126fb4]::ops::function::FnOnce<()>>::call_once
[INFO] [stderr]     21:     0x61a6d1992aaa - std[3164a59e47d3bde]::panicking::catch_unwind::do_call::<core[934024a1e6126fb4]::panic::unwind_safe::AssertUnwindSafe<std[3164a59e47d3bde]::thread::lifecycle::spawn_unchecked<build_script_build[e38e2e05f59780b1]::build_bios_boot_sector, std[3164a59e47d3bde]::path::PathBuf>::{closure#1}::{closure#0}>, std[3164a59e47d3bde]::path::PathBuf>
[INFO] [stderr]     22:     0x61a6d199ad5b - __rust_try
[INFO] [stderr]     23:     0x61a6d1993aae - std[3164a59e47d3bde]::thread::lifecycle::spawn_unchecked::<build_script_build[e38e2e05f59780b1]::build_bios_boot_sector, std[3164a59e47d3bde]::path::PathBuf>::{closure#1}
[INFO] [stderr]     24:     0x61a6d1994fbe - <std[3164a59e47d3bde]::thread::lifecycle::spawn_unchecked<build_script_build[e38e2e05f59780b1]::build_bios_boot_sector, std[3164a59e47d3bde]::path::PathBuf>::{closure#1} as core[934024a1e6126fb4]::ops::function::FnOnce<()>>::call_once::{shim:vtable#0}
[INFO] [stderr]     25:     0x61a6d19d51ff - <alloc[b96ed41a801e996d]::boxed::Box<dyn core[934024a1e6126fb4]::ops::function::FnOnce<(), Output = ()> + core[934024a1e6126fb4]::marker::Send> as core[934024a1e6126fb4]::ops::function::FnOnce<()>>::call_once
[INFO] [stderr]                                  at /rustc/3154cc1a3e6424e44f438a95007d043ed5ceaaf6/library/alloc/src/boxed.rs:2314:9
[INFO] [stderr]     26:     0x61a6d19d51ff - <std[3164a59e47d3bde]::sys::thread::unix::Thread>::new::thread_start
[INFO] [stderr]                                  at /rustc/3154cc1a3e6424e44f438a95007d043ed5ceaaf6/library/std/src/sys/thread/unix.rs:127:17
[INFO] [stderr]     27:     0x7611f6201dfa - <unknown>
[INFO] [stderr]     28:     0x7611f62953d4 - clone
[INFO] [stderr]     29:                0x0 - <unknown>
[INFO] [stderr] 
[INFO] [stderr]   thread '<unnamed>' (190) panicked at /opt/rustwide/cargo-home/registry/src/index.crates.io-1949cf8c6b5b557f/bootloader-0.11.17/build.rs:33:69:
[INFO] [stderr]   called `Result::unwrap()` on an `Err` value: Any { .. }
[INFO] [stderr]   stack backtrace:
[INFO] [stderr]      0:     0x61a6d19d5a21 - std[3164a59e47d3bde]::backtrace_rs::backtrace::libunwind::trace
[INFO] [stderr]                                  at /rustc/3154cc1a3e6424e44f438a95007d043ed5ceaaf6/library/std/src/../../backtrace/src/backtrace/libunwind.rs:117:9
[INFO] [stderr]      1:     0x61a6d19d5a21 - std[3164a59e47d3bde]::backtrace_rs::backtrace::trace_unsynchronized::<std[3164a59e47d3bde]::sys::backtrace::_print_fmt::{closure#1}>
[INFO] [stderr]                                  at /rustc/3154cc1a3e6424e44f438a95007d043ed5ceaaf6/library/std/src/../../backtrace/src/backtrace/mod.rs:66:14
[INFO] [stderr]      2:     0x61a6d19d5a21 - std[3164a59e47d3bde]::sys::backtrace::_print_fmt
[INFO] [stderr]                                  at /rustc/3154cc1a3e6424e44f438a95007d043ed5ceaaf6/library/std/src/sys/backtrace.rs:74:9
[INFO] [stderr]      3:     0x61a6d19d5a21 - <<std[3164a59e47d3bde]::sys::backtrace::BacktraceLock>::print::DisplayBacktrace as core[934024a1e6126fb4]::fmt::Display>::fmt
[INFO] [stderr]                                  at /rustc/3154cc1a3e6424e44f438a95007d043ed5ceaaf6/library/std/src/sys/backtrace.rs:44:26
[INFO] [stderr]      4:     0x61a6d19e8f5a - <core[934024a1e6126fb4]::fmt::rt::Argument>::fmt
[INFO] [stderr]                                  at /rustc/3154cc1a3e6424e44f438a95007d043ed5ceaaf6/library/core/src/fmt/rt.rs:152:76
[INFO] [stderr]      5:     0x61a6d19e8f5a - core[934024a1e6126fb4]::fmt::write
[INFO] [stderr]      6:     0x61a6d19db25c - core[934024a1e6126fb4]::io::write::default_write_fmt::<std[3164a59e47d3bde]::sys::stdio::unix::Stderr>
[INFO] [stderr]                                  at /rustc/3154cc1a3e6424e44f438a95007d043ed5ceaaf6/library/core/src/io/write.rs:402:11
[INFO] [stderr]      7:     0x61a6d19db25c - <std[3164a59e47d3bde]::sys::stdio::unix::Stderr as core[934024a1e6126fb4]::io::write::Write>::write_fmt
[INFO] [stderr]                                  at /rustc/3154cc1a3e6424e44f438a95007d043ed5ceaaf6/library/core/src/io/write.rs:335:13
[INFO] [stderr]      8:     0x61a6d19b5696 - <std[3164a59e47d3bde]::sys::backtrace::BacktraceLock>::print
[INFO] [stderr]                                  at /rustc/3154cc1a3e6424e44f438a95007d043ed5ceaaf6/library/std/src/sys/backtrace.rs:47:9
[INFO] [stderr]      9:     0x61a6d19b5696 - std[3164a59e47d3bde]::panicking::default_hook::{closure#0}
[INFO] [stderr]                                  at /rustc/3154cc1a3e6424e44f438a95007d043ed5ceaaf6/library/std/src/panicking.rs:289:27
[INFO] [stderr]     10:     0x61a6d19d0de1 - std[3164a59e47d3bde]::panicking::default_hook
[INFO] [stderr]                                  at /rustc/3154cc1a3e6424e44f438a95007d043ed5ceaaf6/library/std/src/panicking.rs:316:9
[INFO] [stderr]     11:     0x61a6d19d0f9b - std[3164a59e47d3bde]::panicking::panic_with_hook
[INFO] [stderr]                                  at /rustc/3154cc1a3e6424e44f438a95007d043ed5ceaaf6/library/std/src/panicking.rs:811:13
[INFO] [stderr]     12:     0x61a6d19b5742 - std[3164a59e47d3bde]::panicking::panic_handler::{closure#0}
[INFO] [stderr]                                  at /rustc/3154cc1a3e6424e44f438a95007d043ed5ceaaf6/library/std/src/panicking.rs:685:13
[INFO] [stderr]     13:     0x61a6d19ae509 - std[3164a59e47d3bde]::sys::backtrace::__rust_end_short_backtrace::<std[3164a59e47d3bde]::panicking::panic_handler::{closure#0}, !>
[INFO] [stderr]                                  at /rustc/3154cc1a3e6424e44f438a95007d043ed5ceaaf6/library/std/src/sys/backtrace.rs:182:18
[INFO] [stderr]     14:     0x61a6d19b5f5d - __rustc[2e7b49d4226056d3]::rust_begin_unwind
[INFO] [stderr]                                  at /rustc/3154cc1a3e6424e44f438a95007d043ed5ceaaf6/library/std/src/panicking.rs:676:5
[INFO] [stderr]     15:     0x61a6d19e96cc - core[934024a1e6126fb4]::panicking::panic_fmt
[INFO] [stderr]                                  at /rustc/3154cc1a3e6424e44f438a95007d043ed5ceaaf6/library/core/src/panicking.rs:80:14
[INFO] [stderr]     16:     0x61a6d19e94a2 - core[934024a1e6126fb4]::result::unwrap_failed
[INFO] [stderr]                                  at /rustc/3154cc1a3e6424e44f438a95007d043ed5ceaaf6/library/core/src/result.rs:1866:5
[INFO] [stderr]     17:     0x61a6d1998026 - build_script_build[e38e2e05f59780b1]::bios_main
[INFO] [stderr]     18:     0x61a6d199ad36 - <build_script_build[e38e2e05f59780b1]::bios_main as core[934024a1e6126fb4]::ops::function::FnOnce<()>>::call_once
[INFO] [stderr]     19:     0x61a6d198f706 - std[3164a59e47d3bde]::sys::backtrace::__rust_begin_short_backtrace::<build_script_build[e38e2e05f59780b1]::bios_main, ()>
[INFO] [stderr]     20:     0x61a6d19949cd - std[3164a59e47d3bde]::thread::lifecycle::spawn_unchecked::<build_script_build[e38e2e05f59780b1]::bios_main, ()>::{closure#1}::{closure#0}
[INFO] [stderr]     21:     0x61a6d199aa11 - <core[934024a1e6126fb4]::panic::unwind_safe::AssertUnwindSafe<std[3164a59e47d3bde]::thread::lifecycle::spawn_unchecked<build_script_build[e38e2e05f59780b1]::bios_main, ()>::{closure#1}::{closure#0}> as core[934024a1e6126fb4]::ops::function::FnOnce<()>>::call_once
[INFO] [stderr]     22:     0x61a6d1992b21 - std[3164a59e47d3bde]::panicking::catch_unwind::do_call::<core[934024a1e6126fb4]::panic::unwind_safe::AssertUnwindSafe<std[3164a59e47d3bde]::thread::lifecycle::spawn_unchecked<build_script_build[e38e2e05f59780b1]::bios_main, ()>::{closure#1}::{closure#0}>, ()>
[INFO] [stderr]     23:     0x61a6d199ad5b - __rust_try
[INFO] [stderr]     24:     0x61a6d1993e2e - std[3164a59e47d3bde]::thread::lifecycle::spawn_unchecked::<build_script_build[e38e2e05f59780b1]::bios_main, ()>::{closure#1}
[INFO] [stderr]     25:     0x61a6d1994fc6 - <std[3164a59e47d3bde]::thread::lifecycle::spawn_unchecked<build_script_build[e38e2e05f59780b1]::bios_main, ()>::{closure#1} as core[934024a1e6126fb4]::ops::function::FnOnce<()>>::call_once::{shim:vtable#0}
[INFO] [stderr]     26:     0x61a6d19d51ff - <alloc[b96ed41a801e996d]::boxed::Box<dyn core[934024a1e6126fb4]::ops::function::FnOnce<(), Output = ()> + core[934024a1e6126fb4]::marker::Send> as core[934024a1e6126fb4]::ops::function::FnOnce<()>>::call_once
[INFO] [stderr]                                  at /rustc/3154cc1a3e6424e44f438a95007d043ed5ceaaf6/library/alloc/src/boxed.rs:2314:9
[INFO] [stderr]     27:     0x61a6d19d51ff - <std[3164a59e47d3bde]::sys::thread::unix::Thread>::new::thread_start
[INFO] [stderr]                                  at /rustc/3154cc1a3e6424e44f438a95007d043ed5ceaaf6/library/std/src/sys/thread/unix.rs:127:17
[INFO] [stderr]     28:     0x7611f6201dfa - <unknown>
[INFO] [stderr]     29:     0x7611f62953d4 - clone
[INFO] [stderr]     30:                0x0 - <unknown>
[INFO] [stderr] 
[INFO] [stderr]   thread 'main' (188) panicked at /opt/rustwide/cargo-home/registry/src/index.crates.io-1949cf8c6b5b557f/bootloader-0.11.17/build.rs:17:29:
[INFO] [stderr]   called `Result::unwrap()` on an `Err` value: Any { .. }
[INFO] [stderr]   stack backtrace:
[INFO] [stderr]      0:     0x61a6d19d5a21 - std[3164a59e47d3bde]::backtrace_rs::backtrace::libunwind::trace
[INFO] [stderr]                                  at /rustc/3154cc1a3e6424e44f438a95007d043ed5ceaaf6/library/std/src/../../backtrace/src/backtrace/libunwind.rs:117:9
[INFO] [stderr]      1:     0x61a6d19d5a21 - std[3164a59e47d3bde]::backtrace_rs::backtrace::trace_unsynchronized::<std[3164a59e47d3bde]::sys::backtrace::_print_fmt::{closure#1}>
[INFO] [stderr]                                  at /rustc/3154cc1a3e6424e44f438a95007d043ed5ceaaf6/library/std/src/../../backtrace/src/backtrace/mod.rs:66:14
[INFO] [stderr]      2:     0x61a6d19d5a21 - std[3164a59e47d3bde]::sys::backtrace::_print_fmt
[INFO] [stderr]                                  at /rustc/3154cc1a3e6424e44f438a95007d043ed5ceaaf6/library/std/src/sys/backtrace.rs:74:9
[INFO] [stderr]      3:     0x61a6d19d5a21 - <<std[3164a59e47d3bde]::sys::backtrace::BacktraceLock>::print::DisplayBacktrace as core[934024a1e6126fb4]::fmt::Display>::fmt
[INFO] [stderr]                                  at /rustc/3154cc1a3e6424e44f438a95007d043ed5ceaaf6/library/std/src/sys/backtrace.rs:44:26
[INFO] [stderr]      4:     0x61a6d19e8f5a - <core[934024a1e6126fb4]::fmt::rt::Argument>::fmt
[INFO] [stderr]                                  at /rustc/3154cc1a3e6424e44f438a95007d043ed5ceaaf6/library/core/src/fmt/rt.rs:152:76
[INFO] [stderr]      5:     0x61a6d19e8f5a - core[934024a1e6126fb4]::fmt::write
[INFO] [stderr]      6:     0x61a6d19db25c - core[934024a1e6126fb4]::io::write::default_write_fmt::<std[3164a59e47d3bde]::sys::stdio::unix::Stderr>
[INFO] [stderr]                                  at /rustc/3154cc1a3e6424e44f438a95007d043ed5ceaaf6/library/core/src/io/write.rs:402:11
[INFO] [stderr]      7:     0x61a6d19db25c - <std[3164a59e47d3bde]::sys::stdio::unix::Stderr as core[934024a1e6126fb4]::io::write::Write>::write_fmt
[INFO] [stderr]                                  at /rustc/3154cc1a3e6424e44f438a95007d043ed5ceaaf6/library/core/src/io/write.rs:335:13
[INFO] [stderr]      8:     0x61a6d19b5696 - <std[3164a59e47d3bde]::sys::backtrace::BacktraceLock>::print
[INFO] [stderr]                                  at /rustc/3154cc1a3e6424e44f438a95007d043ed5ceaaf6/library/std/src/sys/backtrace.rs:47:9
[INFO] [stderr]      9:     0x61a6d19b5696 - std[3164a59e47d3bde]::panicking::default_hook::{closure#0}
[INFO] [stderr]                                  at /rustc/3154cc1a3e6424e44f438a95007d043ed5ceaaf6/library/std/src/panicking.rs:289:27
[INFO] [stderr]     10:     0x61a6d19d0de1 - std[3164a59e47d3bde]::panicking::default_hook
[INFO] [stderr]                                  at /rustc/3154cc1a3e6424e44f438a95007d043ed5ceaaf6/library/std/src/panicking.rs:316:9
[INFO] [stderr]     11:     0x61a6d19d0f9b - std[3164a59e47d3bde]::panicking::panic_with_hook
[INFO] [stderr]                                  at /rustc/3154cc1a3e6424e44f438a95007d043ed5ceaaf6/library/std/src/panicking.rs:811:13
[INFO] [stderr]     12:     0x61a6d19b5742 - std[3164a59e47d3bde]::panicking::panic_handler::{closure#0}
[INFO] [stderr]                                  at /rustc/3154cc1a3e6424e44f438a95007d043ed5ceaaf6/library/std/src/panicking.rs:685:13
[INFO] [stderr]     13:     0x61a6d19ae509 - std[3164a59e47d3bde]::sys::backtrace::__rust_end_short_backtrace::<std[3164a59e47d3bde]::panicking::panic_handler::{closure#0}, !>
[INFO] [stderr]                                  at /rustc/3154cc1a3e6424e44f438a95007d043ed5ceaaf6/library/std/src/sys/backtrace.rs:182:18
[INFO] [stderr]     14:     0x61a6d19b5f5d - __rustc[2e7b49d4226056d3]::rust_begin_unwind
[INFO] [stderr]                                  at /rustc/3154cc1a3e6424e44f438a95007d043ed5ceaaf6/library/std/src/panicking.rs:676:5
[INFO] [stderr]     15:     0x61a6d19e96cc - core[934024a1e6126fb4]::panicking::panic_fmt
[INFO] [stderr]                                  at /rustc/3154cc1a3e6424e44f438a95007d043ed5ceaaf6/library/core/src/panicking.rs:80:14
[INFO] [stderr]     16:     0x61a6d19e94a2 - core[934024a1e6126fb4]::result::unwrap_failed
[INFO] [stderr]                                  at /rustc/3154cc1a3e6424e44f438a95007d043ed5ceaaf6/library/core/src/result.rs:1866:5
[INFO] [stderr]     17:     0x61a6d1997dae - build_script_build[e38e2e05f59780b1]::main
[INFO] [stderr]     18:     0x61a6d199ac43 - <fn() as core[934024a1e6126fb4]::ops::function::FnOnce<()>>::call_once
[INFO] [stderr]     19:     0x61a6d198f64e - std[3164a59e47d3bde]::sys::backtrace::__rust_begin_short_backtrace::<fn(), ()>
[INFO] [stderr]     20:     0x61a6d1992e19 - std[3164a59e47d3bde]::rt::lang_start::<()>::{closure#0}
[INFO] [stderr]     21:     0x61a6d19d0258 - <&dyn core[934024a1e6126fb4]::ops::function::Fn<(), Output = i32> + core[934024a1e6126fb4]::marker::Sync + core[934024a1e6126fb4]::panic::unwind_safe::RefUnwindSafe as core[934024a1e6126fb4]::ops::function::FnOnce<()>>::call_once
[INFO] [stderr]                                  at /rustc/3154cc1a3e6424e44f438a95007d043ed5ceaaf6/library/core/src/ops/function.rs:287:21
[INFO] [stderr]     22:     0x61a6d19d0258 - std[3164a59e47d3bde]::panicking::catch_unwind::do_call::<&dyn core[934024a1e6126fb4]::ops::function::Fn<(), Output = i32> + core[934024a1e6126fb4]::marker::Sync + core[934024a1e6126fb4]::panic::unwind_safe::RefUnwindSafe, i32>
[INFO] [stderr]                                  at /rustc/3154cc1a3e6424e44f438a95007d043ed5ceaaf6/library/std/src/panicking.rs:573:43
[INFO] [stderr]     23:     0x61a6d19d0258 - std[3164a59e47d3bde]::panicking::catch_unwind::<i32, &dyn core[934024a1e6126fb4]::ops::function::Fn<(), Output = i32> + core[934024a1e6126fb4]::marker::Sync + core[934024a1e6126fb4]::panic::unwind_safe::RefUnwindSafe>
[INFO] [stderr]                                  at /rustc/3154cc1a3e6424e44f438a95007d043ed5ceaaf6/library/std/src/panicking.rs:541:19
[INFO] [stderr]     24:     0x61a6d19d0258 - std[3164a59e47d3bde]::panic::catch_unwind::<&dyn core[934024a1e6126fb4]::ops::function::Fn<(), Output = i32> + core[934024a1e6126fb4]::marker::Sync + core[934024a1e6126fb4]::panic::unwind_safe::RefUnwindSafe, i32>
[INFO] [stderr]                                  at /rustc/3154cc1a3e6424e44f438a95007d043ed5ceaaf6/library/std/src/panic.rs:359:14
[INFO] [stderr]     25:     0x61a6d19d0258 - std[3164a59e47d3bde]::rt::lang_start_internal::{closure#0}
[INFO] [stderr]                                  at /rustc/3154cc1a3e6424e44f438a95007d043ed5ceaaf6/library/std/src/rt.rs:175:24
[INFO] [stderr]     26:     0x61a6d19d0258 - std[3164a59e47d3bde]::panicking::catch_unwind::do_call::<std[3164a59e47d3bde]::rt::lang_start_internal::{closure#0}, isize>
[INFO] [stderr]                                  at /rustc/3154cc1a3e6424e44f438a95007d043ed5ceaaf6/library/std/src/panicking.rs:573:43
[INFO] [stderr]     27:     0x61a6d19d0258 - std[3164a59e47d3bde]::panicking::catch_unwind::<isize, std[3164a59e47d3bde]::rt::lang_start_internal::{closure#0}>
[INFO] [stderr]                                  at /rustc/3154cc1a3e6424e44f438a95007d043ed5ceaaf6/library/std/src/panicking.rs:541:19
[INFO] [stderr]     28:     0x61a6d19d0258 - std[3164a59e47d3bde]::panic::catch_unwind::<std[3164a59e47d3bde]::rt::lang_start_internal::{closure#0}, isize>
[INFO] [stderr]                                  at /rustc/3154cc1a3e6424e44f438a95007d043ed5ceaaf6/library/std/src/panic.rs:359:14
[INFO] [stderr]     29:     0x61a6d19d0258 - std[3164a59e47d3bde]::rt::lang_start_internal
[INFO] [stderr]                                  at /rustc/3154cc1a3e6424e44f438a95007d043ed5ceaaf6/library/std/src/rt.rs:171:5
[INFO] [stderr]     30:     0x61a6d198f021 - std[3164a59e47d3bde]::rt::lang_start::<()>
[INFO] [stderr]     31:     0x61a6d199ad95 - main
[INFO] [stderr]     32:     0x7611f6188601 - <unknown>
[INFO] [stderr]     33:     0x7611f6188718 - __libc_start_main
[INFO] [stderr]     34:     0x61a6d198d6b5 - _start
[INFO] [stderr]     35:                0x0 - <unknown>
[INFO] running `Command { std: "docker" "inspect" "dc939af8f9afcc63101f6a23a95941f0ca01118492bbc1c6e3b497a61f139680", kill_on_drop: false }`
[INFO] running `Command { std: "docker" "rm" "-f" "dc939af8f9afcc63101f6a23a95941f0ca01118492bbc1c6e3b497a61f139680", kill_on_drop: false }`
[INFO] [stdout] dc939af8f9afcc63101f6a23a95941f0ca01118492bbc1c6e3b497a61f139680
