[INFO] cloning repository https://github.com/issueye/aluka_js
[INFO] running `Command { std: "git" "-c" "credential.helper=" "-c" "credential.helper=/workspace/cargo-home/bin/git-credential-null" "clone" "--bare" "https://github.com/issueye/aluka_js" "/workspace/cache/git-repos/https%3A%2F%2Fgithub.com%2Fissueye%2Faluka_js", kill_on_drop: false }`
[INFO] [stderr] Cloning into bare repository '/workspace/cache/git-repos/https%3A%2F%2Fgithub.com%2Fissueye%2Faluka_js'...
[INFO] running `Command { std: "git" "rev-parse" "HEAD", kill_on_drop: false }`
[INFO] [stdout] d55b095df148dc38c0f65f00c3bea584f3722c7b
[INFO] checking issueye/aluka_js against 3154cc1a3e6424e44f438a95007d043ed5ceaaf6+rustflags=-Znext-solver=coherence for pr-133502-30
[INFO] running `Command { std: "git" "clone" "/workspace/cache/git-repos/https%3A%2F%2Fgithub.com%2Fissueye%2Faluka_js" "/workspace/builds/worker-2-tc1/source", kill_on_drop: false }`
[INFO] [stderr] Cloning into '/workspace/builds/worker-2-tc1/source'...
[INFO] [stderr] done.
[INFO] started tweaking git repo https://github.com/issueye/aluka_js
[INFO] finished tweaking git repo https://github.com/issueye/aluka_js
[INFO] tweaked toml for git repo https://github.com/issueye/aluka_js written to /workspace/builds/worker-2-tc1/source/Cargo.toml
[INFO] validating manifest of git repo https://github.com/issueye/aluka_js on toolchain 3154cc1a3e6424e44f438a95007d043ed5ceaaf6
[INFO] running `Command { std: CARGO_HOME="/workspace/cargo-home" RUSTUP_HOME="/workspace/rustup-home" "/workspace/cargo-home/bin/cargo" "+3154cc1a3e6424e44f438a95007d043ed5ceaaf6" "metadata" "--manifest-path" "Cargo.toml" "--no-deps", kill_on_drop: false }`
[INFO] crate git repo https://github.com/issueye/aluka_js already has a lockfile, it will not be regenerated
[INFO] running `Command { std: CARGO_HOME="/workspace/cargo-home" RUSTUP_HOME="/workspace/rustup-home" "/workspace/cargo-home/bin/cargo" "+3154cc1a3e6424e44f438a95007d043ed5ceaaf6" "fetch" "--manifest-path" "Cargo.toml", kill_on_drop: false }`
[INFO] [stderr]     Updating crates.io index
[INFO] [stderr]  Downloading crates ...
[INFO] [stderr]   Downloaded pkcs5 v0.7.1
[INFO] [stderr]   Downloaded time-core v0.1.7
[INFO] [stderr]   Downloaded rustls-rustcrypto v0.0.2-alpha
[INFO] [stderr]   Downloaded uptime_lib v0.3.1
[INFO] [stderr]   Downloaded cranelift-native v0.115.1
[INFO] [stderr]   Downloaded cranelift-codegen-shared v0.115.1
[INFO] [stderr]   Downloaded cranelift-bitset v0.115.1
[INFO] [stderr]   Downloaded cranelift-control v0.115.1
[INFO] [stderr]   Downloaded wasmtime-jit-icache-coherence v28.0.1
[INFO] [stderr]   Downloaded cranelift v0.115.1
[INFO] [stderr]   Downloaded cranelift-entity v0.115.1
[INFO] [stderr]   Downloaded cranelift-module v0.115.1
[INFO] [stderr]   Downloaded cranelift-jit v0.115.1
[INFO] [stderr]   Downloaded region v3.0.2
[INFO] [stderr]   Downloaded ruzstd v0.8.2
[INFO] [stderr]   Downloaded cranelift-bforest v0.115.1
[INFO] [stderr]   Downloaded cranelift-frontend v0.115.1
[INFO] [stderr]   Downloaded cranelift-isle v0.115.1
[INFO] [stderr]   Downloaded cranelift-codegen-meta v0.115.1
[INFO] [stderr]   Downloaded time v0.3.45
[INFO] [stderr]   Downloaded regalloc2 v0.11.2
[INFO] [stderr]   Downloaded cranelift-codegen v0.115.1
[INFO] running `Command { std: "docker" "create" "-v" "/var/lib/crater-agent-workspace/builds/worker-2-tc1/source:/opt/rustwide/workdir:ro,Z" "-v" "/var/lib/crater-agent-workspace/builds/worker-2-tc1/target:/opt/rustwide/target:rw,Z" "-v" "/var/lib/crater-agent-workspace/cargo-home:/opt/rustwide/cargo-home:ro,Z" "-v" "/var/lib/crater-agent-workspace/rustup-home:/opt/rustwide/rustup-home:ro,Z" "-m" "1610612736" "--network" "none" "ghcr.io/rust-lang/crates-build-env/linux@sha256:77db811e55d90add9212f6832c23229e3de5f1c1f9905e8cb07319ea15df73ac" "sleep" "infinity", kill_on_drop: false }`
[INFO] [stdout] 295bb42797984447d057bf6a58dd1ff0dc19a33dfe0fe6fdde848d6e3bdcd399
[INFO] running `Command { std: "docker" "start" "295bb42797984447d057bf6a58dd1ff0dc19a33dfe0fe6fdde848d6e3bdcd399", kill_on_drop: false }`
[INFO] running `Command { std: "docker" "inspect" "295bb42797984447d057bf6a58dd1ff0dc19a33dfe0fe6fdde848d6e3bdcd399", kill_on_drop: false }`
[INFO] running `Command { std: "docker" "exec" "-e" "SOURCE_DIR=/opt/rustwide/workdir" "-e" "CARGO_HOME=/opt/rustwide/cargo-home" "-e" "RUSTUP_HOME=/opt/rustwide/rustup-home" "-e" "CARGO_TARGET_DIR=/opt/rustwide/target" "-w" "/opt/rustwide/workdir" "--user" "0:0" "295bb42797984447d057bf6a58dd1ff0dc19a33dfe0fe6fdde848d6e3bdcd399" "/opt/rustwide/cargo-home/bin/cargo" "+3154cc1a3e6424e44f438a95007d043ed5ceaaf6" "metadata" "--no-deps" "--format-version=1", kill_on_drop: false }`
[INFO] running `Command { std: "docker" "inspect" "295bb42797984447d057bf6a58dd1ff0dc19a33dfe0fe6fdde848d6e3bdcd399", kill_on_drop: false }`
[INFO] running `Command { std: "docker" "exec" "-e" "SOURCE_DIR=/opt/rustwide/workdir" "-e" "CARGO_HOME=/opt/rustwide/cargo-home" "-e" "RUSTUP_HOME=/opt/rustwide/rustup-home" "-e" "CARGO_TARGET_DIR=/opt/rustwide/target" "-e" "CARGO_INCREMENTAL=0" "-e" "RUST_BACKTRACE=full" "-e" "RUSTFLAGS=--cap-lints=forbid -Znext-solver=coherence" "-e" "RUSTDOCFLAGS=--cap-lints=forbid" "-w" "/opt/rustwide/workdir" "--user" "0:0" "295bb42797984447d057bf6a58dd1ff0dc19a33dfe0fe6fdde848d6e3bdcd399" "/opt/rustwide/cargo-home/bin/cargo" "+3154cc1a3e6424e44f438a95007d043ed5ceaaf6" "check" "--frozen" "--all" "--all-targets" "--message-format=json", kill_on_drop: false }`
[INFO] [stderr]     Checking aluka-core v0.1.0 (/opt/rustwide/workdir/crates/aluka-core)
[INFO] [stderr]     Checking smallvec v1.16.0
[INFO] [stderr]    Compiling find-msvc-tools v0.1.12
[INFO] [stderr]    Compiling syn v2.0.119
[INFO] [stderr]    Compiling syn v3.0.5
[INFO] [stderr]     Checking log v0.4.34
[INFO] [stderr]     Checking base64ct v1.8.3
[INFO] [stderr]    Compiling portable-atomic v1.15.0
[INFO] [stderr]    Compiling cranelift-isle v0.115.1
[INFO] [stderr]    Compiling cc v1.4.5
[INFO] [stderr]     Checking pem-rfc7468 v0.7.0
[INFO] [stderr]    Compiling cranelift-codegen-shared v0.115.1
[INFO] [stderr]     Checking aluka-bytecode v0.1.0 (/opt/rustwide/workdir/crates/aluka-bytecode)
[INFO] [stderr]    Compiling cranelift-codegen-meta v0.115.1
[INFO] [stderr]    Compiling crc32fast v1.5.1
[INFO] [stderr]    Compiling rustls v0.23.43
[INFO] [stderr]     Checking percent-encoding v2.3.2
[INFO] [stderr]     Checking cranelift-bitset v0.115.1
[INFO] [stderr]    Compiling target-lexicon v0.12.16
[INFO] [stderr]     Checking cranelift-entity v0.115.1
[INFO] [stderr]     Checking once_cell v1.21.4
[INFO] [stderr]     Checking form_urlencoded v1.2.2
[INFO] [stderr]     Checking indexmap v2.14.2
[INFO] [stderr]     Checking bumpalo v3.20.3
[INFO] [stderr]     Checking rustc-hash v2.1.3
[INFO] [stderr]     Checking arbitrary v1.4.2
[INFO] [stderr]     Checking simd-adler32 v0.3.10
[INFO] [stderr]     Checking miniz_oxide v0.9.1
[INFO] [stderr]     Checking gimli v0.31.1
[INFO] [stderr]     Checking regalloc2 v0.11.2
[INFO] [stderr]    Compiling ring v0.17.14
[INFO] [stderr]     Checking cranelift-control v0.115.1
[INFO] [stderr]    Compiling num-traits v0.2.19
[INFO] [stderr]     Checking cranelift-bforest v0.115.1
[INFO] [stderr]     Checking ff v0.13.1
[INFO] [stderr]     Checking hashbrown v0.14.5
[INFO] [stderr]     Checking group v0.13.0
[INFO] [stderr]     Checking flate2 v1.1.10
[INFO] [stderr]    Compiling cranelift-codegen v0.115.1
[INFO] [stderr]    Compiling anyhow v1.0.104
[INFO] [stderr]    Compiling curve25519-dalek v4.1.3
[INFO] [stderr]     Checking aluka-module v0.1.0 (/opt/rustwide/workdir/crates/aluka-module)
[INFO] [stderr]     Checking rand_chacha v0.3.1
[INFO] [stderr]     Checking spin v0.9.9
[INFO] [stderr]    Compiling num-bigint-dig v0.8.6
[INFO] [stderr]    Compiling libsqlite3-sys v0.35.0
[INFO] [stderr]     Checking lazy_static v1.5.0
[INFO] [stderr]     Checking rand v0.8.8
[INFO] [stderr]     Checking num-integer v0.1.47
[INFO] [stderr]     Checking windows-link v0.2.1
[INFO] [stderr]    Compiling crossbeam-utils v0.8.23
[INFO] [stderr]     Checking num-iter v0.1.46
[INFO] [stderr]    Compiling thiserror v2.0.20
[INFO] [stderr]     Checking futures-core v0.3.34
[INFO] [stderr]     Checking alloc-stdlib v0.2.4
[INFO] [stderr]    Compiling synstructure v0.13.2
[INFO] [stderr]     Checking region v3.0.2
[INFO] [stderr]     Checking wasmtime-jit-icache-coherence v28.0.1
[INFO] [stderr]     Checking tracing-core v0.1.36
[INFO] [stderr]     Checking futures-util v0.3.34
[INFO] [stderr]     Checking tinyvec v1.13.2
[INFO] [stderr]     Checking tracing v0.1.44
[INFO] [stderr]     Checking rand v0.9.5
[INFO] [stderr]     Checking futures-channel v0.3.34
[INFO] [stderr]     Checking brotli-decompressor v4.0.3
[INFO] [stderr]    Compiling zerovec-derive v0.11.6
[INFO] [stderr]    Compiling displaydoc v0.2.7
[INFO] [stderr]    Compiling thiserror-impl v2.0.20
[INFO] [stderr]    Compiling zeroize_derive v1.5.0
[INFO] [stderr]    Compiling zerofrom-derive v0.1.7
[INFO] [stderr]     Checking zeroize v1.9.0
[INFO] [stderr]    Compiling yoke-derive v0.8.2
[INFO] [stderr]    Compiling curve25519-dalek-derive v0.1.1
[INFO] [stderr]     Checking generic-array v0.14.7
[INFO] [stderr]     Checking der v0.7.10
[INFO] [stderr]     Checking rustls-pki-types v1.15.1
[INFO] [stderr]     Checking crypto-common v0.1.7
[INFO] [stderr]     Checking block-buffer v0.10.4
[INFO] [stderr]     Checking inout v0.1.4
[INFO] [stderr]     Checking digest v0.10.7
[INFO] [stderr]     Checking cipher v0.4.4
[INFO] [stderr]     Checking rustls-webpki v0.103.15
[INFO] [stderr]     Checking sha2 v0.10.9
[INFO] [stderr]     Checking zerofrom v0.1.8
[INFO] [stderr]     Checking hmac v0.12.1
[INFO] [stderr]     Checking signature v2.2.0
[INFO] [stderr]     Checking yoke v0.8.3
[INFO] [stderr]     Checking hkdf v0.12.4
[INFO] [stderr]     Checking universal-hash v0.5.1
[INFO] [stderr]     Checking spki v0.7.3
[INFO] [stderr]     Checking crypto-bigint v0.5.5
[INFO] [stderr]     Checking rfc6979 v0.4.0
[INFO] [stderr]     Checking zerovec v0.11.8
[INFO] [stderr]     Checking zerotrie v0.2.5
[INFO] [stderr]     Checking pkcs5 v0.7.1
[INFO] [stderr]     Checking polyval v0.6.2
[INFO] [stderr]     Checking pkcs8 v0.10.2
[INFO] [stderr]     Checking aead v0.5.2
[INFO] [stderr]     Checking sec1 v0.7.3
[INFO] [stderr]     Checking ed25519 v2.2.3
[INFO] [stderr]     Checking tinystr v0.8.4
[INFO] [stderr]     Checking potential_utf v0.1.6
[INFO] [stderr]     Checking pkcs1 v0.7.5
[INFO] [stderr]     Checking icu_locale_core v2.1.1
[INFO] [stderr]     Checking icu_collections v2.1.1
[INFO] [stderr]     Checking ghash v0.5.1
[INFO] [stderr]     Checking poly1305 v0.8.0
[INFO] [stderr]     Checking ctr v0.9.2
[INFO] [stderr]     Checking aes v0.8.4
[INFO] [stderr]     Checking chacha20 v0.9.1
[INFO] [stderr]     Checking icu_provider v2.1.1
[INFO] [stderr]    Compiling thiserror-impl v1.0.69
[INFO] [stderr]     Checking aes-gcm v0.10.3
[INFO] [stderr]     Checking elliptic-curve v0.13.8
[INFO] [stderr]     Checking ed25519-dalek v2.2.0
[INFO] [stderr]     Checking icu_normalizer v2.1.1
[INFO] [stderr]     Checking icu_properties v2.1.2
[INFO] [stderr]     Checking ecdsa v0.16.9
[INFO] [stderr]     Checking primeorder v0.13.6
[INFO] [stderr]     Checking x25519-dalek v2.0.1
[INFO] [stderr]     Checking rsa v0.9.10
[INFO] [stderr]     Checking chacha20poly1305 v0.10.1
[INFO] [stderr]     Checking p256 v0.13.2
[INFO] [stderr]     Checking p384 v0.13.1
[INFO] [stderr]     Checking rustls-webpki v0.102.8
[INFO] [stderr]     Checking thiserror v1.0.69
[INFO] [stderr]    Compiling enum-as-inner v0.6.1
[INFO] [stderr]    Compiling async-trait v0.1.92
[INFO] [stderr]     Checking windows-strings v0.5.1
[INFO] [stderr]     Checking windows-result v0.4.1
[INFO] [stderr]     Checking ipnet v2.12.2
[INFO] [stderr]     Checking twox-hash v2.1.4
[INFO] [stderr]     Checking ruzstd v0.8.2
[INFO] [stderr]     Checking windows-registry v0.6.1
[INFO] [stderr]     Checking uptime_lib v0.3.1
[INFO] [stderr]     Checking idna_adapter v1.2.1
[INFO] [stderr]     Checking brotli v7.0.0
[INFO] [stderr]     Checking idna v1.1.0
[INFO] [stderr]     Checking crossbeam-channel v0.5.17
[INFO] [stderr]     Checking url v2.5.8
[INFO] [stderr]     Checking sysinfo v0.36.1
[INFO] [stderr]     Checking aluka-regex v0.1.0 (/opt/rustwide/workdir/crates/aluka-regex)
[INFO] [stderr]     Checking socket2 v0.5.10
[INFO] [stderr]    Compiling rustix v1.1.4
[INFO] [stderr]     Checking aluka-parser v0.1.0 (/opt/rustwide/workdir/crates/aluka-parser)
[INFO] [stderr]     Checking hickory-proto v0.25.2
[INFO] [stderr]     Checking rustls-rustcrypto v0.0.2-alpha
[INFO] [stderr]     Checking webpki-roots v1.0.9
[INFO] [stderr]    Compiling serde_derive v1.0.229
[INFO] [stderr]     Checking webpki-roots v0.26.11
[INFO] [stderr]     Checking filetime v0.2.29
[INFO] [stderr]     Checking aluka-compiler v0.1.0 (/opt/rustwide/workdir/crates/aluka-compiler)
[INFO] [stderr]     Checking deranged v0.5.8
[INFO] [stderr]     Checking time-core v0.1.7
[INFO] [stderr]     Checking pem v3.0.6
[INFO] [stderr]     Checking alisp v0.1.0 (/opt/rustwide/workdir/crates/alisp)
[INFO] [stderr]     Checking time v0.3.45
[INFO] [stderr]     Checking xattr v1.6.1
[INFO] [stderr]     Checking tar v0.4.46
[INFO] [stderr]     Checking yasna v0.5.2
[INFO] [stderr]     Checking rcgen v0.13.2
[INFO] [stderr]     Checking serde v1.0.229
[INFO] [stderr]     Checking ureq v2.12.1
[INFO] [stderr]     Checking rusqlite v0.37.0
[INFO] [stderr]     Checking aluka-npm v0.1.0 (/opt/rustwide/workdir/crates/aluka-npm)
[INFO] [stderr]     Checking cranelift-frontend v0.115.1
[INFO] [stderr]     Checking cranelift-module v0.115.1
[INFO] [stderr]     Checking cranelift-native v0.115.1
[INFO] [stderr]     Checking cranelift-jit v0.115.1
[INFO] [stderr]     Checking cranelift v0.115.1
[INFO] [stderr]     Checking aluka-jit v0.1.0 (/opt/rustwide/workdir/crates/aluka-jit)
[INFO] [stderr]     Checking aluka-vm v0.1.0 (/opt/rustwide/workdir/crates/aluka-vm)
[INFO] [stdout] error[E0599]: no method named `set_reuse_port` found for struct `Socket` in the current scope
[INFO] [stdout]     --> crates/aluka-vm/src/builtins/net.rs:1591:12
[INFO] [stdout]      |
[INFO] [stdout] 1591 |     socket.set_reuse_port(true)?;
[INFO] [stdout]      |            ^^^^^^^^^^^^^^ method not found in `Socket`
[INFO] [stdout] 
[INFO] [stdout] 
[INFO] [stdout] error[E0425]: cannot find function `windows_version` in this scope
[INFO] [stdout]    --> crates/aluka-vm/src/builtins/os.rs:181:9
[INFO] [stdout]     |
[INFO] [stdout] 181 |         windows_version()
[INFO] [stdout]     |         ^^^^^^^^^^^^^^^ not found in this scope
[INFO] [stdout] 
[INFO] [stdout] 
[INFO] [stdout] error[E0599]: no method named `set_reuse_port` found for struct `Socket` in the current scope
[INFO] [stdout]     --> crates/aluka-vm/src/builtins/net.rs:1591:12
[INFO] [stdout]      |
[INFO] [stdout] 1591 |     socket.set_reuse_port(true)?;
[INFO] [stdout]      |            ^^^^^^^^^^^^^^ method not found in `Socket`
[INFO] [stdout] 
[INFO] [stdout] 
[INFO] [stdout] error[E0425]: cannot find function `windows_version` in this scope
[INFO] [stdout]    --> crates/aluka-vm/src/builtins/os.rs:181:9
[INFO] [stdout]     |
[INFO] [stdout] 181 |         windows_version()
[INFO] [stdout]     |         ^^^^^^^^^^^^^^^ not found in this scope
[INFO] [stdout] 
[INFO] [stdout] 
[INFO] [stdout] Some errors have detailed explanations: E0425, E0599.
[INFO] [stdout] 
[INFO] [stdout] For more information about an error, try `rustc --explain E0425`.
[INFO] [stdout] 
[INFO] [stderr] error: could not compile `aluka-vm` (lib) due to 2 previous errors
[INFO] [stderr] warning: build failed, waiting for other jobs to finish...
[INFO] [stdout] Some errors have detailed explanations: E0425, E0599.
[INFO] [stdout] 
[INFO] [stdout] For more information about an error, try `rustc --explain E0425`.
[INFO] [stdout] 
[INFO] [stderr] error: could not compile `aluka-vm` (lib test) due to 2 previous errors
[INFO] [stderr] warning: unused dependency `aluka-core`
[INFO] [stderr]   --> crates/aluka-bytecode/Cargo.toml:11:1
[INFO] [stderr]    |
[INFO] [stderr] 11 | aluka-core = { workspace = true }
[INFO] [stderr]    | ^^^^^^^^^^^^^^^^^^^^^^^^^^^^^^^^^
[INFO] [stderr]    |
[INFO] [stderr]    = note: `cargo::unused_dependencies` is set to `warn` by default
[INFO] [stderr] help: consider removing the dependency on `aluka-core`
[INFO] [stderr] warning: `aluka-bytecode` (manifest) generated 1 warning
[INFO] [stderr] warning: unused dependency `aluka-core`
[INFO] [stderr]   --> crates/aluka-module/Cargo.toml:11:1
[INFO] [stderr]    |
[INFO] [stderr] 11 | aluka-core = { workspace = true }
[INFO] [stderr]    | ^^^^^^^^^^^^^^^^^^^^^^^^^^^^^^^^^
[INFO] [stderr]    |
[INFO] [stderr]    = note: `cargo::unused_dependencies` is set to `warn` by default
[INFO] [stderr] help: consider removing the dependency on `aluka-core`
[INFO] [stderr] warning: `aluka-module` (manifest) generated 1 warning
[INFO] [stderr] warning: unused dependency `aluka-core`
[INFO] [stderr]   --> crates/aluka-parser/Cargo.toml:11:1
[INFO] [stderr]    |
[INFO] [stderr] 11 | aluka-core = { workspace = true }
[INFO] [stderr]    | ^^^^^^^^^^^^^^^^^^^^^^^^^^^^^^^^^
[INFO] [stderr]    |
[INFO] [stderr]    = note: `cargo::unused_dependencies` is set to `warn` by default
[INFO] [stderr] help: consider removing the dependency on `aluka-core`
[INFO] [stderr] warning: `aluka-parser` (manifest) generated 1 warning
[INFO] [stderr] warning: unused dependency `aluka-core`
[INFO] [stderr]   --> crates/aluka-regex/Cargo.toml:11:1
[INFO] [stderr]    |
[INFO] [stderr] 11 | aluka-core = { workspace = true }
[INFO] [stderr]    | ^^^^^^^^^^^^^^^^^^^^^^^^^^^^^^^^^
[INFO] [stderr]    |
[INFO] [stderr]    = note: `cargo::unused_dependencies` is set to `warn` by default
[INFO] [stderr] help: consider removing the dependency on `aluka-core`
[INFO] [stderr] warning: `aluka-regex` (manifest) generated 1 warning
[INFO] [stderr] warning: unused dependency `windows-registry`
[INFO] [stderr]   --> crates/aluka-vm/Cargo.toml:38:1
[INFO] [stderr]    |
[INFO] [stderr] 38 | windows-registry = "0.6.1"
[INFO] [stderr]    | ^^^^^^^^^^^^^^^^^^^^^^^^^^
[INFO] [stderr]    |
[INFO] [stderr]    = note: `cargo::unused_dependencies` is set to `warn` by default
[INFO] [stderr] help: consider removing the dependency on `windows-registry`
[INFO] [stderr] warning: `aluka-vm` (manifest) generated 1 warning
[INFO] running `Command { std: "docker" "inspect" "295bb42797984447d057bf6a58dd1ff0dc19a33dfe0fe6fdde848d6e3bdcd399", kill_on_drop: false }`
[INFO] running `Command { std: "docker" "rm" "-f" "295bb42797984447d057bf6a58dd1ff0dc19a33dfe0fe6fdde848d6e3bdcd399", kill_on_drop: false }`
[INFO] [stdout] 295bb42797984447d057bf6a58dd1ff0dc19a33dfe0fe6fdde848d6e3bdcd399
