[INFO] cloning repository https://github.com/isamisushi/kikimimi
[INFO] running `Command { std: "git" "-c" "credential.helper=" "-c" "credential.helper=/workspace/cargo-home/bin/git-credential-null" "clone" "--bare" "https://github.com/isamisushi/kikimimi" "/workspace/cache/git-repos/https%3A%2F%2Fgithub.com%2Fisamisushi%2Fkikimimi", kill_on_drop: false }`
[INFO] [stderr] Cloning into bare repository '/workspace/cache/git-repos/https%3A%2F%2Fgithub.com%2Fisamisushi%2Fkikimimi'...
[INFO] running `Command { std: "git" "rev-parse" "HEAD", kill_on_drop: false }`
[INFO] [stdout] 93b13a4c21fb351340343c9f40e59cbb5e93c3b8
[INFO] checking isamisushi/kikimimi against 3154cc1a3e6424e44f438a95007d043ed5ceaaf6+rustflags=-Znext-solver=coherence for pr-133502-30
[INFO] running `Command { std: "git" "clone" "/workspace/cache/git-repos/https%3A%2F%2Fgithub.com%2Fisamisushi%2Fkikimimi" "/workspace/builds/worker-0-tc1/source", kill_on_drop: false }`
[INFO] [stderr] Cloning into '/workspace/builds/worker-0-tc1/source'...
[INFO] [stderr] done.
[INFO] started tweaking git repo https://github.com/isamisushi/kikimimi
[INFO] finished tweaking git repo https://github.com/isamisushi/kikimimi
[INFO] tweaked toml for git repo https://github.com/isamisushi/kikimimi written to /workspace/builds/worker-0-tc1/source/Cargo.toml
[INFO] validating manifest of git repo https://github.com/isamisushi/kikimimi on toolchain 3154cc1a3e6424e44f438a95007d043ed5ceaaf6
[INFO] running `Command { std: CARGO_HOME="/workspace/cargo-home" RUSTUP_HOME="/workspace/rustup-home" "/workspace/cargo-home/bin/cargo" "+3154cc1a3e6424e44f438a95007d043ed5ceaaf6" "metadata" "--manifest-path" "Cargo.toml" "--no-deps", kill_on_drop: false }`
[INFO] crate git repo https://github.com/isamisushi/kikimimi already has a lockfile, it will not be regenerated
[INFO] running `Command { std: CARGO_HOME="/workspace/cargo-home" RUSTUP_HOME="/workspace/rustup-home" "/workspace/cargo-home/bin/cargo" "+3154cc1a3e6424e44f438a95007d043ed5ceaaf6" "fetch" "--manifest-path" "Cargo.toml", kill_on_drop: false }`
[INFO] [stderr] warning: unused workspace dependency `kikimimi-cloud`
[INFO] [stderr]   --> Cargo.toml:27:25
[INFO] [stderr]    |
[INFO] [stderr] 27 | [workspace.dependencies.kikimimi-cloud]
[INFO] [stderr]    |                         ^^^^^^^^^^^^^^
[INFO] [stderr]    |
[INFO] [stderr]    = note: `cargo::unused_workspace_dependencies` is set to `warn` by default
[INFO] [stderr] help: consider removing the workspace dependency `kikimimi-cloud`
[INFO] [stderr] warning: workspace (manifest) generated 1 warning
[INFO] [stderr] warning: `package.homepage` is redundant with `package.repository`
[INFO] [stderr]  --> crates/cli/Cargo.toml:8:12
[INFO] [stderr]   |
[INFO] [stderr] 6 | repository = "https://github.com/isamisushi/kikimimi"
[INFO] [stderr]   |              ----------------------------------------
[INFO] [stderr] 7 | description = "Observability for AI coding agents - see what your agents actually do, locally first"
[INFO] [stderr] 8 | homepage = "https://github.com/isamisushi/kikimimi"
[INFO] [stderr]   |            ^^^^^^^^^^^^^^^^^^^^^^^^^^^^^^^^^^^^^^^^
[INFO] [stderr]   |
[INFO] [stderr]   = note: `cargo::redundant_homepage` is set to `warn` by default
[INFO] [stderr] help: consider removing `package.homepage`
[INFO] [stderr] warning: `kikimimi` (manifest) generated 1 warning
[INFO] [stderr]     Updating crates.io index
[INFO] [stderr]  Downloading crates ...
[INFO] [stderr]   Downloaded arrow-data v59.2.0
[INFO] [stderr]   Downloaded axoprocess v0.2.1
[INFO] [stderr]   Downloaded tabwriter v1.4.1
[INFO] [stderr]   Downloaded axotag v0.3.0
[INFO] [stderr]   Downloaded path-tree v0.8.3
[INFO] [stderr]   Downloaded async-object-pool v0.2.0
[INFO] [stderr]   Downloaded homedir v0.3.6
[INFO] [stderr]   Downloaded arrow-schema v59.2.0
[INFO] [stderr]   Downloaded stringmetrics v2.2.2
[INFO] [stderr]   Downloaded axoupdater v0.10.2
[INFO] [stderr]   Downloaded axoasset v2.0.1
[INFO] [stderr]   Downloaded arrow-select v59.2.0
[INFO] [stderr]   Downloaded arrow-buffer v59.2.0
[INFO] [stderr]   Downloaded arrow-ipc v59.2.0
[INFO] [stderr]   Downloaded arrow-array v59.2.0
[INFO] [stderr]   Downloaded parquet v59.2.0
[INFO] [stderr]   Downloaded httpmock v0.8.3
[INFO] running `Command { std: "docker" "create" "-v" "/var/lib/crater-agent-workspace/builds/worker-0-tc1/source:/opt/rustwide/workdir:ro,Z" "-v" "/var/lib/crater-agent-workspace/builds/worker-0-tc1/target:/opt/rustwide/target:rw,Z" "-v" "/var/lib/crater-agent-workspace/cargo-home:/opt/rustwide/cargo-home:ro,Z" "-v" "/var/lib/crater-agent-workspace/rustup-home:/opt/rustwide/rustup-home:ro,Z" "-m" "1610612736" "--network" "none" "ghcr.io/rust-lang/crates-build-env/linux@sha256:77db811e55d90add9212f6832c23229e3de5f1c1f9905e8cb07319ea15df73ac" "sleep" "infinity", kill_on_drop: false }`
[INFO] [stdout] 21316f8a24abd8d90e3a9806386bdef48b5c8e11e5f1c2939881bbb01d8a1617
[INFO] running `Command { std: "docker" "start" "21316f8a24abd8d90e3a9806386bdef48b5c8e11e5f1c2939881bbb01d8a1617", kill_on_drop: false }`
[INFO] running `Command { std: "docker" "inspect" "21316f8a24abd8d90e3a9806386bdef48b5c8e11e5f1c2939881bbb01d8a1617", kill_on_drop: false }`
[INFO] running `Command { std: "docker" "exec" "-e" "SOURCE_DIR=/opt/rustwide/workdir" "-e" "CARGO_HOME=/opt/rustwide/cargo-home" "-e" "RUSTUP_HOME=/opt/rustwide/rustup-home" "-e" "CARGO_TARGET_DIR=/opt/rustwide/target" "-w" "/opt/rustwide/workdir" "--user" "0:0" "21316f8a24abd8d90e3a9806386bdef48b5c8e11e5f1c2939881bbb01d8a1617" "/opt/rustwide/cargo-home/bin/cargo" "+3154cc1a3e6424e44f438a95007d043ed5ceaaf6" "metadata" "--no-deps" "--format-version=1", kill_on_drop: false }`
[INFO] running `Command { std: "docker" "inspect" "21316f8a24abd8d90e3a9806386bdef48b5c8e11e5f1c2939881bbb01d8a1617", kill_on_drop: false }`
[INFO] running `Command { std: "docker" "exec" "-e" "SOURCE_DIR=/opt/rustwide/workdir" "-e" "CARGO_HOME=/opt/rustwide/cargo-home" "-e" "RUSTUP_HOME=/opt/rustwide/rustup-home" "-e" "CARGO_TARGET_DIR=/opt/rustwide/target" "-e" "CARGO_INCREMENTAL=0" "-e" "RUST_BACKTRACE=full" "-e" "RUSTFLAGS=--cap-lints=forbid -Znext-solver=coherence" "-e" "RUSTDOCFLAGS=--cap-lints=forbid" "-w" "/opt/rustwide/workdir" "--user" "0:0" "21316f8a24abd8d90e3a9806386bdef48b5c8e11e5f1c2939881bbb01d8a1617" "/opt/rustwide/cargo-home/bin/cargo" "+3154cc1a3e6424e44f438a95007d043ed5ceaaf6" "check" "--frozen" "--all" "--all-targets" "--message-format=json", kill_on_drop: false }`
[INFO] [stderr] warning: unused workspace dependency `kikimimi-cloud`
[INFO] [stderr]   --> Cargo.toml:27:25
[INFO] [stderr]    |
[INFO] [stderr] 27 | [workspace.dependencies.kikimimi-cloud]
[INFO] [stderr]    |                         ^^^^^^^^^^^^^^
[INFO] [stderr]    |
[INFO] [stderr]    = note: `cargo::unused_workspace_dependencies` is set to `warn` by default
[INFO] [stderr] help: consider removing the workspace dependency `kikimimi-cloud`
[INFO] [stderr] warning: workspace (manifest) generated 1 warning
[INFO] [stderr] warning: `package.homepage` is redundant with `package.repository`
[INFO] [stderr]  --> crates/cli/Cargo.toml:8:12
[INFO] [stderr]   |
[INFO] [stderr] 6 | repository = "https://github.com/isamisushi/kikimimi"
[INFO] [stderr]   |              ----------------------------------------
[INFO] [stderr] 7 | description = "Observability for AI coding agents - see what your agents actually do, locally first"
[INFO] [stderr] 8 | homepage = "https://github.com/isamisushi/kikimimi"
[INFO] [stderr]   |            ^^^^^^^^^^^^^^^^^^^^^^^^^^^^^^^^^^^^^^^^
[INFO] [stderr]   |
[INFO] [stderr]   = note: `cargo::redundant_homepage` is set to `warn` by default
[INFO] [stderr] help: consider removing `package.homepage`
[INFO] [stderr] warning: `kikimimi` (manifest) generated 1 warning
[INFO] [stderr]    Compiling libc v0.2.189
[INFO] [stderr]    Compiling syn v3.0.4
[INFO] [stderr]     Checking smallvec v1.15.2
[INFO] [stderr]     Checking digest v0.10.7
[INFO] [stderr]     Checking serde_json v1.0.151
[INFO] [stderr]    Compiling zerocopy-derive v0.8.56
[INFO] [stderr]     Checking bitflags v2.13.1
[INFO] [stderr]     Checking indexmap v2.14.1
[INFO] [stderr]     Checking sha2 v0.10.9
[INFO] [stderr]    Compiling aws-lc-rs v1.18.0
[INFO] [stderr]    Compiling rustls v0.23.43
[INFO] [stderr]     Checking num-integer v0.1.47
[INFO] [stderr]    Compiling ahash v0.8.12
[INFO] [stderr]     Checking num-bigint v0.5.1
[INFO] [stderr]     Checking arrow-schema v59.2.0
[INFO] [stderr]    Compiling flatbuffers v25.12.19
[INFO] [stderr]    Compiling zstd-safe v7.2.4
[INFO] [stderr]    Compiling crc32fast v1.5.1
[INFO] [stderr]     Checking simd-adler32 v0.3.10
[INFO] [stderr]     Checking miniz_oxide v0.9.1
[INFO] [stderr]     Checking regex-automata v0.4.18
[INFO] [stderr]    Compiling jobserver v0.1.35
[INFO] [stderr]    Compiling cc v1.4.4
[INFO] [stderr]     Checking zerocopy v0.8.56
[INFO] [stderr]     Checking twox-hash v2.1.4
[INFO] [stderr]     Checking serde_path_to_error v0.1.20
[INFO] [stderr]     Checking flate2 v1.1.10
[INFO] [stderr]     Checking rust-embed-utils v8.12.0
[INFO] [stderr]     Checking parking_lot_core v0.9.12
[INFO] [stderr]     Checking socket2 v0.6.5
[INFO] [stderr]     Checking errno v0.3.14
[INFO] [stderr]     Checking getrandom v0.4.3
[INFO] [stderr]     Checking signal-hook-registry v1.4.8
[INFO] [stderr]     Checking mio v1.2.2
[INFO] [stderr]     Checking parking_lot v0.12.5
[INFO] [stderr]     Checking uuid v1.26.0
[INFO] [stderr]     Checking getrandom v0.3.4
[INFO] [stderr]     Checking getrandom v0.2.17
[INFO] [stderr]     Checking rand v0.10.2
[INFO] [stderr]     Checking rust-embed v8.12.0
[INFO] [stderr]     Checking hashlink v0.11.1
[INFO] [stderr]     Checking futures-intrusive v0.5.0
[INFO] [stderr]     Checking hmac v0.13.0
[INFO] [stderr]    Compiling cmake v0.1.58
[INFO] [stderr]     Checking webpki-roots v1.0.9
[INFO] [stderr]     Checking unicode-bidi v0.3.18
[INFO] [stderr]     Checking either v1.18.0
[INFO] [stderr]     Checking unicode-properties v0.1.4
[INFO] [stderr]     Checking stringprep v0.1.5
[INFO] [stderr]     Checking hkdf v0.13.0
[INFO] [stderr]     Checking md-5 v0.11.0
[INFO] [stderr]     Checking whoami v2.1.3
[INFO] [stderr]     Checking dotenvy v0.15.7
[INFO] [stderr]    Compiling kikimimi-cloud v0.7.1 (/opt/rustwide/workdir/crates/cloud)
[INFO] [stderr]     Checking rand_core v0.9.5
[INFO] [stderr] warning: kikimimi-cloud@0.7.1: kikimimi-cloud: could not write placeholder /opt/rustwide/workdir/crates/cloud/../../web/dist/index.html (Read-only file system (os error 30)); the hosted web UI will fail to compile unless web/dist exists.
[INFO] [stderr]    Compiling prost-derive v0.14.4
[INFO] [stderr]     Checking const-hex v1.19.1
[INFO] [stderr]     Checking rustix v1.1.4
[INFO] [stderr]    Compiling miette-derive v7.6.0
[INFO] [stderr]    Compiling nix v0.30.1
[INFO] [stderr]    Compiling aws-lc-sys v0.44.0
[INFO] [stderr]    Compiling ring v0.17.14
[INFO] [stderr]    Compiling zstd-sys v2.0.16+zstd.1.5.7
[INFO] [stderr]     Checking matchers v0.2.0
[INFO] [stderr]     Checking tracing-subscriber v0.3.23
[INFO] [stderr]     Checking miette v7.6.0
[INFO] [stderr]     Checking tempfile v3.27.0
[INFO] [stderr]    Compiling camino v1.2.5
[INFO] [stderr]     Checking bytemuck v1.25.2
[INFO] [stderr]     Checking image v0.25.10
[INFO] [stderr]     Checking event-listener-strategy v0.5.4
[INFO] [stderr]     Checking time v0.3.55
[INFO] [stderr]     Checking clap_builder v4.6.6
[INFO] [stderr]    Compiling serde_derive v1.0.229
[INFO] [stderr]    Compiling futures-macro v0.3.34
[INFO] [stderr]     Checking futures-util v0.3.34
[INFO] [stderr]    Compiling zerovec-derive v0.11.6
[INFO] [stderr]    Compiling tokio-macros v2.7.2
[INFO] [stderr]    Compiling displaydoc v0.2.7
[INFO] [stderr]    Compiling thiserror-impl v2.0.20
[INFO] [stderr]     Checking zerovec v0.11.8
[INFO] [stderr]     Checking zerotrie v0.2.5
[INFO] [stderr]     Checking half v2.7.1
[INFO] [stderr]     Checking tinystr v0.8.4
[INFO] [stderr]     Checking potential_utf v0.1.6
[INFO] [stderr]     Checking icu_locale_core v2.3.0
[INFO] [stderr]     Checking icu_collections v2.3.0
[INFO] [stderr]    Compiling serial_test_derive v4.0.1
[INFO] [stderr]     Checking thiserror v2.0.20
[INFO] [stderr]     Checking ppv-lite86 v0.2.21
[INFO] [stderr]     Checking opentelemetry v0.32.0
[INFO] [stderr]     Checking serde v1.0.229
[INFO] [stderr]     Checking axotag v0.3.0
[INFO] [stderr]     Checking axoprocess v0.2.1
[INFO] [stderr]     Checking rand_chacha v0.9.0
[INFO] [stderr]    Compiling clap_derive v4.6.4
[INFO] [stderr]     Checking icu_provider v2.3.1
[INFO] [stderr]     Checking futures-executor v0.3.34
[INFO] [stderr]     Checking async-lock v3.4.2
[INFO] [stderr]     Checking rand v0.9.5
[INFO] [stderr]     Checking serial_test v4.0.1
[INFO] [stderr]     Checking homedir v0.3.6
[INFO] [stderr]     Checking icu_normalizer v2.3.0
[INFO] [stderr]     Checking icu_properties v2.3.0
[INFO] [stderr]     Checking bytes v1.12.1
[INFO] [stderr]     Checking chrono v0.4.45
[INFO] [stderr]     Checking serde_urlencoded v0.7.1
[INFO] [stderr]     Checking regex v1.13.1
[INFO] [stderr]     Checking opentelemetry_sdk v0.32.1
[INFO] [stderr]     Checking tokio v1.53.1
[INFO] [stderr]     Checking http v1.5.0
[INFO] [stderr]     Checking kikimimi-schema v0.7.1 (/opt/rustwide/workdir/crates/schema)
[INFO] [stderr]     Checking http-body v1.1.0
[INFO] [stderr]     Checking http-body-util v0.1.5
[INFO] [stderr]     Checking idna_adapter v1.2.2
[INFO] [stderr]     Checking arrow-buffer v59.2.0
[INFO] [stderr]     Checking idna v1.1.0
[INFO] [stderr]     Checking prost v0.14.4
[INFO] [stderr]     Checking axum-core v0.5.6
[INFO] [stderr]     Checking tower-http v0.7.0
[INFO] [stderr]     Checking url v2.5.8
[INFO] [stderr]     Checking opentelemetry-proto v0.32.0
[INFO] [stderr]     Checking kikimimi-adapter-codex v0.7.1 (/opt/rustwide/workdir/crates/adapter-codex)
[INFO] [stderr]     Checking arrow-data v59.2.0
[INFO] [stderr]     Checking headers-core v0.3.0
[INFO] [stderr]     Checking sha1 v0.10.7
[INFO] [stderr]     Checking quick-xml v0.42.0
[INFO] [stderr]    Compiling kikimimi v0.7.1 (/opt/rustwide/workdir/crates/cli)
[INFO] [stderr]     Checking tabwriter v1.4.1
[INFO] [stderr] warning: kikimimi@0.7.1: kikimimi: could not write placeholder /opt/rustwide/workdir/crates/cli/../../web/dist/index.html (Read-only file system (os error 30)); the local web UI will fail to compile unless web/dist exists.
[INFO] [stderr]     Checking headers v0.4.1
[INFO] [stderr]     Checking arrow-array v59.2.0
[INFO] [stderr]     Checking plist v1.10.1
[INFO] [stderr]     Checking clap v4.6.6
[INFO] [stderr]     Checking kikimimi-spool v0.7.1 (/opt/rustwide/workdir/crates/spool)
[INFO] [stderr]     Checking serde_regex v1.2.0
[INFO] [stderr]     Checking async-object-pool v0.2.0
[INFO] [stderr]     Checking assert-json-diff v2.0.2
[INFO] [stderr]    Compiling async-trait v0.1.92
[INFO] [stderr]     Checking path-tree v0.8.3
[INFO] [stderr]     Checking similar v2.7.0
[INFO] [stderr]     Checking stringmetrics v2.2.2
[INFO] [stderr]     Checking futures-timer v3.0.4
[INFO] [stderr]     Checking kikimimi-adapter-claude v0.7.1 (/opt/rustwide/workdir/crates/adapter-claude)
[INFO] [stderr]     Checking arrow-select v59.2.0
[INFO] [stderr]     Checking zstd v0.13.3
[INFO] [stderr]     Checking tokio-util v0.7.19
[INFO] [stderr]     Checking tower v0.5.3
[INFO] [stderr]     Checking tokio-stream v0.1.19
[INFO] [stderr]     Checking tower-http v0.6.11
[INFO] [stderr]     Checking h2 v0.4.19
[INFO] [stderr]     Checking arrow-ipc v59.2.0
[INFO] [stderr]     Checking parquet v59.2.0
[INFO] [stderr]     Checking hyper v1.11.1
[INFO] [stderr]     Checking hyper-util v0.1.20
[INFO] [stderr]     Checking axum v0.8.9
[INFO] [stderr]     Checking httpmock v0.8.3
[INFO] [stderr]     Checking rustls-webpki v0.103.15
[INFO] [stderr]     Checking kikimimi-otlp v0.7.1 (/opt/rustwide/workdir/crates/otlp)
[INFO] [stderr]     Checking tokio-rustls v0.26.4
[INFO] [stderr]     Checking rustls-platform-verifier v0.7.0
[INFO] [stderr]     Checking sqlx-core v0.9.0
[INFO] [stderr]     Checking hyper-rustls v0.27.9
[INFO] [stderr]     Checking reqwest v0.13.4
[INFO] [stderr]     Checking kikimimi-sink v0.7.1 (/opt/rustwide/workdir/crates/sink)
[INFO] [stderr]     Checking axoasset v2.0.1
[INFO] [stderr]     Checking axoupdater v0.10.2
[INFO] [stderr]     Checking sqlx-postgres v0.9.0
[INFO] [stdout] error: #[derive(RustEmbed)] folder '/opt/rustwide/workdir/crates/cli/../../web/dist' does not exist. cwd: '/opt/rustwide/workdir'
[INFO] [stdout]   --> crates/cli/src/web.rs:34:1
[INFO] [stdout]    |
[INFO] [stdout] 34 | / #[folder = "../../web/dist"]
[INFO] [stdout] 35 | | struct WebAssets;
[INFO] [stdout]    | |_________________^
[INFO] [stdout] 
[INFO] [stdout] 
[INFO] [stdout] error: #[derive(RustEmbed)] folder '/opt/rustwide/workdir/crates/cli/../../web/dist' does not exist. cwd: '/opt/rustwide/workdir'
[INFO] [stdout]   --> crates/cli/src/web.rs:34:1
[INFO] [stdout]    |
[INFO] [stdout] 34 | / #[folder = "../../web/dist"]
[INFO] [stdout] 35 | | struct WebAssets;
[INFO] [stdout]    | |_________________^
[INFO] [stdout] 
[INFO] [stdout] 
[INFO] [stdout] error[E0599]: no associated function or constant named `get` found for struct `WebAssets` in the current scope
[INFO] [stdout]    --> crates/cli/src/web.rs:354:36
[INFO] [stdout]     |
[INFO] [stdout]  35 | struct WebAssets;
[INFO] [stdout]     | ---------------- associated function or constant `get` not found for this struct
[INFO] [stdout] ...
[INFO] [stdout] 354 |     if let Some(file) = WebAssets::get(path) {
[INFO] [stdout]     |                                    ^^^ associated function or constant not found in `WebAssets`
[INFO] [stdout]     |
[INFO] [stdout]     = help: items from traits can only be used if the trait is implemented and in scope
[INFO] [stdout]     = note: the following traits define an item `get`, perhaps you need to implement one of them:
[INFO] [stdout]             candidate #1: `Embed`
[INFO] [stdout]             candidate #2: `SliceIndex`
[INFO] [stdout]             candidate #3: `arrow_array::scalar::Datum`
[INFO] [stdout]             candidate #4: `icu_collections::codepointtrie::cptrie::TypedCodePointTrie`
[INFO] [stdout]             candidate #5: `icu_properties::names::PropertyEnumToValueNameLookup`
[INFO] [stdout]             candidate #6: `icu_provider::baked::DataStore`
[INFO] [stdout]             candidate #7: `opentelemetry::propagation::Extractor`
[INFO] [stdout]             candidate #8: `parquet::encodings::decoding::Decoder`
[INFO] [stdout]             candidate #9: `parquet::util::interner::Storage`
[INFO] [stdout]             candidate #10: `rustls::server::server_conn::StoresServerSessions`
[INFO] [stdout] 
[INFO] [stdout] 
[INFO] [stdout] error[E0599]: no associated function or constant named `get` found for struct `WebAssets` in the current scope
[INFO] [stdout]    --> crates/cli/src/web.rs:367:40
[INFO] [stdout]     |
[INFO] [stdout]  35 | struct WebAssets;
[INFO] [stdout]     | ---------------- associated function or constant `get` not found for this struct
[INFO] [stdout] ...
[INFO] [stdout] 367 |         if let Some(file) = WebAssets::get("index.html") {
[INFO] [stdout]     |                                        ^^^ associated function or constant not found in `WebAssets`
[INFO] [stdout]     |
[INFO] [stdout]     = help: items from traits can only be used if the trait is implemented and in scope
[INFO] [stdout]     = note: the following traits define an item `get`, perhaps you need to implement one of them:
[INFO] [stdout]             candidate #1: `Embed`
[INFO] [stdout]             candidate #2: `SliceIndex`
[INFO] [stdout]             candidate #3: `arrow_array::scalar::Datum`
[INFO] [stdout]             candidate #4: `icu_collections::codepointtrie::cptrie::TypedCodePointTrie`
[INFO] [stdout]             candidate #5: `icu_properties::names::PropertyEnumToValueNameLookup`
[INFO] [stdout]             candidate #6: `icu_provider::baked::DataStore`
[INFO] [stdout]             candidate #7: `opentelemetry::propagation::Extractor`
[INFO] [stdout]             candidate #8: `parquet::encodings::decoding::Decoder`
[INFO] [stdout]             candidate #9: `parquet::util::interner::Storage`
[INFO] [stdout]             candidate #10: `rustls::server::server_conn::StoresServerSessions`
[INFO] [stdout] 
[INFO] [stdout] 
[INFO] [stderr]     Checking sqlx v0.9.0
[INFO] [stdout] error: #[derive(RustEmbed)] folder '/opt/rustwide/workdir/crates/cloud/../../web/dist' does not exist. cwd: '/opt/rustwide/workdir'
[INFO] [stdout]   --> crates/cloud/src/web.rs:45:1
[INFO] [stdout]    |
[INFO] [stdout] 45 | / #[folder = "../../web/dist"]
[INFO] [stdout] 46 | | struct WebAssets;
[INFO] [stdout]    | |_________________^
[INFO] [stdout] 
[INFO] [stdout] 
[INFO] [stdout] error[E0599]: no associated function or constant named `get` found for struct `WebAssets` in the current scope
[INFO] [stdout]    --> crates/cli/src/web.rs:354:36
[INFO] [stdout]     |
[INFO] [stdout]  35 | struct WebAssets;
[INFO] [stdout]     | ---------------- associated function or constant `get` not found for this struct
[INFO] [stdout] ...
[INFO] [stdout] 354 |     if let Some(file) = WebAssets::get(path) {
[INFO] [stdout]     |                                    ^^^ associated function or constant not found in `WebAssets`
[INFO] [stdout]     |
[INFO] [stdout]     = help: items from traits can only be used if the trait is implemented and in scope
[INFO] [stdout]     = note: the following traits define an item `get`, perhaps you need to implement one of them:
[INFO] [stdout]             candidate #1: `Embed`
[INFO] [stdout]             candidate #2: `SliceIndex`
[INFO] [stdout]             candidate #3: `arrow_array::scalar::Datum`
[INFO] [stdout]             candidate #4: `icu_collections::codepointtrie::cptrie::TypedCodePointTrie`
[INFO] [stdout]             candidate #5: `icu_properties::names::PropertyEnumToValueNameLookup`
[INFO] [stdout]             candidate #6: `icu_provider::baked::DataStore`
[INFO] [stdout]             candidate #7: `opentelemetry::propagation::Extractor`
[INFO] [stdout]             candidate #8: `parquet::encodings::decoding::Decoder`
[INFO] [stdout]             candidate #9: `parquet::util::interner::Storage`
[INFO] [stdout]             candidate #10: `rustls::server::server_conn::StoresServerSessions`
[INFO] [stdout] 
[INFO] [stdout] 
[INFO] [stdout] error: #[derive(RustEmbed)] folder '/opt/rustwide/workdir/crates/cloud/../../web/dist' does not exist. cwd: '/opt/rustwide/workdir'
[INFO] [stdout]   --> crates/cloud/src/web.rs:45:1
[INFO] [stdout]    |
[INFO] [stdout] 45 | / #[folder = "../../web/dist"]
[INFO] [stdout] 46 | | struct WebAssets;
[INFO] [stdout]    | |_________________^
[INFO] [stdout] 
[INFO] [stdout] 
[INFO] [stdout] error[E0599]: no associated function or constant named `get` found for struct `WebAssets` in the current scope
[INFO] [stdout]    --> crates/cli/src/web.rs:367:40
[INFO] [stdout]     |
[INFO] [stdout]  35 | struct WebAssets;
[INFO] [stdout]     | ---------------- associated function or constant `get` not found for this struct
[INFO] [stdout] ...
[INFO] [stdout] 367 |         if let Some(file) = WebAssets::get("index.html") {
[INFO] [stdout]     |                                        ^^^ associated function or constant not found in `WebAssets`
[INFO] [stdout]     |
[INFO] [stdout]     = help: items from traits can only be used if the trait is implemented and in scope
[INFO] [stdout]     = note: the following traits define an item `get`, perhaps you need to implement one of them:
[INFO] [stdout]             candidate #1: `Embed`
[INFO] [stdout]             candidate #2: `SliceIndex`
[INFO] [stdout]             candidate #3: `arrow_array::scalar::Datum`
[INFO] [stdout]             candidate #4: `icu_collections::codepointtrie::cptrie::TypedCodePointTrie`
[INFO] [stdout]             candidate #5: `icu_properties::names::PropertyEnumToValueNameLookup`
[INFO] [stdout]             candidate #6: `icu_provider::baked::DataStore`
[INFO] [stdout]             candidate #7: `opentelemetry::propagation::Extractor`
[INFO] [stdout]             candidate #8: `parquet::encodings::decoding::Decoder`
[INFO] [stdout]             candidate #9: `parquet::util::interner::Storage`
[INFO] [stdout]             candidate #10: `rustls::server::server_conn::StoresServerSessions`
[INFO] [stdout] 
[INFO] [stdout] 
[INFO] [stdout] For more information about this error, try `rustc --explain E0599`.
[INFO] [stdout] 
[INFO] [stderr] warning: kikimimi@0.7.1: kikimimi: could not write placeholder /opt/rustwide/workdir/crates/cli/../../web/dist/index.html (Read-only file system (os error 30)); the local web UI will fail to compile unless web/dist exists.
[INFO] [stderr] error: could not compile `kikimimi` (lib) due to 3 previous errors
[INFO] [stderr] warning: build failed, waiting for other jobs to finish...
[INFO] [stdout] error[E0599]: no associated function or constant named `get` found for struct `WebAssets` in the current scope
[INFO] [stdout]    --> crates/cloud/src/web.rs:416:36
[INFO] [stdout]     |
[INFO] [stdout]  46 | struct WebAssets;
[INFO] [stdout]     | ---------------- associated function or constant `get` not found for this struct
[INFO] [stdout] ...
[INFO] [stdout] 416 |     if let Some(file) = WebAssets::get(path) {
[INFO] [stdout]     |                                    ^^^ associated function or constant not found in `WebAssets`
[INFO] [stdout]     |
[INFO] [stdout]     = help: items from traits can only be used if the trait is implemented and in scope
[INFO] [stdout]     = note: the following traits define an item `get`, perhaps you need to implement one of them:
[INFO] [stdout]             candidate #1: `Datum`
[INFO] [stdout]             candidate #2: `Embed`
[INFO] [stdout]             candidate #3: `SliceIndex`
[INFO] [stdout]             candidate #4: `icu_collections::codepointtrie::cptrie::TypedCodePointTrie`
[INFO] [stdout]             candidate #5: `icu_properties::names::PropertyEnumToValueNameLookup`
[INFO] [stdout]             candidate #6: `icu_provider::baked::DataStore`
[INFO] [stdout]             candidate #7: `parquet::encodings::decoding::Decoder`
[INFO] [stdout]             candidate #8: `parquet::util::interner::Storage`
[INFO] [stdout]             candidate #9: `rustls::server::server_conn::StoresServerSessions`
[INFO] [stdout]             candidate #10: `sqlx::Row`
[INFO] [stdout] 
[INFO] [stdout] 
[INFO] [stdout] error[E0599]: no associated function or constant named `get` found for struct `WebAssets` in the current scope
[INFO] [stdout]    --> crates/cloud/src/web.rs:428:40
[INFO] [stdout]     |
[INFO] [stdout]  46 | struct WebAssets;
[INFO] [stdout]     | ---------------- associated function or constant `get` not found for this struct
[INFO] [stdout] ...
[INFO] [stdout] 428 |         if let Some(file) = WebAssets::get("index.html") {
[INFO] [stdout]     |                                        ^^^ associated function or constant not found in `WebAssets`
[INFO] [stdout]     |
[INFO] [stdout]     = help: items from traits can only be used if the trait is implemented and in scope
[INFO] [stdout]     = note: the following traits define an item `get`, perhaps you need to implement one of them:
[INFO] [stdout]             candidate #1: `Datum`
[INFO] [stdout]             candidate #2: `Embed`
[INFO] [stdout]             candidate #3: `SliceIndex`
[INFO] [stdout]             candidate #4: `icu_collections::codepointtrie::cptrie::TypedCodePointTrie`
[INFO] [stdout]             candidate #5: `icu_properties::names::PropertyEnumToValueNameLookup`
[INFO] [stdout]             candidate #6: `icu_provider::baked::DataStore`
[INFO] [stdout]             candidate #7: `parquet::encodings::decoding::Decoder`
[INFO] [stdout]             candidate #8: `parquet::util::interner::Storage`
[INFO] [stdout]             candidate #9: `rustls::server::server_conn::StoresServerSessions`
[INFO] [stdout]             candidate #10: `sqlx::Row`
[INFO] [stdout] 
[INFO] [stdout] 
[INFO] [stdout] error[E0599]: no associated function or constant named `get` found for struct `WebAssets` in the current scope
[INFO] [stdout]    --> crates/cloud/src/web.rs:416:36
[INFO] [stdout]     |
[INFO] [stdout]  46 | struct WebAssets;
[INFO] [stdout]     | ---------------- associated function or constant `get` not found for this struct
[INFO] [stdout] ...
[INFO] [stdout] 416 |     if let Some(file) = WebAssets::get(path) {
[INFO] [stdout]     |                                    ^^^ associated function or constant not found in `WebAssets`
[INFO] [stdout]     |
[INFO] [stdout]     = help: items from traits can only be used if the trait is implemented and in scope
[INFO] [stdout]     = note: the following traits define an item `get`, perhaps you need to implement one of them:
[INFO] [stdout]             candidate #1: `Datum`
[INFO] [stdout]             candidate #2: `Embed`
[INFO] [stdout]             candidate #3: `SliceIndex`
[INFO] [stdout]             candidate #4: `icu_collections::codepointtrie::cptrie::TypedCodePointTrie`
[INFO] [stdout]             candidate #5: `icu_properties::names::PropertyEnumToValueNameLookup`
[INFO] [stdout]             candidate #6: `icu_provider::baked::DataStore`
[INFO] [stdout]             candidate #7: `parquet::encodings::decoding::Decoder`
[INFO] [stdout]             candidate #8: `parquet::util::interner::Storage`
[INFO] [stdout]             candidate #9: `rustls::server::server_conn::StoresServerSessions`
[INFO] [stdout]             candidate #10: `sqlx::Row`
[INFO] [stdout] 
[INFO] [stdout] 
[INFO] [stdout] error[E0599]: no associated function or constant named `get` found for struct `WebAssets` in the current scope
[INFO] [stdout]    --> crates/cloud/src/web.rs:428:40
[INFO] [stdout]     |
[INFO] [stdout]  46 | struct WebAssets;
[INFO] [stdout]     | ---------------- associated function or constant `get` not found for this struct
[INFO] [stdout] ...
[INFO] [stdout] 428 |         if let Some(file) = WebAssets::get("index.html") {
[INFO] [stdout]     |                                        ^^^ associated function or constant not found in `WebAssets`
[INFO] [stdout]     |
[INFO] [stdout]     = help: items from traits can only be used if the trait is implemented and in scope
[INFO] [stdout]     = note: the following traits define an item `get`, perhaps you need to implement one of them:
[INFO] [stdout]             candidate #1: `Datum`
[INFO] [stdout]             candidate #2: `Embed`
[INFO] [stdout]             candidate #3: `SliceIndex`
[INFO] [stdout]             candidate #4: `icu_collections::codepointtrie::cptrie::TypedCodePointTrie`
[INFO] [stdout]             candidate #5: `icu_properties::names::PropertyEnumToValueNameLookup`
[INFO] [stdout]             candidate #6: `icu_provider::baked::DataStore`
[INFO] [stdout]             candidate #7: `parquet::encodings::decoding::Decoder`
[INFO] [stdout]             candidate #8: `parquet::util::interner::Storage`
[INFO] [stdout]             candidate #9: `rustls::server::server_conn::StoresServerSessions`
[INFO] [stdout]             candidate #10: `sqlx::Row`
[INFO] [stdout] 
[INFO] [stdout] 
[INFO] [stdout] For more information about this error, try `rustc --explain E0599`.
[INFO] [stdout] 
[INFO] [stderr] warning: kikimimi@0.7.1: kikimimi: could not write placeholder /opt/rustwide/workdir/crates/cli/../../web/dist/index.html (Read-only file system (os error 30)); the local web UI will fail to compile unless web/dist exists.
[INFO] [stderr] error: could not compile `kikimimi` (lib test) due to 3 previous errors
[INFO] [stdout] For more information about this error, try `rustc --explain E0599`.
[INFO] [stdout] 
[INFO] [stderr] warning: kikimimi-cloud@0.7.1: kikimimi-cloud: could not write placeholder /opt/rustwide/workdir/crates/cloud/../../web/dist/index.html (Read-only file system (os error 30)); the hosted web UI will fail to compile unless web/dist exists.
[INFO] [stderr] error: could not compile `kikimimi-cloud` (lib) due to 3 previous errors
[INFO] [stdout] For more information about this error, try `rustc --explain E0599`.
[INFO] [stdout] 
[INFO] [stderr] warning: kikimimi-cloud@0.7.1: kikimimi-cloud: could not write placeholder /opt/rustwide/workdir/crates/cloud/../../web/dist/index.html (Read-only file system (os error 30)); the hosted web UI will fail to compile unless web/dist exists.
[INFO] [stderr] error: could not compile `kikimimi-cloud` (lib test) due to 3 previous errors
[INFO] [stderr] warning: unused dependency `serde_json`
[INFO] [stderr]  --> crates/schema/Cargo.toml:9:1
[INFO] [stderr]   |
[INFO] [stderr] 9 | serde_json.workspace = true
[INFO] [stderr]   | ^^^^^^^^^^
[INFO] [stderr]   |
[INFO] [stderr]   = note: `cargo::unused_dependencies` is set to `warn` by default
[INFO] [stderr] help: consider removing the dependency on `serde_json`
[INFO] [stderr] warning: `kikimimi-schema` (manifest) generated 1 warning
[INFO] running `Command { std: "docker" "inspect" "21316f8a24abd8d90e3a9806386bdef48b5c8e11e5f1c2939881bbb01d8a1617", kill_on_drop: false }`
[INFO] running `Command { std: "docker" "rm" "-f" "21316f8a24abd8d90e3a9806386bdef48b5c8e11e5f1c2939881bbb01d8a1617", kill_on_drop: false }`
[INFO] [stdout] 21316f8a24abd8d90e3a9806386bdef48b5c8e11e5f1c2939881bbb01d8a1617
