[INFO] cloning repository https://github.com/isaiah-parton/inky
[INFO] running `Command { std: "git" "-c" "credential.helper=" "-c" "credential.helper=/workspace/cargo-home/bin/git-credential-null" "clone" "--bare" "https://github.com/isaiah-parton/inky" "/workspace/cache/git-repos/https%3A%2F%2Fgithub.com%2Fisaiah-parton%2Finky", kill_on_drop: false }`
[INFO] [stderr] Cloning into bare repository '/workspace/cache/git-repos/https%3A%2F%2Fgithub.com%2Fisaiah-parton%2Finky'...
[INFO] running `Command { std: "git" "rev-parse" "HEAD", kill_on_drop: false }`
[INFO] [stdout] e6be067c208999f71aa53e568c19b60d80539dce
[INFO] checking isaiah-parton/inky against 3154cc1a3e6424e44f438a95007d043ed5ceaaf6+rustflags=-Znext-solver=coherence for pr-133502-30
[INFO] running `Command { std: "git" "clone" "/workspace/cache/git-repos/https%3A%2F%2Fgithub.com%2Fisaiah-parton%2Finky" "/workspace/builds/worker-2-tc1/source", kill_on_drop: false }`
[INFO] [stderr] Cloning into '/workspace/builds/worker-2-tc1/source'...
[INFO] [stderr] done.
[INFO] started tweaking git repo https://github.com/isaiah-parton/inky
[INFO] finished tweaking git repo https://github.com/isaiah-parton/inky
[INFO] tweaked toml for git repo https://github.com/isaiah-parton/inky written to /workspace/builds/worker-2-tc1/source/Cargo.toml
[INFO] validating manifest of git repo https://github.com/isaiah-parton/inky on toolchain 3154cc1a3e6424e44f438a95007d043ed5ceaaf6
[INFO] running `Command { std: CARGO_HOME="/workspace/cargo-home" RUSTUP_HOME="/workspace/rustup-home" "/workspace/cargo-home/bin/cargo" "+3154cc1a3e6424e44f438a95007d043ed5ceaaf6" "metadata" "--manifest-path" "Cargo.toml" "--no-deps", kill_on_drop: false }`
[INFO] crate git repo https://github.com/isaiah-parton/inky already has a lockfile, it will not be regenerated
[INFO] running `Command { std: CARGO_HOME="/workspace/cargo-home" RUSTUP_HOME="/workspace/rustup-home" "/workspace/cargo-home/bin/cargo" "+3154cc1a3e6424e44f438a95007d043ed5ceaaf6" "fetch" "--manifest-path" "Cargo.toml", kill_on_drop: false }`
[INFO] [stderr]     Updating crates.io index
[INFO] [stderr]  Downloading crates ...
[INFO] [stderr]   Downloaded route-recognizer v0.2.0
[INFO] [stderr]   Downloaded ppmd-rust v1.5.0
[INFO] [stderr]   Downloaded stdweb-internal-macros v0.2.9
[INFO] [stderr]   Downloaded hmac v0.10.1
[INFO] [stderr]   Downloaded time-macros v0.1.1
[INFO] [stderr]   Downloaded infer v0.2.3
[INFO] [stderr]   Downloaded discard v1.0.4
[INFO] [stderr]   Downloaded time-macros-impl v0.1.2
[INFO] [stderr]   Downloaded cipher v0.2.5
[INFO] [stderr]   Downloaded const_fn v0.4.12
[INFO] [stderr]   Downloaded stdweb-derive v0.5.3
[INFO] [stderr]   Downloaded hkdf v0.10.0
[INFO] [stderr]   Downloaded sha1 v0.6.1
[INFO] [stderr]   Downloaded base-x v0.2.11
[INFO] [stderr]   Downloaded async-dup v1.2.4
[INFO] [stderr]   Downloaded async-session v2.0.1
[INFO] [stderr]   Downloaded async-sse v4.1.0
[INFO] [stderr]   Downloaded stdweb-internal-runtime v0.1.5
[INFO] [stderr]   Downloaded standback v0.2.17
[INFO] [stderr]   Downloaded cookie v0.14.4
[INFO] [stderr]   Downloaded crypto-mac v0.10.0
[INFO] [stderr]   Downloaded ctr v0.6.0
[INFO] [stderr]   Downloaded pin-project-lite v0.1.12
[INFO] [stderr]   Downloaded tide v0.16.0
[INFO] [stderr]   Downloaded serde_qs v0.8.5
[INFO] [stderr]   Downloaded http-client v6.5.3
[INFO] [stderr]   Downloaded async-h1 v2.3.4
[INFO] [stderr]   Downloaded time v0.2.27
[INFO] [stderr]   Downloaded aes v0.6.0
[INFO] [stderr]   Downloaded aesni v0.10.0
[INFO] [stderr]   Downloaded aes-soft v0.6.4
[INFO] [stderr]   Downloaded aes-gcm v0.8.0
[INFO] [stderr]   Downloaded blake3 v0.3.8
[INFO] [stderr]   Downloaded lzma-rust2 v0.16.5
[INFO] [stderr]   Downloaded stdweb v0.4.20
[INFO] [stderr]   Downloaded femme v2.2.1
[INFO] [stderr]   Downloaded http-types v2.12.0
[INFO] running `Command { std: "docker" "create" "-v" "/var/lib/crater-agent-workspace/builds/worker-2-tc1/source:/opt/rustwide/workdir:ro,Z" "-v" "/var/lib/crater-agent-workspace/builds/worker-2-tc1/target:/opt/rustwide/target:rw,Z" "-v" "/var/lib/crater-agent-workspace/cargo-home:/opt/rustwide/cargo-home:ro,Z" "-v" "/var/lib/crater-agent-workspace/rustup-home:/opt/rustwide/rustup-home:ro,Z" "-m" "1610612736" "--network" "none" "ghcr.io/rust-lang/crates-build-env/linux@sha256:77db811e55d90add9212f6832c23229e3de5f1c1f9905e8cb07319ea15df73ac" "sleep" "infinity", kill_on_drop: false }`
[INFO] [stdout] acdff701ec315d310559d3c7822a77ed219ee064d1f0edc6c38f7acc492a4a2c
[INFO] running `Command { std: "docker" "start" "acdff701ec315d310559d3c7822a77ed219ee064d1f0edc6c38f7acc492a4a2c", kill_on_drop: false }`
[INFO] running `Command { std: "docker" "inspect" "acdff701ec315d310559d3c7822a77ed219ee064d1f0edc6c38f7acc492a4a2c", kill_on_drop: false }`
[INFO] running `Command { std: "docker" "exec" "-e" "SOURCE_DIR=/opt/rustwide/workdir" "-e" "CARGO_HOME=/opt/rustwide/cargo-home" "-e" "RUSTUP_HOME=/opt/rustwide/rustup-home" "-e" "CARGO_TARGET_DIR=/opt/rustwide/target" "-w" "/opt/rustwide/workdir" "--user" "0:0" "acdff701ec315d310559d3c7822a77ed219ee064d1f0edc6c38f7acc492a4a2c" "/opt/rustwide/cargo-home/bin/cargo" "+3154cc1a3e6424e44f438a95007d043ed5ceaaf6" "metadata" "--no-deps" "--format-version=1", kill_on_drop: false }`
[INFO] running `Command { std: "docker" "inspect" "acdff701ec315d310559d3c7822a77ed219ee064d1f0edc6c38f7acc492a4a2c", kill_on_drop: false }`
[INFO] running `Command { std: "docker" "exec" "-e" "SOURCE_DIR=/opt/rustwide/workdir" "-e" "CARGO_HOME=/opt/rustwide/cargo-home" "-e" "RUSTUP_HOME=/opt/rustwide/rustup-home" "-e" "CARGO_TARGET_DIR=/opt/rustwide/target" "-e" "CARGO_INCREMENTAL=0" "-e" "RUST_BACKTRACE=full" "-e" "RUSTFLAGS=--cap-lints=forbid -Znext-solver=coherence" "-e" "RUSTDOCFLAGS=--cap-lints=forbid" "-w" "/opt/rustwide/workdir" "--user" "0:0" "acdff701ec315d310559d3c7822a77ed219ee064d1f0edc6c38f7acc492a4a2c" "/opt/rustwide/cargo-home/bin/cargo" "+3154cc1a3e6424e44f438a95007d043ed5ceaaf6" "check" "--frozen" "--all" "--all-targets" "--message-format=json", kill_on_drop: false }`
[INFO] [stderr]    Compiling syn v3.0.5
[INFO] [stderr]    Compiling find-msvc-tools v0.1.12
[INFO] [stderr]    Compiling generic-array v0.14.9
[INFO] [stderr]     Checking smallvec v1.16.1
[INFO] [stderr]    Compiling erased-serde v0.4.10
[INFO] [stderr]    Compiling crossbeam-utils v0.8.23
[INFO] [stderr]    Compiling serde v1.0.229
[INFO] [stderr]     Checking serde_fmt v1.1.0
[INFO] [stderr]    Compiling zerocopy v0.8.57
[INFO] [stderr]    Compiling rustix v1.1.4
[INFO] [stderr]     Checking event-listener-strategy v0.5.4
[INFO] [stderr]     Checking futures-lite v2.6.1
[INFO] [stderr]     Checking linux-raw-sys v0.12.1
[INFO] [stderr]    Compiling async-io v2.6.0
[INFO] [stderr]    Compiling standback v0.2.17
[INFO] [stderr]    Compiling syn v1.0.109
[INFO] [stderr]    Compiling proc-macro-hack v0.5.20+deprecated
[INFO] [stderr]     Checking parking_lot_core v0.9.12
[INFO] [stderr]    Compiling cc v1.4.6
[INFO] [stderr]     Checking async-lock v3.4.2
[INFO] [stderr]    Compiling getrandom v0.1.16
[INFO] [stderr]     Checking mio v1.2.3
[INFO] [stderr]     Checking parking_lot v0.12.5
[INFO] [stderr]     Checking piper v0.2.5
[INFO] [stderr]     Checking cpuid-bool v0.2.0
[INFO] [stderr]    Compiling const_fn v0.4.12
[INFO] [stderr]     Checking windows-link v0.2.1
[INFO] [stderr]     Checking rand_core v0.5.1
[INFO] [stderr]     Checking serde_json v1.0.151
[INFO] [stderr]     Checking digest v0.9.0
[INFO] [stderr]     Checking cipher v0.2.5
[INFO] [stderr]     Checking universal-hash v0.4.0
[INFO] [stderr]     Checking crypto-mac v0.10.0
[INFO] [stderr]     Checking block-buffer v0.9.0
[INFO] [stderr]    Compiling time v0.2.27
[INFO] [stderr]     Checking aes-soft v0.6.4
[INFO] [stderr]     Checking polyval v0.4.5
[INFO] [stderr]     Checking sha2 v0.9.9
[INFO] [stderr]     Checking concurrent-queue v2.5.0
[INFO] [stderr]     Checking ctr v0.6.0
[INFO] [stderr]     Checking hmac v0.10.1
[INFO] [stderr]     Checking ghash v0.3.1
[INFO] [stderr]     Checking aead v0.3.2
[INFO] [stderr]     Checking block-buffer v0.12.1
[INFO] [stderr]    Compiling cookie v0.14.4
[INFO] [stderr]     Checking value-bag-serde1 v1.14.1
[INFO] [stderr]     Checking async-channel v2.5.0
[INFO] [stderr]     Checking value-bag v1.14.1
[INFO] [stderr]     Checking async-executor v1.14.0
[INFO] [stderr]     Checking async-channel v1.9.0
[INFO] [stderr]     Checking fastrand v1.9.0
[INFO] [stderr]     Checking aes v0.6.0
[INFO] [stderr]     Checking thiserror v1.0.69
[INFO] [stderr]     Checking aes-gcm v0.8.0
[INFO] [stderr]     Checking hkdf v0.10.0
[INFO] [stderr]     Checking digest v0.11.3
[INFO] [stderr]     Checking blocking v1.7.0
[INFO] [stderr]     Checking windows-strings v0.5.1
[INFO] [stderr]     Checking windows-result v0.4.1
[INFO] [stderr]    Compiling io-lifetimes v1.0.11
[INFO] [stderr]    Compiling http-types v2.12.0
[INFO] [stderr]     Checking tracing v0.1.44
[INFO] [stderr]    Compiling polling v2.8.0
[INFO] [stderr]     Checking futures-lite v1.13.0
[INFO] [stderr]    Compiling windows-interface v0.59.3
[INFO] [stderr]    Compiling windows-implement v0.60.2
[INFO] [stderr]    Compiling rustix v0.37.28
[INFO] [stderr]     Checking infer v0.2.3
[INFO] [stderr]     Checking crypto-mac v0.8.0
[INFO] [stderr]    Compiling async-io v1.13.0
[INFO] [stderr]    Compiling zstd-safe v7.3.0
[INFO] [stderr]     Checking log v0.4.34
[INFO] [stderr]    Compiling crc32fast v1.5.2
[INFO] [stderr]     Checking linux-raw-sys v0.3.8
[INFO] [stderr]    Compiling encoding_rs v0.8.41
[INFO] [stderr]     Checking async-lock v2.8.0
[INFO] [stderr]     Checking inout v0.2.2
[INFO] [stderr]     Checking socket2 v0.4.10
[INFO] [stderr]    Compiling pin-project-internal v1.1.13
[INFO] [stderr]     Checking cfg-if v0.1.10
[INFO] [stderr]     Checking constant_time_eq v0.1.5
[INFO] [stderr]     Checking arrayvec v0.5.2
[INFO] [stderr]    Compiling getrandom v0.4.3
[INFO] [stderr]     Checking rustls-native-certs v0.8.4
[INFO] [stderr]     Checking kv-log-macro v1.0.7
[INFO] [stderr]     Checking cipher v0.5.2
[INFO] [stderr]     Checking hmac v0.8.1
[INFO] [stderr]     Checking sha2 v0.11.0
[INFO] [stderr]     Checking hmac v0.13.0
[INFO] [stderr]    Compiling time-macros-impl v0.1.2
[INFO] [stderr]    Compiling cmake v0.1.58
[INFO] [stderr]     Checking async-dup v1.2.4
[INFO] [stderr]     Checking windows-threading v0.2.1
[INFO] [stderr]    Compiling multiversion_no_op v1.0.0
[INFO] [stderr]     Checking base64 v0.12.3
[INFO] [stderr]     Checking simdutf8 v0.1.5
[INFO] [stderr]     Checking zlib-rs v0.6.8
[INFO] [stderr]     Checking windows-core v0.62.2
[INFO] [stderr]     Checking core_detect v1.0.0
[INFO] [stderr]     Checking pin-project-lite v0.1.12
[INFO] [stderr]     Checking cpubits v0.1.1
[INFO] [stderr]     Checking time v0.3.55
[INFO] [stderr]     Checking zopfli v0.8.3
[INFO] [stderr]     Checking pbkdf2 v0.13.0
[INFO] [stderr]     Checking aes v0.9.3
[INFO] [stderr]     Checking sha1 v0.11.0
[INFO] [stdout] error: attributes starting with `rustc` are reserved for use by the `rustc` compiler
[INFO] [stdout]   --> /opt/rustwide/cargo-home/registry/src/index.crates.io-1949cf8c6b5b557f/rustix-0.37.28/src/backend/linux_raw/io/errno.rs:28:25
[INFO] [stdout]    |
[INFO] [stdout] 28 | #[cfg_attr(rustc_attrs, rustc_layout_scalar_valid_range_start(0xf001))]
[INFO] [stdout]    |                         ^^^^^^^^^^^^^^^^^^^^^^^^^^^^^^^^^^^^^
[INFO] [stdout] 
[INFO] [stdout] 
[INFO] [stdout] error: attributes starting with `rustc` are reserved for use by the `rustc` compiler
[INFO] [stdout]   --> /opt/rustwide/cargo-home/registry/src/index.crates.io-1949cf8c6b5b557f/rustix-0.37.28/src/backend/linux_raw/io/errno.rs:29:25
[INFO] [stdout]    |
[INFO] [stdout] 29 | #[cfg_attr(rustc_attrs, rustc_layout_scalar_valid_range_end(0xffff))]
[INFO] [stdout]    |                         ^^^^^^^^^^^^^^^^^^^^^^^^^^^^^^^^^^^
[INFO] [stdout] 
[INFO] [stdout] 
[INFO] [stderr]     Checking windows-collections v0.3.2
[INFO] [stderr]     Checking windows-numerics v0.3.1
[INFO] [stdout] error: cannot find attribute `rustc_layout_scalar_valid_range_start` in this scope
[INFO] [stdout]   --> /opt/rustwide/cargo-home/registry/src/index.crates.io-1949cf8c6b5b557f/rustix-0.37.28/src/backend/linux_raw/io/errno.rs:28:25
[INFO] [stdout]    |
[INFO] [stdout] 28 | #[cfg_attr(rustc_attrs, rustc_layout_scalar_valid_range_start(0xf001))]
[INFO] [stdout]    |                         ^^^^^^^^^^^^^^^^^^^^^^^^^^^^^^^^^^^^^
[INFO] [stdout] 
[INFO] [stdout] 
[INFO] [stdout] error: cannot find attribute `rustc_layout_scalar_valid_range_end` in this scope
[INFO] [stdout]   --> /opt/rustwide/cargo-home/registry/src/index.crates.io-1949cf8c6b5b557f/rustix-0.37.28/src/backend/linux_raw/io/errno.rs:29:25
[INFO] [stdout]    |
[INFO] [stdout] 29 | #[cfg_attr(rustc_attrs, rustc_layout_scalar_valid_range_end(0xffff))]
[INFO] [stdout]    |                         ^^^^^^^^^^^^^^^^^^^^^^^^^^^^^^^^^^^
[INFO] [stdout] 
[INFO] [stdout] 
[INFO] [stderr]     Checking windows-future v0.3.2
[INFO] [stderr]     Checking route-recognizer v0.2.0
[INFO] [stderr]     Checking ppmd-rust v1.5.0
[INFO] [stderr]     Checking time-macros v0.1.1
[INFO] [stderr]     Checking deflate64 v0.1.12
[INFO] [stderr]     Checking constant_time_eq v0.4.2
[INFO] [stderr]     Checking windows-registry v0.6.1
[INFO] [stderr]    Compiling aws-lc-sys v0.45.0
[INFO] [stderr]    Compiling zstd-sys v2.1.0+zstd.1.5.7
[INFO] [stderr]    Compiling blake3 v0.3.8
[INFO] [stderr]     Checking lzma-rust2 v0.16.5
[INFO] [stdout] error[E0425]: cannot find type `IMarshal` in module `windows_core::imp`
[INFO] [stdout]   --> /opt/rustwide/cargo-home/registry/src/index.crates.io-1949cf8c6b5b557f/windows-future-0.3.2/src/bindings.rs:87:51
[INFO] [stdout]    |
[INFO] [stdout] 87 |             } else if *iid == <windows_core::imp::IMarshal as windows_core::Interface>::IID {
[INFO] [stdout]    |                                                   ^^^^^^^^ not found in `windows_core::imp`
[INFO] [stdout] 
[INFO] [stdout] 
[INFO] [stdout] error[E0425]: cannot find function `marshaler` in module `windows_core::imp`
[INFO] [stdout]   --> /opt/rustwide/cargo-home/registry/src/index.crates.io-1949cf8c6b5b557f/windows-future-0.3.2/src/bindings.rs:89:43
[INFO] [stdout]    |
[INFO] [stdout] 89 |                 return windows_core::imp::marshaler(
[INFO] [stdout]    |                                           ^^^^^^^^^ not found in `windows_core::imp`
[INFO] [stdout] 
[INFO] [stdout] 
[INFO] [stdout] error[E0425]: cannot find type `IMarshal` in module `windows_core::imp`
[INFO] [stdout]    --> /opt/rustwide/cargo-home/registry/src/index.crates.io-1949cf8c6b5b557f/windows-future-0.3.2/src/bindings.rs:255:51
[INFO] [stdout]     |
[INFO] [stdout] 255 |             } else if *iid == <windows_core::imp::IMarshal as windows_core::Interface>::IID {
[INFO] [stdout]     |                                                   ^^^^^^^^ not found in `windows_core::imp`
[INFO] [stdout] 
[INFO] [stdout] 
[INFO] [stdout] error[E0425]: cannot find function `marshaler` in module `windows_core::imp`
[INFO] [stdout]    --> /opt/rustwide/cargo-home/registry/src/index.crates.io-1949cf8c6b5b557f/windows-future-0.3.2/src/bindings.rs:257:43
[INFO] [stdout]     |
[INFO] [stdout] 257 |                 return windows_core::imp::marshaler(
[INFO] [stdout]     |                                           ^^^^^^^^^ not found in `windows_core::imp`
[INFO] [stdout] 
[INFO] [stdout] 
[INFO] [stdout] error[E0425]: cannot find type `IMarshal` in module `windows_core::imp`
[INFO] [stdout]    --> /opt/rustwide/cargo-home/registry/src/index.crates.io-1949cf8c6b5b557f/windows-future-0.3.2/src/bindings.rs:422:364
[INFO] [stdout]     |
[INFO] [stdout] 422 | ... _ } else if * iid == < windows_core::imp::IMarshal as windows_core::Interface >::IID { ( * this ) . count . add_ref ( ) ; retur...
[INFO] [stdout]     |                                               ^^^^^^^^ not found in `windows_core::imp`
[INFO] [stdout] 
[INFO] [stdout] 
[INFO] [stdout] error[E0425]: cannot find function `marshaler` in module `windows_core::imp`
[INFO] [stdout]    --> /opt/rustwide/cargo-home/registry/src/index.crates.io-1949cf8c6b5b557f/windows-future-0.3.2/src/bindings.rs:422:470
[INFO] [stdout]     |
[INFO] [stdout] 422 | ... . add_ref ( ) ; return windows_core::imp::marshaler ( core::mem::transmute ( & mut ( * this ) . vtable as * mut _ as * mut core...
[INFO] [stdout]     |                                               ^^^^^^^^^ not found in `windows_core::imp`
[INFO] [stdout] 
[INFO] [stdout] 
[INFO] [stdout] error[E0425]: cannot find type `IMarshal` in module `windows_core::imp`
[INFO] [stdout]    --> /opt/rustwide/cargo-home/registry/src/index.crates.io-1949cf8c6b5b557f/windows-future-0.3.2/src/bindings.rs:572:51
[INFO] [stdout]     |
[INFO] [stdout] 572 |             } else if *iid == <windows_core::imp::IMarshal as windows_core::Interface>::IID {
[INFO] [stdout]     |                                                   ^^^^^^^^ not found in `windows_core::imp`
[INFO] [stdout] 
[INFO] [stdout] 
[INFO] [stdout] error[E0425]: cannot find function `marshaler` in module `windows_core::imp`
[INFO] [stdout]    --> /opt/rustwide/cargo-home/registry/src/index.crates.io-1949cf8c6b5b557f/windows-future-0.3.2/src/bindings.rs:574:43
[INFO] [stdout]     |
[INFO] [stdout] 574 |                 return windows_core::imp::marshaler(
[INFO] [stdout]     |                                           ^^^^^^^^^ not found in `windows_core::imp`
[INFO] [stdout] 
[INFO] [stdout] 
[INFO] [stdout] error[E0425]: cannot find type `IMarshal` in module `windows_core::imp`
[INFO] [stdout]    --> /opt/rustwide/cargo-home/registry/src/index.crates.io-1949cf8c6b5b557f/windows-future-0.3.2/src/bindings.rs:752:364
[INFO] [stdout]     |
[INFO] [stdout] 752 | ... _ } else if * iid == < windows_core::imp::IMarshal as windows_core::Interface >::IID { ( * this ) . count . add_ref ( ) ; retur...
[INFO] [stdout]     |                                               ^^^^^^^^ not found in `windows_core::imp`
[INFO] [stdout] 
[INFO] [stdout] 
[INFO] [stdout] error[E0425]: cannot find function `marshaler` in module `windows_core::imp`
[INFO] [stdout]    --> /opt/rustwide/cargo-home/registry/src/index.crates.io-1949cf8c6b5b557f/windows-future-0.3.2/src/bindings.rs:752:470
[INFO] [stdout]     |
[INFO] [stdout] 752 | ... . add_ref ( ) ; return windows_core::imp::marshaler ( core::mem::transmute ( & mut ( * this ) . vtable as * mut _ as * mut core...
[INFO] [stdout]     |                                               ^^^^^^^^^ not found in `windows_core::imp`
[INFO] [stdout] 
[INFO] [stdout] 
[INFO] [stdout] error[E0425]: cannot find type `IMarshal` in module `windows_core::imp`
[INFO] [stdout]    --> /opt/rustwide/cargo-home/registry/src/index.crates.io-1949cf8c6b5b557f/windows-future-0.3.2/src/bindings.rs:927:377
[INFO] [stdout]     |
[INFO] [stdout] 927 | ... _ } else if * iid == < windows_core::imp::IMarshal as windows_core::Interface >::IID { ( * this ) . count . add_ref ( ) ; retur...
[INFO] [stdout]     |                                               ^^^^^^^^ not found in `windows_core::imp`
[INFO] [stdout] 
[INFO] [stdout] 
[INFO] [stdout] error[E0425]: cannot find function `marshaler` in module `windows_core::imp`
[INFO] [stdout]    --> /opt/rustwide/cargo-home/registry/src/index.crates.io-1949cf8c6b5b557f/windows-future-0.3.2/src/bindings.rs:927:483
[INFO] [stdout]     |
[INFO] [stdout] 927 | ... . add_ref ( ) ; return windows_core::imp::marshaler ( core::mem::transmute ( & mut ( * this ) . vtable as * mut _ as * mut core...
[INFO] [stdout]     |                                               ^^^^^^^^^ not found in `windows_core::imp`
[INFO] [stdout] 
[INFO] [stdout] 
[INFO] [stdout] error[E0425]: cannot find function `submit` in crate `windows_threading`
[INFO] [stdout]    --> /opt/rustwide/cargo-home/registry/src/index.crates.io-1949cf8c6b5b557f/windows-future-0.3.2/src/async_spawn.rs:264:28
[INFO] [stdout]     |
[INFO] [stdout] 264 |         windows_threading::submit(move || {
[INFO] [stdout]     |                            ^^^^^^ not found in `windows_threading`
[INFO] [stdout] 
[INFO] [stdout] 
[INFO] [stdout] error[E0425]: cannot find function `submit` in crate `windows_threading`
[INFO] [stdout]    --> /opt/rustwide/cargo-home/registry/src/index.crates.io-1949cf8c6b5b557f/windows-future-0.3.2/src/async_spawn.rs:281:28
[INFO] [stdout]     |
[INFO] [stdout] 281 |         windows_threading::submit(move || {
[INFO] [stdout]     |                            ^^^^^^ not found in `windows_threading`
[INFO] [stdout] 
[INFO] [stdout] 
[INFO] [stdout] error[E0425]: cannot find function `submit` in crate `windows_threading`
[INFO] [stdout]    --> /opt/rustwide/cargo-home/registry/src/index.crates.io-1949cf8c6b5b557f/windows-future-0.3.2/src/async_spawn.rs:298:28
[INFO] [stdout]     |
[INFO] [stdout] 298 |         windows_threading::submit(move || {
[INFO] [stdout]     |                            ^^^^^^ not found in `windows_threading`
[INFO] [stdout] 
[INFO] [stdout] 
[INFO] [stdout] error[E0425]: cannot find function `submit` in crate `windows_threading`
[INFO] [stdout]    --> /opt/rustwide/cargo-home/registry/src/index.crates.io-1949cf8c6b5b557f/windows-future-0.3.2/src/async_spawn.rs:315:28
[INFO] [stdout]     |
[INFO] [stdout] 315 |         windows_threading::submit(move || {
[INFO] [stdout]     |                            ^^^^^^ not found in `windows_threading`
[INFO] [stdout] 
[INFO] [stdout] 
[INFO] [stderr]     Checking pin-project v1.1.13
[INFO] [stdout] For more information about this error, try `rustc --explain E0425`.
[INFO] [stdout] 
[INFO] [stderr] error: could not compile `windows-future` (lib) due to 16 previous errors
[INFO] [stderr] warning: build failed, waiting for other jobs to finish...
[INFO] [stderr] error: could not compile `rustix` (lib) due to 4 previous errors
[INFO] running `Command { std: "docker" "inspect" "acdff701ec315d310559d3c7822a77ed219ee064d1f0edc6c38f7acc492a4a2c", kill_on_drop: false }`
[INFO] running `Command { std: "docker" "rm" "-f" "acdff701ec315d310559d3c7822a77ed219ee064d1f0edc6c38f7acc492a4a2c", kill_on_drop: false }`
[INFO] [stdout] acdff701ec315d310559d3c7822a77ed219ee064d1f0edc6c38f7acc492a4a2c
