[INFO] cloning repository https://github.com/isaacperez/tabgrad
[INFO] running `Command { std: "git" "-c" "credential.helper=" "-c" "credential.helper=/workspace/cargo-home/bin/git-credential-null" "clone" "--bare" "https://github.com/isaacperez/tabgrad" "/workspace/cache/git-repos/https%3A%2F%2Fgithub.com%2Fisaacperez%2Ftabgrad", kill_on_drop: false }`
[INFO] [stderr] Cloning into bare repository '/workspace/cache/git-repos/https%3A%2F%2Fgithub.com%2Fisaacperez%2Ftabgrad'...
[INFO] running `Command { std: "git" "rev-parse" "HEAD", kill_on_drop: false }`
[INFO] [stdout] a3c7899dc08dfebe609f9a79ecc54fe013df661a
[INFO] checking isaacperez/tabgrad against 3154cc1a3e6424e44f438a95007d043ed5ceaaf6+rustflags=-Znext-solver=coherence for pr-133502-30
[INFO] running `Command { std: "git" "clone" "/workspace/cache/git-repos/https%3A%2F%2Fgithub.com%2Fisaacperez%2Ftabgrad" "/workspace/builds/worker-3-tc1/source", kill_on_drop: false }`
[INFO] [stderr] Cloning into '/workspace/builds/worker-3-tc1/source'...
[INFO] [stderr] done.
[INFO] removed /workspace/builds/worker-3-tc1/source/rust-toolchain.toml
[INFO] started tweaking git repo https://github.com/isaacperez/tabgrad
[INFO] finished tweaking git repo https://github.com/isaacperez/tabgrad
[INFO] tweaked toml for git repo https://github.com/isaacperez/tabgrad written to /workspace/builds/worker-3-tc1/source/Cargo.toml
[INFO] validating manifest of git repo https://github.com/isaacperez/tabgrad on toolchain 3154cc1a3e6424e44f438a95007d043ed5ceaaf6
[INFO] running `Command { std: CARGO_HOME="/workspace/cargo-home" RUSTUP_HOME="/workspace/rustup-home" "/workspace/cargo-home/bin/cargo" "+3154cc1a3e6424e44f438a95007d043ed5ceaaf6" "metadata" "--manifest-path" "Cargo.toml" "--no-deps", kill_on_drop: false }`
[INFO] crate git repo https://github.com/isaacperez/tabgrad already has a lockfile, it will not be regenerated
[INFO] running `Command { std: CARGO_HOME="/workspace/cargo-home" RUSTUP_HOME="/workspace/rustup-home" "/workspace/cargo-home/bin/cargo" "+3154cc1a3e6424e44f438a95007d043ed5ceaaf6" "fetch" "--manifest-path" "Cargo.toml", kill_on_drop: false }`
[INFO] running `Command { std: "docker" "create" "-v" "/var/lib/crater-agent-workspace/builds/worker-3-tc1/source:/opt/rustwide/workdir:ro,Z" "-v" "/var/lib/crater-agent-workspace/builds/worker-3-tc1/target:/opt/rustwide/target:rw,Z" "-v" "/var/lib/crater-agent-workspace/cargo-home:/opt/rustwide/cargo-home:ro,Z" "-v" "/var/lib/crater-agent-workspace/rustup-home:/opt/rustwide/rustup-home:ro,Z" "-m" "1610612736" "--network" "none" "ghcr.io/rust-lang/crates-build-env/linux@sha256:77db811e55d90add9212f6832c23229e3de5f1c1f9905e8cb07319ea15df73ac" "sleep" "infinity", kill_on_drop: false }`
[INFO] [stdout] b9c58d082b92b7ce0477070cbdc6c5e908deda7c81ebc5eec75482081f8945f3
[INFO] running `Command { std: "docker" "start" "b9c58d082b92b7ce0477070cbdc6c5e908deda7c81ebc5eec75482081f8945f3", kill_on_drop: false }`
[INFO] running `Command { std: "docker" "inspect" "b9c58d082b92b7ce0477070cbdc6c5e908deda7c81ebc5eec75482081f8945f3", kill_on_drop: false }`
[INFO] running `Command { std: "docker" "exec" "-e" "SOURCE_DIR=/opt/rustwide/workdir" "-e" "CARGO_HOME=/opt/rustwide/cargo-home" "-e" "RUSTUP_HOME=/opt/rustwide/rustup-home" "-e" "CARGO_TARGET_DIR=/opt/rustwide/target" "-w" "/opt/rustwide/workdir" "--user" "0:0" "b9c58d082b92b7ce0477070cbdc6c5e908deda7c81ebc5eec75482081f8945f3" "/opt/rustwide/cargo-home/bin/cargo" "+3154cc1a3e6424e44f438a95007d043ed5ceaaf6" "metadata" "--no-deps" "--format-version=1", kill_on_drop: false }`
[INFO] running `Command { std: "docker" "inspect" "b9c58d082b92b7ce0477070cbdc6c5e908deda7c81ebc5eec75482081f8945f3", kill_on_drop: false }`
[INFO] running `Command { std: "docker" "exec" "-e" "SOURCE_DIR=/opt/rustwide/workdir" "-e" "CARGO_HOME=/opt/rustwide/cargo-home" "-e" "RUSTUP_HOME=/opt/rustwide/rustup-home" "-e" "CARGO_TARGET_DIR=/opt/rustwide/target" "-e" "CARGO_INCREMENTAL=0" "-e" "RUST_BACKTRACE=full" "-e" "RUSTFLAGS=--cap-lints=forbid -Znext-solver=coherence" "-e" "RUSTDOCFLAGS=--cap-lints=forbid" "-w" "/opt/rustwide/workdir" "--user" "0:0" "b9c58d082b92b7ce0477070cbdc6c5e908deda7c81ebc5eec75482081f8945f3" "/opt/rustwide/cargo-home/bin/cargo" "+3154cc1a3e6424e44f438a95007d043ed5ceaaf6" "check" "--frozen" "--all" "--all-targets" "--message-format=json", kill_on_drop: false }`
[INFO] [stderr]     Checking tabgrad-wasm-kernels v0.0.0 (/opt/rustwide/workdir/crates/tabgrad-wasm-kernels)
[INFO] [stdout] error[E0433]: cannot find `wasm32` in `arch`
[INFO] [stdout]   --> crates/tabgrad-wasm-kernels/src/abi.rs:68:37
[INFO] [stdout]    |
[INFO] [stdout] 68 |     let memory_bytes = (core::arch::wasm32::memory_size(0) as u64) * 65_536;
[INFO] [stdout]    |                                     ^^^^^^ could not find `wasm32` in `arch`
[INFO] [stdout] 
[INFO] [stdout] 
[INFO] [stdout] error[E0433]: cannot find `wasm32` in `arch`
[INFO] [stdout]   --> crates/tabgrad-wasm-kernels/src/expansion.rs:14:37
[INFO] [stdout]    |
[INFO] [stdout] 14 |     let memory_bytes = (core::arch::wasm32::memory_size(0) as u64) * 65_536;
[INFO] [stdout]    |                                     ^^^^^^ could not find `wasm32` in `arch`
[INFO] [stdout] 
[INFO] [stdout] 
[INFO] [stdout] error[E0433]: cannot find `wasm32` in `arch`
[INFO] [stdout]   --> crates/tabgrad-wasm-kernels/src/abi.rs:68:37
[INFO] [stdout]    |
[INFO] [stdout] 68 |     let memory_bytes = (core::arch::wasm32::memory_size(0) as u64) * 65_536;
[INFO] [stdout]    |                                     ^^^^^^ could not find `wasm32` in `arch`
[INFO] [stdout] 
[INFO] [stdout] 
[INFO] [stdout] error[E0433]: cannot find `wasm32` in `arch`
[INFO] [stdout]   --> crates/tabgrad-wasm-kernels/src/reduction.rs:13:37
[INFO] [stdout]    |
[INFO] [stdout] 13 |     let memory_bytes = (core::arch::wasm32::memory_size(0) as u64) * 65_536;
[INFO] [stdout]    |                                     ^^^^^^ could not find `wasm32` in `arch`
[INFO] [stdout] 
[INFO] [stdout] 
[INFO] [stdout] error[E0433]: cannot find `wasm32` in `arch`
[INFO] [stdout]   --> crates/tabgrad-wasm-kernels/src/expansion.rs:14:37
[INFO] [stdout]    |
[INFO] [stdout] 14 |     let memory_bytes = (core::arch::wasm32::memory_size(0) as u64) * 65_536;
[INFO] [stdout]    |                                     ^^^^^^ could not find `wasm32` in `arch`
[INFO] [stdout] 
[INFO] [stdout] 
[INFO] [stdout] error[E0433]: cannot find `wasm32` in `arch`
[INFO] [stdout]   --> crates/tabgrad-wasm-kernels/src/lib.rs:14:17
[INFO] [stdout]    |
[INFO] [stdout] 14 |     core::arch::wasm32::unreachable()
[INFO] [stdout]    |                 ^^^^^^ could not find `wasm32` in `arch`
[INFO] [stdout] 
[INFO] [stdout] 
[INFO] [stdout] error[E0152]: found duplicate lang item `panic_impl`
[INFO] [stdout]   --> crates/tabgrad-wasm-kernels/src/lib.rs:13:1
[INFO] [stdout]    |
[INFO] [stdout] 13 | / fn panic(_information: &PanicInfo<'_>) -> ! {
[INFO] [stdout] 14 | |     core::arch::wasm32::unreachable()
[INFO] [stdout] 15 | | }
[INFO] [stdout]    | |_^
[INFO] [stdout]    |
[INFO] [stdout]    = note: the lang item is first defined in crate `std` (which `test` depends on)
[INFO] [stdout]    = note: first definition in `std` loaded from /opt/rustwide/rustup-home/toolchains/3154cc1a3e6424e44f438a95007d043ed5ceaaf6/lib/rustlib/x86_64-unknown-linux-gnu/lib/libstd-6ee2a0f0126c8a50.rmeta
[INFO] [stdout]    = note: second definition in the local crate (`tabgrad_wasm_kernels`)
[INFO] [stdout] 
[INFO] [stdout] 
[INFO] [stdout] error[E0433]: cannot find `wasm32` in `arch`
[INFO] [stdout]   --> crates/tabgrad-wasm-kernels/src/reduction.rs:13:37
[INFO] [stdout]    |
[INFO] [stdout] 13 |     let memory_bytes = (core::arch::wasm32::memory_size(0) as u64) * 65_536;
[INFO] [stdout]    |                                     ^^^^^^ could not find `wasm32` in `arch`
[INFO] [stdout] 
[INFO] [stdout] 
[INFO] [stdout] Some errors have detailed explanations: E0152, E0433.
[INFO] [stdout] 
[INFO] [stdout] For more information about an error, try `rustc --explain E0152`.
[INFO] [stdout] 
[INFO] [stdout] error[E0433]: cannot find `wasm32` in `arch`
[INFO] [stdout]   --> crates/tabgrad-wasm-kernels/src/lib.rs:14:17
[INFO] [stdout]    |
[INFO] [stdout] 14 |     core::arch::wasm32::unreachable()
[INFO] [stdout]    |                 ^^^^^^ could not find `wasm32` in `arch`
[INFO] [stdout] 
[INFO] [stdout] 
[INFO] [stderr] error: could not compile `tabgrad-wasm-kernels` (lib test) due to 5 previous errors
[INFO] [stderr] warning: build failed, waiting for other jobs to finish...
[INFO] [stdout] error: unwinding panics are not supported without std
[INFO] [stdout]   |
[INFO] [stdout]   = help: using nightly cargo, use -Zbuild-std with panic="abort" to avoid unwinding
[INFO] [stdout]   = note: since the core library is usually precompiled with panic="unwind", rebuilding your crate with panic="abort" may not be enough to fix the problem
[INFO] [stdout] 
[INFO] [stdout] 
[INFO] [stdout] For more information about this error, try `rustc --explain E0433`.
[INFO] [stdout] 
[INFO] [stderr] error: could not compile `tabgrad-wasm-kernels` (lib) due to 5 previous errors
[INFO] running `Command { std: "docker" "inspect" "b9c58d082b92b7ce0477070cbdc6c5e908deda7c81ebc5eec75482081f8945f3", kill_on_drop: false }`
[INFO] running `Command { std: "docker" "rm" "-f" "b9c58d082b92b7ce0477070cbdc6c5e908deda7c81ebc5eec75482081f8945f3", kill_on_drop: false }`
[INFO] [stdout] b9c58d082b92b7ce0477070cbdc6c5e908deda7c81ebc5eec75482081f8945f3
