[INFO] cloning repository https://github.com/ipmb/kcv
[INFO] running `Command { std: "git" "-c" "credential.helper=" "-c" "credential.helper=/workspace/cargo-home/bin/git-credential-null" "clone" "--bare" "https://github.com/ipmb/kcv" "/workspace/cache/git-repos/https%3A%2F%2Fgithub.com%2Fipmb%2Fkcv", kill_on_drop: false }`
[INFO] [stderr] Cloning into bare repository '/workspace/cache/git-repos/https%3A%2F%2Fgithub.com%2Fipmb%2Fkcv'...
[INFO] running `Command { std: "git" "rev-parse" "HEAD", kill_on_drop: false }`
[INFO] [stdout] dbbbdf2ccf6e4c9ea8370244b99ce95195d1daab
[INFO] checking ipmb/kcv against 3154cc1a3e6424e44f438a95007d043ed5ceaaf6 for pr-133502-30
[INFO] running `Command { std: "git" "clone" "/workspace/cache/git-repos/https%3A%2F%2Fgithub.com%2Fipmb%2Fkcv" "/workspace/builds/worker-2-tc2/source", kill_on_drop: false }`
[INFO] [stderr] Cloning into '/workspace/builds/worker-2-tc2/source'...
[INFO] [stderr] done.
[INFO] started tweaking git repo https://github.com/ipmb/kcv
[INFO] finished tweaking git repo https://github.com/ipmb/kcv
[INFO] tweaked toml for git repo https://github.com/ipmb/kcv written to /workspace/builds/worker-2-tc2/source/Cargo.toml
[INFO] validating manifest of git repo https://github.com/ipmb/kcv on toolchain 3154cc1a3e6424e44f438a95007d043ed5ceaaf6
[INFO] running `Command { std: CARGO_HOME="/workspace/cargo-home" RUSTUP_HOME="/workspace/rustup-home" "/workspace/cargo-home/bin/cargo" "+3154cc1a3e6424e44f438a95007d043ed5ceaaf6" "metadata" "--manifest-path" "Cargo.toml" "--no-deps", kill_on_drop: false }`
[INFO] crate git repo https://github.com/ipmb/kcv already has a lockfile, it will not be regenerated
[INFO] running `Command { std: CARGO_HOME="/workspace/cargo-home" RUSTUP_HOME="/workspace/rustup-home" "/workspace/cargo-home/bin/cargo" "+3154cc1a3e6424e44f438a95007d043ed5ceaaf6" "fetch" "--manifest-path" "Cargo.toml", kill_on_drop: false }`
[INFO] running `Command { std: "docker" "create" "-v" "/var/lib/crater-agent-workspace/builds/worker-2-tc2/source:/opt/rustwide/workdir:ro,Z" "-v" "/var/lib/crater-agent-workspace/builds/worker-2-tc2/target:/opt/rustwide/target:rw,Z" "-v" "/var/lib/crater-agent-workspace/cargo-home:/opt/rustwide/cargo-home:ro,Z" "-v" "/var/lib/crater-agent-workspace/rustup-home:/opt/rustwide/rustup-home:ro,Z" "-m" "1610612736" "--network" "none" "ghcr.io/rust-lang/crates-build-env/linux@sha256:77db811e55d90add9212f6832c23229e3de5f1c1f9905e8cb07319ea15df73ac" "sleep" "infinity", kill_on_drop: false }`
[INFO] [stdout] f936bd851b634ac1417cbd42d583ac8deaad7faba3850e09b607a0082ea59bd8
[INFO] running `Command { std: "docker" "start" "f936bd851b634ac1417cbd42d583ac8deaad7faba3850e09b607a0082ea59bd8", kill_on_drop: false }`
[INFO] running `Command { std: "docker" "inspect" "f936bd851b634ac1417cbd42d583ac8deaad7faba3850e09b607a0082ea59bd8", kill_on_drop: false }`
[INFO] running `Command { std: "docker" "exec" "-e" "SOURCE_DIR=/opt/rustwide/workdir" "-e" "CARGO_HOME=/opt/rustwide/cargo-home" "-e" "RUSTUP_HOME=/opt/rustwide/rustup-home" "-e" "CARGO_TARGET_DIR=/opt/rustwide/target" "-w" "/opt/rustwide/workdir" "--user" "0:0" "f936bd851b634ac1417cbd42d583ac8deaad7faba3850e09b607a0082ea59bd8" "/opt/rustwide/cargo-home/bin/cargo" "+3154cc1a3e6424e44f438a95007d043ed5ceaaf6" "metadata" "--no-deps" "--format-version=1", kill_on_drop: false }`
[INFO] running `Command { std: "docker" "inspect" "f936bd851b634ac1417cbd42d583ac8deaad7faba3850e09b607a0082ea59bd8", kill_on_drop: false }`
[INFO] running `Command { std: "docker" "exec" "-e" "SOURCE_DIR=/opt/rustwide/workdir" "-e" "CARGO_HOME=/opt/rustwide/cargo-home" "-e" "RUSTUP_HOME=/opt/rustwide/rustup-home" "-e" "CARGO_TARGET_DIR=/opt/rustwide/target" "-e" "CARGO_INCREMENTAL=0" "-e" "RUST_BACKTRACE=full" "-e" "RUSTFLAGS=--cap-lints=forbid" "-e" "RUSTDOCFLAGS=--cap-lints=forbid" "-w" "/opt/rustwide/workdir" "--user" "0:0" "f936bd851b634ac1417cbd42d583ac8deaad7faba3850e09b607a0082ea59bd8" "/opt/rustwide/cargo-home/bin/cargo" "+3154cc1a3e6424e44f438a95007d043ed5ceaaf6" "check" "--frozen" "--all" "--all-targets" "--message-format=json", kill_on_drop: false }`
[INFO] [stderr]    Compiling serde_core v1.0.229
[INFO] [stderr]     Checking core-foundation-sys v0.8.7
[INFO] [stderr]    Compiling syn v3.0.4
[INFO] [stderr]     Checking clap_builder v4.6.6
[INFO] [stderr]     Checking security-framework-sys v2.17.0
[INFO] [stderr]     Checking core-foundation v0.10.1
[INFO] [stderr]     Checking security-framework v3.7.0
[INFO] [stderr]     Checking serde_json v1.0.151
[INFO] [stderr]    Compiling clap_derive v4.6.4
[INFO] [stderr]     Checking clap v4.6.6
[INFO] [stderr]     Checking kcv v0.2.0 (/opt/rustwide/workdir)
[INFO] [stdout] error[E0433]: cannot find `os` in `security_framework`
[INFO] [stdout]  --> src/store.rs:3:25
[INFO] [stdout]   |
[INFO] [stdout] 3 | use security_framework::os::macos::keychain::SecKeychain;
[INFO] [stdout]   |                         ^^ could not find `os` in `security_framework`
[INFO] [stdout] 
[INFO] [stdout] 
[INFO] [stdout] error[E0432]: unresolved import `security_framework::item`
[INFO] [stdout]  --> src/store.rs:2:25
[INFO] [stdout]   |
[INFO] [stdout] 2 | use security_framework::item::{ItemClass, ItemSearchOptions, Limit};
[INFO] [stdout]   |                         ^^^^ could not find `item` in `security_framework`
[INFO] [stdout] 
[INFO] [stdout] 
[INFO] [stdout] error[E0433]: cannot find `base` in `security_framework`
[INFO] [stdout]   --> src/error.rs:27:34
[INFO] [stdout]    |
[INFO] [stdout] 27 |     Keychain(security_framework::base::Error),
[INFO] [stdout]    |                                  ^^^^ could not find `base` in `security_framework`
[INFO] [stdout] 
[INFO] [stdout] 
[INFO] [stdout] error[E0433]: cannot find `base` in `security_framework`
[INFO] [stdout]   --> src/error.rs:92:31
[INFO] [stdout]    |
[INFO] [stdout] 92 | impl From<security_framework::base::Error> for Error {
[INFO] [stdout]    |                               ^^^^ could not find `base` in `security_framework`
[INFO] [stdout] 
[INFO] [stdout] 
[INFO] [stdout] error[E0433]: cannot find `base` in `security_framework`
[INFO] [stdout]   --> src/error.rs:93:36
[INFO] [stdout]    |
[INFO] [stdout] 93 |     fn from(e: security_framework::base::Error) -> Self {
[INFO] [stdout]    |                                    ^^^^ could not find `base` in `security_framework`
[INFO] [stdout] 
[INFO] [stdout] 
[INFO] [stdout] error[E0433]: cannot find `os` in `security_framework`
[INFO] [stdout]  --> src/store.rs:3:25
[INFO] [stdout]   |
[INFO] [stdout] 3 | use security_framework::os::macos::keychain::SecKeychain;
[INFO] [stdout]   |                         ^^ could not find `os` in `security_framework`
[INFO] [stdout] 
[INFO] [stdout] 
[INFO] [stdout] error[E0432]: unresolved import `security_framework::item`
[INFO] [stdout]  --> src/store.rs:2:25
[INFO] [stdout]   |
[INFO] [stdout] 2 | use security_framework::item::{ItemClass, ItemSearchOptions, Limit};
[INFO] [stdout]   |                         ^^^^ could not find `item` in `security_framework`
[INFO] [stdout] 
[INFO] [stdout] 
[INFO] [stdout] warning: method call on a diverging inference variable
[INFO] [stdout]    --> src/store.rs:120:14
[INFO] [stdout]     |
[INFO] [stdout] 120 |             .iter()
[INFO] [stdout]     |              ^^^^
[INFO] [stdout]     |
[INFO] [stdout]     = help: consider providing a type annotation
[INFO] [stdout]     = warning: this was previously accepted by the compiler but is being phased out; it will become a hard error in a future release!
[INFO] [stdout]     = note: for more information, see issue #156047 <https://github.com/rust-lang/rust/issues/156047>
[INFO] [stdout]     = note: `#[warn(method_call_on_diverging_infer_var)]` (part of `#[warn(future_incompatible)]`) on by default
[INFO] [stdout] 
[INFO] [stdout] 
[INFO] [stdout] error[E0599]: no method named `iter` found for type `!` in the current scope
[INFO] [stdout]    --> src/store.rs:120:14
[INFO] [stdout]     |
[INFO] [stdout] 119 |         let mut names: Vec<String> = results
[INFO] [stdout] 120 |             .iter()
[INFO] [stdout]     |              ^^^^ method not found in `!`
[INFO] [stdout] 
[INFO] [stdout] 
[INFO] [stdout] error[E0433]: cannot find `base` in `security_framework`
[INFO] [stdout]   --> src/error.rs:27:34
[INFO] [stdout]    |
[INFO] [stdout] 27 |     Keychain(security_framework::base::Error),
[INFO] [stdout]    |                                  ^^^^ could not find `base` in `security_framework`
[INFO] [stdout] 
[INFO] [stdout] 
[INFO] [stdout] Some errors have detailed explanations: E0432, E0433, E0599.
[INFO] [stdout] 
[INFO] [stdout] For more information about an error, try `rustc --explain E0432`.
[INFO] [stdout] 
[INFO] [stdout] error[E0433]: cannot find `base` in `security_framework`
[INFO] [stdout]   --> src/error.rs:92:31
[INFO] [stdout]    |
[INFO] [stdout] 92 | impl From<security_framework::base::Error> for Error {
[INFO] [stdout]    |                               ^^^^ could not find `base` in `security_framework`
[INFO] [stdout] 
[INFO] [stdout] 
[INFO] [stderr] error: could not compile `kcv` (lib) due to 6 previous errors; 2 warnings emitted
[INFO] [stderr] warning: build failed, waiting for other jobs to finish...
[INFO] [stdout] error[E0433]: cannot find `base` in `security_framework`
[INFO] [stdout]   --> src/error.rs:93:36
[INFO] [stdout]    |
[INFO] [stdout] 93 |     fn from(e: security_framework::base::Error) -> Self {
[INFO] [stdout]    |                                    ^^^^ could not find `base` in `security_framework`
[INFO] [stdout] 
[INFO] [stdout] 
[INFO] [stdout] warning: method call on a diverging inference variable
[INFO] [stdout]    --> src/store.rs:120:14
[INFO] [stdout]     |
[INFO] [stdout] 120 |             .iter()
[INFO] [stdout]     |              ^^^^
[INFO] [stdout]     |
[INFO] [stdout]     = help: consider providing a type annotation
[INFO] [stdout]     = warning: this was previously accepted by the compiler but is being phased out; it will become a hard error in a future release!
[INFO] [stdout]     = note: for more information, see issue #156047 <https://github.com/rust-lang/rust/issues/156047>
[INFO] [stdout]     = note: `#[warn(method_call_on_diverging_infer_var)]` (part of `#[warn(future_incompatible)]`) on by default
[INFO] [stdout] 
[INFO] [stdout] 
[INFO] [stdout] error[E0599]: no method named `iter` found for type `!` in the current scope
[INFO] [stdout]    --> src/store.rs:120:14
[INFO] [stdout]     |
[INFO] [stdout] 119 |         let mut names: Vec<String> = results
[INFO] [stdout] 120 |             .iter()
[INFO] [stdout]     |              ^^^^ method not found in `!`
[INFO] [stdout] 
[INFO] [stdout] 
[INFO] [stdout] Some errors have detailed explanations: E0432, E0433, E0599.
[INFO] [stdout] 
[INFO] [stdout] For more information about an error, try `rustc --explain E0432`.
[INFO] [stdout] 
[INFO] [stderr] error: could not compile `kcv` (lib test) due to 6 previous errors; 2 warnings emitted
[INFO] running `Command { std: "docker" "inspect" "f936bd851b634ac1417cbd42d583ac8deaad7faba3850e09b607a0082ea59bd8", kill_on_drop: false }`
[INFO] running `Command { std: "docker" "rm" "-f" "f936bd851b634ac1417cbd42d583ac8deaad7faba3850e09b607a0082ea59bd8", kill_on_drop: false }`
[INFO] [stdout] f936bd851b634ac1417cbd42d583ac8deaad7faba3850e09b607a0082ea59bd8
