[INFO] cloning repository https://github.com/iopsystems/dendro
[INFO] running `Command { std: "git" "-c" "credential.helper=" "-c" "credential.helper=/workspace/cargo-home/bin/git-credential-null" "clone" "--bare" "https://github.com/iopsystems/dendro" "/workspace/cache/git-repos/https%3A%2F%2Fgithub.com%2Fiopsystems%2Fdendro", kill_on_drop: false }`
[INFO] [stderr] Cloning into bare repository '/workspace/cache/git-repos/https%3A%2F%2Fgithub.com%2Fiopsystems%2Fdendro'...
[INFO] running `Command { std: "git" "rev-parse" "HEAD", kill_on_drop: false }`
[INFO] [stdout] 7bb1e21a60d43bde809a83289a535298f0e3d7fa
[INFO] checking iopsystems/dendro against 3154cc1a3e6424e44f438a95007d043ed5ceaaf6+rustflags=-Znext-solver=coherence for pr-133502-30
[INFO] running `Command { std: "git" "clone" "/workspace/cache/git-repos/https%3A%2F%2Fgithub.com%2Fiopsystems%2Fdendro" "/workspace/builds/worker-2-tc1/source", kill_on_drop: false }`
[INFO] [stderr] Cloning into '/workspace/builds/worker-2-tc1/source'...
[INFO] [stderr] done.
[INFO] started tweaking git repo https://github.com/iopsystems/dendro
[INFO] finished tweaking git repo https://github.com/iopsystems/dendro
[INFO] tweaked toml for git repo https://github.com/iopsystems/dendro written to /workspace/builds/worker-2-tc1/source/Cargo.toml
[INFO] validating manifest of git repo https://github.com/iopsystems/dendro on toolchain 3154cc1a3e6424e44f438a95007d043ed5ceaaf6
[INFO] running `Command { std: CARGO_HOME="/workspace/cargo-home" RUSTUP_HOME="/workspace/rustup-home" "/workspace/cargo-home/bin/cargo" "+3154cc1a3e6424e44f438a95007d043ed5ceaaf6" "metadata" "--manifest-path" "Cargo.toml" "--no-deps", kill_on_drop: false }`
[INFO] crate git repo https://github.com/iopsystems/dendro already has a lockfile, it will not be regenerated
[INFO] running `Command { std: CARGO_HOME="/workspace/cargo-home" RUSTUP_HOME="/workspace/rustup-home" "/workspace/cargo-home/bin/cargo" "+3154cc1a3e6424e44f438a95007d043ed5ceaaf6" "fetch" "--manifest-path" "Cargo.toml", kill_on_drop: false }`
[INFO] [stderr]     Blocking waiting for file lock on package cache
[INFO] [stderr]     Updating crates.io index
[INFO] [stderr]     Blocking waiting for file lock on package cache
[INFO] [stderr]  Downloading crates ...
[INFO] [stderr]   Downloaded proc-macro2 v1.0.107
[INFO] [stderr]   Downloaded pin-project-lite v0.2.17
[INFO] [stderr]   Downloaded itoa v1.0.18
[INFO] [stderr]   Downloaded wasm-bindgen-shared v0.2.128
[INFO] [stderr]   Downloaded futures-task v0.3.34
[INFO] [stderr]   Downloaded fallible-streaming-iterator v0.1.9
[INFO] [stderr]   Downloaded windows-result v0.4.1
[INFO] [stderr]   Downloaded windows-interface v0.59.3
[INFO] [stderr]   Downloaded lexical-core v1.0.6
[INFO] [stderr]   Downloaded quote v1.0.47
[INFO] [stderr]   Downloaded zmij v1.0.23
[INFO] [stderr]   Downloaded once_cell v1.21.4
[INFO] [stderr]   Downloaded seq-macro v0.3.6
[INFO] [stderr]   Downloaded windows-strings v0.5.1
[INFO] [stderr]   Downloaded ordered-float v2.10.1
[INFO] [stderr]   Downloaded arrow-row v58.4.0
[INFO] [stderr]   Downloaded windows-implement v0.60.2
[INFO] [stderr]   Downloaded const-random-macro v0.1.16
[INFO] [stderr]   Downloaded android_system_properties v0.1.6
[INFO] [stderr]   Downloaded wasm-bindgen-macro v0.2.128
[INFO] [stderr]   Downloaded integer-encoding v3.0.4
[INFO] [stderr]   Downloaded crunchy v0.2.4
[INFO] [stderr]   Downloaded rustversion v1.0.23
[INFO] [stderr]   Downloaded rsqlite-vfs v0.1.1
[INFO] [stderr]   Downloaded futures-core v0.3.34
[INFO] [stderr]   Downloaded simdutf8 v0.1.5
[INFO] [stderr]   Downloaded ryu v1.0.23
[INFO] [stderr]   Downloaded fastrand v2.5.0
[INFO] [stderr]   Downloaded thiserror v2.0.20
[INFO] [stderr]   Downloaded foldhash v0.2.0
[INFO] [stderr]   Downloaded find-msvc-tools v0.1.12
[INFO] [stderr]   Downloaded smallvec v1.16.0
[INFO] [stderr]   Downloaded fallible-iterator v0.3.0
[INFO] [stderr]   Downloaded zstd v0.13.3
[INFO] [stderr]   Downloaded zstd-safe v7.3.0
[INFO] [stderr]   Downloaded autocfg v1.5.1
[INFO] [stderr]   Downloaded num-integer v0.1.47
[INFO] [stderr]   Downloaded const-random v0.1.18
[INFO] [stderr]   Downloaded tiny-keccak v2.0.2
[INFO] [stderr]   Downloaded flatbuffers v25.12.19
[INFO] [stderr]   Downloaded tempfile v3.27.0
[INFO] [stderr]   Downloaded thiserror-impl v2.0.20
[INFO] [stderr]   Downloaded shlex v2.0.1
[INFO] [stderr]   Downloaded jobserver v0.1.35
[INFO] [stderr]   Downloaded pkg-config v0.3.34
[INFO] [stderr]   Downloaded hashlink v0.12.2
[INFO] [stderr]   Downloaded twox-hash v2.1.4
[INFO] [stderr]   Downloaded byteorder v1.5.0
[INFO] [stderr]   Downloaded lz4_flex v0.13.1
[INFO] [stderr]   Downloaded iana-time-zone v0.1.65
[INFO] [stderr]   Downloaded windows-core v0.62.2
[INFO] [stderr]   Downloaded num-complex v0.4.6
[INFO] [stderr]   Downloaded semver v1.0.28
[INFO] [stderr]   Downloaded getrandom v0.4.3
[INFO] [stderr]   Downloaded r-efi v6.0.0
[INFO] [stderr]   Downloaded serde_core v1.0.229
[INFO] [stderr]   Downloaded thrift v0.17.0
[INFO] [stderr]   Downloaded half v2.7.1
[INFO] [stderr]   Downloaded log v0.4.34
[INFO] [stderr]   Downloaded arrow-string v58.4.0
[INFO] [stderr]   Downloaded atoi v2.0.0
[INFO] [stderr]   Downloaded bitflags v2.13.2
[INFO] [stderr]   Downloaded serde_derive v1.0.229
[INFO] [stderr]   Downloaded serde v1.0.229
[INFO] [stderr]   Downloaded wasm-bindgen v0.2.128
[INFO] [stderr]   Downloaded bytes v1.12.1
[INFO] [stderr]   Downloaded arrow-schema v58.4.0
[INFO] [stderr]   Downloaded wit-bindgen v0.57.1
[INFO] [stderr]   Downloaded memchr v2.8.3
[INFO] [stderr]   Downloaded bumpalo v3.20.3
[INFO] [stderr]   Downloaded csv-core v0.1.13
[INFO] [stderr]   Downloaded lexical-parse-integer v1.0.6
[INFO] [stderr]   Downloaded arrow-csv v58.4.0
[INFO] [stderr]   Downloaded arrow-ord v58.4.0
[INFO] [stderr]   Downloaded lexical-write-integer v1.0.6
[INFO] [stderr]   Downloaded arrow-data v58.4.0
[INFO] [stderr]   Downloaded js-sys v0.3.105
[INFO] [stderr]   Downloaded num-bigint v0.4.8
[INFO] [stderr]   Downloaded zerocopy-derive v0.8.57
[INFO] [stderr]   Downloaded arrow-buffer v58.4.0
[INFO] [stderr]   Downloaded arrow v58.4.0
[INFO] [stderr]   Downloaded wasm-bindgen-macro-support v0.2.128
[INFO] [stderr]   Downloaded cc v1.4.5
[INFO] [stderr]   Downloaded arrow-select v58.4.0
[INFO] [stderr]   Downloaded arrow-ipc v58.4.0
[INFO] [stderr]   Downloaded arrow-arith v58.4.0
[INFO] [stderr]   Downloaded hashbrown v0.16.1
[INFO] [stderr]   Downloaded wasip2 v1.0.4+wasi-0.2.12
[INFO] [stderr]   Downloaded regex v1.13.1
[INFO] [stderr]   Downloaded arrow-json v58.4.0
[INFO] [stderr]   Downloaded serde_json v1.0.151
[INFO] [stderr]   Downloaded hashbrown v0.17.1
[INFO] [stderr]   Downloaded libm v0.2.16
[INFO] [stderr]   Downloaded aho-corasick v1.1.5
[INFO] [stderr]   Downloaded futures-util v0.3.34
[INFO] [stderr]   Downloaded rusqlite v0.40.2
[INFO] [stderr]   Downloaded vcpkg v0.2.15
[INFO] [stderr]   Downloaded chrono v0.4.45
[INFO] [stderr]   Downloaded indexmap v2.14.2
[INFO] [stderr]   Downloaded lexical-util v1.0.7
[INFO] [stderr]   Downloaded lexical-write-float v1.0.6
[INFO] [stderr]   Downloaded arrow-cast v58.4.0
[INFO] [stderr]   Downloaded zerocopy v0.8.57
[INFO] [stderr]   Downloaded syn v2.0.119
[INFO] [stderr]   Downloaded arrow-array v58.4.0
[INFO] [stderr]   Downloaded syn v3.0.5
[INFO] [stderr]   Downloaded regex-syntax v0.8.11
[INFO] [stderr]   Downloaded lexical-parse-float v1.0.6
[INFO] [stderr]   Downloaded rustix v1.1.4
[INFO] [stderr]   Downloaded regex-automata v0.4.18
[INFO] [stderr]   Downloaded zstd-sys v2.1.0+zstd.1.5.7
[INFO] [stderr]   Downloaded libc v0.2.189
[INFO] [stderr]   Downloaded csv v1.4.0
[INFO] [stderr]   Downloaded parquet v58.4.0
[INFO] [stderr]   Downloaded linux-raw-sys v0.12.1
[INFO] [stderr]   Downloaded libsqlite3-sys v0.38.2
[INFO] [stderr]   Downloaded sqlite-wasm-rs v0.5.5
[INFO] running `Command { std: "docker" "create" "-v" "/var/lib/crater-agent-workspace/builds/worker-2-tc1/source:/opt/rustwide/workdir:ro,Z" "-v" "/var/lib/crater-agent-workspace/builds/worker-2-tc1/target:/opt/rustwide/target:rw,Z" "-v" "/var/lib/crater-agent-workspace/cargo-home:/opt/rustwide/cargo-home:ro,Z" "-v" "/var/lib/crater-agent-workspace/rustup-home:/opt/rustwide/rustup-home:ro,Z" "-m" "1610612736" "--network" "none" "ghcr.io/rust-lang/crates-build-env/linux@sha256:77db811e55d90add9212f6832c23229e3de5f1c1f9905e8cb07319ea15df73ac" "sleep" "infinity", kill_on_drop: false }`
[INFO] [stdout] a88ae65da1c4cf1184d7d6abe9cc7991c6fdb095f7e939dda158b941999d9219
[INFO] running `Command { std: "docker" "start" "a88ae65da1c4cf1184d7d6abe9cc7991c6fdb095f7e939dda158b941999d9219", kill_on_drop: false }`
[INFO] running `Command { std: "docker" "inspect" "a88ae65da1c4cf1184d7d6abe9cc7991c6fdb095f7e939dda158b941999d9219", kill_on_drop: false }`
[INFO] running `Command { std: "docker" "exec" "-e" "SOURCE_DIR=/opt/rustwide/workdir" "-e" "CARGO_HOME=/opt/rustwide/cargo-home" "-e" "RUSTUP_HOME=/opt/rustwide/rustup-home" "-e" "CARGO_TARGET_DIR=/opt/rustwide/target" "-w" "/opt/rustwide/workdir" "--user" "0:0" "a88ae65da1c4cf1184d7d6abe9cc7991c6fdb095f7e939dda158b941999d9219" "/opt/rustwide/cargo-home/bin/cargo" "+3154cc1a3e6424e44f438a95007d043ed5ceaaf6" "metadata" "--no-deps" "--format-version=1", kill_on_drop: false }`
[INFO] running `Command { std: "docker" "inspect" "a88ae65da1c4cf1184d7d6abe9cc7991c6fdb095f7e939dda158b941999d9219", kill_on_drop: false }`
[INFO] running `Command { std: "docker" "exec" "-e" "SOURCE_DIR=/opt/rustwide/workdir" "-e" "CARGO_HOME=/opt/rustwide/cargo-home" "-e" "RUSTUP_HOME=/opt/rustwide/rustup-home" "-e" "CARGO_TARGET_DIR=/opt/rustwide/target" "-e" "CARGO_INCREMENTAL=0" "-e" "RUST_BACKTRACE=full" "-e" "RUSTFLAGS=--cap-lints=forbid -Znext-solver=coherence" "-e" "RUSTDOCFLAGS=--cap-lints=forbid" "-w" "/opt/rustwide/workdir" "--user" "0:0" "a88ae65da1c4cf1184d7d6abe9cc7991c6fdb095f7e939dda158b941999d9219" "/opt/rustwide/cargo-home/bin/cargo" "+3154cc1a3e6424e44f438a95007d043ed5ceaaf6" "check" "--frozen" "--all" "--all-targets" "--message-format=json", kill_on_drop: false }`
[INFO] [stderr]    Compiling libm v0.2.16
[INFO] [stderr]    Compiling autocfg v1.5.1
[INFO] [stderr]    Compiling proc-macro2 v1.0.107
[INFO] [stderr]    Compiling unicode-ident v1.0.24
[INFO] [stderr]    Compiling quote v1.0.47
[INFO] [stderr]     Checking cfg-if v1.0.4
[INFO] [stderr]    Compiling zerocopy v0.8.57
[INFO] [stderr]    Compiling libc v0.2.189
[INFO] [stderr]     Checking foldhash v0.2.0
[INFO] [stderr]     Checking once_cell v1.21.4
[INFO] [stderr]    Compiling version_check v0.9.5
[INFO] [stderr]    Compiling getrandom v0.3.4
[INFO] [stderr]     Checking bytes v1.12.1
[INFO] [stderr]     Checking arrow-schema v58.4.0
[INFO] [stderr]     Checking iana-time-zone v0.1.65
[INFO] [stderr]    Compiling shlex v2.0.1
[INFO] [stderr]    Compiling find-msvc-tools v0.1.12
[INFO] [stderr]    Compiling pkg-config v0.3.34
[INFO] [stderr]     Checking memchr v2.8.3
[INFO] [stderr]     Checking lexical-util v1.0.7
[INFO] [stderr]     Checking hashbrown v0.17.1
[INFO] [stderr]    Compiling semver v1.0.28
[INFO] [stderr]     Checking bitflags v2.13.2
[INFO] [stderr]    Compiling ahash v0.8.12
[INFO] [stderr]    Compiling serde_core v1.0.229
[INFO] [stderr]    Compiling rustc_version v0.4.1
[INFO] [stderr]     Checking aho-corasick v1.1.5
[INFO] [stderr]     Checking regex-syntax v0.8.11
[INFO] [stderr]     Checking itoa v1.0.18
[INFO] [stderr]    Compiling zmij v1.0.23
[INFO] [stderr]    Compiling num-traits v0.2.19
[INFO] [stderr]     Checking base64 v0.22.1
[INFO] [stderr]    Compiling flatbuffers v25.12.19
[INFO] [stderr]     Checking ryu v1.0.23
[INFO] [stderr]    Compiling zstd-safe v7.3.0
[INFO] [stderr]    Compiling serde_json v1.0.151
[INFO] [stderr]    Compiling vcpkg v0.2.15
[INFO] [stderr]     Checking csv-core v0.1.13
[INFO] [stderr]     Checking equivalent v1.0.2
[INFO] [stderr]     Checking simdutf8 v0.1.5
[INFO] [stderr]     Checking lexical-parse-integer v1.0.6
[INFO] [stderr]    Compiling syn v2.0.119
[INFO] [stderr]     Checking lexical-write-integer v1.0.6
[INFO] [stderr]    Compiling paste v1.0.15
[INFO] [stderr]     Checking indexmap v2.14.2
[INFO] [stderr]     Checking lexical-parse-float v1.0.6
[INFO] [stderr]    Compiling rustix v1.1.4
[INFO] [stderr]    Compiling getrandom v0.4.3
[INFO] [stderr]     Checking twox-hash v2.1.4
[INFO] [stderr]     Checking lexical-write-float v1.0.6
[INFO] [stderr]     Checking byteorder v1.5.0
[INFO] [stderr]     Checking integer-encoding v3.0.4
[INFO] [stderr]    Compiling jobserver v0.1.35
[INFO] [stderr]     Checking lz4_flex v0.13.1
[INFO] [stderr]     Checking hashlink v0.12.2
[INFO] [stderr]     Checking lexical-core v1.0.6
[INFO] [stderr]     Checking tracing-core v0.1.36
[INFO] [stderr]    Compiling seq-macro v0.3.6
[INFO] [stderr]     Checking smallvec v1.16.0
[INFO] [stderr]     Checking pin-project-lite v0.2.17
[INFO] [stderr]     Checking fallible-iterator v0.3.0
[INFO] [stderr]     Checking fallible-streaming-iterator v0.1.9
[INFO] [stderr]     Checking linux-raw-sys v0.12.1
[INFO] [stderr]    Compiling cc v1.4.5
[INFO] [stderr]     Checking fastrand v2.5.0
[INFO] [stderr]     Checking regex-automata v0.4.18
[INFO] [stderr]     Checking num-integer v0.1.47
[INFO] [stderr]     Checking num-complex v0.4.6
[INFO] [stderr]     Checking chrono v0.4.45
[INFO] [stderr]     Checking atoi v2.0.0
[INFO] [stderr]     Checking ordered-float v2.10.1
[INFO] [stderr]     Checking csv v1.4.0
[INFO] [stderr]     Checking num-bigint v0.4.8
[INFO] [stderr]     Checking thrift v0.17.0
[INFO] [stderr]    Compiling zstd-sys v2.1.0+zstd.1.5.7
[INFO] [stderr]    Compiling libsqlite3-sys v0.38.2
[INFO] [stderr]     Checking tempfile v3.27.0
[INFO] [stderr]     Checking regex v1.13.1
[INFO] [stderr]    Compiling zerocopy-derive v0.8.57
[INFO] [stderr]    Compiling tracing-attributes v0.1.31
[INFO] [stderr]     Checking tracing v0.1.44
[INFO] [stderr]     Checking zstd v0.13.3
[INFO] [stderr]     Checking half v2.7.1
[INFO] [stderr]     Checking arrow-buffer v58.4.0
[INFO] [stderr]     Checking arrow-data v58.4.0
[INFO] [stderr]     Checking arrow-array v58.4.0
[INFO] [stderr]     Checking rusqlite v0.40.2
[INFO] [stderr]     Checking arrow-select v58.4.0
[INFO] [stderr]     Checking arrow-row v58.4.0
[INFO] [stderr]     Checking arrow-arith v58.4.0
[INFO] [stderr]     Checking arrow-ord v58.4.0
[INFO] [stderr]     Checking arrow-ipc v58.4.0
[INFO] [stderr]     Checking arrow-string v58.4.0
[INFO] [stderr]     Checking arrow-cast v58.4.0
[INFO] [stderr]     Checking parquet v58.4.0
[INFO] [stderr]     Checking arrow-json v58.4.0
[INFO] [stderr]     Checking arrow-csv v58.4.0
[INFO] [stderr]     Checking arrow v58.4.0
[INFO] [stderr]     Checking dendro v0.3.5-alpha.0 (/opt/rustwide/workdir)
[INFO] [stdout] error[E0599]: no associated function or constant named `single` found for struct `dendro::writer::Writer` in the current scope
[INFO] [stdout]    --> tests/encoder_version.rs:58:36
[INFO] [stdout]     |
[INFO] [stdout]  58 |     let (archive, mut w) = Writer::single(path, Box::new(Tags(version)), source()).unwrap();
[INFO] [stdout]     |                                    ^^^^^^ associated function or constant not found in `dendro::writer::Writer`
[INFO] [stdout]     |
[INFO] [stdout] note: if you're trying to build a new `dendro::writer::Writer` consider using one of the following associated functions:
[INFO] [stdout]       dendro::writer::Writer::create
[INFO] [stdout]       dendro::writer::Writer::create_checkpointing_every
[INFO] [stdout]       dendro::writer::Writer::open
[INFO] [stdout]       dendro::writer::Writer::open_checkpointing_every
[INFO] [stdout]    --> src/writer.rs:242:5
[INFO] [stdout]     |
[INFO] [stdout] 242 |       pub fn create(path: &Path, encoder: Box<dyn SegmentEncoder + Send>) -> Result<Self> {
[INFO] [stdout]     |       ^^^^^^^^^^^^^^^^^^^^^^^^^^^^^^^^^^^^^^^^^^^^^^^^^^^^^^^^^^^^^^^^^^^^^^^^^^^^^^^^^^^
[INFO] [stdout] ...
[INFO] [stdout] 252 | /     pub fn create_checkpointing_every(
[INFO] [stdout] 253 | |         path: &Path,
[INFO] [stdout] 254 | |         encoder: Box<dyn SegmentEncoder + Send>,
[INFO] [stdout] 255 | |         checkpoint_every: Duration,
[INFO] [stdout] 256 | |     ) -> Result<Self> {
[INFO] [stdout]     | |_____________________^
[INFO] [stdout] ...
[INFO] [stdout] 290 |       pub fn open(path: &Path, encoder: Box<dyn SegmentEncoder + Send>) -> Result<Self> {
[INFO] [stdout]     |       ^^^^^^^^^^^^^^^^^^^^^^^^^^^^^^^^^^^^^^^^^^^^^^^^^^^^^^^^^^^^^^^^^^^^^^^^^^^^^^^^^
[INFO] [stdout] ...
[INFO] [stdout] 296 | /     pub fn open_checkpointing_every(
[INFO] [stdout] 297 | |         path: &Path,
[INFO] [stdout] 298 | |         encoder: Box<dyn SegmentEncoder + Send>,
[INFO] [stdout] 299 | |         checkpoint_every: Duration,
[INFO] [stdout] 300 | |     ) -> Result<Self> {
[INFO] [stdout]     | |_____________________^
[INFO] [stdout] 
[INFO] [stdout] 
[INFO] [stdout] For more information about this error, try `rustc --explain E0599`.
[INFO] [stdout] 
[INFO] [stderr] error: could not compile `dendro` (test "encoder_version") due to 1 previous error
[INFO] [stderr] warning: build failed, waiting for other jobs to finish...
[INFO] [stdout] error[E0599]: no associated function or constant named `single` found for struct `dendro::writer::Writer` in the current scope
[INFO] [stdout]    --> tests/resume.rs:72:36
[INFO] [stdout]     |
[INFO] [stdout]  72 |     let (archive, mut w) = Writer::single(&path, Box::new(Tags), source()).unwrap();
[INFO] [stdout]     |                                    ^^^^^^ associated function or constant not found in `dendro::writer::Writer`
[INFO] [stdout]     |
[INFO] [stdout] note: if you're trying to build a new `dendro::writer::Writer` consider using one of the following associated functions:
[INFO] [stdout]       dendro::writer::Writer::create
[INFO] [stdout]       dendro::writer::Writer::create_checkpointing_every
[INFO] [stdout]       dendro::writer::Writer::open
[INFO] [stdout]       dendro::writer::Writer::open_checkpointing_every
[INFO] [stdout]    --> src/writer.rs:242:5
[INFO] [stdout]     |
[INFO] [stdout] 242 |       pub fn create(path: &Path, encoder: Box<dyn SegmentEncoder + Send>) -> Result<Self> {
[INFO] [stdout]     |       ^^^^^^^^^^^^^^^^^^^^^^^^^^^^^^^^^^^^^^^^^^^^^^^^^^^^^^^^^^^^^^^^^^^^^^^^^^^^^^^^^^^
[INFO] [stdout] ...
[INFO] [stdout] 252 | /     pub fn create_checkpointing_every(
[INFO] [stdout] 253 | |         path: &Path,
[INFO] [stdout] 254 | |         encoder: Box<dyn SegmentEncoder + Send>,
[INFO] [stdout] 255 | |         checkpoint_every: Duration,
[INFO] [stdout] 256 | |     ) -> Result<Self> {
[INFO] [stdout]     | |_____________________^
[INFO] [stdout] ...
[INFO] [stdout] 290 |       pub fn open(path: &Path, encoder: Box<dyn SegmentEncoder + Send>) -> Result<Self> {
[INFO] [stdout]     |       ^^^^^^^^^^^^^^^^^^^^^^^^^^^^^^^^^^^^^^^^^^^^^^^^^^^^^^^^^^^^^^^^^^^^^^^^^^^^^^^^^
[INFO] [stdout] ...
[INFO] [stdout] 296 | /     pub fn open_checkpointing_every(
[INFO] [stdout] 297 | |         path: &Path,
[INFO] [stdout] 298 | |         encoder: Box<dyn SegmentEncoder + Send>,
[INFO] [stdout] 299 | |         checkpoint_every: Duration,
[INFO] [stdout] 300 | |     ) -> Result<Self> {
[INFO] [stdout]     | |_____________________^
[INFO] [stdout] 
[INFO] [stdout] 
[INFO] [stdout] error[E0599]: no method named `finalize_single` found for struct `dendro::writer::Writer` in the current scope
[INFO] [stdout]   --> tests/metadata_patch.rs:80:13
[INFO] [stdout]    |
[INFO] [stdout] 80 |     archive.finalize_single(w, (2_000, 0)).unwrap();
[INFO] [stdout]    |             ^^^^^^^^^^^^^^^ method not found in `dendro::writer::Writer`
[INFO] [stdout] 
[INFO] [stdout] 
[INFO] [stdout] For more information about this error, try `rustc --explain E0599`.
[INFO] [stdout] 
[INFO] [stdout] error[E0599]: no method named `finalize_single` found for struct `dendro::writer::Writer` in the current scope
[INFO] [stdout]    --> tests/resume.rs:120:13
[INFO] [stdout]     |
[INFO] [stdout] 120 |     archive.finalize_single(w, (12_000, 0)).unwrap();
[INFO] [stdout]     |             ^^^^^^^^^^^^^^^ method not found in `dendro::writer::Writer`
[INFO] [stdout] 
[INFO] [stdout] 
[INFO] [stdout] error[E0599]: no associated function or constant named `single` found for struct `dendro::writer::Writer` in the current scope
[INFO] [stdout]    --> tests/resume.rs:148:36
[INFO] [stdout]     |
[INFO] [stdout] 148 |     let (archive, mut w) = Writer::single(&path, Box::new(Tags), source()).unwrap();
[INFO] [stdout]     |                                    ^^^^^^ associated function or constant not found in `dendro::writer::Writer`
[INFO] [stdout]     |
[INFO] [stdout] note: if you're trying to build a new `dendro::writer::Writer` consider using one of the following associated functions:
[INFO] [stdout]       dendro::writer::Writer::create
[INFO] [stdout]       dendro::writer::Writer::create_checkpointing_every
[INFO] [stdout]       dendro::writer::Writer::open
[INFO] [stdout]       dendro::writer::Writer::open_checkpointing_every
[INFO] [stdout]    --> src/writer.rs:242:5
[INFO] [stdout]     |
[INFO] [stdout] 242 |       pub fn create(path: &Path, encoder: Box<dyn SegmentEncoder + Send>) -> Result<Self> {
[INFO] [stdout]     |       ^^^^^^^^^^^^^^^^^^^^^^^^^^^^^^^^^^^^^^^^^^^^^^^^^^^^^^^^^^^^^^^^^^^^^^^^^^^^^^^^^^^
[INFO] [stdout] ...
[INFO] [stdout] 252 | /     pub fn create_checkpointing_every(
[INFO] [stdout] 253 | |         path: &Path,
[INFO] [stdout] 254 | |         encoder: Box<dyn SegmentEncoder + Send>,
[INFO] [stdout] 255 | |         checkpoint_every: Duration,
[INFO] [stdout] 256 | |     ) -> Result<Self> {
[INFO] [stdout]     | |_____________________^
[INFO] [stdout] ...
[INFO] [stdout] 290 |       pub fn open(path: &Path, encoder: Box<dyn SegmentEncoder + Send>) -> Result<Self> {
[INFO] [stdout]     |       ^^^^^^^^^^^^^^^^^^^^^^^^^^^^^^^^^^^^^^^^^^^^^^^^^^^^^^^^^^^^^^^^^^^^^^^^^^^^^^^^^
[INFO] [stdout] ...
[INFO] [stdout] 296 | /     pub fn open_checkpointing_every(
[INFO] [stdout] 297 | |         path: &Path,
[INFO] [stdout] 298 | |         encoder: Box<dyn SegmentEncoder + Send>,
[INFO] [stdout] 299 | |         checkpoint_every: Duration,
[INFO] [stdout] 300 | |     ) -> Result<Self> {
[INFO] [stdout]     | |_____________________^
[INFO] [stdout] 
[INFO] [stdout] 
[INFO] [stdout] error[E0599]: no method named `finalize_single` found for struct `dendro::writer::Writer` in the current scope
[INFO] [stdout]    --> tests/resume.rs:173:13
[INFO] [stdout]     |
[INFO] [stdout] 173 |     archive.finalize_single(w, (6_001, 0)).unwrap();
[INFO] [stdout]     |             ^^^^^^^^^^^^^^^ method not found in `dendro::writer::Writer`
[INFO] [stdout] 
[INFO] [stdout] 
[INFO] [stdout] error[E0599]: no associated function or constant named `single` found for struct `dendro::writer::Writer` in the current scope
[INFO] [stdout]    --> tests/resume.rs:192:32
[INFO] [stdout]     |
[INFO] [stdout] 192 |     let (archive, w) = Writer::single(&path, Box::new(Tags), source()).unwrap();
[INFO] [stdout]     |                                ^^^^^^ associated function or constant not found in `dendro::writer::Writer`
[INFO] [stdout]     |
[INFO] [stdout] note: if you're trying to build a new `dendro::writer::Writer` consider using one of the following associated functions:
[INFO] [stdout]       dendro::writer::Writer::create
[INFO] [stdout]       dendro::writer::Writer::create_checkpointing_every
[INFO] [stdout]       dendro::writer::Writer::open
[INFO] [stdout]       dendro::writer::Writer::open_checkpointing_every
[INFO] [stdout]    --> src/writer.rs:242:5
[INFO] [stdout]     |
[INFO] [stdout] 242 |       pub fn create(path: &Path, encoder: Box<dyn SegmentEncoder + Send>) -> Result<Self> {
[INFO] [stdout]     |       ^^^^^^^^^^^^^^^^^^^^^^^^^^^^^^^^^^^^^^^^^^^^^^^^^^^^^^^^^^^^^^^^^^^^^^^^^^^^^^^^^^^
[INFO] [stdout] ...
[INFO] [stdout] 252 | /     pub fn create_checkpointing_every(
[INFO] [stdout] 253 | |         path: &Path,
[INFO] [stdout] 254 | |         encoder: Box<dyn SegmentEncoder + Send>,
[INFO] [stdout] 255 | |         checkpoint_every: Duration,
[INFO] [stdout] 256 | |     ) -> Result<Self> {
[INFO] [stdout]     | |_____________________^
[INFO] [stdout] ...
[INFO] [stdout] 290 |       pub fn open(path: &Path, encoder: Box<dyn SegmentEncoder + Send>) -> Result<Self> {
[INFO] [stdout]     |       ^^^^^^^^^^^^^^^^^^^^^^^^^^^^^^^^^^^^^^^^^^^^^^^^^^^^^^^^^^^^^^^^^^^^^^^^^^^^^^^^^
[INFO] [stdout] ...
[INFO] [stdout] 296 | /     pub fn open_checkpointing_every(
[INFO] [stdout] 297 | |         path: &Path,
[INFO] [stdout] 298 | |         encoder: Box<dyn SegmentEncoder + Send>,
[INFO] [stdout] 299 | |         checkpoint_every: Duration,
[INFO] [stdout] 300 | |     ) -> Result<Self> {
[INFO] [stdout]     | |_____________________^
[INFO] [stdout] 
[INFO] [stdout] 
[INFO] [stderr] error: could not compile `dendro` (test "metadata_patch") due to 1 previous error
[INFO] [stdout] For more information about this error, try `rustc --explain E0599`.
[INFO] [stdout] 
[INFO] [stderr] error: could not compile `dendro` (test "resume") due to 5 previous errors
[INFO] running `Command { std: "docker" "inspect" "a88ae65da1c4cf1184d7d6abe9cc7991c6fdb095f7e939dda158b941999d9219", kill_on_drop: false }`
[INFO] running `Command { std: "docker" "rm" "-f" "a88ae65da1c4cf1184d7d6abe9cc7991c6fdb095f7e939dda158b941999d9219", kill_on_drop: false }`
[INFO] [stdout] a88ae65da1c4cf1184d7d6abe9cc7991c6fdb095f7e939dda158b941999d9219
