[INFO] cloning repository https://github.com/insptop/panshi
[INFO] running `Command { std: "git" "-c" "credential.helper=" "-c" "credential.helper=/workspace/cargo-home/bin/git-credential-null" "clone" "--bare" "https://github.com/insptop/panshi" "/workspace/cache/git-repos/https%3A%2F%2Fgithub.com%2Finsptop%2Fpanshi", kill_on_drop: false }`
[INFO] [stderr] Cloning into bare repository '/workspace/cache/git-repos/https%3A%2F%2Fgithub.com%2Finsptop%2Fpanshi'...
[INFO] running `Command { std: "git" "rev-parse" "HEAD", kill_on_drop: false }`
[INFO] [stdout] fd36781b4be20b7a6339764c685274ba55907f48
[INFO] checking insptop/panshi against 3154cc1a3e6424e44f438a95007d043ed5ceaaf6 for pr-133502-30
[INFO] running `Command { std: "git" "clone" "/workspace/cache/git-repos/https%3A%2F%2Fgithub.com%2Finsptop%2Fpanshi" "/workspace/builds/worker-1-tc2/source", kill_on_drop: false }`
[INFO] [stderr] Cloning into '/workspace/builds/worker-1-tc2/source'...
[INFO] [stderr] done.
[INFO] started tweaking git repo https://github.com/insptop/panshi
[INFO] finished tweaking git repo https://github.com/insptop/panshi
[INFO] tweaked toml for git repo https://github.com/insptop/panshi written to /workspace/builds/worker-1-tc2/source/Cargo.toml
[INFO] validating manifest of git repo https://github.com/insptop/panshi on toolchain 3154cc1a3e6424e44f438a95007d043ed5ceaaf6
[INFO] running `Command { std: CARGO_HOME="/workspace/cargo-home" RUSTUP_HOME="/workspace/rustup-home" "/workspace/cargo-home/bin/cargo" "+3154cc1a3e6424e44f438a95007d043ed5ceaaf6" "metadata" "--manifest-path" "Cargo.toml" "--no-deps", kill_on_drop: false }`
[INFO] crate git repo https://github.com/insptop/panshi already has a lockfile, it will not be regenerated
[INFO] running `Command { std: CARGO_HOME="/workspace/cargo-home" RUSTUP_HOME="/workspace/rustup-home" "/workspace/cargo-home/bin/cargo" "+3154cc1a3e6424e44f438a95007d043ed5ceaaf6" "fetch" "--manifest-path" "Cargo.toml", kill_on_drop: false }`
[INFO] running `Command { std: "docker" "create" "-v" "/var/lib/crater-agent-workspace/builds/worker-1-tc2/source:/opt/rustwide/workdir:ro,Z" "-v" "/var/lib/crater-agent-workspace/builds/worker-1-tc2/target:/opt/rustwide/target:rw,Z" "-v" "/var/lib/crater-agent-workspace/cargo-home:/opt/rustwide/cargo-home:ro,Z" "-v" "/var/lib/crater-agent-workspace/rustup-home:/opt/rustwide/rustup-home:ro,Z" "-m" "1610612736" "--network" "none" "ghcr.io/rust-lang/crates-build-env/linux@sha256:77db811e55d90add9212f6832c23229e3de5f1c1f9905e8cb07319ea15df73ac" "sleep" "infinity", kill_on_drop: false }`
[INFO] [stdout] 3db9160d02ec5b311686a376dc9cebb024ed7b418de7ad49d4f606b3f2045309
[INFO] running `Command { std: "docker" "start" "3db9160d02ec5b311686a376dc9cebb024ed7b418de7ad49d4f606b3f2045309", kill_on_drop: false }`
[INFO] running `Command { std: "docker" "inspect" "3db9160d02ec5b311686a376dc9cebb024ed7b418de7ad49d4f606b3f2045309", kill_on_drop: false }`
[INFO] running `Command { std: "docker" "exec" "-e" "SOURCE_DIR=/opt/rustwide/workdir" "-e" "CARGO_HOME=/opt/rustwide/cargo-home" "-e" "RUSTUP_HOME=/opt/rustwide/rustup-home" "-e" "CARGO_TARGET_DIR=/opt/rustwide/target" "-w" "/opt/rustwide/workdir" "--user" "0:0" "3db9160d02ec5b311686a376dc9cebb024ed7b418de7ad49d4f606b3f2045309" "/opt/rustwide/cargo-home/bin/cargo" "+3154cc1a3e6424e44f438a95007d043ed5ceaaf6" "metadata" "--no-deps" "--format-version=1", kill_on_drop: false }`
[INFO] running `Command { std: "docker" "inspect" "3db9160d02ec5b311686a376dc9cebb024ed7b418de7ad49d4f606b3f2045309", kill_on_drop: false }`
[INFO] running `Command { std: "docker" "exec" "-e" "SOURCE_DIR=/opt/rustwide/workdir" "-e" "CARGO_HOME=/opt/rustwide/cargo-home" "-e" "RUSTUP_HOME=/opt/rustwide/rustup-home" "-e" "CARGO_TARGET_DIR=/opt/rustwide/target" "-e" "CARGO_INCREMENTAL=0" "-e" "RUST_BACKTRACE=full" "-e" "RUSTFLAGS=--cap-lints=forbid" "-e" "RUSTDOCFLAGS=--cap-lints=forbid" "-w" "/opt/rustwide/workdir" "--user" "0:0" "3db9160d02ec5b311686a376dc9cebb024ed7b418de7ad49d4f606b3f2045309" "/opt/rustwide/cargo-home/bin/cargo" "+3154cc1a3e6424e44f438a95007d043ed5ceaaf6" "check" "--frozen" "--all" "--all-targets" "--message-format=json", kill_on_drop: false }`
[INFO] [stderr]    Compiling libc v0.2.164
[INFO] [stderr]    Compiling serde v1.0.215
[INFO] [stderr]    Compiling syn v2.0.89
[INFO] [stderr]     Checking bytes v1.8.0
[INFO] [stderr]    Compiling libm v0.2.11
[INFO] [stderr]     Checking spin v0.9.8
[INFO] [stderr]    Compiling num-traits v0.2.19
[INFO] [stderr]     Checking tracing-core v0.1.33
[INFO] [stderr]     Checking zeroize v1.8.1
[INFO] [stderr]     Checking allocator-api2 v0.2.20
[INFO] [stderr]     Checking rustls-pki-types v1.10.0
[INFO] [stderr]    Compiling time-core v0.1.2
[INFO] [stderr]    Compiling rustls v0.23.18
[INFO] [stderr]    Compiling time-macros v0.2.18
[INFO] [stderr]     Checking http v1.1.0
[INFO] [stderr]     Checking rustls-pemfile v2.2.0
[INFO] [stderr]     Checking lazy_static v1.5.0
[INFO] [stderr]     Checking indexmap v2.6.0
[INFO] [stderr]    Compiling bigdecimal v0.4.6
[INFO] [stderr]     Checking base64ct v1.6.0
[INFO] [stderr]     Checking getrandom v0.2.15
[INFO] [stderr]     Checking rand_core v0.6.4
[INFO] [stderr]    Compiling jobserver v0.1.32
[INFO] [stderr]     Checking socket2 v0.5.7
[INFO] [stderr]     Checking crypto-common v0.1.6
[INFO] [stderr]     Checking signal-hook-registry v1.4.2
[INFO] [stderr]     Checking mio v1.0.2
[INFO] [stderr]    Compiling cc v1.2.1
[INFO] [stderr]     Checking digest v0.10.7
[INFO] [stderr]    Compiling rust_decimal v1.36.0
[INFO] [stderr]     Checking pem-rfc7468 v0.7.0
[INFO] [stderr]     Checking num-integer v0.1.46
[INFO] [stderr]     Checking sha2 v0.10.8
[INFO] [stderr]     Checking sha1 v0.10.6
[INFO] [stderr]     Checking crossbeam-queue v0.3.11
[INFO] [stderr]    Compiling crunchy v0.2.2
[INFO] [stderr]    Compiling phf_shared v0.11.2
[INFO] [stderr]     Checking der v0.7.9
[INFO] [stderr]     Checking hmac v0.12.1
[INFO] [stderr]     Checking num-bigint v0.4.6
[INFO] [stderr]     Checking http-body v1.0.1
[INFO] [stderr]     Checking concurrent-queue v2.5.0
[INFO] [stderr]     Checking aho-corasick v1.1.3
[INFO] [stderr]    Compiling regex-syntax v0.8.5
[INFO] [stderr]     Checking event-listener v5.3.1
[INFO] [stderr]    Compiling rand v0.8.5
[INFO] [stderr]     Checking atoi v2.0.0
[INFO] [stderr]     Checking webpki-roots v0.26.6
[INFO] [stderr]     Checking inout v0.1.3
[INFO] [stderr]    Compiling num-bigint-dig v0.8.4
[INFO] [stderr]     Checking spki v0.7.3
[INFO] [stderr]     Checking regex-automata v0.4.9
[INFO] [stderr]     Checking cipher v0.4.4
[INFO] [stderr]     Checking pkcs8 v0.10.2
[INFO] [stderr]    Compiling phf_generator v0.11.2
[INFO] [stderr]    Compiling tiny-keccak v2.0.2
[INFO] [stderr]     Checking num-iter v0.1.45
[INFO] [stderr]     Checking universal-hash v0.5.1
[INFO] [stderr]     Checking unicode-bidi v0.3.17
[INFO] [stderr]    Compiling phf_codegen v0.11.2
[INFO] [stderr]     Checking polyval v0.6.2
[INFO] [stderr]    Compiling ring v0.17.8
[INFO] [stderr]    Compiling zstd-sys v2.0.13+zstd.1.5.6
[INFO] [stderr]    Compiling libsqlite3-sys v0.30.1
[INFO] [stderr]    Compiling const-random-macro v0.1.16
[INFO] [stderr]     Checking stringprep v0.1.5
[INFO] [stderr]     Checking pkcs1 v0.7.5
[INFO] [stderr]     Checking hkdf v0.12.4
[INFO] [stderr]    Compiling phf v0.11.2
[INFO] [stderr]     Checking signature v2.2.0
[INFO] [stderr]     Checking md-5 v0.10.6
[INFO] [stderr]    Compiling multer v3.1.0
[INFO] [stderr]     Checking data-encoding v2.6.0
[INFO] [stderr]    Compiling zstd-safe v7.2.1
[INFO] [stderr]    Compiling crc16 v0.4.0
[INFO] [stderr]     Checking const-random v0.1.18
[INFO] [stderr]     Checking ghash v0.5.1
[INFO] [stderr]     Checking aes v0.8.4
[INFO] [stderr]     Checking ctr v0.9.2
[INFO] [stderr]     Checking aead v0.5.2
[INFO] [stderr]     Checking flume v0.11.1
[INFO] [stderr]     Checking crossbeam-epoch v0.9.18
[INFO] [stderr]    Compiling proc-macro-error-attr2 v2.0.0
[INFO] [stderr]     Checking bstr v1.11.0
[INFO] [stderr]    Compiling synstructure v0.13.1
[INFO] [stderr]    Compiling cookie v0.18.1
[INFO] [stderr]    Compiling regex v1.11.1
[INFO] [stderr]     Checking unic-common v0.9.0
[INFO] [stderr]    Compiling unicase v2.8.0
[INFO] [stderr]    Compiling parse-zoneinfo v0.3.1
[INFO] [stderr]     Checking home v0.5.9
[INFO] [stderr]     Checking unic-char-range v0.9.0
[INFO] [stderr]    Compiling either v1.13.0
[INFO] [stderr]     Checking unic-char-property v0.9.0
[INFO] [stderr]    Compiling itertools v0.12.1
[INFO] [stderr]    Compiling mime_guess v2.0.5
[INFO] [stderr]    Compiling chrono-tz-build v0.3.0
[INFO] [stderr]     Checking unic-ucd-version v0.9.0
[INFO] [stderr]    Compiling proc-macro2-diagnostics v0.10.1
[INFO] [stderr]    Compiling chrono-tz v0.9.0
[INFO] [stderr]     Checking rustls-native-certs v0.7.3
[INFO] [stderr]     Checking globset v0.4.15
[INFO] [stderr]     Checking crossbeam-deque v0.8.5
[INFO] [stderr]    Compiling proc-macro-error2 v2.0.1
[INFO] [stderr]     Checking aes-gcm v0.10.3
[INFO] [stderr]     Checking dlv-list v0.5.2
[INFO] [stderr]     Checking ordered-float v3.9.2
[INFO] [stderr]     Checking regex-syntax v0.6.29
[INFO] [stderr]     Checking arc-swap v1.7.1
[INFO] [stderr]    Compiling serde_derive v1.0.215
[INFO] [stderr]    Compiling zerocopy-derive v0.7.35
[INFO] [stderr]    Compiling thiserror-impl v1.0.69
[INFO] [stderr]     Checking zerocopy v0.7.35
[INFO] [stderr]    Compiling futures-macro v0.3.31
[INFO] [stderr]    Compiling zerofrom-derive v0.1.5
[INFO] [stderr]    Compiling tokio-macros v2.4.0
[INFO] [stderr]    Compiling yoke-derive v0.7.5
[INFO] [stderr]     Checking futures-util v0.3.31
[INFO] [stderr]    Compiling zerovec-derive v0.10.3
[INFO] [stderr]    Compiling displaydoc v0.2.5
[INFO] [stderr]     Checking thiserror v1.0.69
[INFO] [stderr]     Checking ppv-lite86 v0.2.20
[INFO] [stderr]     Checking ahash v0.8.11
[INFO] [stderr]    Compiling icu_provider_macros v1.5.0
[INFO] [stderr]     Checking hashbrown v0.14.5
[INFO] [stderr]     Checking zerofrom v0.1.5
[INFO] [stderr]     Checking yoke v0.7.5
[INFO] [stderr]     Checking rand_chacha v0.3.1
[INFO] [stderr]    Compiling tracing-attributes v0.1.27
[INFO] [stderr]     Checking zerovec v0.10.4
[INFO] [stderr]     Checking rustls-webpki v0.102.8
[INFO] [stderr]    Compiling async-trait v0.1.83
[INFO] [stderr]     Checking tinystr v0.7.6
[INFO] [stderr]     Checking tracing v0.1.40
[INFO] [stderr]     Checking icu_locid v1.5.0
[INFO] [stderr]     Checking icu_collections v1.5.0
[INFO] [stderr]     Checking hashlink v0.9.1
[INFO] [stderr]    Compiling pest v2.7.14
[INFO] [stderr]     Checking icu_provider v1.5.0
[INFO] [stderr]     Checking futures-executor v0.3.31
[INFO] [stderr]     Checking http-body-util v0.1.2
[INFO] [stderr]     Checking futures v0.3.31
[INFO] [stderr]     Checking tungstenite v0.24.0
[INFO] [stderr]     Checking axum-core v0.4.5
[INFO] [stderr]     Checking icu_locid_transform v1.5.0
[INFO] [stderr]     Checking icu_properties v1.5.1
[INFO] [stderr]    Compiling pest_meta v2.7.14
[INFO] [stderr]    Compiling axum-macros v0.4.2
[INFO] [stderr]    Compiling inherent v1.0.11
[INFO] [stderr]     Checking zstd v0.13.2
[INFO] [stderr]     Checking smallvec v1.13.2
[INFO] [stderr]     Checking serde_json v1.0.133
[INFO] [stderr]     Checking deranged v0.3.11
[INFO] [stderr]     Checking chrono v0.4.38
[INFO] [stderr]     Checking parking_lot_core v0.9.10
[INFO] [stderr]     Checking parking_lot v0.12.3
[INFO] [stderr]     Checking tokio v1.41.1
[INFO] [stderr]     Checking bitflags v2.6.0
[INFO] [stderr]     Checking icu_normalizer v1.5.0
[INFO] [stderr]     Checking time v0.3.36
[INFO] [stderr]     Checking uuid v1.11.0
[INFO] [stderr]     Checking futures-intrusive v0.5.0
[INFO] [stderr]     Checking idna_adapter v1.2.0
[INFO] [stderr]     Checking idna v1.0.3
[INFO] [stderr]     Checking serde_urlencoded v0.7.1
[INFO] [stderr]    Compiling pest_generator v2.7.14
[INFO] [stderr]     Checking toml_datetime v0.6.8
[INFO] [stderr]     Checking serde_path_to_error v0.1.16
[INFO] [stderr]     Checking serde_spanned v0.6.8
[INFO] [stderr]     Checking dashmap v6.1.0
[INFO] [stderr]     Checking url v2.5.4
[INFO] [stderr]     Checking toml_edit v0.22.22
[INFO] [stderr]     Checking ordered-multimap v0.7.3
[INFO] [stderr]     Checking hashlink v0.8.4
[INFO] [stderr]     Checking forwarded-header-value v0.1.1
[INFO] [stderr]     Checking regex-automata v0.1.10
[INFO] [stderr]    Compiling ouroboros_macro v0.18.4
[INFO] [stderr]    Compiling sea-bae v0.2.1
[INFO] [stderr]    Compiling pest_derive v2.7.14
[INFO] [stderr]    Compiling async-stream-impl v0.3.6
[INFO] [stderr]     Checking rsa v0.9.7
[INFO] [stderr]     Checking sea-query v0.32.0
[INFO] [stderr]     Checking flate2 v1.0.35
[INFO] [stderr]     Checking brotli v7.0.0
[INFO] [stderr]     Checking ignore v0.4.23
[INFO] [stderr]     Checking unic-ucd-segment v0.9.0
[INFO] [stderr]     Checking clap_lex v0.7.3
[INFO] [stderr]     Checking overload v0.1.1
[INFO] [stderr]    Compiling thiserror v2.0.3
[INFO] [stderr]     Checking deunicode v1.6.0
[INFO] [stderr]     Checking ron v0.8.1
[INFO] [stderr]     Checking slug v0.1.6
[INFO] [stderr]     Checking yaml-rust2 v0.8.1
[INFO] [stderr]     Checking ouroboros v0.18.4
[INFO] [stderr]    Compiling clap_derive v4.5.18
[INFO] [stderr]     Checking nu-ansi-term v0.46.0
[INFO] [stderr]     Checking unic-segment v0.9.0
[INFO] [stderr]     Checking clap_builder v4.5.21
[INFO] [stderr]     Checking toml v0.8.19
[INFO] [stderr]     Checking globwalk v0.9.1
[INFO] [stderr]     Checking matchers v0.1.0
[INFO] [stderr]     Checking async-stream v0.3.6
[INFO] [stderr]    Compiling sea-orm-macros v1.1.1
[INFO] [stderr]     Checking json5 v0.4.1
[INFO] [stderr]     Checking rust-ini v0.20.0
[INFO] [stderr]     Checking tracing-serde v0.1.3
[INFO] [stderr]    Compiling thiserror-impl v2.0.3
[INFO] [stderr]     Checking colored v2.1.0
[INFO] [stderr]     Checking sharded-slab v0.1.7
[INFO] [stderr]     Checking humansize v2.1.3
[INFO] [stderr]     Checking tracing-log v0.2.0
[INFO] [stderr]     Checking http-range-header v0.4.1
[INFO] [stderr]     Checking utf8-width v0.1.7
[INFO] [stderr]     Checking btparse-stable v0.1.2
[INFO] [stderr]     Checking strum v0.26.3
[INFO] [stderr]     Checking backtrace_printer v1.3.0
[INFO] [stderr]     Checking byte-unit v4.0.19
[INFO] [stderr]     Checking eyre v0.6.12
[INFO] [stderr]     Checking config v0.14.1
[INFO] [stderr]     Checking tracing-subscriber v0.3.18
[INFO] [stderr]     Checking tokio-stream v0.1.16
[INFO] [stderr]     Checking tokio-util v0.7.12
[INFO] [stderr]     Checking hyper v1.5.1
[INFO] [stderr]     Checking tower v0.5.1
[INFO] [stderr]     Checking combine v4.6.7
[INFO] [stderr]     Checking sqlx-core v0.8.2
[INFO] [stderr]     Checking tokio-tungstenite v0.24.0
[INFO] [stderr]     Checking tokio-rustls v0.26.0
[INFO] [stderr]     Checking async-compression v0.4.18
[INFO] [stderr]     Checking hyper-util v0.1.10
[INFO] [stderr]     Checking tera v1.20.0
[INFO] [stderr]     Checking clap v4.5.21
[INFO] [stderr]     Checking axum v0.7.9
[INFO] [stderr]     Checking daemonize v0.5.0
[INFO] [stderr]     Checking thousands v0.2.0
[INFO] [stderr]     Checking tower-http v0.6.2
[INFO] [stderr]     Checking sqlx-postgres v0.8.2
[INFO] [stderr]     Checking sqlx-sqlite v0.8.2
[INFO] [stderr]     Checking sqlx-mysql v0.8.2
[INFO] [stderr]     Checking sqlx v0.8.2
[INFO] [stderr]     Checking sea-query-binder v0.7.0
[INFO] [stderr]     Checking sea-orm v1.1.1
[INFO] [stderr]     Checking redis v0.27.5
[INFO] [stderr]     Checking axum_session v0.14.4
[INFO] [stderr]     Checking redis_pool v0.6.0
[INFO] [stderr]     Checking axum_session_redispool v0.3.0
[INFO] [stdout] error[E0277]: the trait bound `!: FromRedisValue` is not satisfied
[INFO] [stdout]    --> /opt/rustwide/cargo-home/registry/src/index.crates.io-1949cf8c6b5b557f/axum_session_redispool-0.3.0/src/redis_cluster_pool.rs:81:9
[INFO] [stdout]     |
[INFO] [stdout]  81 | /         redis::pipe()
[INFO] [stdout]  82 | |             .atomic() //makes this a transation.
[INFO] [stdout]  83 | |             .set(&id, session)
[INFO] [stdout]  84 | |             .ignore()
[INFO] [stdout]  85 | |             .expire_at(&id, expires)
[INFO] [stdout]  86 | |             .ignore()
[INFO] [stdout]  87 | |             .query_async(&mut con)
[INFO] [stdout]     | |__________________________________^ the trait `FromRedisValue` is not implemented for `!`
[INFO] [stdout]     |
[INFO] [stdout]     = help: the following other types implement trait `FromRedisValue`:
[INFO] [stdout]               ()
[INFO] [stdout]               (T12,)
[INFO] [stdout]               (T11, T12)
[INFO] [stdout]               (T10, T11, T12)
[INFO] [stdout]               (T9, T10, T11, T12)
[INFO] [stdout]               (T8, T9, T10, T11, T12)
[INFO] [stdout]               (T7, T8, T9, T10, T11, T12)
[INFO] [stdout]               (T6, T7, T8, T9, T10, T11, T12)
[INFO] [stdout]             and 49 others
[INFO] [stdout]     = note: this error might have been caused by changes to Rust's type-inference algorithm (see issue #148922 <https://github.com/rust-lang/rust/issues/148922> for more information)
[INFO] [stdout]     = help: you might have intended to use the type `()` here instead
[INFO] [stdout] note: required by a bound in `Pipeline::query_async`
[INFO] [stdout]    --> /opt/rustwide/cargo-home/registry/src/index.crates.io-1949cf8c6b5b557f/redis-0.27.5/src/pipeline.rs:181:33
[INFO] [stdout]     |
[INFO] [stdout]  38 | impl Pipeline {
[INFO] [stdout] ...
[INFO] [stdout] 181 |     pub async fn query_async<T: FromRedisValue>(
[INFO] [stdout]     |                                 ^^^^^^^^^^^^^^ required by this bound in `Pipeline::query_async`
[INFO] [stdout] 
[INFO] [stdout] 
[INFO] [stdout] error[E0277]: the trait bound `!: FromRedisValue` is not satisfied
[INFO] [stdout]    --> /opt/rustwide/cargo-home/registry/src/index.crates.io-1949cf8c6b5b557f/axum_session_redispool-0.3.0/src/redis_cluster_pool.rs:123:9
[INFO] [stdout]     |
[INFO] [stdout] 123 | /         redis::cmd("DEL")
[INFO] [stdout] 124 | |             .arg(id)
[INFO] [stdout] 125 | |             .query_async(&mut con)
[INFO] [stdout]     | |__________________________________^ the trait `FromRedisValue` is not implemented for `!`
[INFO] [stdout]     |
[INFO] [stdout]     = help: the following other types implement trait `FromRedisValue`:
[INFO] [stdout]               ()
[INFO] [stdout]               (T12,)
[INFO] [stdout]               (T11, T12)
[INFO] [stdout]               (T10, T11, T12)
[INFO] [stdout]               (T9, T10, T11, T12)
[INFO] [stdout]               (T8, T9, T10, T11, T12)
[INFO] [stdout]               (T7, T8, T9, T10, T11, T12)
[INFO] [stdout]               (T6, T7, T8, T9, T10, T11, T12)
[INFO] [stdout]             and 49 others
[INFO] [stdout]     = note: this error might have been caused by changes to Rust's type-inference algorithm (see issue #148922 <https://github.com/rust-lang/rust/issues/148922> for more information)
[INFO] [stdout]     = help: you might have intended to use the type `()` here instead
[INFO] [stdout] note: required by a bound in `Cmd::query_async`
[INFO] [stdout]    --> /opt/rustwide/cargo-home/registry/src/index.crates.io-1949cf8c6b5b557f/redis-0.27.5/src/cmd.rs:434:33
[INFO] [stdout]     |
[INFO] [stdout] 316 | impl Cmd {
[INFO] [stdout] ...
[INFO] [stdout] 434 |     pub async fn query_async<T: FromRedisValue>(
[INFO] [stdout]     |                                 ^^^^^^^^^^^^^^ required by this bound in `Cmd::query_async`
[INFO] [stdout] 
[INFO] [stdout] 
[INFO] [stdout] error[E0277]: the trait bound `!: FromRedisValue` is not satisfied
[INFO] [stdout]    --> /opt/rustwide/cargo-home/registry/src/index.crates.io-1949cf8c6b5b557f/axum_session_redispool-0.3.0/src/redis_cluster_pool.rs:158:13
[INFO] [stdout]     |
[INFO] [stdout] 158 | /             redis::cmd("FLUSHDB")
[INFO] [stdout] 159 | |                 .query_async(&mut con)
[INFO] [stdout]     | |______________________________________^ the trait `FromRedisValue` is not implemented for `!`
[INFO] [stdout]     |
[INFO] [stdout]     = help: the following other types implement trait `FromRedisValue`:
[INFO] [stdout]               ()
[INFO] [stdout]               (T12,)
[INFO] [stdout]               (T11, T12)
[INFO] [stdout]               (T10, T11, T12)
[INFO] [stdout]               (T9, T10, T11, T12)
[INFO] [stdout]               (T8, T9, T10, T11, T12)
[INFO] [stdout]               (T7, T8, T9, T10, T11, T12)
[INFO] [stdout]               (T6, T7, T8, T9, T10, T11, T12)
[INFO] [stdout]             and 49 others
[INFO] [stdout]     = note: this error might have been caused by changes to Rust's type-inference algorithm (see issue #148922 <https://github.com/rust-lang/rust/issues/148922> for more information)
[INFO] [stdout]     = help: you might have intended to use the type `()` here instead
[INFO] [stdout] note: required by a bound in `Cmd::query_async`
[INFO] [stdout]    --> /opt/rustwide/cargo-home/registry/src/index.crates.io-1949cf8c6b5b557f/redis-0.27.5/src/cmd.rs:434:33
[INFO] [stdout]     |
[INFO] [stdout] 316 | impl Cmd {
[INFO] [stdout] ...
[INFO] [stdout] 434 |     pub async fn query_async<T: FromRedisValue>(
[INFO] [stdout]     |                                 ^^^^^^^^^^^^^^ required by this bound in `Cmd::query_async`
[INFO] [stdout] 
[INFO] [stdout] 
[INFO] [stdout] error[E0277]: the trait bound `!: FromRedisValue` is not satisfied
[INFO] [stdout]    --> /opt/rustwide/cargo-home/registry/src/index.crates.io-1949cf8c6b5b557f/axum_session_redispool-0.3.0/src/redis_cluster_pool.rs:169:17
[INFO] [stdout]     |
[INFO] [stdout] 169 | /                 redis::cmd("DEL")
[INFO] [stdout] 170 | |                     .arg(key)
[INFO] [stdout] 171 | |                     .query_async(&mut con)
[INFO] [stdout]     | |__________________________________________^ the trait `FromRedisValue` is not implemented for `!`
[INFO] [stdout]     |
[INFO] [stdout]     = help: the following other types implement trait `FromRedisValue`:
[INFO] [stdout]               ()
[INFO] [stdout]               (T12,)
[INFO] [stdout]               (T11, T12)
[INFO] [stdout]               (T10, T11, T12)
[INFO] [stdout]               (T9, T10, T11, T12)
[INFO] [stdout]               (T8, T9, T10, T11, T12)
[INFO] [stdout]               (T7, T8, T9, T10, T11, T12)
[INFO] [stdout]               (T6, T7, T8, T9, T10, T11, T12)
[INFO] [stdout]             and 49 others
[INFO] [stdout]     = note: this error might have been caused by changes to Rust's type-inference algorithm (see issue #148922 <https://github.com/rust-lang/rust/issues/148922> for more information)
[INFO] [stdout]     = help: you might have intended to use the type `()` here instead
[INFO] [stdout] note: required by a bound in `Cmd::query_async`
[INFO] [stdout]    --> /opt/rustwide/cargo-home/registry/src/index.crates.io-1949cf8c6b5b557f/redis-0.27.5/src/cmd.rs:434:33
[INFO] [stdout]     |
[INFO] [stdout] 316 | impl Cmd {
[INFO] [stdout] ...
[INFO] [stdout] 434 |     pub async fn query_async<T: FromRedisValue>(
[INFO] [stdout]     |                                 ^^^^^^^^^^^^^^ required by this bound in `Cmd::query_async`
[INFO] [stdout] 
[INFO] [stdout] 
[INFO] [stdout] For more information about this error, try `rustc --explain E0277`.
[INFO] [stdout] 
[INFO] [stderr] error: could not compile `axum_session_redispool` (lib) due to 4 previous errors
[INFO] running `Command { std: "docker" "inspect" "3db9160d02ec5b311686a376dc9cebb024ed7b418de7ad49d4f606b3f2045309", kill_on_drop: false }`
[INFO] running `Command { std: "docker" "rm" "-f" "3db9160d02ec5b311686a376dc9cebb024ed7b418de7ad49d4f606b3f2045309", kill_on_drop: false }`
[INFO] [stdout] 3db9160d02ec5b311686a376dc9cebb024ed7b418de7ad49d4f606b3f2045309
