[INFO] cloning repository https://github.com/infishark/infishark
[INFO] running `Command { std: "git" "-c" "credential.helper=" "-c" "credential.helper=/workspace/cargo-home/bin/git-credential-null" "clone" "--bare" "https://github.com/infishark/infishark" "/workspace/cache/git-repos/https%3A%2F%2Fgithub.com%2Finfishark%2Finfishark", kill_on_drop: false }`
[INFO] [stderr] Cloning into bare repository '/workspace/cache/git-repos/https%3A%2F%2Fgithub.com%2Finfishark%2Finfishark'...
[INFO] running `Command { std: "git" "rev-parse" "HEAD", kill_on_drop: false }`
[INFO] [stdout] 960136e09f73ba9fbdd522a5082496ae1d8dd4ec
[INFO] checking infishark/infishark against 3154cc1a3e6424e44f438a95007d043ed5ceaaf6 for pr-133502-30
[INFO] running `Command { std: "git" "clone" "/workspace/cache/git-repos/https%3A%2F%2Fgithub.com%2Finfishark%2Finfishark" "/workspace/builds/worker-1-tc2/source", kill_on_drop: false }`
[INFO] [stderr] Cloning into '/workspace/builds/worker-1-tc2/source'...
[INFO] [stderr] done.
[INFO] started tweaking git repo https://github.com/infishark/infishark
[INFO] finished tweaking git repo https://github.com/infishark/infishark
[INFO] tweaked toml for git repo https://github.com/infishark/infishark written to /workspace/builds/worker-1-tc2/source/Cargo.toml
[INFO] validating manifest of git repo https://github.com/infishark/infishark on toolchain 3154cc1a3e6424e44f438a95007d043ed5ceaaf6
[INFO] running `Command { std: CARGO_HOME="/workspace/cargo-home" RUSTUP_HOME="/workspace/rustup-home" "/workspace/cargo-home/bin/cargo" "+3154cc1a3e6424e44f438a95007d043ed5ceaaf6" "metadata" "--manifest-path" "Cargo.toml" "--no-deps", kill_on_drop: false }`
[INFO] crate git repo https://github.com/infishark/infishark already has a lockfile, it will not be regenerated
[INFO] running `Command { std: CARGO_HOME="/workspace/cargo-home" RUSTUP_HOME="/workspace/rustup-home" "/workspace/cargo-home/bin/cargo" "+3154cc1a3e6424e44f438a95007d043ed5ceaaf6" "fetch" "--manifest-path" "Cargo.toml", kill_on_drop: false }`
[INFO] running `Command { std: "docker" "create" "-v" "/var/lib/crater-agent-workspace/builds/worker-1-tc2/source:/opt/rustwide/workdir:ro,Z" "-v" "/var/lib/crater-agent-workspace/builds/worker-1-tc2/target:/opt/rustwide/target:rw,Z" "-v" "/var/lib/crater-agent-workspace/cargo-home:/opt/rustwide/cargo-home:ro,Z" "-v" "/var/lib/crater-agent-workspace/rustup-home:/opt/rustwide/rustup-home:ro,Z" "-m" "1610612736" "--network" "none" "ghcr.io/rust-lang/crates-build-env/linux@sha256:77db811e55d90add9212f6832c23229e3de5f1c1f9905e8cb07319ea15df73ac" "sleep" "infinity", kill_on_drop: false }`
[INFO] [stdout] 426d9b2ef5dc2af0d0195c8716d4fe9ae3df85202e621a38dd4f05100f781d28
[INFO] running `Command { std: "docker" "start" "426d9b2ef5dc2af0d0195c8716d4fe9ae3df85202e621a38dd4f05100f781d28", kill_on_drop: false }`
[INFO] running `Command { std: "docker" "inspect" "426d9b2ef5dc2af0d0195c8716d4fe9ae3df85202e621a38dd4f05100f781d28", kill_on_drop: false }`
[INFO] running `Command { std: "docker" "exec" "-e" "SOURCE_DIR=/opt/rustwide/workdir" "-e" "CARGO_HOME=/opt/rustwide/cargo-home" "-e" "RUSTUP_HOME=/opt/rustwide/rustup-home" "-e" "CARGO_TARGET_DIR=/opt/rustwide/target" "-w" "/opt/rustwide/workdir" "--user" "0:0" "426d9b2ef5dc2af0d0195c8716d4fe9ae3df85202e621a38dd4f05100f781d28" "/opt/rustwide/cargo-home/bin/cargo" "+3154cc1a3e6424e44f438a95007d043ed5ceaaf6" "metadata" "--no-deps" "--format-version=1", kill_on_drop: false }`
[INFO] running `Command { std: "docker" "inspect" "426d9b2ef5dc2af0d0195c8716d4fe9ae3df85202e621a38dd4f05100f781d28", kill_on_drop: false }`
[INFO] running `Command { std: "docker" "exec" "-e" "SOURCE_DIR=/opt/rustwide/workdir" "-e" "CARGO_HOME=/opt/rustwide/cargo-home" "-e" "RUSTUP_HOME=/opt/rustwide/rustup-home" "-e" "CARGO_TARGET_DIR=/opt/rustwide/target" "-e" "CARGO_INCREMENTAL=0" "-e" "RUST_BACKTRACE=full" "-e" "RUSTFLAGS=--cap-lints=forbid" "-e" "RUSTDOCFLAGS=--cap-lints=forbid" "-w" "/opt/rustwide/workdir" "--user" "0:0" "426d9b2ef5dc2af0d0195c8716d4fe9ae3df85202e621a38dd4f05100f781d28" "/opt/rustwide/cargo-home/bin/cargo" "+3154cc1a3e6424e44f438a95007d043ed5ceaaf6" "check" "--frozen" "--all" "--all-targets" "--message-format=json", kill_on_drop: false }`
[INFO] [stderr]    Compiling syn v2.0.117
[INFO] [stderr]    Compiling cc v1.2.65
[INFO] [stderr]     Checking bitflags v2.11.1
[INFO] [stderr]     Checking rustls-pki-types v1.14.1
[INFO] [stderr]     Checking mio v1.2.1
[INFO] [stderr]     Checking getrandom v0.2.17
[INFO] [stderr]    Compiling rustls v0.23.41
[INFO] [stderr]     Checking socket2 v0.6.5
[INFO] [stderr]    Compiling libudev-sys v0.1.4
[INFO] [stderr]     Checking flate2 v1.1.9
[INFO] [stderr]     Checking http v1.4.2
[INFO] [stderr]     Checking serde_json v1.0.150
[INFO] [stderr]     Checking tokio v1.52.3
[INFO] [stderr]     Checking webpki-roots v1.0.8
[INFO] [stderr]     Checking nix v0.26.4
[INFO] [stderr]     Checking webpki-roots v0.26.11
[INFO] [stderr]     Checking rustix v1.1.4
[INFO] [stderr]     Checking libudev v0.3.0
[INFO] [stderr]     Checking futures-util v0.3.32
[INFO] [stderr]     Checking http-body v1.1.0
[INFO] [stderr]     Checking signal-hook v0.3.18
[INFO] [stderr]     Checking parking_lot_core v0.9.12
[INFO] [stderr]     Checking getrandom v0.4.3
[INFO] [stderr]    Compiling zip v2.4.2
[INFO] [stderr]    Compiling ring v0.17.14
[INFO] [stderr]     Checking either v1.16.0
[INFO] [stderr]     Checking console v0.15.11
[INFO] [stderr]     Checking time v0.3.53
[INFO] [stderr]     Checking zopfli v0.8.3
[INFO] [stderr]     Checking rustix v0.38.44
[INFO] [stderr]     Checking regex-automata v0.4.15
[INFO] [stderr]     Checking tempfile v3.27.0
[INFO] [stderr]     Checking xattr v1.6.1
[INFO] [stderr]     Checking parking_lot v0.12.5
[INFO] [stderr]     Checking digest v0.10.7
[INFO] [stderr]     Checking signal-hook-mio v0.2.5
[INFO] [stderr]     Checking http-body-util v0.1.4
[INFO] [stderr]     Checking filetime v0.2.29
[INFO] [stderr]     Checking vte v0.14.1
[INFO] [stderr]     Checking number_prefix v0.4.0
[INFO] [stderr]    Compiling self_update v0.42.0
[INFO] [stderr]     Checking indicatif v0.17.11
[INFO] [stderr]     Checking strip-ansi-escapes v0.2.1
[INFO] [stderr]     Checking tar v0.4.46
[INFO] [stderr]     Checking self-replace v1.5.0
[INFO] [stderr]     Checking fd-lock v4.0.4
[INFO] [stderr]     Checking itertools v0.12.1
[INFO] [stderr]     Checking quick-xml v0.37.5
[INFO] [stderr]     Checking sha2 v0.10.9
[INFO] [stderr]     Checking regex v1.13.0
[INFO] [stderr]     Checking hmac v0.12.1
[INFO] [stderr]     Checking shlex v1.3.0
[INFO] [stderr]     Checking tokio-util v0.7.18
[INFO] [stderr]     Checking tower v0.5.3
[INFO] [stderr]    Compiling synstructure v0.13.2
[INFO] [stderr]    Compiling zerovec-derive v0.11.3
[INFO] [stderr]    Compiling displaydoc v0.2.6
[INFO] [stderr]    Compiling serde_derive v1.0.228
[INFO] [stderr]    Compiling thiserror-impl v2.0.18
[INFO] [stderr]    Compiling zerofrom-derive v0.1.7
[INFO] [stderr]    Compiling yoke-derive v0.8.2
[INFO] [stderr]     Checking h2 v0.4.15
[INFO] [stderr]     Checking rustls-webpki v0.103.13
[INFO] [stderr]    Compiling thiserror-impl v1.0.69
[INFO] [stderr]    Compiling clap_derive v4.6.1
[INFO] [stderr]    Compiling strum_macros v0.26.4
[INFO] [stderr]     Checking thiserror v2.0.18
[INFO] [stderr]     Checking unescaper v0.1.8
[INFO] [stderr]     Checking zerofrom v0.1.8
[INFO] [stderr]     Checking serialport v4.9.0
[INFO] [stderr]     Checking yoke v0.8.3
[INFO] [stderr]     Checking zerovec v0.11.6
[INFO] [stderr]     Checking zerotrie v0.2.4
[INFO] [stderr]     Checking thiserror v1.0.69
[INFO] [stderr]     Checking tinystr v0.8.3
[INFO] [stderr]     Checking potential_utf v0.1.5
[INFO] [stderr]     Checking icu_collections v2.1.1
[INFO] [stderr]     Checking icu_locale_core v2.1.1
[INFO] [stderr]     Checking serde v1.0.228
[INFO] [stderr]     Checking serde_urlencoded v0.7.1
[INFO] [stderr]     Checking crossterm v0.28.1
[INFO] [stderr]     Checking chrono v0.4.45
[INFO] [stderr]     Checking clap v4.6.1
[INFO] [stderr]     Checking icu_provider v2.1.1
[INFO] [stderr]     Checking hyper v1.10.1
[INFO] [stderr]     Checking icu_properties v2.1.2
[INFO] [stderr]     Checking icu_normalizer v2.1.1
[INFO] [stderr]     Checking tokio-rustls v0.26.4
[INFO] [stderr]     Checking reedline v0.35.0
[INFO] [stderr]     Checking hyper-util v0.1.20
[INFO] [stderr]     Checking idna_adapter v1.2.1
[INFO] [stderr]     Checking idna v1.1.0
[INFO] [stderr]     Checking url v2.5.8
[INFO] [stderr]     Checking ureq v2.12.1
[INFO] [stderr]     Checking tower-http v0.6.11
[INFO] [stderr]     Checking hyper-rustls v0.27.9
[INFO] [stderr]     Checking reqwest v0.12.28
[INFO] [stderr]     Checking infishark v0.2.1 (/opt/rustwide/workdir/core)
[INFO] [stderr]     Checking infishark-cli v0.2.1 (/opt/rustwide/workdir/cli)
[INFO] [stdout] error[E0425]: cannot find function `read_hci_att_pcap` in module `pcap`
[INFO] [stdout]     --> cli/src/main.rs:2732:15
[INFO] [stdout]      |
[INFO] [stdout] 2732 |         pcap::read_hci_att_pcap(file).with_context(|| format!("cannot parse pcap {path:?}"))?;
[INFO] [stdout]      |               ^^^^^^^^^^^^^^^^^ not found in `pcap`
[INFO] [stdout] 
[INFO] [stdout] 
[INFO] [stdout] error[E0425]: cannot find function `hid_usage_to_ascii` in module `hid`
[INFO] [stdout]     --> cli/src/main.rs:2807:25
[INFO] [stdout]      |
[INFO] [stdout] 2807 |         _ => match hid::hid_usage_to_ascii(k, shift) {
[INFO] [stdout]      |                         ^^^^^^^^^^^^^^^^^^ not found in `hid`
[INFO] [stdout] 
[INFO] [stdout] 
[INFO] [stdout] error[E0425]: cannot find function `hid_usage_to_ascii` in module `hid`
[INFO] [stdout]     --> cli/src/main.rs:2828:42
[INFO] [stdout]      |
[INFO] [stdout] 2828 |             } else if let Some(c) = hid::hid_usage_to_ascii(k, shift) {
[INFO] [stdout]      |                                          ^^^^^^^^^^^^^^^^^^ not found in `hid`
[INFO] [stdout] 
[INFO] [stdout] 
[INFO] [stdout] error[E0425]: cannot find function `hid_usage_to_ascii` in module `hid`
[INFO] [stdout]     --> cli/src/main.rs:2875:24
[INFO] [stdout]      |
[INFO] [stdout] 2875 |             match hid::hid_usage_to_ascii(k, shift) {
[INFO] [stdout]      |                        ^^^^^^^^^^^^^^^^^^ not found in `hid`
[INFO] [stdout] 
[INFO] [stdout] 
[INFO] [stdout] error[E0425]: cannot find function `read_hci_att_pcap` in module `pcap`
[INFO] [stdout]     --> cli/src/main.rs:2732:15
[INFO] [stdout]      |
[INFO] [stdout] 2732 |         pcap::read_hci_att_pcap(file).with_context(|| format!("cannot parse pcap {path:?}"))?;
[INFO] [stdout]      |               ^^^^^^^^^^^^^^^^^ not found in `pcap`
[INFO] [stdout] 
[INFO] [stdout] 
[INFO] [stdout] error[E0425]: cannot find function `hid_usage_to_ascii` in module `hid`
[INFO] [stdout]     --> cli/src/main.rs:2807:25
[INFO] [stdout]      |
[INFO] [stdout] 2807 |         _ => match hid::hid_usage_to_ascii(k, shift) {
[INFO] [stdout]      |                         ^^^^^^^^^^^^^^^^^^ not found in `hid`
[INFO] [stdout] 
[INFO] [stdout] 
[INFO] [stdout] error[E0425]: cannot find function `hid_usage_to_ascii` in module `hid`
[INFO] [stdout]     --> cli/src/main.rs:2828:42
[INFO] [stdout]      |
[INFO] [stdout] 2828 |             } else if let Some(c) = hid::hid_usage_to_ascii(k, shift) {
[INFO] [stdout]      |                                          ^^^^^^^^^^^^^^^^^^ not found in `hid`
[INFO] [stdout] 
[INFO] [stdout] 
[INFO] [stdout] error[E0425]: cannot find function `hid_usage_to_ascii` in module `hid`
[INFO] [stdout]     --> cli/src/main.rs:2875:24
[INFO] [stdout]      |
[INFO] [stdout] 2875 |             match hid::hid_usage_to_ascii(k, shift) {
[INFO] [stdout]      |                        ^^^^^^^^^^^^^^^^^^ not found in `hid`
[INFO] [stdout] 
[INFO] [stdout] 
[INFO] [stdout] For more information about this error, try `rustc --explain E0425`.
[INFO] [stdout] 
[INFO] [stderr] error: could not compile `infishark-cli` (bin "infishark") due to 4 previous errors
[INFO] [stderr] warning: build failed, waiting for other jobs to finish...
[INFO] [stdout] For more information about this error, try `rustc --explain E0425`.
[INFO] [stdout] 
[INFO] [stderr] error: could not compile `infishark-cli` (bin "infishark" test) due to 4 previous errors
[INFO] running `Command { std: "docker" "inspect" "426d9b2ef5dc2af0d0195c8716d4fe9ae3df85202e621a38dd4f05100f781d28", kill_on_drop: false }`
[INFO] running `Command { std: "docker" "rm" "-f" "426d9b2ef5dc2af0d0195c8716d4fe9ae3df85202e621a38dd4f05100f781d28", kill_on_drop: false }`
[INFO] [stdout] 426d9b2ef5dc2af0d0195c8716d4fe9ae3df85202e621a38dd4f05100f781d28
