[INFO] cloning repository https://github.com/inderbhattal/Kvasm
[INFO] running `Command { std: "git" "-c" "credential.helper=" "-c" "credential.helper=/workspace/cargo-home/bin/git-credential-null" "clone" "--bare" "https://github.com/inderbhattal/Kvasm" "/workspace/cache/git-repos/https%3A%2F%2Fgithub.com%2Finderbhattal%2FKvasm", kill_on_drop: false }`
[INFO] [stderr] Cloning into bare repository '/workspace/cache/git-repos/https%3A%2F%2Fgithub.com%2Finderbhattal%2FKvasm'...
[INFO] running `Command { std: "git" "rev-parse" "HEAD", kill_on_drop: false }`
[INFO] [stdout] 84ee90748e04655f26bda56423b1be21f3e59521
[INFO] checking inderbhattal/Kvasm against 3154cc1a3e6424e44f438a95007d043ed5ceaaf6+rustflags=-Znext-solver=coherence for pr-133502-30
[INFO] running `Command { std: "git" "clone" "/workspace/cache/git-repos/https%3A%2F%2Fgithub.com%2Finderbhattal%2FKvasm" "/workspace/builds/worker-3-tc1/source", kill_on_drop: false }`
[INFO] [stderr] Cloning into '/workspace/builds/worker-3-tc1/source'...
[INFO] [stderr] done.
[INFO] started tweaking git repo https://github.com/inderbhattal/Kvasm
[INFO] finished tweaking git repo https://github.com/inderbhattal/Kvasm
[INFO] tweaked toml for git repo https://github.com/inderbhattal/Kvasm written to /workspace/builds/worker-3-tc1/source/Cargo.toml
[INFO] validating manifest of git repo https://github.com/inderbhattal/Kvasm on toolchain 3154cc1a3e6424e44f438a95007d043ed5ceaaf6
[INFO] running `Command { std: CARGO_HOME="/workspace/cargo-home" RUSTUP_HOME="/workspace/rustup-home" "/workspace/cargo-home/bin/cargo" "+3154cc1a3e6424e44f438a95007d043ed5ceaaf6" "metadata" "--manifest-path" "Cargo.toml" "--no-deps", kill_on_drop: false }`
[INFO] crate git repo https://github.com/inderbhattal/Kvasm already has a lockfile, it will not be regenerated
[INFO] running `Command { std: CARGO_HOME="/workspace/cargo-home" RUSTUP_HOME="/workspace/rustup-home" "/workspace/cargo-home/bin/cargo" "+3154cc1a3e6424e44f438a95007d043ed5ceaaf6" "fetch" "--manifest-path" "Cargo.toml", kill_on_drop: false }`
[INFO] [stderr] warning: unused workspace dependency `criterion`
[INFO] [stderr]  --> Cargo.toml:9:1
[INFO] [stderr]   |
[INFO] [stderr] 9 | criterion = "0.5"
[INFO] [stderr]   | ^^^^^^^^^
[INFO] [stderr]   |
[INFO] [stderr]   = note: `cargo::unused_workspace_dependencies` is set to `warn` by default
[INFO] [stderr] help: consider removing the workspace dependency `criterion`
[INFO] [stderr] warning: unused workspace dependency `parking_lot`
[INFO] [stderr]   --> Cargo.toml:13:1
[INFO] [stderr]    |
[INFO] [stderr] 13 | parking_lot = "0.12"
[INFO] [stderr]    | ^^^^^^^^^^^
[INFO] [stderr]    |
[INFO] [stderr] help: consider removing the workspace dependency `parking_lot`
[INFO] [stderr] warning: unused workspace dependency `regex`
[INFO] [stderr]   --> Cargo.toml:14:1
[INFO] [stderr]    |
[INFO] [stderr] 14 | regex = "1.10"
[INFO] [stderr]    | ^^^^^
[INFO] [stderr]    |
[INFO] [stderr] help: consider removing the workspace dependency `regex`
[INFO] [stderr] warning: unused field `authors` in `workspace.package`
[INFO] [stderr]   --> Cargo.toml:41:1
[INFO] [stderr]    |
[INFO] [stderr] 41 | authors = ["Redis WASM Contributors"]
[INFO] [stderr]    | ^^^^^^^
[INFO] [stderr]    |
[INFO] [stderr]    = note: `cargo::unused_workspace_package_fields` is set to `warn` by default
[INFO] [stderr] help: consider removing the field `workspace.package.authors`
[INFO] [stderr] warning: unused field `description` in `workspace.package`
[INFO] [stderr]   --> Cargo.toml:42:1
[INFO] [stderr]    |
[INFO] [stderr] 42 | description = "Redis-like in-memory database for browsers via WebAssembly"
[INFO] [stderr]    | ^^^^^^^^^^^
[INFO] [stderr]    |
[INFO] [stderr] help: consider removing the field `workspace.package.description`
[INFO] [stderr] warning: unused field `edition` in `workspace.package`
[INFO] [stderr]   --> Cargo.toml:43:1
[INFO] [stderr]    |
[INFO] [stderr] 43 | edition = "2021"
[INFO] [stderr]    | ^^^^^^^
[INFO] [stderr]    |
[INFO] [stderr] help: consider removing the field `workspace.package.edition`
[INFO] [stderr] warning: workspace (manifest) generated 6 warnings
[INFO] [stderr]     Updating crates.io index
[INFO] [stderr]     Blocking waiting for file lock on package cache
[INFO] [stderr]  Downloading crates ...
[INFO] [stderr]   Downloaded wasm-bindgen-test-shared v0.2.127
[INFO] [stderr]   Downloaded wasm-bindgen-test-macro v0.3.77
[INFO] [stderr]   Downloaded indexed-db v0.5.0-alpha.1
[INFO] [stderr]   Downloaded minicov v0.3.9
[INFO] [stderr]   Downloaded wasm-bindgen-test v0.3.77
[INFO] running `Command { std: "docker" "create" "-v" "/var/lib/crater-agent-workspace/builds/worker-3-tc1/source:/opt/rustwide/workdir:ro,Z" "-v" "/var/lib/crater-agent-workspace/builds/worker-3-tc1/target:/opt/rustwide/target:rw,Z" "-v" "/var/lib/crater-agent-workspace/cargo-home:/opt/rustwide/cargo-home:ro,Z" "-v" "/var/lib/crater-agent-workspace/rustup-home:/opt/rustwide/rustup-home:ro,Z" "-m" "1610612736" "--network" "none" "ghcr.io/rust-lang/crates-build-env/linux@sha256:77db811e55d90add9212f6832c23229e3de5f1c1f9905e8cb07319ea15df73ac" "sleep" "infinity", kill_on_drop: false }`
[INFO] [stdout] 49cd9665443cee2b532f54a2868cbb95cb083897f37724691340f6a58f776e07
[INFO] running `Command { std: "docker" "start" "49cd9665443cee2b532f54a2868cbb95cb083897f37724691340f6a58f776e07", kill_on_drop: false }`
[INFO] running `Command { std: "docker" "inspect" "49cd9665443cee2b532f54a2868cbb95cb083897f37724691340f6a58f776e07", kill_on_drop: false }`
[INFO] running `Command { std: "docker" "exec" "-e" "SOURCE_DIR=/opt/rustwide/workdir" "-e" "CARGO_HOME=/opt/rustwide/cargo-home" "-e" "RUSTUP_HOME=/opt/rustwide/rustup-home" "-e" "CARGO_TARGET_DIR=/opt/rustwide/target" "-w" "/opt/rustwide/workdir" "--user" "0:0" "49cd9665443cee2b532f54a2868cbb95cb083897f37724691340f6a58f776e07" "/opt/rustwide/cargo-home/bin/cargo" "+3154cc1a3e6424e44f438a95007d043ed5ceaaf6" "metadata" "--no-deps" "--format-version=1", kill_on_drop: false }`
[INFO] running `Command { std: "docker" "inspect" "49cd9665443cee2b532f54a2868cbb95cb083897f37724691340f6a58f776e07", kill_on_drop: false }`
[INFO] running `Command { std: "docker" "exec" "-e" "SOURCE_DIR=/opt/rustwide/workdir" "-e" "CARGO_HOME=/opt/rustwide/cargo-home" "-e" "RUSTUP_HOME=/opt/rustwide/rustup-home" "-e" "CARGO_TARGET_DIR=/opt/rustwide/target" "-e" "CARGO_INCREMENTAL=0" "-e" "RUST_BACKTRACE=full" "-e" "RUSTFLAGS=--cap-lints=forbid -Znext-solver=coherence" "-e" "RUSTDOCFLAGS=--cap-lints=forbid" "-w" "/opt/rustwide/workdir" "--user" "0:0" "49cd9665443cee2b532f54a2868cbb95cb083897f37724691340f6a58f776e07" "/opt/rustwide/cargo-home/bin/cargo" "+3154cc1a3e6424e44f438a95007d043ed5ceaaf6" "check" "--frozen" "--all" "--all-targets" "--message-format=json", kill_on_drop: false }`
[INFO] [stderr] warning: unused workspace dependency `criterion`
[INFO] [stderr]  --> Cargo.toml:9:1
[INFO] [stderr]   |
[INFO] [stderr] 9 | criterion = "0.5"
[INFO] [stderr]   | ^^^^^^^^^
[INFO] [stderr]   |
[INFO] [stderr]   = note: `cargo::unused_workspace_dependencies` is set to `warn` by default
[INFO] [stderr] help: consider removing the workspace dependency `criterion`
[INFO] [stderr] warning: unused workspace dependency `parking_lot`
[INFO] [stderr]   --> Cargo.toml:13:1
[INFO] [stderr]    |
[INFO] [stderr] 13 | parking_lot = "0.12"
[INFO] [stderr]    | ^^^^^^^^^^^
[INFO] [stderr]    |
[INFO] [stderr] help: consider removing the workspace dependency `parking_lot`
[INFO] [stderr] warning: unused workspace dependency `regex`
[INFO] [stderr]   --> Cargo.toml:14:1
[INFO] [stderr]    |
[INFO] [stderr] 14 | regex = "1.10"
[INFO] [stderr]    | ^^^^^
[INFO] [stderr]    |
[INFO] [stderr] help: consider removing the workspace dependency `regex`
[INFO] [stderr] warning: unused field `authors` in `workspace.package`
[INFO] [stderr]   --> Cargo.toml:41:1
[INFO] [stderr]    |
[INFO] [stderr] 41 | authors = ["Redis WASM Contributors"]
[INFO] [stderr]    | ^^^^^^^
[INFO] [stderr]    |
[INFO] [stderr]    = note: `cargo::unused_workspace_package_fields` is set to `warn` by default
[INFO] [stderr] help: consider removing the field `workspace.package.authors`
[INFO] [stderr] warning: unused field `description` in `workspace.package`
[INFO] [stderr]   --> Cargo.toml:42:1
[INFO] [stderr]    |
[INFO] [stderr] 42 | description = "Redis-like in-memory database for browsers via WebAssembly"
[INFO] [stderr]    | ^^^^^^^^^^^
[INFO] [stderr]    |
[INFO] [stderr] help: consider removing the field `workspace.package.description`
[INFO] [stderr] warning: unused field `edition` in `workspace.package`
[INFO] [stderr]   --> Cargo.toml:43:1
[INFO] [stderr]    |
[INFO] [stderr] 43 | edition = "2021"
[INFO] [stderr]    | ^^^^^^^
[INFO] [stderr]    |
[INFO] [stderr] help: consider removing the field `workspace.package.edition`
[INFO] [stderr] warning: workspace (manifest) generated 6 warnings
[INFO] [stderr]    Compiling wasm-bindgen-shared v0.2.127
[INFO] [stderr]     Checking futures-core v0.3.34
[INFO] [stderr]    Compiling syn v2.0.119
[INFO] [stderr]    Compiling serde_json v1.0.151
[INFO] [stderr]    Compiling futures-macro v0.3.34
[INFO] [stderr]    Compiling wasm-bindgen v0.2.127
[INFO] [stderr]     Checking serde v1.0.229
[INFO] [stderr]     Checking futures-io v0.3.34
[INFO] [stderr]     Checking futures-channel v0.3.34
[INFO] [stderr]    Compiling num-traits v0.2.19
[INFO] [stderr]     Checking smallvec v1.15.2
[INFO] [stderr]    Compiling async-trait v0.1.92
[INFO] [stderr]    Compiling thiserror-impl v2.0.20
[INFO] [stderr]     Checking parking_lot_core v0.9.12
[INFO] [stderr]     Checking dashmap v5.5.3
[INFO] [stderr]     Checking bincode v1.3.3
[INFO] [stderr]     Checking futures-util v0.3.34
[INFO] [stderr]     Checking parking_lot v0.12.5
[INFO] [stderr]     Checking nu-ansi-term v0.50.3
[INFO] [stderr]     Checking wasm-bindgen-test-shared v0.2.127
[INFO] [stderr]    Compiling tokio-macros v2.7.2
[INFO] [stderr]     Checking ordered-float v3.9.2
[INFO] [stderr]     Checking thiserror v2.0.20
[INFO] [stderr]     Checking tokio v1.53.1
[INFO] [stderr]     Checking futures-executor v0.3.34
[INFO] [stderr]     Checking futures v0.3.34
[INFO] [stderr]    Compiling wasm-bindgen-macro-support v0.2.127
[INFO] [stderr]    Compiling thiserror-impl v1.0.69
[INFO] [stderr]    Compiling tracing-attributes v0.1.31
[INFO] [stderr]    Compiling wasm-bindgen-test-macro v0.3.77
[INFO] [stderr]     Checking thiserror v1.0.69
[INFO] [stderr]     Checking tracing v0.1.44
[INFO] [stderr]     Checking redis-wasm-core v0.1.0 (/opt/rustwide/workdir/crates/redis-wasm-core)
[INFO] [stdout] warning: use of deprecated method `std::sync::atomic::Atomic::<usize>::fetch_update`: renamed to `try_update` for consistency
[INFO] [stdout]    --> crates/redis-wasm-core/src/pubsub/mod.rs:133:41
[INFO] [stdout]     |
[INFO] [stdout] 133 |             let _ = ch.subscriber_count.fetch_update(
[INFO] [stdout]     |                                         ^^^^^^^^^^^^
[INFO] [stdout]     |
[INFO] [stdout]     = note: `#[warn(deprecated)]` on by default
[INFO] [stdout] help: replace the use of the deprecated method
[INFO] [stdout]     |
[INFO] [stdout] 133 -             let _ = ch.subscriber_count.fetch_update(
[INFO] [stdout] 133 +             let _ = ch.subscriber_count.try_update(
[INFO] [stdout]     |
[INFO] [stdout] 
[INFO] [stdout] 
[INFO] [stdout] warning: use of deprecated method `std::sync::atomic::Atomic::<usize>::fetch_update`: renamed to `try_update` for consistency
[INFO] [stdout]    --> crates/redis-wasm-core/src/pubsub/mod.rs:133:41
[INFO] [stdout]     |
[INFO] [stdout] 133 |             let _ = ch.subscriber_count.fetch_update(
[INFO] [stdout]     |                                         ^^^^^^^^^^^^
[INFO] [stdout]     |
[INFO] [stdout]     = note: `#[warn(deprecated)]` on by default
[INFO] [stdout] help: replace the use of the deprecated method
[INFO] [stdout]     |
[INFO] [stdout] 133 -             let _ = ch.subscriber_count.fetch_update(
[INFO] [stdout] 133 +             let _ = ch.subscriber_count.try_update(
[INFO] [stdout]     |
[INFO] [stdout] 
[INFO] [stdout] 
[INFO] [stderr]    Compiling wasm-bindgen-macro v0.2.127
[INFO] [stderr]     Checking js-sys v0.3.104
[INFO] [stderr]     Checking console_error_panic_hook v0.1.7
[INFO] [stderr]     Checking web-sys v0.3.104
[INFO] [stderr]     Checking wasm-bindgen-futures v0.4.77
[INFO] [stderr]     Checking wasm-bindgen-test v0.3.77
[INFO] [stderr]     Checking indexed-db v0.5.0-alpha.1
[INFO] [stderr]     Checking redis-wasm-bindings v0.1.0 (/opt/rustwide/workdir/crates/redis-wasm-bindings)
[INFO] [stdout] error[E0425]: cannot find function `set_now_ms` in module `redis_wasm_core::expiry`
[INFO] [stdout]    --> crates/redis-wasm-bindings/src/expiry.rs:64:34
[INFO] [stdout]     |
[INFO] [stdout]  64 |         redis_wasm_core::expiry::set_now_ms(js_sys::Date::now() as u64);
[INFO] [stdout]     |                                  ^^^^^^^^^^ not found in `redis_wasm_core::expiry`
[INFO] [stdout]     |
[INFO] [stdout] note: found an item that was configured out
[INFO] [stdout]    --> crates/redis-wasm-core/src/expiry/mod.rs:168:8
[INFO] [stdout]     |
[INFO] [stdout] 167 | #[cfg(target_arch = "wasm32")]
[INFO] [stdout]     |       ---------------------- the item is gated behind the `wasm32` feature
[INFO] [stdout] 168 | pub fn set_now_ms(now_ms: u64) {
[INFO] [stdout]     |        ^^^^^^^^^^
[INFO] [stdout] 
[INFO] [stdout] 
[INFO] [stdout] error[E0425]: cannot find function `set_now_ms` in module `redis_wasm_core::expiry`
[INFO] [stdout]    --> crates/redis-wasm-bindings/src/lib.rs:38:30
[INFO] [stdout]     |
[INFO] [stdout]  38 |     redis_wasm_core::expiry::set_now_ms(js_sys::Date::now() as u64);
[INFO] [stdout]     |                              ^^^^^^^^^^ not found in `redis_wasm_core::expiry`
[INFO] [stdout]     |
[INFO] [stdout] note: found an item that was configured out
[INFO] [stdout]    --> crates/redis-wasm-core/src/expiry/mod.rs:168:8
[INFO] [stdout]     |
[INFO] [stdout] 167 | #[cfg(target_arch = "wasm32")]
[INFO] [stdout]     |       ---------------------- the item is gated behind the `wasm32` feature
[INFO] [stdout] 168 | pub fn set_now_ms(now_ms: u64) {
[INFO] [stdout]     |        ^^^^^^^^^^
[INFO] [stdout] 
[INFO] [stdout] 
[INFO] [stdout] error[E0425]: cannot find function `set_now_ms` in module `redis_wasm_core::expiry`
[INFO] [stdout]    --> crates/redis-wasm-bindings/src/lib.rs:51:30
[INFO] [stdout]     |
[INFO] [stdout]  51 |     redis_wasm_core::expiry::set_now_ms(js_sys::Date::now() as u64);
[INFO] [stdout]     |                              ^^^^^^^^^^ not found in `redis_wasm_core::expiry`
[INFO] [stdout]     |
[INFO] [stdout] note: found an item that was configured out
[INFO] [stdout]    --> crates/redis-wasm-core/src/expiry/mod.rs:168:8
[INFO] [stdout]     |
[INFO] [stdout] 167 | #[cfg(target_arch = "wasm32")]
[INFO] [stdout]     |       ---------------------- the item is gated behind the `wasm32` feature
[INFO] [stdout] 168 | pub fn set_now_ms(now_ms: u64) {
[INFO] [stdout]     |        ^^^^^^^^^^
[INFO] [stdout] 
[INFO] [stdout] 
[INFO] [stdout] warning: use of deprecated method `futures::futures_channel::mpsc::UnboundedReceiver::<T>::try_next`: please use `try_recv` instead
[INFO] [stdout]    --> crates/redis-wasm-bindings/src/persistence/indexed_db.rs:248:61
[INFO] [stdout]     |
[INFO] [stdout] 248 |                         while let Ok(Some(next)) = receiver.try_next() {
[INFO] [stdout]     |                                                             ^^^^^^^^
[INFO] [stdout]     |
[INFO] [stdout]     = note: `#[warn(deprecated)]` on by default
[INFO] [stdout] 
[INFO] [stdout] 
[INFO] [stdout] error[E0425]: cannot find function `set_now_ms` in module `redis_wasm_core::expiry`
[INFO] [stdout]    --> crates/redis-wasm-bindings/src/expiry.rs:64:34
[INFO] [stdout]     |
[INFO] [stdout]  64 |         redis_wasm_core::expiry::set_now_ms(js_sys::Date::now() as u64);
[INFO] [stdout]     |                                  ^^^^^^^^^^ not found in `redis_wasm_core::expiry`
[INFO] [stdout]     |
[INFO] [stdout] note: found an item that was configured out
[INFO] [stdout]    --> crates/redis-wasm-core/src/expiry/mod.rs:168:8
[INFO] [stdout]     |
[INFO] [stdout] 167 | #[cfg(target_arch = "wasm32")]
[INFO] [stdout]     |       ---------------------- the item is gated behind the `wasm32` feature
[INFO] [stdout] 168 | pub fn set_now_ms(now_ms: u64) {
[INFO] [stdout]     |        ^^^^^^^^^^
[INFO] [stdout] 
[INFO] [stdout] 
[INFO] [stdout] error[E0425]: cannot find function `set_now_ms` in module `redis_wasm_core::expiry`
[INFO] [stdout]    --> crates/redis-wasm-bindings/src/lib.rs:38:30
[INFO] [stdout]     |
[INFO] [stdout]  38 |     redis_wasm_core::expiry::set_now_ms(js_sys::Date::now() as u64);
[INFO] [stdout]     |                              ^^^^^^^^^^ not found in `redis_wasm_core::expiry`
[INFO] [stdout]     |
[INFO] [stdout] note: found an item that was configured out
[INFO] [stdout]    --> crates/redis-wasm-core/src/expiry/mod.rs:168:8
[INFO] [stdout]     |
[INFO] [stdout] 167 | #[cfg(target_arch = "wasm32")]
[INFO] [stdout]     |       ---------------------- the item is gated behind the `wasm32` feature
[INFO] [stdout] 168 | pub fn set_now_ms(now_ms: u64) {
[INFO] [stdout]     |        ^^^^^^^^^^
[INFO] [stdout] 
[INFO] [stdout] 
[INFO] [stdout] error[E0425]: cannot find function `set_now_ms` in module `redis_wasm_core::expiry`
[INFO] [stdout]    --> crates/redis-wasm-bindings/src/lib.rs:51:30
[INFO] [stdout]     |
[INFO] [stdout]  51 |     redis_wasm_core::expiry::set_now_ms(js_sys::Date::now() as u64);
[INFO] [stdout]     |                              ^^^^^^^^^^ not found in `redis_wasm_core::expiry`
[INFO] [stdout]     |
[INFO] [stdout] note: found an item that was configured out
[INFO] [stdout]    --> crates/redis-wasm-core/src/expiry/mod.rs:168:8
[INFO] [stdout]     |
[INFO] [stdout] 167 | #[cfg(target_arch = "wasm32")]
[INFO] [stdout]     |       ---------------------- the item is gated behind the `wasm32` feature
[INFO] [stdout] 168 | pub fn set_now_ms(now_ms: u64) {
[INFO] [stdout]     |        ^^^^^^^^^^
[INFO] [stdout] 
[INFO] [stdout] 
[INFO] [stdout] warning: use of deprecated method `futures::futures_channel::mpsc::UnboundedReceiver::<T>::try_next`: please use `try_recv` instead
[INFO] [stdout]    --> crates/redis-wasm-bindings/src/persistence/indexed_db.rs:248:61
[INFO] [stdout]     |
[INFO] [stdout] 248 |                         while let Ok(Some(next)) = receiver.try_next() {
[INFO] [stdout]     |                                                             ^^^^^^^^
[INFO] [stdout]     |
[INFO] [stdout]     = note: `#[warn(deprecated)]` on by default
[INFO] [stdout] 
[INFO] [stdout] 
[INFO] [stdout] For more information about this error, try `rustc --explain E0425`.
[INFO] [stdout] 
[INFO] [stderr] error: could not compile `redis-wasm-bindings` (lib) due to 3 previous errors; 1 warning emitted
[INFO] [stderr] warning: build failed, waiting for other jobs to finish...
[INFO] [stdout] For more information about this error, try `rustc --explain E0425`.
[INFO] [stdout] 
[INFO] [stderr] error: could not compile `redis-wasm-bindings` (lib test) due to 3 previous errors; 1 warning emitted
[INFO] [stderr] warning: unused dependency `parking_lot`
[INFO] [stderr]   --> crates/redis-wasm-core/Cargo.toml:17:1
[INFO] [stderr]    |
[INFO] [stderr] 17 | parking_lot = "0.12"
[INFO] [stderr]    | ^^^^^^^^^^^^^^^^^^^^
[INFO] [stderr]    |
[INFO] [stderr]    = note: `cargo::unused_dependencies` is set to `warn` by default
[INFO] [stderr] help: consider removing the dependency on `parking_lot`
[INFO] [stderr] warning: `redis-wasm-core` (manifest) generated 1 warning
[INFO] running `Command { std: "docker" "inspect" "49cd9665443cee2b532f54a2868cbb95cb083897f37724691340f6a58f776e07", kill_on_drop: false }`
[INFO] running `Command { std: "docker" "rm" "-f" "49cd9665443cee2b532f54a2868cbb95cb083897f37724691340f6a58f776e07", kill_on_drop: false }`
[INFO] [stdout] 49cd9665443cee2b532f54a2868cbb95cb083897f37724691340f6a58f776e07
