[INFO] cloning repository https://github.com/in-aura-we-trade/aura_txn_client
[INFO] running `Command { std: "git" "-c" "credential.helper=" "-c" "credential.helper=/workspace/cargo-home/bin/git-credential-null" "clone" "--bare" "https://github.com/in-aura-we-trade/aura_txn_client" "/workspace/cache/git-repos/https%3A%2F%2Fgithub.com%2Fin-aura-we-trade%2Faura_txn_client", kill_on_drop: false }`
[INFO] [stderr] Cloning into bare repository '/workspace/cache/git-repos/https%3A%2F%2Fgithub.com%2Fin-aura-we-trade%2Faura_txn_client'...
[INFO] running `Command { std: "git" "rev-parse" "HEAD", kill_on_drop: false }`
[INFO] [stdout] fba1b8a8203531c9982f60c4ca922268e866254e
[INFO] checking in-aura-we-trade/aura_txn_client against 3154cc1a3e6424e44f438a95007d043ed5ceaaf6 for pr-133502-30
[INFO] running `Command { std: "git" "clone" "/workspace/cache/git-repos/https%3A%2F%2Fgithub.com%2Fin-aura-we-trade%2Faura_txn_client" "/workspace/builds/worker-7-tc2/source", kill_on_drop: false }`
[INFO] [stderr] Cloning into '/workspace/builds/worker-7-tc2/source'...
[INFO] [stderr] done.
[INFO] started tweaking git repo https://github.com/in-aura-we-trade/aura_txn_client
[INFO] finished tweaking git repo https://github.com/in-aura-we-trade/aura_txn_client
[INFO] tweaked toml for git repo https://github.com/in-aura-we-trade/aura_txn_client written to /workspace/builds/worker-7-tc2/source/Cargo.toml
[INFO] validating manifest of git repo https://github.com/in-aura-we-trade/aura_txn_client on toolchain 3154cc1a3e6424e44f438a95007d043ed5ceaaf6
[INFO] running `Command { std: CARGO_HOME="/workspace/cargo-home" RUSTUP_HOME="/workspace/rustup-home" "/workspace/cargo-home/bin/cargo" "+3154cc1a3e6424e44f438a95007d043ed5ceaaf6" "metadata" "--manifest-path" "Cargo.toml" "--no-deps", kill_on_drop: false }`
[INFO] crate git repo https://github.com/in-aura-we-trade/aura_txn_client already has a lockfile, it will not be regenerated
[INFO] running `Command { std: CARGO_HOME="/workspace/cargo-home" RUSTUP_HOME="/workspace/rustup-home" "/workspace/cargo-home/bin/cargo" "+3154cc1a3e6424e44f438a95007d043ed5ceaaf6" "fetch" "--manifest-path" "Cargo.toml", kill_on_drop: false }`
[INFO] running `Command { std: "docker" "create" "-v" "/var/lib/crater-agent-workspace/builds/worker-7-tc2/source:/opt/rustwide/workdir:ro,Z" "-v" "/var/lib/crater-agent-workspace/builds/worker-7-tc2/target:/opt/rustwide/target:rw,Z" "-v" "/var/lib/crater-agent-workspace/cargo-home:/opt/rustwide/cargo-home:ro,Z" "-v" "/var/lib/crater-agent-workspace/rustup-home:/opt/rustwide/rustup-home:ro,Z" "-m" "1610612736" "--network" "none" "ghcr.io/rust-lang/crates-build-env/linux@sha256:77db811e55d90add9212f6832c23229e3de5f1c1f9905e8cb07319ea15df73ac" "sleep" "infinity", kill_on_drop: false }`
[INFO] [stdout] db74921ca34075af089b5686cc7d187b7422ad329d85033d24e9083b07fa657c
[INFO] running `Command { std: "docker" "start" "db74921ca34075af089b5686cc7d187b7422ad329d85033d24e9083b07fa657c", kill_on_drop: false }`
[INFO] running `Command { std: "docker" "inspect" "db74921ca34075af089b5686cc7d187b7422ad329d85033d24e9083b07fa657c", kill_on_drop: false }`
[INFO] running `Command { std: "docker" "exec" "-e" "SOURCE_DIR=/opt/rustwide/workdir" "-e" "CARGO_HOME=/opt/rustwide/cargo-home" "-e" "RUSTUP_HOME=/opt/rustwide/rustup-home" "-e" "CARGO_TARGET_DIR=/opt/rustwide/target" "-w" "/opt/rustwide/workdir" "--user" "0:0" "db74921ca34075af089b5686cc7d187b7422ad329d85033d24e9083b07fa657c" "/opt/rustwide/cargo-home/bin/cargo" "+3154cc1a3e6424e44f438a95007d043ed5ceaaf6" "metadata" "--no-deps" "--format-version=1", kill_on_drop: false }`
[INFO] running `Command { std: "docker" "inspect" "db74921ca34075af089b5686cc7d187b7422ad329d85033d24e9083b07fa657c", kill_on_drop: false }`
[INFO] running `Command { std: "docker" "exec" "-e" "SOURCE_DIR=/opt/rustwide/workdir" "-e" "CARGO_HOME=/opt/rustwide/cargo-home" "-e" "RUSTUP_HOME=/opt/rustwide/rustup-home" "-e" "CARGO_TARGET_DIR=/opt/rustwide/target" "-e" "CARGO_INCREMENTAL=0" "-e" "RUST_BACKTRACE=full" "-e" "RUSTFLAGS=--cap-lints=forbid" "-e" "RUSTDOCFLAGS=--cap-lints=forbid" "-w" "/opt/rustwide/workdir" "--user" "0:0" "db74921ca34075af089b5686cc7d187b7422ad329d85033d24e9083b07fa657c" "/opt/rustwide/cargo-home/bin/cargo" "+3154cc1a3e6424e44f438a95007d043ed5ceaaf6" "check" "--frozen" "--all" "--all-targets" "--message-format=json", kill_on_drop: false }`
[INFO] [stderr]    Compiling thiserror v2.0.20
[INFO] [stderr]    Compiling pastey v0.2.3
[INFO] [stderr]     Checking five8_core v1.0.0
[INFO] [stderr]     Checking solana-sanitize v3.0.1
[INFO] [stderr]     Checking solana-program-error v3.0.1
[INFO] [stderr]    Compiling serde_core v1.0.229
[INFO] [stderr]    Compiling serde v1.0.229
[INFO] [stderr]    Compiling fastnum v0.7.5
[INFO] [stderr]    Compiling unicode-xid v0.2.6
[INFO] [stderr]     Checking typewit v1.15.2
[INFO] [stderr]    Compiling num-traits v0.2.19
[INFO] [stderr]     Checking iana-time-zone v0.1.65
[INFO] [stderr]    Compiling syn v3.0.3
[INFO] [stderr]    Compiling syn v2.0.119
[INFO] [stderr]    Compiling wincode v0.6.1
[INFO] [stderr]     Checking five8 v1.0.0
[INFO] [stderr]     Checking five8_const v1.0.0
[INFO] [stderr]     Checking num-integer v0.1.47
[INFO] [stderr]     Checking solana-instruction-error v2.5.0
[INFO] [stderr]     Checking chrono v0.4.45
[INFO] [stderr]     Checking solana-transaction-error v3.4.0
[INFO] [stderr]    Compiling thiserror-impl v2.0.20
[INFO] [stderr]    Compiling serde_derive v1.0.229
[INFO] [stderr]    Compiling darling_core v0.23.0
[INFO] [stderr]    Compiling const_panic_proc_macros v0.2.17
[INFO] [stderr]    Compiling prosto_derive v0.11.26
[INFO] [stderr]     Checking serde-big-array v0.5.1
[INFO] [stderr]     Checking bnum v0.12.1
[INFO] [stderr]     Checking const_panic v0.2.17
[INFO] [stderr]    Compiling darling_macro v0.23.0
[INFO] [stderr]    Compiling darling v0.23.0
[INFO] [stderr]    Compiling wincode-derive v0.5.1
[INFO] [stderr]     Checking proto_rs v0.11.26
[INFO] [stdout] error: custom attribute panicked
[INFO] [stdout]   --> /opt/rustwide/cargo-home/registry/src/index.crates.io-1949cf8c6b5b557f/proto_rs-0.11.26/src/custom_types/fastnum/signed.rs:11:1
[INFO] [stdout]    |
[INFO] [stdout] 11 | #[proto_message(proto_path = "protos/fastnum.proto", sun = [D128, D64])]
[INFO] [stdout]    | ^^^^^^^^^^^^^^^^^^^^^^^^^^^^^^^^^^^^^^^^^^^^^^^^^^^^^^^^^^^^^^^^^^^^^^^^
[INFO] [stdout]    |
[INFO] [stdout]    = help: message: Failed to open proto file: Os { code: 30, kind: ReadOnlyFilesystem, message: "Read-only file system" }
[INFO] [stdout] 
[INFO] [stdout] 
[INFO] [stdout] error: custom attribute panicked
[INFO] [stdout]   --> /opt/rustwide/cargo-home/registry/src/index.crates.io-1949cf8c6b5b557f/proto_rs-0.11.26/src/custom_types/fastnum/unsigned.rs:10:1
[INFO] [stdout]    |
[INFO] [stdout] 10 | #[proto_message(proto_path = "protos/fastnum.proto", sun = UD128)]
[INFO] [stdout]    | ^^^^^^^^^^^^^^^^^^^^^^^^^^^^^^^^^^^^^^^^^^^^^^^^^^^^^^^^^^^^^^^^^^
[INFO] [stdout]    |
[INFO] [stdout]    = help: message: called `Result::unwrap()` on an `Err` value: PoisonError { .. }
[INFO] [stdout] 
[INFO] [stdout] 
[INFO] [stdout] error: custom attribute panicked
[INFO] [stdout]  --> /opt/rustwide/cargo-home/registry/src/index.crates.io-1949cf8c6b5b557f/proto_rs-0.11.26/src/custom_types/well_known.rs:3:1
[INFO] [stdout]   |
[INFO] [stdout] 3 | #[proto_message(proto_path = "protos/well_known.proto")]
[INFO] [stdout]   | ^^^^^^^^^^^^^^^^^^^^^^^^^^^^^^^^^^^^^^^^^^^^^^^^^^^^^^^^
[INFO] [stdout]   |
[INFO] [stdout]   = help: message: called `Result::unwrap()` on an `Err` value: PoisonError { .. }
[INFO] [stdout] 
[INFO] [stdout] 
[INFO] [stdout] error[E0425]: cannot find type `D128Proto` in this scope
[INFO] [stdout]   --> /opt/rustwide/cargo-home/registry/src/index.crates.io-1949cf8c6b5b557f/proto_rs-0.11.26/src/custom_types/fastnum/signed.rs:27:34
[INFO] [stdout]    |
[INFO] [stdout] 27 | impl ProtoShadowDecode<D128> for D128Proto {
[INFO] [stdout]    |                                  ^^^^^^^^^ not found in this scope
[INFO] [stdout] 
[INFO] [stdout] 
[INFO] [stdout] error[E0425]: cannot find type `D128Proto` in this scope
[INFO] [stdout]   --> /opt/rustwide/cargo-home/registry/src/index.crates.io-1949cf8c6b5b557f/proto_rs-0.11.26/src/custom_types/fastnum/signed.rs:47:42
[INFO] [stdout]    |
[INFO] [stdout] 47 | impl<'a> ProtoShadowEncode<'a, D128> for D128Proto {
[INFO] [stdout]    |                                          ^^^^^^^^^ not found in this scope
[INFO] [stdout] 
[INFO] [stdout] 
[INFO] [stdout] error[E0425]: cannot find type `D128Proto` in this scope
[INFO] [stdout]   --> /opt/rustwide/cargo-home/registry/src/index.crates.io-1949cf8c6b5b557f/proto_rs-0.11.26/src/custom_types/fastnum/signed.rs:62:33
[INFO] [stdout]    |
[INFO] [stdout] 62 | impl ProtoShadowDecode<D64> for D128Proto {
[INFO] [stdout]    |                                 ^^^^^^^^^ not found in this scope
[INFO] [stdout] 
[INFO] [stdout] 
[INFO] [stdout] error[E0425]: cannot find type `D128Proto` in this scope
[INFO] [stdout]   --> /opt/rustwide/cargo-home/registry/src/index.crates.io-1949cf8c6b5b557f/proto_rs-0.11.26/src/custom_types/fastnum/signed.rs:79:41
[INFO] [stdout]    |
[INFO] [stdout] 79 | impl<'a> ProtoShadowEncode<'a, D64> for D128Proto {
[INFO] [stdout]    |                                         ^^^^^^^^^ not found in this scope
[INFO] [stdout] 
[INFO] [stdout] 
[INFO] [stdout] error[E0425]: cannot find type `UD128Proto` in this scope
[INFO] [stdout]   --> /opt/rustwide/cargo-home/registry/src/index.crates.io-1949cf8c6b5b557f/proto_rs-0.11.26/src/custom_types/fastnum/unsigned.rs:24:35
[INFO] [stdout]    |
[INFO] [stdout] 24 | impl ProtoShadowDecode<UD128> for UD128Proto {
[INFO] [stdout]    |                                   ^^^^^^^^^^ not found in this scope
[INFO] [stdout] 
[INFO] [stdout] 
[INFO] [stdout] error[E0425]: cannot find type `UD128Proto` in this scope
[INFO] [stdout]   --> /opt/rustwide/cargo-home/registry/src/index.crates.io-1949cf8c6b5b557f/proto_rs-0.11.26/src/custom_types/fastnum/unsigned.rs:40:43
[INFO] [stdout]    |
[INFO] [stdout] 40 | impl<'a> ProtoShadowEncode<'a, UD128> for UD128Proto {
[INFO] [stdout]    |                                           ^^^^^^^^^^ not found in this scope
[INFO] [stdout] 
[INFO] [stdout] 
[INFO] [stderr]     Checking solana-address v2.7.0
[INFO] [stderr]     Checking solana-signature v3.5.1
[INFO] [stderr]     Checking solana-hash v4.6.0
[INFO] [stderr]     Checking solana-short-vec v3.3.0
[INFO] [stderr]     Checking solana-pubkey v4.3.0
[INFO] [stderr]     Checking solana-sdk-ids v3.1.0
[INFO] [stderr]     Checking solana-instruction v3.5.0
[INFO] [stderr]     Checking solana-signer v3.0.1
[INFO] [stderr]     Checking solana-message v4.5.0
[INFO] [stdout] For more information about this error, try `rustc --explain E0425`.
[INFO] [stdout] 
[INFO] [stderr] error: could not compile `proto_rs` (lib) due to 9 previous errors
[INFO] [stderr] warning: build failed, waiting for other jobs to finish...
[INFO] running `Command { std: "docker" "inspect" "db74921ca34075af089b5686cc7d187b7422ad329d85033d24e9083b07fa657c", kill_on_drop: false }`
[INFO] running `Command { std: "docker" "rm" "-f" "db74921ca34075af089b5686cc7d187b7422ad329d85033d24e9083b07fa657c", kill_on_drop: false }`
[INFO] [stdout] db74921ca34075af089b5686cc7d187b7422ad329d85033d24e9083b07fa657c
