[INFO] cloning repository https://github.com/ijkzen/selfhosted-template
[INFO] running `Command { std: "git" "-c" "credential.helper=" "-c" "credential.helper=/workspace/cargo-home/bin/git-credential-null" "clone" "--bare" "https://github.com/ijkzen/selfhosted-template" "/workspace/cache/git-repos/https%3A%2F%2Fgithub.com%2Fijkzen%2Fselfhosted-template", kill_on_drop: false }`
[INFO] [stderr] Cloning into bare repository '/workspace/cache/git-repos/https%3A%2F%2Fgithub.com%2Fijkzen%2Fselfhosted-template'...
[INFO] running `Command { std: "git" "rev-parse" "HEAD", kill_on_drop: false }`
[INFO] [stdout] ee9c87356d5ce9a3348ad37044e25587eaf2e6e6
[INFO] checking ijkzen/selfhosted-template against 3154cc1a3e6424e44f438a95007d043ed5ceaaf6+rustflags=-Znext-solver=coherence for pr-133502-30
[INFO] running `Command { std: "git" "clone" "/workspace/cache/git-repos/https%3A%2F%2Fgithub.com%2Fijkzen%2Fselfhosted-template" "/workspace/builds/worker-7-tc1/source", kill_on_drop: false }`
[INFO] [stderr] Cloning into '/workspace/builds/worker-7-tc1/source'...
[INFO] [stderr] done.
[INFO] started tweaking git repo https://github.com/ijkzen/selfhosted-template
[INFO] finished tweaking git repo https://github.com/ijkzen/selfhosted-template
[INFO] tweaked toml for git repo https://github.com/ijkzen/selfhosted-template written to /workspace/builds/worker-7-tc1/source/Cargo.toml
[INFO] validating manifest of git repo https://github.com/ijkzen/selfhosted-template on toolchain 3154cc1a3e6424e44f438a95007d043ed5ceaaf6
[INFO] running `Command { std: CARGO_HOME="/workspace/cargo-home" RUSTUP_HOME="/workspace/rustup-home" "/workspace/cargo-home/bin/cargo" "+3154cc1a3e6424e44f438a95007d043ed5ceaaf6" "metadata" "--manifest-path" "Cargo.toml" "--no-deps", kill_on_drop: false }`
[INFO] crate git repo https://github.com/ijkzen/selfhosted-template already has a lockfile, it will not be regenerated
[INFO] running `Command { std: CARGO_HOME="/workspace/cargo-home" RUSTUP_HOME="/workspace/rustup-home" "/workspace/cargo-home/bin/cargo" "+3154cc1a3e6424e44f438a95007d043ed5ceaaf6" "fetch" "--manifest-path" "Cargo.toml", kill_on_drop: false }`
[INFO] [stderr]     Updating crates.io index
[INFO] [stderr]  Downloading crates ...
[INFO] [stderr]   Downloaded tokio-cron-scheduler v0.15.1
[INFO] [stderr]   Downloaded sea-bae v0.2.2
[INFO] [stderr]   Downloaded sea-query-sqlx v0.9.1
[INFO] [stderr]   Downloaded sea-orm-macros v2.0.2
[INFO] [stderr]   Downloaded sea-query v1.0.2
[INFO] [stderr]   Downloaded sea-orm-arrow v2.0.0-rc.4
[INFO] [stderr]   Downloaded pluralizer v0.5.0
[INFO] [stderr]   Downloaded pgvector v0.4.2
[INFO] [stderr]   Downloaded arrow-string v58.4.0
[INFO] [stderr]   Downloaded arrow-row v58.4.0
[INFO] [stderr]   Downloaded arrow-ord v58.4.0
[INFO] [stderr]   Downloaded arrow-schema v58.4.0
[INFO] [stderr]   Downloaded arrow-data v58.4.0
[INFO] [stderr]   Downloaded arrow-arith v58.4.0
[INFO] [stderr]   Downloaded arrow v58.4.0
[INFO] [stderr]   Downloaded arrow-buffer v58.4.0
[INFO] [stderr]   Downloaded arrow-select v58.4.0
[INFO] [stderr]   Downloaded arrow-cast v58.4.0
[INFO] [stderr]   Downloaded arrow-array v58.4.0
[INFO] [stderr]   Downloaded derive-where v1.6.1
[INFO] [stderr]   Downloaded sea-orm v2.0.2
[INFO] [stderr]   Downloaded sea-schema v0.18.1
[INFO] running `Command { std: "docker" "create" "-v" "/var/lib/crater-agent-workspace/builds/worker-7-tc1/source:/opt/rustwide/workdir:ro,Z" "-v" "/var/lib/crater-agent-workspace/builds/worker-7-tc1/target:/opt/rustwide/target:rw,Z" "-v" "/var/lib/crater-agent-workspace/cargo-home:/opt/rustwide/cargo-home:ro,Z" "-v" "/var/lib/crater-agent-workspace/rustup-home:/opt/rustwide/rustup-home:ro,Z" "-m" "1610612736" "--network" "none" "ghcr.io/rust-lang/crates-build-env/linux@sha256:77db811e55d90add9212f6832c23229e3de5f1c1f9905e8cb07319ea15df73ac" "sleep" "infinity", kill_on_drop: false }`
[INFO] [stdout] 61684f724f85ef52fb97619b1af50fa8788a5c80e880c8862925fc5ee373854b
[INFO] running `Command { std: "docker" "start" "61684f724f85ef52fb97619b1af50fa8788a5c80e880c8862925fc5ee373854b", kill_on_drop: false }`
[INFO] running `Command { std: "docker" "inspect" "61684f724f85ef52fb97619b1af50fa8788a5c80e880c8862925fc5ee373854b", kill_on_drop: false }`
[INFO] running `Command { std: "docker" "exec" "-e" "SOURCE_DIR=/opt/rustwide/workdir" "-e" "CARGO_HOME=/opt/rustwide/cargo-home" "-e" "RUSTUP_HOME=/opt/rustwide/rustup-home" "-e" "CARGO_TARGET_DIR=/opt/rustwide/target" "-w" "/opt/rustwide/workdir" "--user" "0:0" "61684f724f85ef52fb97619b1af50fa8788a5c80e880c8862925fc5ee373854b" "/opt/rustwide/cargo-home/bin/cargo" "+3154cc1a3e6424e44f438a95007d043ed5ceaaf6" "metadata" "--no-deps" "--format-version=1", kill_on_drop: false }`
[INFO] running `Command { std: "docker" "inspect" "61684f724f85ef52fb97619b1af50fa8788a5c80e880c8862925fc5ee373854b", kill_on_drop: false }`
[INFO] running `Command { std: "docker" "exec" "-e" "SOURCE_DIR=/opt/rustwide/workdir" "-e" "CARGO_HOME=/opt/rustwide/cargo-home" "-e" "RUSTUP_HOME=/opt/rustwide/rustup-home" "-e" "CARGO_TARGET_DIR=/opt/rustwide/target" "-e" "CARGO_INCREMENTAL=0" "-e" "RUST_BACKTRACE=full" "-e" "RUSTFLAGS=--cap-lints=forbid -Znext-solver=coherence" "-e" "RUSTDOCFLAGS=--cap-lints=forbid" "-w" "/opt/rustwide/workdir" "--user" "0:0" "61684f724f85ef52fb97619b1af50fa8788a5c80e880c8862925fc5ee373854b" "/opt/rustwide/cargo-home/bin/cargo" "+3154cc1a3e6424e44f438a95007d043ed5ceaaf6" "check" "--frozen" "--all" "--all-targets" "--message-format=json", kill_on_drop: false }`
[INFO] [stderr]     Checking typenum v1.20.1
[INFO] [stderr]    Compiling serde_core v1.0.229
[INFO] [stderr]     Checking smallvec v1.16.0
[INFO] [stderr]     Checking futures-sink v0.3.34
[INFO] [stderr]    Compiling serde v1.0.229
[INFO] [stderr]     Checking getrandom v0.2.17
[INFO] [stderr]    Compiling cc v1.4.4
[INFO] [stderr]    Compiling displaydoc v0.2.7
[INFO] [stderr]     Checking tokio v1.53.1
[INFO] [stderr]     Checking tracing v0.1.44
[INFO] [stderr]     Checking zerofrom v0.1.8
[INFO] [stderr]    Compiling serde_json v1.0.151
[INFO] [stderr]    Compiling darling_core v0.20.11
[INFO] [stderr]     Checking futures-channel v0.3.34
[INFO] [stderr]    Compiling time-macros v0.2.32
[INFO] [stderr]     Checking num_threads v0.1.7
[INFO] [stderr]     Checking yoke v0.8.3
[INFO] [stderr]    Compiling rust_decimal v1.43.0
[INFO] [stderr]     Checking rand_core v0.6.4
[INFO] [stderr]     Checking parking_lot_core v0.9.12
[INFO] [stderr]     Checking webpki-roots v1.0.9
[INFO] [stderr]     Checking futures-util v0.3.34
[INFO] [stderr]     Checking arrayvec v0.7.8
[INFO] [stderr]     Checking zerovec v0.11.8
[INFO] [stderr]     Checking thiserror v2.0.20
[INFO] [stderr]    Compiling unicase v2.9.0
[INFO] [stderr]     Checking either v1.18.0
[INFO] [stderr]     Checking parking_lot v0.12.5
[INFO] [stderr]     Checking crc-catalog v2.5.0
[INFO] [stderr]    Compiling aho-corasick v1.1.5
[INFO] [stderr]     Checking futures-intrusive v0.5.0
[INFO] [stderr]     Checking crc v3.4.0
[INFO] [stderr]     Checking indexmap v2.14.1
[INFO] [stderr]    Compiling mime_guess v2.0.5
[INFO] [stderr]     Checking hashlink v0.11.1
[INFO] [stderr]     Checking crossbeam-queue v0.3.13
[INFO] [stderr]     Checking zerotrie v0.2.5
[INFO] [stderr]     Checking spin v0.9.9
[INFO] [stderr]    Compiling proc-macro2-diagnostics v0.10.1
[INFO] [stderr]     Checking sync_wrapper v1.0.2
[INFO] [stderr]     Checking tinystr v0.8.4
[INFO] [stderr]     Checking potential_utf v0.1.6
[INFO] [stderr]    Compiling const-oid v0.10.2
[INFO] [stderr]     Checking icu_collections v2.3.0
[INFO] [stderr]     Checking flume v0.12.0
[INFO] [stderr]     Checking icu_locale_core v2.3.0
[INFO] [stderr]     Checking http-body-util v0.1.5
[INFO] [stderr]     Checking atoi v2.0.0
[INFO] [stderr]    Compiling cpufeatures v0.3.1
[INFO] [stderr]    Compiling hybrid-array v0.4.14
[INFO] [stderr]     Checking ipnet v2.12.2
[INFO] [stderr]    Compiling yansi v1.0.1
[INFO] [stderr]     Checking phf_shared v0.12.1
[INFO] [stderr]     Checking regex-automata v0.4.18
[INFO] [stderr]    Compiling strum_macros v0.27.2
[INFO] [stderr]     Checking ordered-float v4.6.0
[INFO] [stderr]    Compiling unicode-xid v0.2.6
[INFO] [stderr]     Checking generic-array v0.14.7
[INFO] [stderr]    Compiling chrono-tz v0.10.4
[INFO] [stderr]    Compiling mime v0.3.17
[INFO] [stderr]     Checking futures-executor v0.3.34
[INFO] [stderr]     Checking sharded-slab v0.1.7
[INFO] [stderr]    Compiling ring v0.17.14
[INFO] [stderr]    Compiling libsqlite3-sys v0.37.0
[INFO] [stderr]    Compiling crypto-common v0.2.2
[INFO] [stderr]    Compiling block-buffer v0.12.1
[INFO] [stderr]     Checking icu_provider v2.3.1
[INFO] [stderr]    Compiling ouroboros_macro v0.18.5
[INFO] [stderr]     Checking icu_normalizer v2.3.0
[INFO] [stderr]     Checking icu_properties v2.3.0
[INFO] [stderr]    Compiling derive_more-impl v2.1.1
[INFO] [stderr]    Compiling itertools v0.14.0
[INFO] [stderr]     Checking crypto-common v0.1.7
[INFO] [stderr]     Checking block-buffer v0.10.4
[INFO] [stderr]     Checking inout v0.1.4
[INFO] [stderr]     Checking cipher v0.4.4
[INFO] [stderr]     Checking digest v0.10.7
[INFO] [stderr]     Checking sha2 v0.10.9
[INFO] [stderr]    Compiling digest v0.11.3
[INFO] [stderr]     Checking universal-hash v0.5.1
[INFO] [stderr]     Checking matchers v0.2.0
[INFO] [stderr]    Compiling sha2 v0.11.0
[INFO] [stderr]    Compiling regex v1.13.1
[INFO] [stderr]     Checking polyval v0.6.2
[INFO] [stderr]     Checking deranged v0.5.8
[INFO] [stderr]     Checking uuid v1.26.0
[INFO] [stderr]     Checking strum v0.27.2
[INFO] [stderr]     Checking phf v0.12.1
[INFO] [stderr]    Compiling darling_macro v0.20.11
[INFO] [stderr]    Compiling pluralizer v0.5.0
[INFO] [stderr]     Checking ppv-lite86 v0.2.21
[INFO] [stderr]    Compiling sea-bae v0.2.2
[INFO] [stderr]    Compiling darling v0.20.11
[INFO] [stderr]    Compiling derive_builder_core v0.20.2
[INFO] [stderr]    Compiling sea-query-derive v1.0.0
[INFO] [stderr]     Checking idna_adapter v1.2.2
[INFO] [stderr]     Checking chrono v0.4.45
[INFO] [stderr]     Checking idna v1.1.0
[INFO] [stderr]     Checking url v2.5.8
[INFO] [stderr]    Compiling rust-embed-utils v8.12.0
[INFO] [stderr]     Checking tracing-serde v0.2.0
[INFO] [stderr]     Checking serde_urlencoded v0.7.1
[INFO] [stderr]    Compiling async-stream-impl v0.3.6
[INFO] [stderr]     Checking tracing-log v0.2.0
[INFO] [stderr]     Checking thread_local v1.1.10
[INFO] [stderr]     Checking base64ct v1.8.3
[INFO] [stderr]    Compiling tokio-cron-scheduler v0.15.1
[INFO] [stderr]     Checking aliasable v0.1.3
[INFO] [stderr]     Checking nu-ansi-term v0.50.3
[INFO] [stderr]    Compiling rust-embed-impl v8.12.0
[INFO] [stderr]     Checking ouroboros v0.18.5
[INFO] [stderr]     Checking password-hash v0.5.0
[INFO] [stderr]     Checking derive_more v2.1.1
[INFO] [stderr]     Checking rand_chacha v0.3.1
[INFO] [stderr]     Checking ghash v0.5.1
[INFO] [stderr]     Checking serde_path_to_error v0.1.20
[INFO] [stderr]     Checking ctr v0.9.2
[INFO] [stderr]     Checking aes v0.8.4
[INFO] [stderr]     Checking blake2 v0.10.6
[INFO] [stderr]     Checking aead v0.5.2
[INFO] [stderr]     Checking axum-core v0.5.6
[INFO] [stderr]     Checking async-stream v0.3.6
[INFO] [stderr]    Compiling num-derive v0.4.2
[INFO] [stderr]    Compiling derive-where v1.6.1
[INFO] [stderr]     Checking matchit v0.8.4
[INFO] [stderr]     Checking strum v0.28.0
[INFO] [stderr]     Checking symlink v0.1.0
[INFO] [stderr]    Compiling rustix v1.1.4
[INFO] [stderr]    Compiling sea-orm-macros v2.0.2
[INFO] [stderr]     Checking aes-gcm v0.10.3
[INFO] [stderr]     Checking argon2 v0.5.3
[INFO] [stderr]    Compiling derive_builder_macro v0.20.2
[INFO] [stderr]     Checking thiserror v1.0.69
[INFO] [stderr]     Checking rand v0.8.8
[INFO] [stderr]     Checking linux-raw-sys v0.12.1
[INFO] [stderr]     Checking rust-embed v8.12.0
[INFO] [stderr]     Checking futures v0.3.34
[INFO] [stderr]     Checking temp-env v0.3.6
[INFO] [stderr]     Checking time v0.3.55
[INFO] [stderr]     Checking derive_builder v0.20.2
[INFO] [stderr]    Compiling rustls v0.23.43
[INFO] [stderr]     Checking croner v3.0.1
[INFO] [stderr]     Checking tokio-util v0.7.19
[INFO] [stderr]     Checking hyper v1.11.1
[INFO] [stderr]     Checking tower v0.5.3
[INFO] [stderr]     Checking tokio-stream v0.1.19
[INFO] [stderr]     Checking hyper-util v0.1.20
[INFO] [stderr]     Checking tower-http v0.6.11
[INFO] [stderr]     Checking rustls-webpki v0.103.15
[INFO] [stderr]     Checking axum v0.8.9
[INFO] [stderr]     Checking sea-query v1.0.2
[INFO] [stderr]     Checking tracing-subscriber v0.3.23
[INFO] [stderr]     Checking tempfile v3.27.0
[INFO] [stderr]     Checking sqlx-core v0.9.0
[INFO] [stderr]     Checking tokio-rustls v0.26.5
[INFO] [stderr]     Checking hyper-rustls v0.27.9
[INFO] [stderr]     Checking tracing-appender v0.2.5
[INFO] [stderr]     Checking reqwest v0.12.28
[INFO] [stderr]     Checking sqlx-sqlite v0.9.0
[INFO] [stderr]     Checking sqlx v0.9.0
[INFO] [stderr]     Checking sea-query-sqlx v0.9.1
[INFO] [stderr]     Checking sea-orm v2.0.2
[INFO] [stderr]     Checking selfhosted-template v0.1.0 (/opt/rustwide/workdir)
[INFO] [stdout] error: #[derive(RustEmbed)] folder '/opt/rustwide/workdir/web/dist/' does not exist. cwd: '/opt/rustwide/workdir'
[INFO] [stdout]  --> src/static_assets/mod.rs:7:1
[INFO] [stdout]   |
[INFO] [stdout] 7 | / #[folder = "web/dist/"]
[INFO] [stdout] 8 | | struct FrontendAssets;
[INFO] [stdout]   | |______________________^
[INFO] [stdout] 
[INFO] [stdout] 
[INFO] [stdout] error: #[derive(RustEmbed)] folder '/opt/rustwide/workdir/web/dist/' does not exist. cwd: '/opt/rustwide/workdir'
[INFO] [stdout]  --> src/static_assets/mod.rs:7:1
[INFO] [stdout]   |
[INFO] [stdout] 7 | / #[folder = "web/dist/"]
[INFO] [stdout] 8 | | struct FrontendAssets;
[INFO] [stdout]   | |______________________^
[INFO] [stdout] 
[INFO] [stdout] 
[INFO] [stdout] error[E0599]: no associated function or constant named `get` found for struct `FrontendAssets` in the current scope
[INFO] [stdout]   --> src/static_assets/mod.rs:56:44
[INFO] [stdout]    |
[INFO] [stdout]  8 | struct FrontendAssets;
[INFO] [stdout]    | --------------------- associated function or constant `get` not found for this struct
[INFO] [stdout] ...
[INFO] [stdout] 56 |     if let Some(content) = FrontendAssets::get(path) {
[INFO] [stdout]    |                                            ^^^ associated function or constant not found in `FrontendAssets`
[INFO] [stdout]    |
[INFO] [stdout]    = help: items from traits can only be used if the trait is implemented and in scope
[INFO] [stdout]    = note: the following traits define an item `get`, perhaps you need to implement one of them:
[INFO] [stdout]            candidate #1: `CodeGet`
[INFO] [stdout]            candidate #2: `DataStore`
[INFO] [stdout]            candidate #3: `Embed`
[INFO] [stdout]            candidate #4: `Row`
[INFO] [stdout]            candidate #5: `SliceIndex`
[INFO] [stdout]            candidate #6: `ToCode`
[INFO] [stdout]            candidate #7: `icu_collections::codepointtrie::cptrie::TypedCodePointTrie`
[INFO] [stdout]            candidate #8: `icu_properties::names::PropertyEnumToValueNameLookup`
[INFO] [stdout]            candidate #9: `icu_provider::baked::DataStore`
[INFO] [stdout]            candidate #10: `itertools::Itertools`
[INFO] [stdout]            candidate #11: `rustls::server::server_conn::StoresServerSessions`
[INFO] [stdout]            candidate #12: `sea_orm::ActiveModelTrait`
[INFO] [stdout]            candidate #13: `sea_orm::ModelTrait`
[INFO] [stdout] 
[INFO] [stdout] 
[INFO] [stdout] error[E0599]: no associated function or constant named `get` found for struct `FrontendAssets` in the current scope
[INFO] [stdout]   --> src/static_assets/mod.rs:72:42
[INFO] [stdout]    |
[INFO] [stdout]  8 | struct FrontendAssets;
[INFO] [stdout]    | --------------------- associated function or constant `get` not found for this struct
[INFO] [stdout] ...
[INFO] [stdout] 72 |     if let Some(index) = FrontendAssets::get("index.html") {
[INFO] [stdout]    |                                          ^^^ associated function or constant not found in `FrontendAssets`
[INFO] [stdout]    |
[INFO] [stdout]    = help: items from traits can only be used if the trait is implemented and in scope
[INFO] [stdout]    = note: the following traits define an item `get`, perhaps you need to implement one of them:
[INFO] [stdout]            candidate #1: `CodeGet`
[INFO] [stdout]            candidate #2: `DataStore`
[INFO] [stdout]            candidate #3: `Embed`
[INFO] [stdout]            candidate #4: `Row`
[INFO] [stdout]            candidate #5: `SliceIndex`
[INFO] [stdout]            candidate #6: `ToCode`
[INFO] [stdout]            candidate #7: `icu_collections::codepointtrie::cptrie::TypedCodePointTrie`
[INFO] [stdout]            candidate #8: `icu_properties::names::PropertyEnumToValueNameLookup`
[INFO] [stdout]            candidate #9: `icu_provider::baked::DataStore`
[INFO] [stdout]            candidate #10: `itertools::Itertools`
[INFO] [stdout]            candidate #11: `rustls::server::server_conn::StoresServerSessions`
[INFO] [stdout]            candidate #12: `sea_orm::ActiveModelTrait`
[INFO] [stdout]            candidate #13: `sea_orm::ModelTrait`
[INFO] [stdout] 
[INFO] [stdout] 
[INFO] [stdout] error[E0599]: no associated function or constant named `get` found for struct `FrontendAssets` in the current scope
[INFO] [stdout]   --> src/static_assets/mod.rs:56:44
[INFO] [stdout]    |
[INFO] [stdout]  8 | struct FrontendAssets;
[INFO] [stdout]    | --------------------- associated function or constant `get` not found for this struct
[INFO] [stdout] ...
[INFO] [stdout] 56 |     if let Some(content) = FrontendAssets::get(path) {
[INFO] [stdout]    |                                            ^^^ associated function or constant not found in `FrontendAssets`
[INFO] [stdout]    |
[INFO] [stdout]    = help: items from traits can only be used if the trait is implemented and in scope
[INFO] [stdout]    = note: the following traits define an item `get`, perhaps you need to implement one of them:
[INFO] [stdout]            candidate #1: `CodeGet`
[INFO] [stdout]            candidate #2: `DataStore`
[INFO] [stdout]            candidate #3: `Embed`
[INFO] [stdout]            candidate #4: `Row`
[INFO] [stdout]            candidate #5: `SliceIndex`
[INFO] [stdout]            candidate #6: `ToCode`
[INFO] [stdout]            candidate #7: `icu_collections::codepointtrie::cptrie::TypedCodePointTrie`
[INFO] [stdout]            candidate #8: `icu_properties::names::PropertyEnumToValueNameLookup`
[INFO] [stdout]            candidate #9: `icu_provider::baked::DataStore`
[INFO] [stdout]            candidate #10: `itertools::Itertools`
[INFO] [stdout]            candidate #11: `rustls::server::server_conn::StoresServerSessions`
[INFO] [stdout]            candidate #12: `sea_orm::ActiveModelTrait`
[INFO] [stdout]            candidate #13: `sea_orm::ModelTrait`
[INFO] [stdout] 
[INFO] [stdout] 
[INFO] [stdout] error[E0599]: no associated function or constant named `get` found for struct `FrontendAssets` in the current scope
[INFO] [stdout]   --> src/static_assets/mod.rs:72:42
[INFO] [stdout]    |
[INFO] [stdout]  8 | struct FrontendAssets;
[INFO] [stdout]    | --------------------- associated function or constant `get` not found for this struct
[INFO] [stdout] ...
[INFO] [stdout] 72 |     if let Some(index) = FrontendAssets::get("index.html") {
[INFO] [stdout]    |                                          ^^^ associated function or constant not found in `FrontendAssets`
[INFO] [stdout]    |
[INFO] [stdout]    = help: items from traits can only be used if the trait is implemented and in scope
[INFO] [stdout]    = note: the following traits define an item `get`, perhaps you need to implement one of them:
[INFO] [stdout]            candidate #1: `CodeGet`
[INFO] [stdout]            candidate #2: `DataStore`
[INFO] [stdout]            candidate #3: `Embed`
[INFO] [stdout]            candidate #4: `Row`
[INFO] [stdout]            candidate #5: `SliceIndex`
[INFO] [stdout]            candidate #6: `ToCode`
[INFO] [stdout]            candidate #7: `icu_collections::codepointtrie::cptrie::TypedCodePointTrie`
[INFO] [stdout]            candidate #8: `icu_properties::names::PropertyEnumToValueNameLookup`
[INFO] [stdout]            candidate #9: `icu_provider::baked::DataStore`
[INFO] [stdout]            candidate #10: `itertools::Itertools`
[INFO] [stdout]            candidate #11: `rustls::server::server_conn::StoresServerSessions`
[INFO] [stdout]            candidate #12: `sea_orm::ActiveModelTrait`
[INFO] [stdout]            candidate #13: `sea_orm::ModelTrait`
[INFO] [stdout] 
[INFO] [stdout] 
[INFO] [stdout] For more information about this error, try `rustc --explain E0599`.
[INFO] [stdout] 
[INFO] [stderr] error: could not compile `selfhosted-template` (lib) due to 3 previous errors
[INFO] [stderr] warning: build failed, waiting for other jobs to finish...
[INFO] [stdout] For more information about this error, try `rustc --explain E0599`.
[INFO] [stdout] 
[INFO] [stderr] error: could not compile `selfhosted-template` (lib test) due to 3 previous errors
[INFO] running `Command { std: "docker" "inspect" "61684f724f85ef52fb97619b1af50fa8788a5c80e880c8862925fc5ee373854b", kill_on_drop: false }`
[INFO] running `Command { std: "docker" "rm" "-f" "61684f724f85ef52fb97619b1af50fa8788a5c80e880c8862925fc5ee373854b", kill_on_drop: false }`
[INFO] [stdout] 61684f724f85ef52fb97619b1af50fa8788a5c80e880c8862925fc5ee373854b
