[INFO] cloning repository https://github.com/ijkzen/llm-gateway
[INFO] running `Command { std: "git" "-c" "credential.helper=" "-c" "credential.helper=/workspace/cargo-home/bin/git-credential-null" "clone" "--bare" "https://github.com/ijkzen/llm-gateway" "/workspace/cache/git-repos/https%3A%2F%2Fgithub.com%2Fijkzen%2Fllm-gateway", kill_on_drop: false }`
[INFO] [stderr] Cloning into bare repository '/workspace/cache/git-repos/https%3A%2F%2Fgithub.com%2Fijkzen%2Fllm-gateway'...
[INFO] running `Command { std: "git" "rev-parse" "HEAD", kill_on_drop: false }`
[INFO] [stdout] cc0aa1bf1403f4b70c91e8a4346ac18cfb23053d
[INFO] checking ijkzen/llm-gateway against 3154cc1a3e6424e44f438a95007d043ed5ceaaf6 for pr-133502-30
[INFO] running `Command { std: "git" "clone" "/workspace/cache/git-repos/https%3A%2F%2Fgithub.com%2Fijkzen%2Fllm-gateway" "/workspace/builds/worker-3-tc2/source", kill_on_drop: false }`
[INFO] [stderr] Cloning into '/workspace/builds/worker-3-tc2/source'...
[INFO] [stderr] done.
[INFO] started tweaking git repo https://github.com/ijkzen/llm-gateway
[INFO] finished tweaking git repo https://github.com/ijkzen/llm-gateway
[INFO] tweaked toml for git repo https://github.com/ijkzen/llm-gateway written to /workspace/builds/worker-3-tc2/source/Cargo.toml
[INFO] validating manifest of git repo https://github.com/ijkzen/llm-gateway on toolchain 3154cc1a3e6424e44f438a95007d043ed5ceaaf6
[INFO] running `Command { std: CARGO_HOME="/workspace/cargo-home" RUSTUP_HOME="/workspace/rustup-home" "/workspace/cargo-home/bin/cargo" "+3154cc1a3e6424e44f438a95007d043ed5ceaaf6" "metadata" "--manifest-path" "Cargo.toml" "--no-deps", kill_on_drop: false }`
[INFO] crate git repo https://github.com/ijkzen/llm-gateway already has a lockfile, it will not be regenerated
[INFO] running `Command { std: CARGO_HOME="/workspace/cargo-home" RUSTUP_HOME="/workspace/rustup-home" "/workspace/cargo-home/bin/cargo" "+3154cc1a3e6424e44f438a95007d043ed5ceaaf6" "fetch" "--manifest-path" "Cargo.toml", kill_on_drop: false }`
[INFO] running `Command { std: "docker" "create" "-v" "/var/lib/crater-agent-workspace/builds/worker-3-tc2/source:/opt/rustwide/workdir:ro,Z" "-v" "/var/lib/crater-agent-workspace/builds/worker-3-tc2/target:/opt/rustwide/target:rw,Z" "-v" "/var/lib/crater-agent-workspace/cargo-home:/opt/rustwide/cargo-home:ro,Z" "-v" "/var/lib/crater-agent-workspace/rustup-home:/opt/rustwide/rustup-home:ro,Z" "-m" "1610612736" "--network" "none" "ghcr.io/rust-lang/crates-build-env/linux@sha256:77db811e55d90add9212f6832c23229e3de5f1c1f9905e8cb07319ea15df73ac" "sleep" "infinity", kill_on_drop: false }`
[INFO] [stdout] e70403bf501243a041f25020ded137e8da0098bc3124f1db0d4ec29d999d05d2
[INFO] running `Command { std: "docker" "start" "e70403bf501243a041f25020ded137e8da0098bc3124f1db0d4ec29d999d05d2", kill_on_drop: false }`
[INFO] running `Command { std: "docker" "inspect" "e70403bf501243a041f25020ded137e8da0098bc3124f1db0d4ec29d999d05d2", kill_on_drop: false }`
[INFO] running `Command { std: "docker" "exec" "-e" "SOURCE_DIR=/opt/rustwide/workdir" "-e" "CARGO_HOME=/opt/rustwide/cargo-home" "-e" "RUSTUP_HOME=/opt/rustwide/rustup-home" "-e" "CARGO_TARGET_DIR=/opt/rustwide/target" "-w" "/opt/rustwide/workdir" "--user" "0:0" "e70403bf501243a041f25020ded137e8da0098bc3124f1db0d4ec29d999d05d2" "/opt/rustwide/cargo-home/bin/cargo" "+3154cc1a3e6424e44f438a95007d043ed5ceaaf6" "metadata" "--no-deps" "--format-version=1", kill_on_drop: false }`
[INFO] running `Command { std: "docker" "inspect" "e70403bf501243a041f25020ded137e8da0098bc3124f1db0d4ec29d999d05d2", kill_on_drop: false }`
[INFO] running `Command { std: "docker" "exec" "-e" "SOURCE_DIR=/opt/rustwide/workdir" "-e" "CARGO_HOME=/opt/rustwide/cargo-home" "-e" "RUSTUP_HOME=/opt/rustwide/rustup-home" "-e" "CARGO_TARGET_DIR=/opt/rustwide/target" "-e" "CARGO_INCREMENTAL=0" "-e" "RUST_BACKTRACE=full" "-e" "RUSTFLAGS=--cap-lints=forbid" "-e" "RUSTDOCFLAGS=--cap-lints=forbid" "-w" "/opt/rustwide/workdir" "--user" "0:0" "e70403bf501243a041f25020ded137e8da0098bc3124f1db0d4ec29d999d05d2" "/opt/rustwide/cargo-home/bin/cargo" "+3154cc1a3e6424e44f438a95007d043ed5ceaaf6" "check" "--frozen" "--all" "--all-targets" "--message-format=json", kill_on_drop: false }`
[INFO] [stderr]    Compiling libc v0.2.186
[INFO] [stderr]     Checking smallvec v1.15.2
[INFO] [stderr]    Compiling serde_core v1.0.228
[INFO] [stderr]    Compiling generic-array v0.14.9
[INFO] [stderr]     Checking const-oid v0.9.6
[INFO] [stderr]     Checking memchr v2.8.2
[INFO] [stderr]    Compiling serde v1.0.228
[INFO] [stderr]     Checking log v0.4.32
[INFO] [stderr]    Compiling num-traits v0.2.19
[INFO] [stderr]    Compiling cc v1.2.64
[INFO] [stderr]     Checking futures-channel v0.3.32
[INFO] [stderr]    Compiling syn v2.0.117
[INFO] [stderr]     Checking futures-io v0.3.32
[INFO] [stderr]    Compiling serde_json v1.0.150
[INFO] [stderr]    Compiling crossbeam-utils v0.8.21
[INFO] [stderr]     Checking spin v0.9.8
[INFO] [stderr]     Checking rustls-pki-types v1.14.1
[INFO] [stderr]    Compiling getrandom v0.4.2
[INFO] [stderr]    Compiling rustls v0.23.40
[INFO] [stderr]     Checking http v1.4.2
[INFO] [stderr]     Checking sha1_smol v1.0.1
[INFO] [stderr]    Compiling heck v0.4.1
[INFO] [stderr]     Checking base64ct v1.8.3
[INFO] [stderr]    Compiling num-conv v0.2.2
[INFO] [stderr]    Compiling pkg-config v0.3.33
[INFO] [stderr]    Compiling time-core v0.1.9
[INFO] [stderr]    Compiling zerocopy v0.8.52
[INFO] [stderr]    Compiling thiserror v2.0.18
[INFO] [stderr]     Checking webpki-roots v1.0.7
[INFO] [stderr]     Checking either v1.16.0
[INFO] [stderr]     Checking indexmap v2.14.0
[INFO] [stderr]     Checking block-buffer v0.10.4
[INFO] [stderr]     Checking block-padding v0.3.3
[INFO] [stderr]    Compiling time-macros v0.2.29
[INFO] [stderr]     Checking http-body v1.0.1
[INFO] [stderr]     Checking pem-rfc7468 v0.7.0
[INFO] [stderr]     Checking inout v0.1.4
[INFO] [stderr]     Checking concurrent-queue v2.5.0
[INFO] [stderr]     Checking getrandom v0.2.17
[INFO] [stderr]     Checking errno v0.3.14
[INFO] [stderr]     Checking socket2 v0.6.4
[INFO] [stderr]     Checking mio v1.2.1
[INFO] [stderr]     Checking rand_core v0.6.4
[INFO] [stderr]     Checking signal-hook-registry v1.4.8
[INFO] [stderr]     Checking parking_lot_core v0.9.12
[INFO] [stderr]     Checking event-listener v5.4.1
[INFO] [stderr]    Compiling crypto-common v0.1.6
[INFO] [stderr]     Checking crossbeam-queue v0.3.12
[INFO] [stderr]     Checking digest v0.10.7
[INFO] [stderr]    Compiling aho-corasick v1.1.4
[INFO] [stderr]     Checking parking_lot v0.12.5
[INFO] [stderr]     Checking lazy_static v1.5.0
[INFO] [stderr]    Compiling proc-macro2-diagnostics v0.10.1
[INFO] [stderr]     Checking sync_wrapper v1.0.2
[INFO] [stderr]    Compiling regex-syntax v0.8.11
[INFO] [stderr]     Checking cipher v0.4.4
[INFO] [stderr]     Checking futures-intrusive v0.5.0
[INFO] [stderr]     Checking der v0.7.10
[INFO] [stderr]     Checking sha2 v0.10.9
[INFO] [stderr]     Checking atoi v2.0.0
[INFO] [stderr]     Checking http-body-util v0.1.3
[INFO] [stderr]     Checking flume v0.12.0
[INFO] [stderr]    Compiling cookie v0.18.2
[INFO] [stderr]     Checking ipnet v2.12.1
[INFO] [stderr]     Checking siphasher v1.0.3
[INFO] [stderr]     Checking bitflags v2.13.0
[INFO] [stderr]    Compiling yansi v1.0.1
[INFO] [stderr]    Compiling cpufeatures v0.2.17
[INFO] [stderr]     Checking regex-automata v0.4.14
[INFO] [stderr]     Checking universal-hash v0.5.1
[INFO] [stderr]     Checking ordered-float v4.6.0
[INFO] [stderr]     Checking num-integer v0.1.46
[INFO] [stderr]    Compiling num-bigint-dig v0.8.6
[INFO] [stderr]     Checking phf_shared v0.12.1
[INFO] [stderr]    Compiling once_cell v1.21.4
[INFO] [stderr]    Compiling chrono-tz v0.10.4
[INFO] [stderr]     Checking polyval v0.6.2
[INFO] [stderr]     Checking num-iter v0.1.46
[INFO] [stderr]    Compiling itertools v0.14.0
[INFO] [stderr]     Checking phf v0.12.1
[INFO] [stderr]     Checking spki v0.7.3
[INFO] [stderr]     Checking sharded-slab v0.1.7
[INFO] [stderr]     Checking tracing-log v0.2.0
[INFO] [stderr]    Compiling rust-embed-utils v8.11.0
[INFO] [stderr]    Compiling syn v3.0.6
[INFO] [stderr]    Compiling ring v0.17.14
[INFO] [stderr]    Compiling libsqlite3-sys v0.37.0
[INFO] [stderr]     Checking pkcs8 v0.10.2
[INFO] [stderr]     Checking thread_local v1.1.9
[INFO] [stderr]    Compiling tokio-cron-scheduler v0.15.1
[INFO] [stderr]     Checking time v0.3.49
[INFO] [stderr]     Checking aliasable v0.1.3
[INFO] [stderr]    Compiling anyhow v1.0.102
[INFO] [stderr]     Checking pkcs1 v0.7.5
[INFO] [stderr]     Checking ghash v0.5.1
[INFO] [stderr]     Checking ctr v0.9.2
[INFO] [stderr]     Checking aes v0.8.4
[INFO] [stderr]     Checking sha1 v0.10.7
[INFO] [stderr]     Checking signature v2.2.0
[INFO] [stderr]     Checking blake2 v0.10.6
[INFO] [stderr]     Checking aead v0.5.2
[INFO] [stderr]     Checking password-hash v0.5.0
[INFO] [stderr]     Checking crossbeam-channel v0.5.15
[INFO] [stderr]     Checking strum v0.28.0
[INFO] [stderr]     Checking symlink v0.1.0
[INFO] [stderr]     Checking argon2 v0.5.3
[INFO] [stderr]     Checking aes-gcm v0.10.3
[INFO] [stderr]     Checking cbc v0.1.2
[INFO] [stderr]     Checking hmac v0.12.1
[INFO] [stderr]     Checking md-5 v0.10.6
[INFO] [stderr]     Checking rustix v1.1.4
[INFO] [stderr]     Checking fastrand v2.4.1
[INFO] [stderr]    Compiling synstructure v0.13.2
[INFO] [stderr]    Compiling darling_core v0.20.11
[INFO] [stderr]    Compiling proc-macro-error2 v2.0.1
[INFO] [stderr]     Checking uuid v1.23.3
[INFO] [stderr]     Checking serde_path_to_error v0.1.20
[INFO] [stderr]     Checking matchers v0.2.0
[INFO] [stderr]    Compiling zerofrom-derive v0.1.7
[INFO] [stderr]    Compiling yoke-derive v0.8.2
[INFO] [stderr]    Compiling zerovec-derive v0.11.3
[INFO] [stderr]    Compiling displaydoc v0.2.6
[INFO] [stderr]    Compiling serde_derive v1.0.228
[INFO] [stderr]    Compiling tokio-macros v2.7.0
[INFO] [stderr]    Compiling tracing-attributes v0.1.31
[INFO] [stderr]    Compiling futures-macro v0.3.32
[INFO] [stderr]     Checking tokio v1.52.3
[INFO] [stderr]    Compiling thiserror-impl v2.0.18
[INFO] [stderr]    Compiling strum_macros v0.27.2
[INFO] [stderr]    Compiling ouroboros_macro v0.18.5
[INFO] [stderr]    Compiling derive_more-impl v2.1.1
[INFO] [stderr]    Compiling sea-bae v0.2.1
[INFO] [stderr]    Compiling async-stream-impl v0.3.6
[INFO] [stderr]     Checking futures-util v0.3.32
[INFO] [stderr]     Checking zerofrom v0.1.8
[INFO] [stderr]     Checking yoke v0.8.3
[INFO] [stderr]    Compiling async-trait v0.1.92
[INFO] [stderr]     Checking async-stream v0.3.6
[INFO] [stderr]    Compiling thiserror-impl v1.0.69
[INFO] [stderr]     Checking zerovec v0.11.6
[INFO] [stderr]     Checking zerotrie v0.2.4
[INFO] [stderr]     Checking tracing v0.1.44
[INFO] [stderr]     Checking ppv-lite86 v0.2.21
[INFO] [stderr]    Compiling regex v1.12.4
[INFO] [stderr]     Checking axum-core v0.5.6
[INFO] [stderr]     Checking tinystr v0.8.3
[INFO] [stderr]     Checking potential_utf v0.1.5
[INFO] [stderr]     Checking icu_locale_core v2.2.0
[INFO] [stderr]     Checking rand_chacha v0.3.1
[INFO] [stderr]     Checking icu_collections v2.2.0
[INFO] [stderr]    Compiling pluralizer v0.5.0
[INFO] [stderr]     Checking rand v0.8.6
[INFO] [stderr]     Checking ouroboros v0.18.5
[INFO] [stderr]    Compiling num-derive v0.4.2
[INFO] [stderr]    Compiling rust-embed-impl v8.11.0
[INFO] [stderr]     Checking strum v0.27.2
[INFO] [stderr]     Checking thiserror v1.0.69
[INFO] [stderr]     Checking tempfile v3.27.0
[INFO] [stderr]     Checking derive_more v2.1.1
[INFO] [stderr]    Compiling sea-orm-macros v2.0.0-rc.40
[INFO] [stderr]    Compiling darling_macro v0.20.11
[INFO] [stderr]     Checking rust-embed v8.11.0
[INFO] [stderr]     Checking icu_provider v2.2.0
[INFO] [stderr]     Checking rustls-webpki v0.103.13
[INFO] [stderr]    Compiling darling v0.20.11
[INFO] [stderr]    Compiling derive_builder_core v0.20.2
[INFO] [stderr]    Compiling sea-query-derive v1.0.0
[INFO] [stderr]     Checking icu_normalizer v2.2.0
[INFO] [stderr]     Checking icu_properties v2.2.0
[INFO] [stderr]     Checking chrono v0.4.45
[INFO] [stderr]     Checking serde_urlencoded v0.7.1
[INFO] [stderr]     Checking tracing-serde v0.2.0
[INFO] [stderr]     Checking tracing-subscriber v0.3.23
[INFO] [stderr]    Compiling derive_builder_macro v0.20.2
[INFO] [stderr]     Checking derive_builder v0.20.2
[INFO] [stderr]     Checking rsa v0.9.10
[INFO] [stderr]     Checking futures-executor v0.3.32
[INFO] [stderr]     Checking idna_adapter v1.2.2
[INFO] [stderr]     Checking idna v1.1.0
[INFO] [stderr]     Checking futures v0.3.32
[INFO] [stderr]     Checking temp-env v0.3.6
[INFO] [stderr]     Checking url v2.5.8
[INFO] [stderr]     Checking publicsuffix v2.3.0
[INFO] [stderr]     Checking sea-query v1.0.1
[INFO] [stderr]     Checking croner v3.0.1
[INFO] [stderr]     Checking tracing-appender v0.2.5
[INFO] [stderr]     Checking cookie_store v0.22.1
[INFO] [stderr]     Checking tokio-util v0.7.19
[INFO] [stderr]     Checking hyper v1.10.1
[INFO] [stderr]     Checking tower v0.5.3
[INFO] [stderr]     Checking tokio-stream v0.1.18
[INFO] [stderr]     Checking tokio-rustls v0.26.4
[INFO] [stderr]     Checking tower-http v0.6.11
[INFO] [stderr]     Checking sqlx-core v0.9.0
[INFO] [stderr]     Checking hyper-util v0.1.20
[INFO] [stderr]     Checking hyper-rustls v0.27.9
[INFO] [stderr]     Checking axum v0.8.9
[INFO] [stderr]     Checking reqwest v0.12.28
[INFO] [stderr]     Checking sqlx-sqlite v0.9.0
[INFO] [stderr]     Checking sqlx v0.9.0
[INFO] [stderr]     Checking sea-query-sqlx v0.9.1
[INFO] [stderr]     Checking sea-orm v2.0.0-rc.40
[INFO] [stderr]     Checking llm-gateway v0.1.21 (/opt/rustwide/workdir)
[INFO] [stdout] error: #[derive(RustEmbed)] folder '/opt/rustwide/workdir/web/dist/' does not exist. cwd: '/opt/rustwide/workdir'
[INFO] [stdout]  --> src/static_assets/mod.rs:7:1
[INFO] [stdout]   |
[INFO] [stdout] 7 | / #[folder = "web/dist/"]
[INFO] [stdout] 8 | | struct FrontendAssets;
[INFO] [stdout]   | |______________________^
[INFO] [stdout] 
[INFO] [stdout] 
[INFO] [stdout] error: #[derive(RustEmbed)] folder '/opt/rustwide/workdir/web/dist/' does not exist. cwd: '/opt/rustwide/workdir'
[INFO] [stdout]  --> src/static_assets/mod.rs:7:1
[INFO] [stdout]   |
[INFO] [stdout] 7 | / #[folder = "web/dist/"]
[INFO] [stdout] 8 | | struct FrontendAssets;
[INFO] [stdout]   | |______________________^
[INFO] [stdout] 
[INFO] [stdout] 
[INFO] [stdout] error[E0599]: no associated function or constant named `get` found for struct `FrontendAssets` in the current scope
[INFO] [stdout]   --> src/static_assets/mod.rs:56:44
[INFO] [stdout]    |
[INFO] [stdout]  8 | struct FrontendAssets;
[INFO] [stdout]    | --------------------- associated function or constant `get` not found for this struct
[INFO] [stdout] ...
[INFO] [stdout] 56 |     if let Some(content) = FrontendAssets::get(path) {
[INFO] [stdout]    |                                            ^^^ associated function or constant not found in `FrontendAssets`
[INFO] [stdout]    |
[INFO] [stdout]    = help: items from traits can only be used if the trait is implemented and in scope
[INFO] [stdout]    = note: the following traits define an item `get`, perhaps you need to implement one of them:
[INFO] [stdout]            candidate #1: `CodeGet`
[INFO] [stdout]            candidate #2: `DataStore`
[INFO] [stdout]            candidate #3: `Embed`
[INFO] [stdout]            candidate #4: `Row`
[INFO] [stdout]            candidate #5: `SliceIndex`
[INFO] [stdout]            candidate #6: `StoresServerSessions`
[INFO] [stdout]            candidate #7: `ToCode`
[INFO] [stdout]            candidate #8: `icu_collections::codepointtrie::cptrie::TypedCodePointTrie`
[INFO] [stdout]            candidate #9: `icu_properties::names::PropertyEnumToValueNameLookup`
[INFO] [stdout]            candidate #10: `icu_provider::baked::DataStore`
[INFO] [stdout]            candidate #11: `itertools::Itertools`
[INFO] [stdout]            candidate #12: `sea_orm::ActiveModelTrait`
[INFO] [stdout]            candidate #13: `sea_orm::ModelTrait`
[INFO] [stdout] 
[INFO] [stdout] 
[INFO] [stdout] error[E0599]: no associated function or constant named `get` found for struct `FrontendAssets` in the current scope
[INFO] [stdout]   --> src/static_assets/mod.rs:72:42
[INFO] [stdout]    |
[INFO] [stdout]  8 | struct FrontendAssets;
[INFO] [stdout]    | --------------------- associated function or constant `get` not found for this struct
[INFO] [stdout] ...
[INFO] [stdout] 72 |     if let Some(index) = FrontendAssets::get("index.html") {
[INFO] [stdout]    |                                          ^^^ associated function or constant not found in `FrontendAssets`
[INFO] [stdout]    |
[INFO] [stdout]    = help: items from traits can only be used if the trait is implemented and in scope
[INFO] [stdout]    = note: the following traits define an item `get`, perhaps you need to implement one of them:
[INFO] [stdout]            candidate #1: `CodeGet`
[INFO] [stdout]            candidate #2: `DataStore`
[INFO] [stdout]            candidate #3: `Embed`
[INFO] [stdout]            candidate #4: `Row`
[INFO] [stdout]            candidate #5: `SliceIndex`
[INFO] [stdout]            candidate #6: `StoresServerSessions`
[INFO] [stdout]            candidate #7: `ToCode`
[INFO] [stdout]            candidate #8: `icu_collections::codepointtrie::cptrie::TypedCodePointTrie`
[INFO] [stdout]            candidate #9: `icu_properties::names::PropertyEnumToValueNameLookup`
[INFO] [stdout]            candidate #10: `icu_provider::baked::DataStore`
[INFO] [stdout]            candidate #11: `itertools::Itertools`
[INFO] [stdout]            candidate #12: `sea_orm::ActiveModelTrait`
[INFO] [stdout]            candidate #13: `sea_orm::ModelTrait`
[INFO] [stdout] 
[INFO] [stdout] 
[INFO] [stdout] error[E0599]: no associated function or constant named `get` found for struct `FrontendAssets` in the current scope
[INFO] [stdout]   --> src/static_assets/mod.rs:56:44
[INFO] [stdout]    |
[INFO] [stdout]  8 | struct FrontendAssets;
[INFO] [stdout]    | --------------------- associated function or constant `get` not found for this struct
[INFO] [stdout] ...
[INFO] [stdout] 56 |     if let Some(content) = FrontendAssets::get(path) {
[INFO] [stdout]    |                                            ^^^ associated function or constant not found in `FrontendAssets`
[INFO] [stdout]    |
[INFO] [stdout]    = help: items from traits can only be used if the trait is implemented and in scope
[INFO] [stdout]    = note: the following traits define an item `get`, perhaps you need to implement one of them:
[INFO] [stdout]            candidate #1: `CodeGet`
[INFO] [stdout]            candidate #2: `DataStore`
[INFO] [stdout]            candidate #3: `Embed`
[INFO] [stdout]            candidate #4: `Row`
[INFO] [stdout]            candidate #5: `SliceIndex`
[INFO] [stdout]            candidate #6: `StoresServerSessions`
[INFO] [stdout]            candidate #7: `ToCode`
[INFO] [stdout]            candidate #8: `icu_collections::codepointtrie::cptrie::TypedCodePointTrie`
[INFO] [stdout]            candidate #9: `icu_properties::names::PropertyEnumToValueNameLookup`
[INFO] [stdout]            candidate #10: `icu_provider::baked::DataStore`
[INFO] [stdout]            candidate #11: `itertools::Itertools`
[INFO] [stdout]            candidate #12: `sea_orm::ActiveModelTrait`
[INFO] [stdout]            candidate #13: `sea_orm::ModelTrait`
[INFO] [stdout] 
[INFO] [stdout] 
[INFO] [stdout] error[E0599]: no associated function or constant named `get` found for struct `FrontendAssets` in the current scope
[INFO] [stdout]   --> src/static_assets/mod.rs:72:42
[INFO] [stdout]    |
[INFO] [stdout]  8 | struct FrontendAssets;
[INFO] [stdout]    | --------------------- associated function or constant `get` not found for this struct
[INFO] [stdout] ...
[INFO] [stdout] 72 |     if let Some(index) = FrontendAssets::get("index.html") {
[INFO] [stdout]    |                                          ^^^ associated function or constant not found in `FrontendAssets`
[INFO] [stdout]    |
[INFO] [stdout]    = help: items from traits can only be used if the trait is implemented and in scope
[INFO] [stdout]    = note: the following traits define an item `get`, perhaps you need to implement one of them:
[INFO] [stdout]            candidate #1: `CodeGet`
[INFO] [stdout]            candidate #2: `DataStore`
[INFO] [stdout]            candidate #3: `Embed`
[INFO] [stdout]            candidate #4: `Row`
[INFO] [stdout]            candidate #5: `SliceIndex`
[INFO] [stdout]            candidate #6: `StoresServerSessions`
[INFO] [stdout]            candidate #7: `ToCode`
[INFO] [stdout]            candidate #8: `icu_collections::codepointtrie::cptrie::TypedCodePointTrie`
[INFO] [stdout]            candidate #9: `icu_properties::names::PropertyEnumToValueNameLookup`
[INFO] [stdout]            candidate #10: `icu_provider::baked::DataStore`
[INFO] [stdout]            candidate #11: `itertools::Itertools`
[INFO] [stdout]            candidate #12: `sea_orm::ActiveModelTrait`
[INFO] [stdout]            candidate #13: `sea_orm::ModelTrait`
[INFO] [stdout] 
[INFO] [stdout] 
[INFO] [stderr] error: could not compile `llm-gateway` (lib test) due to 3 previous errors
[INFO] [stderr] 
[INFO] [stderr] Caused by:
[INFO] [stderr]   process didn't exit successfully: `/opt/rustwide/rustup-home/toolchains/3154cc1a3e6424e44f438a95007d043ed5ceaaf6/bin/rustc --crate-name llm_gateway --edition=2024 src/lib.rs --error-format=json --json=diagnostic-rendered-ansi,artifacts,future-incompat,unused-externs-silent --emit=dep-info,metadata -C embed-bitcode=no -C debuginfo=2 --test --check-cfg 'cfg(docsrs,test)' --check-cfg 'cfg(feature, values())' -C metadata=820f3d5e875ca4ad -C extra-filename=-f0c64ec9f17bc2e3 --out-dir /opt/rustwide/target/debug/build/llm-gateway/f0c64ec9f17bc2e3/out -L dependency=/opt/rustwide/target/debug/build/aead/585ab66d2dbd0e59/out -L dependency=/opt/rustwide/target/debug/build/aes/7c42d2ef4e43202c/out -L dependency=/opt/rustwide/target/debug/build/aliasable/4b4db38f9e760ff9/out -L dependency=/opt/rustwide/target/debug/build/allocator-api2/34319c28828d46c3/out -L dependency=/opt/rustwide/target/debug/build/async-stream-impl/1cf97369bdb1384c/out -L dependency=/opt/rustwide/target/debug/build/async-stream/b3437684dac6d6c5/out -L dependency=/opt/rustwide/target/debug/build/async-trait/d6f8d3f8ba7e15fd/out -L dependency=/opt/rustwide/target/debug/build/atoi/b613119d833b2477/out -L dependency=/opt/rustwide/target/debug/build/atomic-waker/d2edf130acb84086/out -L dependency=/opt/rustwide/target/debug/build/axum-core/0c77c7b39b8d38ca/out -L dependency=/opt/rustwide/target/debug/build/base64/d8aec028dea2d277/out -L dependency=/opt/rustwide/target/debug/build/base64ct/7056cca72f6a3e89/out -L dependency=/opt/rustwide/target/debug/build/bitflags/42a213aab8397fad/out -L dependency=/opt/rustwide/target/debug/build/blake2/83044919188993b4/out -L dependency=/opt/rustwide/target/debug/build/block-buffer/95a70d509107299a/out -L dependency=/opt/rustwide/target/debug/build/block-padding/a370cc07d23f9e5c/out -L dependency=/opt/rustwide/target/debug/build/bytes/c3c82aecfaa31497/out -L dependency=/opt/rustwide/target/debug/build/cfg-if/190c9021fd162845/out -L dependency=/opt/rustwide/target/debug/build/chrono-tz/36780210bd584a76/out -L dependency=/opt/rustwide/target/debug/build/chrono/e96b4fefcca0c022/out -L dependency=/opt/rustwide/target/debug/build/cipher/bd4d94ce20c9fb2c/out -L dependency=/opt/rustwide/target/debug/build/concurrent-queue/907eb8aeeb93dd60/out -L dependency=/opt/rustwide/target/debug/build/const-oid/b093ba1a9cffd7a0/out -L dependency=/opt/rustwide/target/debug/build/cookie/a5d5bfe938cf9a4c/out -L dependency=/opt/rustwide/target/debug/build/cookie_store/45c9c20f52136076/out -L dependency=/opt/rustwide/target/debug/build/cpufeatures/1ae956ba346ebd12/out -L dependency=/opt/rustwide/target/debug/build/crc-catalog/e44483d7855e88f0/out -L dependency=/opt/rustwide/target/debug/build/crc/491683af8c0bf065/out -L dependency=/opt/rustwide/target/debug/build/croner/1f84c6d541601a12/out -L dependency=/opt/rustwide/target/debug/build/crossbeam-channel/c314df56584eb60b/out -L dependency=/opt/rustwide/target/debug/build/crossbeam-queue/b5a8b84e57d56033/out -L dependency=/opt/rustwide/target/debug/build/crossbeam-utils/00ccbd079e261c88/out -L dependency=/opt/rustwide/target/debug/build/crypto-common/52c26cc9fb26dc32/out -L dependency=/opt/rustwide/target/debug/build/ctr/8d99a2d89c5975e6/out -L dependency=/opt/rustwide/target/debug/build/der/35ade1826f1e6621/out -L dependency=/opt/rustwide/target/debug/build/deranged/8f39ce37c936eb35/out -L dependency=/opt/rustwide/target/debug/build/derive_builder/a3ef15c1938a9cba/out -L dependency=/opt/rustwide/target/debug/build/derive_builder_macro/492821b3fe20498f/out -L dependency=/opt/rustwide/target/debug/build/derive_more-impl/ef34282975c8a93e/out -L dependency=/opt/rustwide/target/debug/build/derive_more/38e26d0aa1064fb0/out -L dependency=/opt/rustwide/target/debug/build/digest/3784dec4b2383de0/out -L dependency=/opt/rustwide/target/debug/build/displaydoc/43a70299a578dbc6/out -L dependency=/opt/rustwide/target/debug/build/document-features/81448685dcff94c6/out -L dependency=/opt/rustwide/target/debug/build/either/1c3a0474c97fdee4/out -L dependency=/opt/rustwide/target/debug/build/equivalent/d23b026399a51038/out -L dependency=/opt/rustwide/target/debug/build/errno/0997ff084336fcdf/out -L dependency=/opt/rustwide/target/debug/build/event-listener/40f44136d5f137f7/out -L dependency=/opt/rustwide/target/debug/build/fastrand/d076ee4abaa6c192/out -L dependency=/opt/rustwide/target/debug/build/flume/23b932dd6716a8b2/out -L dependency=/opt/rustwide/target/debug/build/foldhash/7cc0e6b6b64910e8/out -L dependency=/opt/rustwide/target/debug/build/form_urlencoded/a0709cb2f4e6749a/out -L dependency=/opt/rustwide/target/debug/build/futures-channel/6351650e09691772/out -L dependency=/opt/rustwide/target/debug/build/futures-core/1cd512d543215c04/out -L dependency=/opt/rustwide/target/debug/build/futures-executor/652059ad340726aa/out -L dependency=/opt/rustwide/target/debug/build/futures-intrusive/88f3acbb825bb8aa/out -L dependency=/opt/rustwide/target/debug/build/futures-io/8551f65ba49d7852/out -L dependency=/opt/rustwide/target/debug/build/futures-macro/497fa74e1fd189b0/out -L dependency=/opt/rustwide/target/debug/build/futures-sink/80687936758fa695/out -L dependency=/opt/rustwide/target/debug/build/futures-task/bde3b8216abf23c5/out -L dependency=/opt/rustwide/target/debug/build/futures-util/4988c9847f646516/out -L dependency=/opt/rustwide/target/debug/build/futures/12b1a098f9acdc89/out -L dependency=/opt/rustwide/target/debug/build/generic-array/c47cc253b3d946bb/out -L dependency=/opt/rustwide/target/debug/build/getrandom/0ef316d950c3b565/out -L dependency=/opt/rustwide/target/debug/build/getrandom/becbbaffec24f2c8/out -L dependency=/opt/rustwide/target/debug/build/ghash/71615f9fd51048ef/out -L dependency=/opt/rustwide/target/debug/build/hashbrown/0351dbc9c736718e/out -L dependency=/opt/rustwide/target/debug/build/hashbrown/1ff293044ac6a4a8/out -L dependency=/opt/rustwide/target/debug/build/hashlink/4389d15a2c75f812/out -L dependency=/opt/rustwide/target/debug/build/http-body-util/b6905139cab8696d/out -L dependency=/opt/rustwide/target/debug/build/http-body/da0ebc4a58436a77/out -L dependency=/opt/rustwide/target/debug/build/http/ba4bdbec630ff748/out -L dependency=/opt/rustwide/target/debug/build/httparse/b9ed2fea81abf9ac/out -L dependency=/opt/rustwide/target/debug/build/httpdate/dd055e56878c34d5/out -L dependency=/opt/rustwide/target/debug/build/hyper-rustls/5cb4a883f4016b61/out -L dependency=/opt/rustwide/target/debug/build/hyper-util/2f3865e869b18f46/out -L dependency=/opt/rustwide/target/debug/build/hyper/2b4c281402916585/out -L dependency=/opt/rustwide/target/debug/build/iana-time-zone/4c741fc3ef3881f8/out -L dependency=/opt/rustwide/target/debug/build/icu_collections/f18bae00ce8e7e62/out -L dependency=/opt/rustwide/target/debug/build/icu_locale_core/8848cf9b3240d0cf/out -L dependency=/opt/rustwide/target/debug/build/icu_normalizer/a0e891461dc060bf/out -L dependency=/opt/rustwide/target/debug/build/icu_normalizer_data/9df594966f451c5b/out -L dependency=/opt/rustwide/target/debug/build/icu_properties/42e16914717d42e1/out -L dependency=/opt/rustwide/target/debug/build/icu_properties_data/335803bac80265ac/out -L dependency=/opt/rustwide/target/debug/build/icu_provider/6e90783d4b25bc33/out -L dependency=/opt/rustwide/target/debug/build/idna/ce861395c8e9a49f/out -L dependency=/opt/rustwide/target/debug/build/idna_adapter/ab6a7577a5b0351c/out -L dependency=/opt/rustwide/target/debug/build/indexmap/5cd8f496451fc958/out -L dependency=/opt/rustwide/target/debug/build/inout/14ebf562b7ed6675/out -L dependency=/opt/rustwide/target/debug/build/ipnet/7e5b3052b5f6134c/out -L dependency=/opt/rustwide/target/debug/build/itertools/a5ecadda4070dd20/out -L dependency=/opt/rustwide/target/debug/build/itoa/488dcf4f13423b18/out -L dependency=/opt/rustwide/target/debug/build/lazy_static/7d019230080eb74e/out -L dependency=/opt/rustwide/target/debug/build/libc/7d2af120e89c619c/out -L dependency=/opt/rustwide/target/debug/build/libm/89e5b3015da8f563/out -L dependency=/opt/rustwide/target/debug/build/libsqlite3-sys/bb8e7af374f3dabb/out -L dependency=/opt/rustwide/target/debug/build/linux-raw-sys/069649a5354d504b/out -L dependency=/opt/rustwide/target/debug/build/litemap/6390bd0b5dbf5657/out -L dependency=/opt/rustwide/target/debug/build/lock_api/b47e4fe57039b3cf/out -L dependency=/opt/rustwide/target/debug/build/log/9ceeb40c55739a25/out -L dependency=/opt/rustwide/target/debug/build/matchers/0cffdd1c426f2717/out -L dependency=/opt/rustwide/target/debug/build/matchit/e98a3fa189025638/out -L dependency=/opt/rustwide/target/debug/build/memchr/3ca07533bbd8f674/out -L dependency=/opt/rustwide/target/debug/build/mime/719fdfbd841ea854/out -L dependency=/opt/rustwide/target/debug/build/mio/24357868ea6ec5f7/out -L dependency=/opt/rustwide/target/debug/build/nu-ansi-term/11c0e3ef7731332f/out -L dependency=/opt/rustwide/target/debug/build/num-bigint-dig/6944f69c812a1d6d/out -L dependency=/opt/rustwide/target/debug/build/num-conv/d4153d9e45ce082d/out -L dependency=/opt/rustwide/target/debug/build/num-derive/d4f770773e7e9aa5/out -L dependency=/opt/rustwide/target/debug/build/num-integer/d72c5f9cd247c75b/out -L dependency=/opt/rustwide/target/debug/build/num-iter/570fbe0327727812/out -L dependency=/opt/rustwide/target/debug/build/num-traits/db5824db52a73596/out -L dependency=/opt/rustwide/target/debug/build/num_threads/9096be315f6e7597/out -L dependency=/opt/rustwide/target/debug/build/once_cell/6f8123b0c2eed634/out -L dependency=/opt/rustwide/target/debug/build/opaque-debug/9e2eded81a076050/out -L dependency=/opt/rustwide/target/debug/build/ordered-float/4f2599d3ca7868a1/out -L dependency=/opt/rustwide/target/debug/build/ouroboros/60c3f54f76c23a36/out -L dependency=/opt/rustwide/target/debug/build/ouroboros_macro/92f10086e833f1af/out -L dependency=/opt/rustwide/target/debug/build/parking/fbbb0e1f7c7ebc3f/out -L dependency=/opt/rustwide/target/debug/build/parking_lot/cf48ace952adb7d8/out -L dependency=/opt/rustwide/target/debug/build/parking_lot_core/cb763c302477d38d/out -L dependency=/opt/rustwide/target/debug/build/password-hash/e9a277ab24588e6b/out -L dependency=/opt/rustwide/target/debug/build/pem-rfc7468/6c9c34a643ed7168/out -L dependency=/opt/rustwide/target/debug/build/percent-encoding/f0f3780066f274e0/out -L dependency=/opt/rustwide/target/debug/build/phf/be26ca6f7b91dc8f/out -L dependency=/opt/rustwide/target/debug/build/phf_shared/329483547a290f91/out -L dependency=/opt/rustwide/target/debug/build/pin-project-lite/7176d3be2b7ee2e1/out -L dependency=/opt/rustwide/target/debug/build/pkcs1/13a8d8f471e912f9/out -L dependency=/opt/rustwide/target/debug/build/pkcs8/f7ed1f01efb8b619/out -L dependency=/opt/rustwide/target/debug/build/polyval/951e146162b8d94b/out -L dependency=/opt/rustwide/target/debug/build/potential_utf/f6359657afd9ec21/out -L dependency=/opt/rustwide/target/debug/build/powerfmt/6244fffd86cf9c21/out -L dependency=/opt/rustwide/target/debug/build/ppv-lite86/34907a1c9aaa9eb8/out -L dependency=/opt/rustwide/target/debug/build/psl-types/c32b1b732f1cc965/out -L dependency=/opt/rustwide/target/debug/build/publicsuffix/069bc3f15ef8d671/out -L dependency=/opt/rustwide/target/debug/build/rand/c1086851099c8474/out -L dependency=/opt/rustwide/target/debug/build/rand_chacha/b10f6070606b53f0/out -L dependency=/opt/rustwide/target/debug/build/rand_core/7fec49735110ccf8/out -L dependency=/opt/rustwide/target/debug/build/regex-automata/58b3c907d848dd7b/out -L dependency=/opt/rustwide/target/debug/build/regex-syntax/0b8b8323288fc4b3/out -L dependency=/opt/rustwide/target/debug/build/ring/ec79e15a9fc274cd/out -L dependency=/opt/rustwide/target/debug/build/rust-embed-impl/570509c4f01e1688/out -L dependency=/opt/rustwide/target/debug/build/rust-embed-utils/7e3c6667fa5464f0/out -L dependency=/opt/rustwide/target/debug/build/rustix/bdbde08b8cfc5b63/out -L dependency=/opt/rustwide/target/debug/build/rustls-pki-types/7ecd15c56cbb18c3/out -L dependency=/opt/rustwide/target/debug/build/rustls-webpki/5eadda9d08fac36d/out -L dependency=/opt/rustwide/target/debug/build/rustls/9889923643e1a27e/out -L dependency=/opt/rustwide/target/debug/build/ryu/3da2ab8eb39d89f2/out -L dependency=/opt/rustwide/target/debug/build/same-file/b7226876f34d02dd/out -L dependency=/opt/rustwide/target/debug/build/scopeguard/e7d227cb308b3799/out -L dependency=/opt/rustwide/target/debug/build/sea-orm-macros/88b0024719d09ce9/out -L dependency=/opt/rustwide/target/debug/build/sea-query-derive/06883db9ee9f40a8/out -L dependency=/opt/rustwide/target/debug/build/sea-query-sqlx/6ce28b7a9ad89081/out -L dependency=/opt/rustwide/target/debug/build/sea-query/95d8f858c7156d06/out -L dependency=/opt/rustwide/target/debug/build/serde/2cec9b08d74b7bf6/out -L dependency=/opt/rustwide/target/debug/build/serde_core/30ac4ed9a0a88344/out -L dependency=/opt/rustwide/target/debug/build/serde_derive/0d175b916ca1f2fd/out -L dependency=/opt/rustwide/target/debug/build/serde_json/fccbd3961ca559dd/out -L dependency=/opt/rustwide/target/debug/build/serde_path_to_error/15c0491fd80f3052/out -L dependency=/opt/rustwide/target/debug/build/serde_urlencoded/a891800b2b68a132/out -L dependency=/opt/rustwide/target/debug/build/sha1/a746fd742a87e67b/out -L dependency=/opt/rustwide/target/debug/build/sha1_smol/4e2b7f6914ec1690/out -L dependency=/opt/rustwide/target/debug/build/sha2/6195d25227b74673/out -L dependency=/opt/rustwide/target/debug/build/sharded-slab/0318edb37101cc0d/out -L dependency=/opt/rustwide/target/debug/build/signal-hook-registry/11629a25a8623d3d/out -L dependency=/opt/rustwide/target/debug/build/signature/7a5e4ba0476cbcef/out -L dependency=/opt/rustwide/target/debug/build/siphasher/893e00f08ec67819/out -L dependency=/opt/rustwide/target/debug/build/slab/ae595133c23c4338/out -L dependency=/opt/rustwide/target/debug/build/smallvec/3fa8e7f1993d4002/out -L dependency=/opt/rustwide/target/debug/build/socket2/dfdbce0a7bcef759/out -L dependency=/opt/rustwide/target/debug/build/spin/d454a6d6c4b12da5/out -L dependency=/opt/rustwide/target/debug/build/spki/1a3726266537c5bc/out -L dependency=/opt/rustwide/target/debug/build/sqlx-core/7872095f53770109/out -L dependency=/opt/rustwide/target/debug/build/sqlx-sqlite/77dcc7e5bb8f9264/out -L dependency=/opt/rustwide/target/debug/build/sqlx/b95b5c121af2c3a5/out -L dependency=/opt/rustwide/target/debug/build/stable_deref_trait/a4bd0afb694af506/out -L dependency=/opt/rustwide/target/debug/build/static_assertions/f2154b0bf273423d/out -L dependency=/opt/rustwide/target/debug/build/strum/b150be6df90ab0ae/out -L dependency=/opt/rustwide/target/debug/build/strum/efa83f1b937af19d/out -L dependency=/opt/rustwide/target/debug/build/strum_macros/65b4b138b8d0563c/out -L dependency=/opt/rustwide/target/debug/build/subtle/350c4d777e42ad0b/out -L dependency=/opt/rustwide/target/debug/build/symlink/7d9e07e4c08153f2/out -L dependency=/opt/rustwide/target/debug/build/sync_wrapper/dc44de4b95541eda/out -L dependency=/opt/rustwide/target/debug/build/thiserror-impl/893e47897326c678/out -L dependency=/opt/rustwide/target/debug/build/thiserror-impl/dbf610caa12c8446/out -L dependency=/opt/rustwide/target/debug/build/thiserror/06222b11579db239/out -L dependency=/opt/rustwide/target/debug/build/thread_local/cbf1fada601e6778/out -L dependency=/opt/rustwide/target/debug/build/time-core/ddd302f9b64d800d/out -L dependency=/opt/rustwide/target/debug/build/time-macros/6be269fcb8f5b745/out -L dependency=/opt/rustwide/target/debug/build/time/3a3da1cb2735f258/out -L dependency=/opt/rustwide/target/debug/build/tinystr/15c567bd1a3ff2cd/out -L dependency=/opt/rustwide/target/debug/build/tokio-macros/08b96a339cb6ecf1/out -L dependency=/opt/rustwide/target/debug/build/tokio-rustls/40b527490458b876/out -L dependency=/opt/rustwide/target/debug/build/tokio-stream/3c415d9f2d6a13e0/out -L dependency=/opt/rustwide/target/debug/build/tokio-util/fedf1bdb8680b957/out -L dependency=/opt/rustwide/target/debug/build/tokio/d46ed7de33cd6cf4/out -L dependency=/opt/rustwide/target/debug/build/tower-http/f63d4ca7d357e83e/out -L dependency=/opt/rustwide/target/debug/build/tower-layer/f6d5cc7b185cf351/out -L dependency=/opt/rustwide/target/debug/build/tower-service/e69ac8dcc8243395/out -L dependency=/opt/rustwide/target/debug/build/tower/c2a5d2152ce289ad/out -L dependency=/opt/rustwide/target/debug/build/tracing-attributes/44e0a9075c9092e4/out -L dependency=/opt/rustwide/target/debug/build/tracing-core/924ceb6a991dbdfe/out -L dependency=/opt/rustwide/target/debug/build/tracing-log/b18dca5482337040/out -L dependency=/opt/rustwide/target/debug/build/tracing-serde/b19ddcf5da0b44b7/out -L dependency=/opt/rustwide/target/debug/build/tracing-subscriber/c403fa063e6f4d14/out -L dependency=/opt/rustwide/target/debug/build/tracing/371a3ab59b6c2eb3/out -L dependency=/opt/rustwide/target/debug/build/try-lock/08abaa63f4861efa/out -L dependency=/opt/rustwide/target/debug/build/typenum/4c820b3e2b4e41c0/out -L dependency=/opt/rustwide/target/debug/build/unicase/555e66b7b51823d9/out -L dependency=/opt/rustwide/target/debug/build/universal-hash/79763a068f7eb9a3/out -L dependency=/opt/rustwide/target/debug/build/untrusted/03cde965a30f6cbb/out -L dependency=/opt/rustwide/target/debug/build/url/23863f6b2c0454b7/out -L dependency=/opt/rustwide/target/debug/build/utf8_iter/88f5a358869389d3/out -L dependency=/opt/rustwide/target/debug/build/uuid/0936f2346758ee81/out -L dependency=/opt/rustwide/target/debug/build/walkdir/1278d11b181efceb/out -L dependency=/opt/rustwide/target/debug/build/want/cc3dcee12d270b38/out -L dependency=/opt/rustwide/target/debug/build/webpki-roots/07048bb10f183a11/out -L dependency=/opt/rustwide/target/debug/build/writeable/b7e8e2724ee161de/out -L dependency=/opt/rustwide/target/debug/build/yoke-derive/3546dec7cc412643/out -L dependency=/opt/rustwide/target/debug/build/yoke/7770263978b19e53/out -L dependency=/opt/rustwide/target/debug/build/zerocopy/5e0ed4f629363321/out -L dependency=/opt/rustwide/target/debug/build/zerofrom-derive/43861561e23717e1/out -L dependency=/opt/rustwide/target/debug/build/zerofrom/d6c0df9a376b518d/out -L dependency=/opt/rustwide/target/debug/build/zeroize/635551755f6edc1d/out -L dependency=/opt/rustwide/target/debug/build/zerotrie/7f00dd24c9489091/out -L dependency=/opt/rustwide/target/debug/build/zerovec-derive/04ef55802b246a50/out -L dependency=/opt/rustwide/target/debug/build/zerovec/d3d32e48783eb05d/out -L dependency=/opt/rustwide/target/debug/build/zmij/7606d3367d7489bc/out --extern aes=/opt/rustwide/target/debug/build/aes/7c42d2ef4e43202c/out/libaes-7c42d2ef4e43202c.rmeta --extern aes_gcm=/opt/rustwide/target/debug/build/aes-gcm/bd5aae254edbda9d/out/libaes_gcm-bd5aae254edbda9d.rmeta --extern anyhow=/opt/rustwide/target/debug/build/anyhow/88b36daaacafc31f/out/libanyhow-88b36daaacafc31f.rmeta --extern argon2=/opt/rustwide/target/debug/build/argon2/53713e3269b02c64/out/libargon2-53713e3269b02c64.rmeta --extern async_trait=/opt/rustwide/target/debug/build/async-trait/d6f8d3f8ba7e15fd/out/libasync_trait-d6f8d3f8ba7e15fd.so --extern axum=/opt/rustwide/target/debug/build/axum/0b100d43d1f8bb4b/out/libaxum-0b100d43d1f8bb4b.rmeta --extern base64=/opt/rustwide/target/debug/build/base64/d8aec028dea2d277/out/libbase64-d8aec028dea2d277.rmeta --extern cbc=/opt/rustwide/target/debug/build/cbc/0c92ab37ed47a0dc/out/libcbc-0c92ab37ed47a0dc.rmeta --extern chrono=/opt/rustwide/target/debug/build/chrono/e96b4fefcca0c022/out/libchrono-e96b4fefcca0c022.rmeta --extern chrono_tz=/opt/rustwide/target/debug/build/chrono-tz/36780210bd584a76/out/libchrono_tz-36780210bd584a76.rmeta --extern cipher=/opt/rustwide/target/debug/build/cipher/bd4d94ce20c9fb2c/out/libcipher-bd4d94ce20c9fb2c.rmeta --extern croner=/opt/rustwide/target/debug/build/croner/1f84c6d541601a12/out/libcroner-1f84c6d541601a12.rmeta --extern hex=/opt/rustwide/target/debug/build/hex/4852862d92867e36/out/libhex-4852862d92867e36.rmeta --extern hmac=/opt/rustwide/target/debug/build/hmac/4aa7b4d093d2fc14/out/libhmac-4aa7b4d093d2fc14.rmeta --extern http_body=/opt/rustwide/target/debug/build/http-body/da0ebc4a58436a77/out/libhttp_body-da0ebc4a58436a77.rmeta --extern http_body_util=/opt/rustwide/target/debug/build/http-body-util/b6905139cab8696d/out/libhttp_body_util-b6905139cab8696d.rmeta --extern hyper=/opt/rustwide/target/debug/build/hyper/2b4c281402916585/out/libhyper-2b4c281402916585.rmeta --extern hyper_util=/opt/rustwide/target/debug/build/hyper-util/2f3865e869b18f46/out/libhyper_util-2f3865e869b18f46.rmeta --extern md5=/opt/rustwide/target/debug/build/md-5/dc321b9975c63e2a/out/libmd5-dc321b9975c63e2a.rmeta --extern mime_guess=/opt/rustwide/target/debug/build/mime_guess/35dd29ed7f532be3/out/libmime_guess-35dd29ed7f532be3.rmeta --extern rand=/opt/rustwide/target/debug/build/rand/c1086851099c8474/out/librand-c1086851099c8474.rmeta --extern reqwest=/opt/rustwide/target/debug/build/reqwest/31a1a3c3a42c5886/out/libreqwest-31a1a3c3a42c5886.rmeta --extern rsa=/opt/rustwide/target/debug/build/rsa/1a839bf94051fe2b/out/librsa-1a839bf94051fe2b.rmeta --extern rust_embed=/opt/rustwide/target/debug/build/rust-embed/7f186e621c391d1f/out/librust_embed-7f186e621c391d1f.rmeta --extern sea_orm=/opt/rustwide/target/debug/build/sea-orm/e2a033d1adfe08e6/out/libsea_orm-e2a033d1adfe08e6.rmeta --extern serde=/opt/rustwide/target/debug/build/serde/2cec9b08d74b7bf6/out/libserde-2cec9b08d74b7bf6.rmeta --extern serde_json=/opt/rustwide/target/debug/build/serde_json/fccbd3961ca559dd/out/libserde_json-fccbd3961ca559dd.rmeta --extern sha1=/opt/rustwide/target/debug/build/sha1/a746fd742a87e67b/out/libsha1-a746fd742a87e67b.rmeta --extern sha2=/opt/rustwide/target/debug/build/sha2/6195d25227b74673/out/libsha2-6195d25227b74673.rmeta --extern temp_env=/opt/rustwide/target/debug/build/temp-env/e73843e4124a53d8/out/libtemp_env-e73843e4124a53d8.rmeta --extern tempfile=/opt/rustwide/target/debug/build/tempfile/92516f6d10647d97/out/libtempfile-92516f6d10647d97.rmeta --extern thiserror=/opt/rustwide/target/debug/build/thiserror/827a4a8f872d637a/out/libthiserror-827a4a8f872d637a.rmeta --extern tokio=/opt/rustwide/target/debug/build/tokio/d46ed7de33cd6cf4/out/libtokio-d46ed7de33cd6cf4.rmeta --extern tokio_cron_scheduler=/opt/rustwide/target/debug/build/tokio-cron-scheduler/a64b2e9eed585179/out/libtokio_cron_scheduler-a64b2e9eed585179.rmeta --extern tokio_rustls=/opt/rustwide/target/debug/build/tokio-rustls/40b527490458b876/out/libtokio_rustls-40b527490458b876.rmeta --extern tokio_stream=/opt/rustwide/target/debug/build/tokio-stream/3c415d9f2d6a13e0/out/libtokio_stream-3c415d9f2d6a13e0.rmeta --extern tower=/opt/rustwide/target/debug/build/tower/c2a5d2152ce289ad/out/libtower-c2a5d2152ce289ad.rmeta --extern tower_http=/opt/rustwide/target/debug/build/tower-http/f63d4ca7d357e83e/out/libtower_http-f63d4ca7d357e83e.rmeta --extern tracing=/opt/rustwide/target/debug/build/tracing/371a3ab59b6c2eb3/out/libtracing-371a3ab59b6c2eb3.rmeta --extern tracing_appender=/opt/rustwide/target/debug/build/tracing-appender/4a616cdf2ab84efd/out/libtracing_appender-4a616cdf2ab84efd.rmeta --extern tracing_subscriber=/opt/rustwide/target/debug/build/tracing-subscriber/c403fa063e6f4d14/out/libtracing_subscriber-c403fa063e6f4d14.rmeta --extern uuid=/opt/rustwide/target/debug/build/uuid/0936f2346758ee81/out/libuuid-0936f2346758ee81.rmeta --extern webpki_roots=/opt/rustwide/target/debug/build/webpki-roots/07048bb10f183a11/out/libwebpki_roots-07048bb10f183a11.rmeta --cap-lints=forbid --force-warn=unused_crate_dependencies -L native=/opt/rustwide/target/debug/build/ring/2e4a146cc0e5c040/out -L native=/opt/rustwide/target/debug/build/libsqlite3-sys/fc2f6a85b37c4b11/out` (signal: 9, SIGKILL: kill)
[INFO] [stderr] warning: build failed, waiting for other jobs to finish...
[INFO] [stdout] For more information about this error, try `rustc --explain E0599`.
[INFO] [stdout] 
[INFO] [stderr] error: could not compile `llm-gateway` (lib) due to 3 previous errors
[INFO] running `Command { std: "docker" "inspect" "e70403bf501243a041f25020ded137e8da0098bc3124f1db0d4ec29d999d05d2", kill_on_drop: false }`
[INFO] running `Command { std: "docker" "rm" "-f" "e70403bf501243a041f25020ded137e8da0098bc3124f1db0d4ec29d999d05d2", kill_on_drop: false }`
[INFO] [stdout] e70403bf501243a041f25020ded137e8da0098bc3124f1db0d4ec29d999d05d2
