[INFO] cloning repository https://github.com/ihk96/axum-service-skeleton
[INFO] running `Command { std: "git" "-c" "credential.helper=" "-c" "credential.helper=/workspace/cargo-home/bin/git-credential-null" "clone" "--bare" "https://github.com/ihk96/axum-service-skeleton" "/workspace/cache/git-repos/https%3A%2F%2Fgithub.com%2Fihk96%2Faxum-service-skeleton", kill_on_drop: false }`
[INFO] [stderr] Cloning into bare repository '/workspace/cache/git-repos/https%3A%2F%2Fgithub.com%2Fihk96%2Faxum-service-skeleton'...
[INFO] running `Command { std: "git" "rev-parse" "HEAD", kill_on_drop: false }`
[INFO] [stdout] 1452cf88b09e571def9d1e06f0ba7e1fec0933c0
[INFO] checking ihk96/axum-service-skeleton against 3154cc1a3e6424e44f438a95007d043ed5ceaaf6+rustflags=-Znext-solver=coherence for pr-133502-30
[INFO] running `Command { std: "git" "clone" "/workspace/cache/git-repos/https%3A%2F%2Fgithub.com%2Fihk96%2Faxum-service-skeleton" "/workspace/builds/worker-1-tc1/source", kill_on_drop: false }`
[INFO] [stderr] Cloning into '/workspace/builds/worker-1-tc1/source'...
[INFO] [stderr] done.
[INFO] removed /workspace/builds/worker-1-tc1/source/.cargo/config.toml
[INFO] started tweaking git repo https://github.com/ihk96/axum-service-skeleton
[INFO] finished tweaking git repo https://github.com/ihk96/axum-service-skeleton
[INFO] tweaked toml for git repo https://github.com/ihk96/axum-service-skeleton written to /workspace/builds/worker-1-tc1/source/Cargo.toml
[INFO] validating manifest of git repo https://github.com/ihk96/axum-service-skeleton on toolchain 3154cc1a3e6424e44f438a95007d043ed5ceaaf6
[INFO] running `Command { std: CARGO_HOME="/workspace/cargo-home" RUSTUP_HOME="/workspace/rustup-home" "/workspace/cargo-home/bin/cargo" "+3154cc1a3e6424e44f438a95007d043ed5ceaaf6" "metadata" "--manifest-path" "Cargo.toml" "--no-deps", kill_on_drop: false }`
[INFO] crate git repo https://github.com/ihk96/axum-service-skeleton already has a lockfile, it will not be regenerated
[INFO] running `Command { std: CARGO_HOME="/workspace/cargo-home" RUSTUP_HOME="/workspace/rustup-home" "/workspace/cargo-home/bin/cargo" "+3154cc1a3e6424e44f438a95007d043ed5ceaaf6" "fetch" "--manifest-path" "Cargo.toml", kill_on_drop: false }`
[INFO] [stderr]  Downloading crates ...
[INFO] [stderr]   Downloaded mockall v0.13.1
[INFO] [stderr]   Downloaded mockall_derive v0.13.1
[INFO] running `Command { std: "docker" "create" "-v" "/var/lib/crater-agent-workspace/builds/worker-1-tc1/source:/opt/rustwide/workdir:ro,Z" "-v" "/var/lib/crater-agent-workspace/builds/worker-1-tc1/target:/opt/rustwide/target:rw,Z" "-v" "/var/lib/crater-agent-workspace/cargo-home:/opt/rustwide/cargo-home:ro,Z" "-v" "/var/lib/crater-agent-workspace/rustup-home:/opt/rustwide/rustup-home:ro,Z" "-m" "1610612736" "--network" "none" "ghcr.io/rust-lang/crates-build-env/linux@sha256:77db811e55d90add9212f6832c23229e3de5f1c1f9905e8cb07319ea15df73ac" "sleep" "infinity", kill_on_drop: false }`
[INFO] [stdout] ea0a5f7bc096829f6b2e9eede04a51c87296683ee3b10caf36a8d3891cb1f41a
[INFO] running `Command { std: "docker" "start" "ea0a5f7bc096829f6b2e9eede04a51c87296683ee3b10caf36a8d3891cb1f41a", kill_on_drop: false }`
[INFO] running `Command { std: "docker" "inspect" "ea0a5f7bc096829f6b2e9eede04a51c87296683ee3b10caf36a8d3891cb1f41a", kill_on_drop: false }`
[INFO] running `Command { std: "docker" "exec" "-e" "SOURCE_DIR=/opt/rustwide/workdir" "-e" "CARGO_HOME=/opt/rustwide/cargo-home" "-e" "RUSTUP_HOME=/opt/rustwide/rustup-home" "-e" "CARGO_TARGET_DIR=/opt/rustwide/target" "-w" "/opt/rustwide/workdir" "--user" "0:0" "ea0a5f7bc096829f6b2e9eede04a51c87296683ee3b10caf36a8d3891cb1f41a" "/opt/rustwide/cargo-home/bin/cargo" "+3154cc1a3e6424e44f438a95007d043ed5ceaaf6" "metadata" "--no-deps" "--format-version=1", kill_on_drop: false }`
[INFO] running `Command { std: "docker" "inspect" "ea0a5f7bc096829f6b2e9eede04a51c87296683ee3b10caf36a8d3891cb1f41a", kill_on_drop: false }`
[INFO] running `Command { std: "docker" "exec" "-e" "SOURCE_DIR=/opt/rustwide/workdir" "-e" "CARGO_HOME=/opt/rustwide/cargo-home" "-e" "RUSTUP_HOME=/opt/rustwide/rustup-home" "-e" "CARGO_TARGET_DIR=/opt/rustwide/target" "-e" "CARGO_INCREMENTAL=0" "-e" "RUST_BACKTRACE=full" "-e" "RUSTFLAGS=--cap-lints=forbid -Znext-solver=coherence" "-e" "RUSTDOCFLAGS=--cap-lints=forbid" "-w" "/opt/rustwide/workdir" "--user" "0:0" "ea0a5f7bc096829f6b2e9eede04a51c87296683ee3b10caf36a8d3891cb1f41a" "/opt/rustwide/cargo-home/bin/cargo" "+3154cc1a3e6424e44f438a95007d043ed5ceaaf6" "check" "--frozen" "--all" "--all-targets" "--message-format=json", kill_on_drop: false }`
[INFO] [stderr]    Compiling syn v3.0.3
[INFO] [stderr]    Compiling syn v2.0.119
[INFO] [stderr]    Compiling serde_core v1.0.229
[INFO] [stderr]    Compiling num-traits v0.2.19
[INFO] [stderr]     Checking crypto-common v0.1.7
[INFO] [stderr]    Compiling zerocopy v0.8.56
[INFO] [stderr]    Compiling mio v1.2.2
[INFO] [stderr]    Compiling getrandom v0.2.17
[INFO] [stderr]    Compiling tinyvec v1.12.0
[INFO] [stderr]     Checking futures-util v0.3.34
[INFO] [stderr]    Compiling crossbeam-utils v0.8.22
[INFO] [stderr]    Compiling event-listener v5.4.2
[INFO] [stderr]    Compiling uuid v1.24.1
[INFO] [stderr]     Checking digest v0.10.7
[INFO] [stderr]     Checking ppv-lite86 v0.2.21
[INFO] [stderr]     Checking serde_json v1.0.151
[INFO] [stderr]    Compiling rand_core v0.6.4
[INFO] [stderr]    Compiling futures-channel v0.3.34
[INFO] [stderr]     Checking sha2 v0.10.9
[INFO] [stderr]     Checking crossbeam-queue v0.3.13
[INFO] [stderr]     Checking hmac v0.12.1
[INFO] [stderr]    Compiling unicode-normalization v0.1.25
[INFO] [stderr]    Compiling tokio v1.53.1
[INFO] [stderr]     Checking base64 v0.22.1
[INFO] [stderr]     Checking rand_chacha v0.3.1
[INFO] [stderr]     Checking bitflags v2.13.1
[INFO] [stderr]     Checking atoi v2.0.0
[INFO] [stderr]     Checking hkdf v0.12.4
[INFO] [stderr]     Checking md-5 v0.10.6
[INFO] [stderr]    Compiling chrono-tz v0.10.4
[INFO] [stderr]    Compiling mockall_derive v0.13.1
[INFO] [stderr]     Checking predicates v3.1.4
[INFO] [stderr]     Checking rand v0.8.7
[INFO] [stderr]     Checking stringprep v0.1.5
[INFO] [stderr]    Compiling chrono v0.4.45
[INFO] [stderr]    Compiling synstructure v0.13.2
[INFO] [stderr]    Compiling darling_core v0.20.11
[INFO] [stderr]    Compiling serde_derive v1.0.229
[INFO] [stderr]    Compiling zerovec-derive v0.11.6
[INFO] [stderr]    Compiling displaydoc v0.2.7
[INFO] [stderr]    Compiling tokio-macros v2.7.2
[INFO] [stderr]    Compiling thiserror-impl v2.0.20
[INFO] [stderr]    Compiling async-trait v0.1.92
[INFO] [stderr]    Compiling zerofrom-derive v0.1.7
[INFO] [stderr]    Compiling yoke-derive v0.8.2
[INFO] [stderr]    Compiling tracing-attributes v0.1.31
[INFO] [stderr]    Compiling strum_macros v0.27.2
[INFO] [stderr]    Compiling axum-macros v0.5.1
[INFO] [stderr]    Compiling thiserror v2.0.20
[INFO] [stderr]    Compiling zerofrom v0.1.8
[INFO] [stderr]     Checking tracing v0.1.44
[INFO] [stderr]     Checking axum-core v0.5.6
[INFO] [stderr]    Compiling tokio-stream v0.1.19
[INFO] [stderr]    Compiling yoke v0.8.3
[INFO] [stderr]    Compiling zerovec v0.11.8
[INFO] [stderr]    Compiling zerotrie v0.2.5
[INFO] [stderr]    Compiling darling_macro v0.20.11
[INFO] [stderr]    Compiling tinystr v0.8.4
[INFO] [stderr]    Compiling potential_utf v0.1.6
[INFO] [stderr]    Compiling icu_collections v2.3.0
[INFO] [stderr]    Compiling darling v0.20.11
[INFO] [stderr]    Compiling derive_builder_core v0.20.2
[INFO] [stderr]    Compiling icu_locale_core v2.3.0
[INFO] [stderr]     Checking serde v1.0.229
[INFO] [stderr]     Checking strum v0.27.2
[INFO] [stderr]    Compiling smallvec v1.15.2
[INFO] [stderr]    Compiling either v1.18.0
[INFO] [stderr]    Compiling parking_lot_core v0.9.12
[INFO] [stderr]    Compiling parking_lot v0.12.5
[INFO] [stderr]    Compiling derive_builder_macro v0.20.2
[INFO] [stderr]     Checking icu_provider v2.3.1
[INFO] [stderr]     Checking mockall v0.13.1
[INFO] [stderr]     Checking serde_urlencoded v0.7.1
[INFO] [stderr]     Checking derive_builder v0.20.2
[INFO] [stderr]    Compiling futures-intrusive v0.5.0
[INFO] [stderr]     Checking icu_properties v2.3.0
[INFO] [stderr]     Checking icu_normalizer v2.3.0
[INFO] [stderr]     Checking tracing-subscriber v0.3.23
[INFO] [stderr]     Checking croner v3.0.1
[INFO] [stderr]     Checking idna_adapter v1.2.2
[INFO] [stderr]     Checking idna v1.1.0
[INFO] [stderr]     Checking url v2.5.8
[INFO] [stderr]     Checking hyper v1.11.0
[INFO] [stderr]     Checking tower v0.5.3
[INFO] [stderr]     Checking tower-http v0.6.11
[INFO] [stderr]     Checking tokio-util v0.7.19
[INFO] [stderr]     Checking sqlx-core v0.8.6
[INFO] [stderr]     Checking hyper-util v0.1.20
[INFO] [stderr]     Checking axum v0.8.9
[INFO] [stderr]     Checking sqlx-postgres v0.8.6
[INFO] [stderr]    Compiling sqlx-macros-core v0.8.6
[INFO] [stderr]    Compiling sqlx-macros v0.8.6
[INFO] [stderr]     Checking sqlx v0.8.6
[INFO] [stderr]     Checking axum-service-skeleton v0.1.0 (/opt/rustwide/workdir)
[INFO] [stdout] error: set `DATABASE_URL` to use query macros online, or run `cargo sqlx prepare` to update the query cache
[INFO] [stdout]   --> src/store/example.rs:52:9
[INFO] [stdout]    |
[INFO] [stdout] 52 | /         sqlx::query_as!(
[INFO] [stdout] 53 | |             ExampleRecord,
[INFO] [stdout] 54 | |             "insert into examples (name) values ($1) returning id, name, created_at",
[INFO] [stdout] 55 | |             name
[INFO] [stdout] 56 | |         )
[INFO] [stdout]    | |_________^
[INFO] [stdout]    |
[INFO] [stdout]    = note: this error originates in the macro `$crate::sqlx_macros::expand_query` which comes from the expansion of the macro `sqlx::query_as` (in Nightly builds, run with -Z macro-backtrace for more info)
[INFO] [stdout] 
[INFO] [stdout] 
[INFO] [stdout] error: set `DATABASE_URL` to use query macros online, or run `cargo sqlx prepare` to update the query cache
[INFO] [stdout]   --> src/store/example.rs:68:12
[INFO] [stdout]    |
[INFO] [stdout] 68 |           Ok(sqlx::query_as!(
[INFO] [stdout]    |  ____________^
[INFO] [stdout] 69 | |             ExampleRecord,
[INFO] [stdout] 70 | |             "select id, name, created_at from examples order by created_at desc"
[INFO] [stdout] 71 | |         )
[INFO] [stdout]    | |_________^
[INFO] [stdout]    |
[INFO] [stdout]    = note: this error originates in the macro `$crate::sqlx_macros::expand_query` which comes from the expansion of the macro `sqlx::query_as` (in Nightly builds, run with -Z macro-backtrace for more info)
[INFO] [stdout] 
[INFO] [stdout] 
[INFO] [stdout] error: set `DATABASE_URL` to use query macros online, or run `cargo sqlx prepare` to update the query cache
[INFO] [stdout]   --> src/store/job_run.rs:54:22
[INFO] [stdout]    |
[INFO] [stdout] 54 |           let result = sqlx::query!(
[INFO] [stdout]    |  ______________________^
[INFO] [stdout] 55 | |             "insert into scheduled_job_runs (job_name, scheduled_for) values ($1, $2) \
[INFO] [stdout] 56 | |              on conflict (job_name, scheduled_for) do nothing",
[INFO] [stdout] 57 | |             job_name,
[INFO] [stdout] 58 | |             scheduled_for
[INFO] [stdout] 59 | |         )
[INFO] [stdout]    | |_________^
[INFO] [stdout]    |
[INFO] [stdout]    = note: this error originates in the macro `$crate::sqlx_macros::expand_query` which comes from the expansion of the macro `sqlx::query` (in Nightly builds, run with -Z macro-backtrace for more info)
[INFO] [stdout] 
[INFO] [stdout] 
[INFO] [stdout] error: set `DATABASE_URL` to use query macros online, or run `cargo sqlx prepare` to update the query cache
[INFO] [stdout]   --> src/store/job_run.rs:75:9
[INFO] [stdout]    |
[INFO] [stdout] 75 | /         sqlx::query!(
[INFO] [stdout] 76 | |             "update scheduled_job_runs set finished_at = now(), error = $3 \
[INFO] [stdout] 77 | |              where job_name = $1 and scheduled_for = $2",
[INFO] [stdout] 78 | |             job_name,
[INFO] [stdout] 79 | |             scheduled_for,
[INFO] [stdout] 80 | |             error
[INFO] [stdout] 81 | |         )
[INFO] [stdout]    | |_________^
[INFO] [stdout]    |
[INFO] [stdout]    = note: this error originates in the macro `$crate::sqlx_macros::expand_query` which comes from the expansion of the macro `sqlx::query` (in Nightly builds, run with -Z macro-backtrace for more info)
[INFO] [stdout] 
[INFO] [stdout] 
[INFO] [stdout] error: set `DATABASE_URL` to use query macros online, or run `cargo sqlx prepare` to update the query cache
[INFO] [stdout]   --> src/store/job_run.rs:92:22
[INFO] [stdout]    |
[INFO] [stdout] 92 |           let result = sqlx::query!(
[INFO] [stdout]    |  ______________________^
[INFO] [stdout] 93 | |             "delete from scheduled_job_runs where scheduled_for < $1",
[INFO] [stdout] 94 | |             cutoff
[INFO] [stdout] 95 | |         )
[INFO] [stdout]    | |_________^
[INFO] [stdout]    |
[INFO] [stdout]    = note: this error originates in the macro `$crate::sqlx_macros::expand_query` which comes from the expansion of the macro `sqlx::query` (in Nightly builds, run with -Z macro-backtrace for more info)
[INFO] [stdout] 
[INFO] [stdout] 
[INFO] [stdout] error: set `DATABASE_URL` to use query macros online, or run `cargo sqlx prepare` to update the query cache
[INFO] [stdout]   --> src/store/example.rs:52:9
[INFO] [stdout]    |
[INFO] [stdout] 52 | /         sqlx::query_as!(
[INFO] [stdout] 53 | |             ExampleRecord,
[INFO] [stdout] 54 | |             "insert into examples (name) values ($1) returning id, name, created_at",
[INFO] [stdout] 55 | |             name
[INFO] [stdout] 56 | |         )
[INFO] [stdout]    | |_________^
[INFO] [stdout]    |
[INFO] [stdout]    = note: this error originates in the macro `$crate::sqlx_macros::expand_query` which comes from the expansion of the macro `sqlx::query_as` (in Nightly builds, run with -Z macro-backtrace for more info)
[INFO] [stdout] 
[INFO] [stdout] 
[INFO] [stdout] error: set `DATABASE_URL` to use query macros online, or run `cargo sqlx prepare` to update the query cache
[INFO] [stdout]   --> src/store/example.rs:68:12
[INFO] [stdout]    |
[INFO] [stdout] 68 |           Ok(sqlx::query_as!(
[INFO] [stdout]    |  ____________^
[INFO] [stdout] 69 | |             ExampleRecord,
[INFO] [stdout] 70 | |             "select id, name, created_at from examples order by created_at desc"
[INFO] [stdout] 71 | |         )
[INFO] [stdout]    | |_________^
[INFO] [stdout]    |
[INFO] [stdout]    = note: this error originates in the macro `$crate::sqlx_macros::expand_query` which comes from the expansion of the macro `sqlx::query_as` (in Nightly builds, run with -Z macro-backtrace for more info)
[INFO] [stdout] 
[INFO] [stdout] 
[INFO] [stdout] error: set `DATABASE_URL` to use query macros online, or run `cargo sqlx prepare` to update the query cache
[INFO] [stdout]   --> src/store/job_run.rs:54:22
[INFO] [stdout]    |
[INFO] [stdout] 54 |           let result = sqlx::query!(
[INFO] [stdout]    |  ______________________^
[INFO] [stdout] 55 | |             "insert into scheduled_job_runs (job_name, scheduled_for) values ($1, $2) \
[INFO] [stdout] 56 | |              on conflict (job_name, scheduled_for) do nothing",
[INFO] [stdout] 57 | |             job_name,
[INFO] [stdout] 58 | |             scheduled_for
[INFO] [stdout] 59 | |         )
[INFO] [stdout]    | |_________^
[INFO] [stdout]    |
[INFO] [stdout]    = note: this error originates in the macro `$crate::sqlx_macros::expand_query` which comes from the expansion of the macro `sqlx::query` (in Nightly builds, run with -Z macro-backtrace for more info)
[INFO] [stdout] 
[INFO] [stdout] 
[INFO] [stdout] error: set `DATABASE_URL` to use query macros online, or run `cargo sqlx prepare` to update the query cache
[INFO] [stdout]   --> src/store/job_run.rs:75:9
[INFO] [stdout]    |
[INFO] [stdout] 75 | /         sqlx::query!(
[INFO] [stdout] 76 | |             "update scheduled_job_runs set finished_at = now(), error = $3 \
[INFO] [stdout] 77 | |              where job_name = $1 and scheduled_for = $2",
[INFO] [stdout] 78 | |             job_name,
[INFO] [stdout] 79 | |             scheduled_for,
[INFO] [stdout] 80 | |             error
[INFO] [stdout] 81 | |         )
[INFO] [stdout]    | |_________^
[INFO] [stdout]    |
[INFO] [stdout]    = note: this error originates in the macro `$crate::sqlx_macros::expand_query` which comes from the expansion of the macro `sqlx::query` (in Nightly builds, run with -Z macro-backtrace for more info)
[INFO] [stdout] 
[INFO] [stdout] 
[INFO] [stdout] error: set `DATABASE_URL` to use query macros online, or run `cargo sqlx prepare` to update the query cache
[INFO] [stdout]   --> src/store/job_run.rs:92:22
[INFO] [stdout]    |
[INFO] [stdout] 92 |           let result = sqlx::query!(
[INFO] [stdout]    |  ______________________^
[INFO] [stdout] 93 | |             "delete from scheduled_job_runs where scheduled_for < $1",
[INFO] [stdout] 94 | |             cutoff
[INFO] [stdout] 95 | |         )
[INFO] [stdout]    | |_________^
[INFO] [stdout]    |
[INFO] [stdout]    = note: this error originates in the macro `$crate::sqlx_macros::expand_query` which comes from the expansion of the macro `sqlx::query` (in Nightly builds, run with -Z macro-backtrace for more info)
[INFO] [stdout] 
[INFO] [stdout] 
[INFO] [stdout] warning: method call on a diverging inference variable
[INFO] [stdout]   --> src/store/job_run.rs:63:19
[INFO] [stdout]    |
[INFO] [stdout] 63 |         Ok(result.rows_affected() == 1)
[INFO] [stdout]    |                   ^^^^^^^^^^^^^
[INFO] [stdout]    |
[INFO] [stdout]    = help: consider providing a type annotation
[INFO] [stdout]    = warning: this was previously accepted by the compiler but is being phased out; it will become a hard error in a future release!
[INFO] [stdout]    = note: for more information, see issue #156047 <https://github.com/rust-lang/rust/issues/156047>
[INFO] [stdout]    = note: `#[warn(method_call_on_diverging_infer_var)]` (part of `#[warn(future_incompatible)]`) on by default
[INFO] [stdout] 
[INFO] [stdout] 
[INFO] [stdout] error[E0599]: no method named `rows_affected` found for type `!` in the current scope
[INFO] [stdout]   --> src/store/job_run.rs:63:19
[INFO] [stdout]    |
[INFO] [stdout] 63 |         Ok(result.rows_affected() == 1)
[INFO] [stdout]    |                   ^^^^^^^^^^^^^ method not found in `!`
[INFO] [stdout] 
[INFO] [stdout] 
[INFO] [stdout] warning: method call on a diverging inference variable
[INFO] [stdout]   --> src/store/job_run.rs:99:19
[INFO] [stdout]    |
[INFO] [stdout] 99 |         Ok(result.rows_affected())
[INFO] [stdout]    |                   ^^^^^^^^^^^^^
[INFO] [stdout]    |
[INFO] [stdout]    = help: consider providing a type annotation
[INFO] [stdout]    = warning: this was previously accepted by the compiler but is being phased out; it will become a hard error in a future release!
[INFO] [stdout]    = note: for more information, see issue #156047 <https://github.com/rust-lang/rust/issues/156047>
[INFO] [stdout] 
[INFO] [stdout] 
[INFO] [stdout] error[E0599]: no method named `rows_affected` found for type `!` in the current scope
[INFO] [stdout]   --> src/store/job_run.rs:99:19
[INFO] [stdout]    |
[INFO] [stdout] 99 |         Ok(result.rows_affected())
[INFO] [stdout]    |                   ^^^^^^^^^^^^^ method not found in `!`
[INFO] [stdout] 
[INFO] [stdout] 
[INFO] [stdout] warning: use of deprecated associated function `tower_http::timeout::TimeoutLayer::new`: Use `TimeoutLayer::with_status_code` instead
[INFO] [stdout]    --> src/routes/mod.rs:102:38
[INFO] [stdout]     |
[INFO] [stdout] 102 |                 .layer(TimeoutLayer::new(request_timeout))
[INFO] [stdout]     |                                      ^^^
[INFO] [stdout]     |
[INFO] [stdout]     = note: `#[warn(deprecated)]` on by default
[INFO] [stdout] 
[INFO] [stdout] 
[INFO] [stdout] warning: method call on a diverging inference variable
[INFO] [stdout]   --> src/store/job_run.rs:63:19
[INFO] [stdout]    |
[INFO] [stdout] 63 |         Ok(result.rows_affected() == 1)
[INFO] [stdout]    |                   ^^^^^^^^^^^^^
[INFO] [stdout]    |
[INFO] [stdout]    = help: consider providing a type annotation
[INFO] [stdout]    = warning: this was previously accepted by the compiler but is being phased out; it will become a hard error in a future release!
[INFO] [stdout]    = note: for more information, see issue #156047 <https://github.com/rust-lang/rust/issues/156047>
[INFO] [stdout]    = note: `#[warn(method_call_on_diverging_infer_var)]` (part of `#[warn(future_incompatible)]`) on by default
[INFO] [stdout] 
[INFO] [stdout] 
[INFO] [stdout] error[E0599]: no method named `rows_affected` found for type `!` in the current scope
[INFO] [stdout]   --> src/store/job_run.rs:63:19
[INFO] [stdout]    |
[INFO] [stdout] 63 |         Ok(result.rows_affected() == 1)
[INFO] [stdout]    |                   ^^^^^^^^^^^^^ method not found in `!`
[INFO] [stdout] 
[INFO] [stdout] 
[INFO] [stdout] warning: method call on a diverging inference variable
[INFO] [stdout]   --> src/store/job_run.rs:99:19
[INFO] [stdout]    |
[INFO] [stdout] 99 |         Ok(result.rows_affected())
[INFO] [stdout]    |                   ^^^^^^^^^^^^^
[INFO] [stdout]    |
[INFO] [stdout]    = help: consider providing a type annotation
[INFO] [stdout]    = warning: this was previously accepted by the compiler but is being phased out; it will become a hard error in a future release!
[INFO] [stdout]    = note: for more information, see issue #156047 <https://github.com/rust-lang/rust/issues/156047>
[INFO] [stdout] 
[INFO] [stdout] 
[INFO] [stdout] error[E0599]: no method named `rows_affected` found for type `!` in the current scope
[INFO] [stdout]   --> src/store/job_run.rs:99:19
[INFO] [stdout]    |
[INFO] [stdout] 99 |         Ok(result.rows_affected())
[INFO] [stdout]    |                   ^^^^^^^^^^^^^ method not found in `!`
[INFO] [stdout] 
[INFO] [stdout] 
[INFO] [stdout] For more information about this error, try `rustc --explain E0599`.
[INFO] [stdout] 
[INFO] [stderr] error: could not compile `axum-service-skeleton` (lib) due to 7 previous errors; 5 warnings emitted
[INFO] [stdout] warning: use of deprecated associated function `tower_http::timeout::TimeoutLayer::new`: Use `TimeoutLayer::with_status_code` instead
[INFO] [stdout]    --> src/routes/mod.rs:102:38
[INFO] [stdout]     |
[INFO] [stdout] 102 |                 .layer(TimeoutLayer::new(request_timeout))
[INFO] [stdout]     |                                      ^^^
[INFO] [stdout]     |
[INFO] [stdout]     = note: `#[warn(deprecated)]` on by default
[INFO] [stdout] 
[INFO] [stdout] 
[INFO] [stderr] warning: build failed, waiting for other jobs to finish...
[INFO] [stdout] For more information about this error, try `rustc --explain E0599`.
[INFO] [stdout] 
[INFO] [stderr] error: could not compile `axum-service-skeleton` (lib test) due to 7 previous errors; 5 warnings emitted
[INFO] running `Command { std: "docker" "inspect" "ea0a5f7bc096829f6b2e9eede04a51c87296683ee3b10caf36a8d3891cb1f41a", kill_on_drop: false }`
[INFO] running `Command { std: "docker" "rm" "-f" "ea0a5f7bc096829f6b2e9eede04a51c87296683ee3b10caf36a8d3891cb1f41a", kill_on_drop: false }`
[INFO] [stdout] ea0a5f7bc096829f6b2e9eede04a51c87296683ee3b10caf36a8d3891cb1f41a
