[INFO] cloning repository https://github.com/igorkuchenbecker/moon-browser
[INFO] running `Command { std: "git" "-c" "credential.helper=" "-c" "credential.helper=/workspace/cargo-home/bin/git-credential-null" "clone" "--bare" "https://github.com/igorkuchenbecker/moon-browser" "/workspace/cache/git-repos/https%3A%2F%2Fgithub.com%2Figorkuchenbecker%2Fmoon-browser", kill_on_drop: false }`
[INFO] [stderr] Cloning into bare repository '/workspace/cache/git-repos/https%3A%2F%2Fgithub.com%2Figorkuchenbecker%2Fmoon-browser'...
[INFO] running `Command { std: "git" "rev-parse" "HEAD", kill_on_drop: false }`
[INFO] [stdout] eb657889c1a9101555dd06b9e071dea493245886
[INFO] checking igorkuchenbecker/moon-browser against 3154cc1a3e6424e44f438a95007d043ed5ceaaf6+rustflags=-Znext-solver=coherence for pr-133502-30
[INFO] running `Command { std: "git" "clone" "/workspace/cache/git-repos/https%3A%2F%2Fgithub.com%2Figorkuchenbecker%2Fmoon-browser" "/workspace/builds/worker-6-tc1/source", kill_on_drop: false }`
[INFO] [stderr] Cloning into '/workspace/builds/worker-6-tc1/source'...
[INFO] [stderr] done.
[INFO] [stderr] Updating files:   1% (8074/474371)
Updating files:   2% (9488/474371)
Updating files:   3% (14232/474371)
Updating files:   3% (16553/474371)
Updating files:   4% (18975/474371)
Updating files:   5% (23719/474371)
Updating files:   5% (24666/474371)
Updating files:   6% (28463/474371)
Updating files:   7% (33206/474371)
Updating files:   7% (37688/474371)
Updating files:   8% (37950/474371)
Updating files:   9% (42694/474371)
Updating files:   9% (45027/474371)
Updating files:  10% (47438/474371)
Updating files:  11% (52181/474371)
Updating files:  11% (54424/474371)
Updating files:  12% (56925/474371)
Updating files:  13% (61669/474371)
Updating files:  13% (63962/474371)
Updating files:  14% (66412/474371)
Updating files:  14% (70678/474371)
Updating files:  15% (71156/474371)
Updating files:  16% (75900/474371)
Updating files:  16% (77106/474371)
Updating files:  17% (80644/474371)
Updating files:  18% (85387/474371)
Updating files:  18% (87766/474371)
Updating files:  19% (90131/474371)
Updating files:  20% (94875/474371)
Updating files:  21% (99618/474371)
Updating files:  21% (101395/474371)
Updating files:  22% (104362/474371)
Updating files:  23% (109106/474371)
Updating files:  24% (113850/474371)
Updating files:  24% (117273/474371)
Updating files:  25% (118593/474371)
Updating files:  26% (123337/474371)
Updating files:  27% (128081/474371)
Updating files:  27% (131669/474371)
Updating files:  28% (132824/474371)
Updating files:  29% (137568/474371)
Updating files:  30% (142312/474371)
Updating files:  31% (147056/474371)
Updating files:  32% (151799/474371)
Updating files:  33% (156543/474371)
Updating files:  33% (157606/474371)
Updating files:  34% (161287/474371)
Updating files:  35% (166030/474371)
Updating files:  35% (167740/474371)
Updating files:  36% (170774/474371)
Updating files:  36% (174469/474371)
Updating files:  37% (175518/474371)
Updating files:  37% (180085/474371)
Updating files:  38% (180261/474371)
Updating files:  39% (185005/474371)
Updating files:  39% (187179/474371)
Updating files:  40% (189749/474371)
Updating files:  40% (190989/474371)
Updating files:  41% (194493/474371)
Updating files:  41% (196998/474371)
Updating files:  42% (199236/474371)
Updating files:  43% (203980/474371)
Updating files:  43% (204830/474371)
Updating files:  43% (206573/474371)
Updating files:  44% (208724/474371)
Updating files:  44% (210543/474371)
Updating files:  44% (213014/474371)
Updating files:  45% (213467/474371)
Updating files:  46% (218211/474371)
Updating files:  47% (222955/474371)
Updating files:  47% (225195/474371)
Updating files:  48% (227699/474371)
Updating files:  49% (232442/474371)
Updating files:  50% (237186/474371)
Updating files:  50% (239612/474371)
Updating files:  51% (241930/474371)
Updating files:  52% (246673/474371)
Updating files:  52% (248370/474371)
Updating files:  53% (251417/474371)
Updating files:  54% (256161/474371)
Updating files:  55% (260905/474371)
Updating files:  55% (262591/474371)
Updating files:  56% (265648/474371)
Updating files:  57% (270392/474371)
Updating files:  58% (275136/474371)
Updating files:  58% (275571/474371)
Updating files:  59% (279879/474371)
Updating files:  60% (284623/474371)
Updating files:  61% (289367/474371)
Updating files:  61% (290154/474371)
Updating files:  62% (294111/474371)
Updating files:  63% (298854/474371)
Updating files:  64% (303598/474371)
Updating files:  64% (303725/474371)
Updating files:  65% (308342/474371)
Updating files:  66% (313085/474371)
Updating files:  66% (314229/474371)
Updating files:  67% (317829/474371)
Updating files:  67% (322509/474371)
Updating files:  68% (322573/474371)
Updating files:  69% (327316/474371)
Updating files:  69% (330477/474371)
Updating files:  70% (332060/474371)
Updating files:  71% (336804/474371)
Updating files:  71% (340587/474371)
Updating files:  72% (341548/474371)
Updating files:  73% (346291/474371)
Updating files:  73% (347183/474371)
Updating files:  74% (351035/474371)
Updating files:  75% (355779/474371)
Updating files:  75% (356247/474371)
Updating files:  76% (360522/474371)
Updating files:  76% (361273/474371)
Updating files:  77% (365266/474371)
Updating files:  77% (367894/474371)
Updating files:  78% (370010/474371)
Updating files:  78% (370917/474371)
Updating files:  79% (374754/474371)
Updating files:  79% (378429/474371)
Updating files:  80% (379497/474371)
Updating files:  81% (384241/474371)
Updating files:  81% (386469/474371)
Updating files:  82% (388985/474371)
Updating files:  83% (393728/474371)
Updating files:  84% (398472/474371)
Updating files:  84% (398661/474371)
Updating files:  85% (403216/474371)
Updating files:  85% (406414/474371)
Updating files:  86% (407960/474371)
Updating files:  87% (412703/474371)
Updating files:  87% (413347/474371)
Updating files:  87% (417018/474371)
Updating files:  88% (417447/474371)
Updating files:  88% (421873/474371)
Updating files:  89% (422191/474371)
Updating files:  89% (425540/474371)
Updating files:  90% (426934/474371)
Updating files:  90% (427954/474371)
Updating files:  91% (431678/474371)
Updating files:  91% (433030/474371)
Updating files:  92% (436422/474371)
Updating files:  92% (437679/474371)
Updating files:  92% (440793/474371)
Updating files:  93% (441166/474371)
Updating files:  93% (442915/474371)
Updating files:  94% (445909/474371)
Updating files:  95% (450653/474371)
Updating files:  95% (450787/474371)
Updating files:  96% (455397/474371)
Updating files:  96% (455966/474371)
Updating files:  96% (459703/474371)
Updating files:  97% (460140/474371)
Updating files:  98% (464884/474371)
Updating files:  98% (465438/474371)
Updating files:  99% (469628/474371)
Updating files:  99% (471328/474371)
Updating files: 100% (474371/474371)
Updating files: 100% (474371/474371), done.
[INFO] started tweaking git repo https://github.com/igorkuchenbecker/moon-browser
[INFO] finished tweaking git repo https://github.com/igorkuchenbecker/moon-browser
[INFO] tweaked toml for git repo https://github.com/igorkuchenbecker/moon-browser written to /workspace/builds/worker-6-tc1/source/Cargo.toml
[INFO] validating manifest of git repo https://github.com/igorkuchenbecker/moon-browser on toolchain 3154cc1a3e6424e44f438a95007d043ed5ceaaf6
[INFO] running `Command { std: CARGO_HOME="/workspace/cargo-home" RUSTUP_HOME="/workspace/rustup-home" "/workspace/cargo-home/bin/cargo" "+3154cc1a3e6424e44f438a95007d043ed5ceaaf6" "metadata" "--manifest-path" "Cargo.toml" "--no-deps", kill_on_drop: false }`
[INFO] crate git repo https://github.com/igorkuchenbecker/moon-browser already has a lockfile, it will not be regenerated
[INFO] running `Command { std: CARGO_HOME="/workspace/cargo-home" RUSTUP_HOME="/workspace/rustup-home" "/workspace/cargo-home/bin/cargo" "+3154cc1a3e6424e44f438a95007d043ed5ceaaf6" "fetch" "--manifest-path" "Cargo.toml", kill_on_drop: false }`
[INFO] [stderr] warning: unused build dependency `uniffi`
[INFO] [stderr]  --> third_party/application-services/components/context_id/Cargo.toml:8:1
[INFO] [stderr]   |
[INFO] [stderr] 8 | uniffi = { version = "0.31", features=["build"]}
[INFO] [stderr]   | ^^^^^^^^^^^^^^^^^^^^^^^^^^^^^^^^^^^^^^^^^^^^^^^^
[INFO] [stderr]   |
[INFO] [stderr]   = note: `cargo::unused_dependencies` is set to `warn` by default
[INFO] [stderr] help: consider removing the dependency on `uniffi`
[INFO] [stderr] warning: `context_id` (manifest) generated 1 warning
[INFO] [stderr] warning: unused build dependency `uniffi`
[INFO] [stderr]   --> third_party/application-services/components/support/tracing/Cargo.toml:19:1
[INFO] [stderr]    |
[INFO] [stderr] 19 | uniffi = { version = "0.31", features = ["build"] }
[INFO] [stderr]    | ^^^^^^^^^^^^^^^^^^^^^^^^^^^^^^^^^^^^^^^^^^^^^^^^^^^
[INFO] [stderr]    |
[INFO] [stderr]    = note: `cargo::unused_dependencies` is set to `warn` by default
[INFO] [stderr] help: consider removing the dependency on `uniffi`
[INFO] [stderr] warning: `tracing-support` (manifest) generated 1 warning
[INFO] [stderr] warning: unused build dependency `uniffi`
[INFO] [stderr]   --> third_party/application-services/components/support/error/Cargo.toml:21:1
[INFO] [stderr]    |
[INFO] [stderr] 21 | uniffi = { version = "0.31", features=["build"]}
[INFO] [stderr]    | ^^^^^^^^^^^^^^^^^^^^^^^^^^^^^^^^^^^^^^^^^^^^^^^^
[INFO] [stderr]    |
[INFO] [stderr]    = note: `cargo::unused_dependencies` is set to `warn` by default
[INFO] [stderr] help: consider removing the dependency on `uniffi`
[INFO] [stderr] warning: `error-support` (manifest) generated 1 warning
[INFO] [stderr] warning: unused build dependency `uniffi`
[INFO] [stderr]   --> third_party/application-services/components/relevancy/Cargo.toml:30:1
[INFO] [stderr]    |
[INFO] [stderr] 30 | uniffi = { version = "0.31", features = ["build"] }
[INFO] [stderr]    | ^^^^^^^^^^^^^^^^^^^^^^^^^^^^^^^^^^^^^^^^^^^^^^^^^^^
[INFO] [stderr]    |
[INFO] [stderr]    = note: `cargo::unused_dependencies` is set to `warn` by default
[INFO] [stderr] help: consider removing the dependency on `uniffi`
[INFO] [stderr] warning: `relevancy` (manifest) generated 1 warning
[INFO] [stderr] warning: unused build dependency `uniffi`
[INFO] [stderr]   --> third_party/application-services/components/search/Cargo.toml:21:1
[INFO] [stderr]    |
[INFO] [stderr] 21 | uniffi = { version = "0.31", features = ["build"] }
[INFO] [stderr]    | ^^^^^^^^^^^^^^^^^^^^^^^^^^^^^^^^^^^^^^^^^^^^^^^^^^^
[INFO] [stderr]    |
[INFO] [stderr]    = note: `cargo::unused_dependencies` is set to `warn` by default
[INFO] [stderr] help: consider removing the dependency on `uniffi`
[INFO] [stderr] warning: `search` (manifest) generated 1 warning
[INFO] [stderr] warning: unused build dependency `uniffi`
[INFO] [stderr]   --> third_party/application-services/components/remote_settings/Cargo.toml:40:1
[INFO] [stderr]    |
[INFO] [stderr] 40 | uniffi = { version = "0.31", features = ["build"] }
[INFO] [stderr]    | ^^^^^^^^^^^^^^^^^^^^^^^^^^^^^^^^^^^^^^^^^^^^^^^^^^^
[INFO] [stderr]    |
[INFO] [stderr]    = note: `cargo::unused_dependencies` is set to `warn` by default
[INFO] [stderr] help: consider removing the dependency on `uniffi`
[INFO] [stderr] warning: `remote_settings` (manifest) generated 1 warning
[INFO] [stderr] warning: unused build dependency `uniffi`
[INFO] [stderr]   --> third_party/application-services/components/relay/Cargo.toml:24:1
[INFO] [stderr]    |
[INFO] [stderr] 24 | uniffi = { version = "0.31", features=["build"]}
[INFO] [stderr]    | ^^^^^^^^^^^^^^^^^^^^^^^^^^^^^^^^^^^^^^^^^^^^^^^^
[INFO] [stderr]    |
[INFO] [stderr]    = note: `cargo::unused_dependencies` is set to `warn` by default
[INFO] [stderr] help: consider removing the dependency on `uniffi`
[INFO] [stderr] warning: `relay` (manifest) generated 1 warning
[INFO] [stderr] warning: unused build dependency `uniffi`
[INFO] [stderr]   --> third_party/application-services/components/support/rust-log-forwarder/Cargo.toml:19:1
[INFO] [stderr]    |
[INFO] [stderr] 19 | uniffi = { version = "0.31", features=["build"]}
[INFO] [stderr]    | ^^^^^^^^^^^^^^^^^^^^^^^^^^^^^^^^^^^^^^^^^^^^^^^^
[INFO] [stderr]    |
[INFO] [stderr]    = note: `cargo::unused_dependencies` is set to `warn` by default
[INFO] [stderr] help: consider removing the dependency on `uniffi`
[INFO] [stderr] warning: `rust-log-forwarder` (manifest) generated 1 warning
[INFO] [stderr] warning: unused build dependency `bindgen`
[INFO] [stderr]   --> netwerk/test/http3server/Cargo.toml:33:1
[INFO] [stderr]    |
[INFO] [stderr] 33 | bindgen = {version = "0.69", default-features = false, features = ["runtime"] }
[INFO] [stderr]    | ^^^^^^^^^^^^^^^^^^^^^^^^^^^^^^^^^^^^^^^^^^^^^^^^^^^^^^^^^^^^^^^^^^^^^^^^^^^^^^^
[INFO] [stderr]    |
[INFO] [stderr]    = note: `cargo::unused_dependencies` is set to `warn` by default
[INFO] [stderr] help: consider removing the dependency on `bindgen`
[INFO] [stderr] warning: `http3server` (manifest) generated 1 warning
[INFO] [stderr] warning: unused build dependency `uniffi`
[INFO] [stderr]   --> third_party/application-services/components/ads-client/Cargo.toml:40:1
[INFO] [stderr]    |
[INFO] [stderr] 40 | uniffi = { version = "0.31", features = ["build"] }
[INFO] [stderr]    | ^^^^^^^^^^^^^^^^^^^^^^^^^^^^^^^^^^^^^^^^^^^^^^^^^^^
[INFO] [stderr]    |
[INFO] [stderr]    = note: `cargo::unused_dependencies` is set to `warn` by default
[INFO] [stderr] help: consider removing the dependency on `uniffi`
[INFO] [stderr] warning: `ads-client` (manifest) generated 1 warning
[INFO] [stderr] warning: unused build dependency `uniffi`
[INFO] [stderr]   --> third_party/application-services/components/fxa-client/Cargo.toml:33:1
[INFO] [stderr]    |
[INFO] [stderr] 33 | uniffi = { version = "0.31", features = ["build"] }
[INFO] [stderr]    | ^^^^^^^^^^^^^^^^^^^^^^^^^^^^^^^^^^^^^^^^^^^^^^^^^^^
[INFO] [stderr]    |
[INFO] [stderr]    = note: `cargo::unused_dependencies` is set to `warn` by default
[INFO] [stderr] help: consider removing the dependency on `uniffi`
[INFO] [stderr] warning: `fxa-client` (manifest) generated 1 warning
[INFO] [stderr] warning: unused build dependency `uniffi`
[INFO] [stderr]   --> third_party/application-services/components/merino/Cargo.toml:17:1
[INFO] [stderr]    |
[INFO] [stderr] 17 | uniffi = { version = "0.31", features = ["build"] }
[INFO] [stderr]    | ^^^^^^^^^^^^^^^^^^^^^^^^^^^^^^^^^^^^^^^^^^^^^^^^^^^
[INFO] [stderr]    |
[INFO] [stderr]    = note: `cargo::unused_dependencies` is set to `warn` by default
[INFO] [stderr] help: consider removing the dependency on `uniffi`
[INFO] [stderr] warning: `merino` (manifest) generated 1 warning
[INFO] [stderr] warning: unused build dependency `cc`
[INFO] [stderr]   --> toolkit/crashreporter/crash_helper_server/Cargo.toml:48:1
[INFO] [stderr]    |
[INFO] [stderr] 48 | cc = "1"
[INFO] [stderr]    | ^^^^^^^^
[INFO] [stderr]    |
[INFO] [stderr]    = note: `cargo::unused_dependencies` is set to `warn` by default
[INFO] [stderr] help: consider removing the dependency on `cc`
[INFO] [stderr] warning: `crash_helper_server` (manifest) generated 1 warning
[INFO] [stderr] warning: unused build dependency `uniffi`
[INFO] [stderr]   --> third_party/application-services/components/suggest/Cargo.toml:42:1
[INFO] [stderr]    |
[INFO] [stderr] 42 | uniffi = { version = "0.31", features = ["build"] }
[INFO] [stderr]    | ^^^^^^^^^^^^^^^^^^^^^^^^^^^^^^^^^^^^^^^^^^^^^^^^^^^
[INFO] [stderr]    |
[INFO] [stderr]    = note: `cargo::unused_dependencies` is set to `warn` by default
[INFO] [stderr] help: consider removing the dependency on `uniffi`
[INFO] [stderr] warning: `suggest` (manifest) generated 1 warning
[INFO] [stderr]     Updating git repository `https://github.com/glandium/allocator-api2`
[INFO] [stderr]     Updating git repository `https://github.com/hsivonen/any_all_workaround`
[INFO] [stderr]     Updating git repository `https://github.com/glandium/rust-bindgen`
[INFO] [stderr]     Updating git repository `https://github.com/franziskuskiefer/cose-rust`
[INFO] [stderr]     Updating git repository `https://github.com/servo/rust-cssparser`
[INFO] [stderr]     Updating git repository `https://github.com/hsivonen/encoding_rs`
[INFO] [stderr]     Updating git repository `https://github.com/jamienicol/gl-rs`
[INFO] [stderr]     Updating git submodule `https://github.com/KhronosGroup/OpenGL-Registry.git`
[INFO] [stderr]     Updating git submodule `https://github.com/google/angle.git`
[INFO] [stderr]     Updating git submodule `https://github.com/KhronosGroup/EGL-Registry.git`
[INFO] [stderr]     Updating git submodule `https://github.com/KhronosGroup/WebGL.git`
[INFO] [stderr]     Updating git submodule `https://github.com/KhronosGroup/WebGLDeveloperTools.git`
[INFO] [stderr]     Updating git repository `https://github.com/jamienicol/gleam`
[INFO] [stderr]     Updating git repository `https://github.com/hsivonen/rust-harfbuzz`
[INFO] [stderr]     Updating git repository `https://github.com/mozilla/midir.git`
[INFO] [stderr]     Updating git repository `https://github.com/glandium/rust-objc`
[INFO] [stderr]     Updating git repository `https://github.com/martinthomson/ohttp`
[INFO] [stderr]     Updating git repository `https://github.com/servo/unicode-bidi`
[INFO] [stderr]     Updating crates.io index
[INFO] [stderr]     Updating git repository `https://github.com/mozilla/neqo`
[INFO] [stderr]     Updating git repository `https://github.com/mozilla/nss-rs`
[INFO] [stderr]     Updating git repository `https://github.com/mozilla/glean`
[INFO] [stderr]     Updating git repository `https://github.com/mozilla/memtest`
[INFO] [stderr]     Updating git repository `https://github.com/rust-minidump/minidump-writer.git`
[INFO] [stderr]     Updating git repository `https://github.com/FirefoxGraphics/aa-stroke`
[INFO] [stderr]     Updating git repository `https://github.com/mozilla/audioipc`
[INFO] [stderr]     Updating git repository `https://github.com/mozilla/cubeb-coreaudio-rs`
[INFO] [stderr]     Updating git repository `https://github.com/mozilla/cubeb-pulse-rs`
[INFO] [stderr]     Updating git repository `https://github.com/jfkthame/mapped_hyph.git`
[INFO] [stderr]     Updating git repository `https://github.com/mozilla/mp4parse-rust`
[INFO] [stderr]     Updating git submodule `https://github.com/AOMediaCodec/av1-avif.git`
[INFO] [stderr]     Updating git submodule `https://github.com/link-u/avif-sample-images`
[INFO] [stderr]     Updating git repository `https://github.com/FirefoxGraphics/wpf-gpu-raster`
[INFO] [stderr]     Updating git repository `https://github.com/mozilla/authenticator-rs`
[INFO] [stderr]     Updating git repository `https://github.com/mozilla/happy-eyeballs`
[INFO] [stderr]     Updating git repository `https://github.com/mozilla/mls-platform-api`
[INFO] [stderr]     Updating git repository `https://github.com/gfx-rs/wgpu`
[INFO] [stderr]     Blocking waiting for file lock on package cache
[INFO] [stderr]  Downloading crates ...
[INFO] [stderr]   Downloaded zerofrom v0.1.4
[INFO] [stderr]   Downloaded displaydoc v0.2.4
[INFO] [stderr]   Downloaded flate2 v1.1.4
[INFO] [stderr]   Downloaded unicode-ident v1.0.6
[INFO] [stderr]   Downloaded uniffi_build v0.31.0
[INFO] [stderr]   Downloaded scroll_derive v0.12.0
[INFO] [stderr]   Downloaded zerofrom-derive v0.1.3
[INFO] [stderr]   Downloaded uniffi_internal_macros v0.31.0
[INFO] [stderr]   Downloaded cargo-platform v0.1.2
[INFO] [stderr]   Downloaded uniffi_pipeline v0.31.0
[INFO] [stderr]   Downloaded uniffi_testing v0.31.0
[INFO] [stderr]   Downloaded indexmap v2.11.4
[INFO] [stderr]   Downloaded scopeguard v1.1.0
[INFO] [stderr]   Downloaded app_units v0.7.8
[INFO] [stderr]   Downloaded id-arena v2.2.1
[INFO] [stderr]   Downloaded arrayref v0.3.6
[INFO] [stderr]   Downloaded uniffi_meta v0.31.0
[INFO] [stderr]   Downloaded zmij v1.0.20
[INFO] [stderr]   Downloaded try-lock v0.2.4
[INFO] [stderr]   Downloaded fs-err v2.9.0
[INFO] [stderr]   Downloaded semver v1.0.16
[INFO] [stderr]   Downloaded uniffi v0.31.0
[INFO] [stderr]   Downloaded camino v1.1.2
[INFO] [stderr]   Downloaded ordered-float v3.4.0
[INFO] [stderr]   Downloaded httpdate v1.0.2
[INFO] [stderr]   Downloaded either v1.8.1
[INFO] [stderr]   Downloaded want v0.3.0
[INFO] [stderr]   Downloaded uniffi_core v0.31.0
[INFO] [stderr]   Downloaded uniffi_udl v0.31.0
[INFO] [stderr]   Downloaded askama v0.14.0
[INFO] [stderr]   Downloaded rkv v0.20.0
[INFO] [stderr]   Downloaded xml-rs v0.8.4
[INFO] [stderr]   Downloaded uuid v1.3.0
[INFO] [stderr]   Downloaded uniffi_macros v0.31.0
[INFO] [stderr]   Downloaded textwrap v0.16.1
[INFO] [stderr]   Downloaded askama_derive v0.14.0
[INFO] [stderr]   Downloaded basic-toml v0.1.2
[INFO] [stderr]   Downloaded askama_parser v0.14.0
[INFO] [stderr]   Downloaded clap v4.5.16
[INFO] [stderr]   Downloaded slab v0.4.8
[INFO] [stderr]   Downloaded futures-executor v0.3.28
[INFO] [stderr]   Downloaded futures v0.3.28
[INFO] [stderr]   Downloaded fluent-langneg v0.13.0
[INFO] [stderr]   Downloaded fluent v0.17.0
[INFO] [stderr]   Downloaded fluent-pseudo v0.3.3
[INFO] [stderr]   Downloaded fluent-bundle v0.16.0
[INFO] [stderr]   Downloaded self_cell v1.2.0
[INFO] [stderr]   Downloaded intl_pluralrules v7.0.2
[INFO] [stderr]   Downloaded intl-memoizer v0.5.3
[INFO] [stderr]   Downloaded fluent-syntax v0.12.0
[INFO] [stderr]   Downloaded env_logger v0.10.0
[INFO] [stderr]   Downloaded winapi-util v0.1.5
[INFO] [stderr]   Downloaded uniffi_bindgen v0.31.0
[INFO] [stderr]   Downloaded goblin v0.9.2
[INFO] [stderr]   Downloaded clap_builder v4.5.15
[INFO] [stderr]   Downloaded libm v0.2.6
[INFO] [stderr]   Downloaded aho-corasick v1.1.0
[INFO] [stderr]   Downloaded h2 v0.4.16
[INFO] [stderr]   Downloaded cc v1.2.30
[INFO] [stderr]   Downloaded libloading v0.8.6
[INFO] [stderr]   Downloaded glsl v6.0.2
[INFO] [stderr]   Downloaded walkdir v2.3.2
[INFO] [stderr]   Downloaded uluru v3.0.0
[INFO] [stderr]   Downloaded smallbitvec v2.5.1
[INFO] [stderr]   Downloaded dtoa-short v0.3.3
[INFO] [stderr]   Downloaded dtoa v0.4.8
[INFO] [stderr]   Downloaded new_debug_unreachable v1.0.4
[INFO] [stderr]   Downloaded derive_more v2.0.1
[INFO] [stderr]   Downloaded derive_more-impl v2.0.1
[INFO] [stderr]   Downloaded crossbeam-deque v0.8.2
[INFO] [stderr]   Downloaded lock_api v0.4.9
[INFO] [stderr]   Downloaded icu_locale_data v2.1.1
[INFO] [stderr]   Downloaded core_maths v0.1.0
[INFO] [stderr]   Downloaded atomic_refcell v0.1.9
[INFO] [stderr]   Downloaded rustc_version v0.4.0
[INFO] [stderr]   Downloaded threadbound v0.1.5
[INFO] [stderr]   Downloaded cstr v0.2.11
[INFO] [stderr]   Downloaded dbus v0.6.5
[INFO] [stderr]   Downloaded libdbus-sys v0.2.2
[INFO] [stderr]   Downloaded typed-arena-nomut v0.1.0
[INFO] [stderr]   Downloaded async-task v4.3.0
[INFO] [stderr]   Downloaded macro_rules_attribute v0.2.2
[INFO] [stderr]   Downloaded pkg-config v0.3.26
[INFO] [stderr]   Downloaded macro_rules_attribute-proc_macro v0.2.2
[INFO] [stderr]   Downloaded bit-set v0.11.1
[INFO] [stderr]   Downloaded bit-vec v0.10.1
[INFO] [stderr]   Downloaded whatsys v0.3.2
[INFO] [stderr]   Downloaded android_logger v0.12.0
[INFO] [stderr]   Downloaded android_log-sys v0.2.0
[INFO] [stderr]   Downloaded core-text v20.1.0
[INFO] [stderr]   Downloaded generic-array v0.14.6
[INFO] [stderr]   Downloaded block-buffer v0.10.3
[INFO] [stderr]   Downloaded cpufeatures v0.2.8
[INFO] [stderr]   Downloaded etagere v0.2.13
[INFO] [stderr]   Downloaded paste v1.0.11
[INFO] [stderr]   Downloaded bytemuck_derive v1.9.3
[INFO] [stderr]   Downloaded half v2.5.0
[INFO] [stderr]   Downloaded profiling v1.0.7
[INFO] [stderr]   Downloaded ron v0.12.0
[INFO] [stderr]   Downloaded document-features v0.2.11
[INFO] [stderr]   Downloaded glean v68.0.1
[INFO] [stderr]   Downloaded inherent v1.0.7
[INFO] [stderr]   Downloaded glean-core v68.0.1
[INFO] [stderr]   Downloaded zeitstempel v0.2.1
[INFO] [stderr]   Downloaded serde_bytes v0.11.9
[INFO] [stderr]   Downloaded tracy-rs v0.1.2
[INFO] [stderr]   Downloaded freetype v0.7.0
[INFO] [stderr]   Downloaded core-graphics v0.23.1
[INFO] [stderr]   Downloaded topological-sort v0.1.0
[INFO] [stderr]   Downloaded sha1 v0.10.5
[INFO] [stderr]   Downloaded plane-split v0.18.0
[INFO] [stderr]   Downloaded hawk v5.0.1
[INFO] [stderr]   Downloaded tower-service v0.3.2
[INFO] [stderr]   Downloaded glslopt v0.1.14
[INFO] [stderr]   Downloaded build-parallel v0.1.2
[INFO] [stderr]   Downloaded ffi-support v0.4.4
[INFO] [stderr]   Downloaded tracing-subscriber v0.3.20
[INFO] [stderr]   Downloaded bhttp v0.7.2
[INFO] [stderr]   Downloaded ppv-lite86 v0.2.17
[INFO] [stderr]   Downloaded serde_path_to_error v0.1.11
[INFO] [stderr]   Downloaded base16 v0.2.1
[INFO] [stderr]   Downloaded uritemplate-next v0.2.0
[INFO] [stderr]   Downloaded pkcs11-bindings v0.1.7
[INFO] [stderr]   Downloaded memoffset v0.9.0
[INFO] [stderr]   Downloaded mach2 v0.4.1
[INFO] [stderr]   Downloaded procfs-core v0.18.0
[INFO] [stderr]   Downloaded minidump-common v0.26.1
[INFO] [stderr]   Downloaded smart-default v0.7.1
[INFO] [stderr]   Downloaded range-map v0.2.0
[INFO] [stderr]   Downloaded failspot v0.2.0
[INFO] [stderr]   Downloaded error-graph v0.1.1
[INFO] [stderr]   Downloaded crash-context v0.6.1
[INFO] [stderr]   Downloaded yaml-rust2 v0.10.3
[INFO] [stderr]   Downloaded webrtc-sdp v0.3.14
[INFO] [stderr]   Downloaded rustc-demangle v0.1.21
[INFO] [stderr]   Downloaded oxilangtag v0.1.3
[INFO] [stderr]   Downloaded origin-trial-token v0.1.1
[INFO] [stderr]   Downloaded qlog v0.16.0
[INFO] [stderr]   Downloaded quinn-udp v0.6.0
[INFO] [stderr]   Downloaded enumset v1.1.2
[INFO] [stderr]   Downloaded enumset_derive v0.8.1
[INFO] [stderr]   Downloaded sfv v0.14.0
[INFO] [stderr]   Downloaded ref-cast v1.0.24
[INFO] [stderr]   Downloaded ref-cast-impl v1.0.24
[INFO] [stderr]   Downloaded fallible_collections v0.5.1
[INFO] [stderr]   Downloaded bitreader v0.3.6
[INFO] [stderr]   Downloaded mls-rs-core v0.26.0
[INFO] [stderr]   Downloaded mls-rs-codec v0.7.0
[INFO] [stderr]   Downloaded mls-rs-codec-derive v0.2.0
[INFO] [stderr]   Downloaded mls-rs-crypto-traits v0.21.0
[INFO] [stderr]   Downloaded mls-rs-crypto-hpke v0.20.0
[INFO] [stderr]   Downloaded mls-rs-identity-x509 v0.20.0
[INFO] [stderr]   Downloaded debug_tree v0.4.0
[INFO] [stderr]   Downloaded mime_guess v2.0.4
[INFO] [stderr]   Downloaded mime v0.3.16
[INFO] [stderr]   Downloaded libz-rs-sys v0.6.3
[INFO] [stderr]   Downloaded array-init v2.1.0
[INFO] [stderr]   Downloaded flagset v0.4.3
[INFO] [stderr]   Downloaded mockito v0.31.1
[INFO] [stderr]   Downloaded mls-rs v0.54.0
[INFO] [stderr]   Downloaded coremidi v0.8.0
[INFO] [stderr]   Downloaded coremidi-sys v3.2.0
[INFO] [stderr]   Downloaded dns-parser v0.8.0
[INFO] [stderr]   Downloaded replace_with v0.1.8
[INFO] [stderr]   Downloaded fluent-fallback v0.7.2
[INFO] [stderr]   Downloaded pin-cell v0.2.0
[INFO] [stderr]   Downloaded chunky-vec v0.1.0
[INFO] [stderr]   Downloaded jxl v0.6.0
[INFO] [stderr]   Downloaded jxl_transforms v0.6.0
[INFO] [stderr]   Downloaded jxl_macros v0.6.0
[INFO] [stderr]   Downloaded icu_casemap v2.1.1
[INFO] [stderr]   Downloaded icu_casemap_data v2.1.1
[INFO] [stderr]   Downloaded icu_time v2.1.1
[INFO] [stderr]   Downloaded ixdtf v0.6.4
[INFO] [stderr]   Downloaded icu_calendar v2.1.1
[INFO] [stderr]   Downloaded icu_calendar_data v2.1.1
[INFO] [stderr]   Downloaded calendrical_calculations v0.2.3
[INFO] [stderr]   Downloaded icu_provider_adapters v2.1.1
[INFO] [stderr]   Downloaded diplomat-runtime v0.14.0
[INFO] [stderr]   Downloaded diplomat v0.14.0
[INFO] [stderr]   Downloaded diplomat_core v0.14.0
[INFO] [stderr]   Downloaded strck v1.0.0
[INFO] [stderr]   Downloaded wasm-smith v0.244.0
[INFO] [stderr]   Downloaded encoding_c_mem v0.2.6
[INFO] [stderr]   Downloaded encoding_c v0.9.8
[INFO] [stderr]   Downloaded arraystring v0.3.0
[INFO] [stderr]   Downloaded minreq v2.14.1
[INFO] [stderr]   Downloaded ryu v1.0.12
[INFO] [stderr]   Downloaded mockall v0.12.1
[INFO] [stderr]   Downloaded mockall_derive v0.12.1
[INFO] [stderr]   Downloaded fragile v2.0.1
[INFO] [stderr]   Downloaded jexl-eval v0.4.0
[INFO] [stderr]   Downloaded jexl-parser v0.4.0
[INFO] [stderr]   Downloaded lalrpop-util v0.19.12
[INFO] [stderr]   Downloaded expect-test v1.5.1
[INFO] [stderr]   Downloaded dissimilar v1.0.11
[INFO] [stderr]   Downloaded canonical_json v0.5.0
[INFO] [stderr]   Downloaded md-5 v0.10.5
[INFO] [stderr]   Downloaded font-types v0.12.1
[INFO] [stderr]   Downloaded xmldecl v0.2.0
[INFO] [stderr]   Downloaded data-encoding v2.3.3
[INFO] [stderr]   Downloaded ringbuf v0.2.8
[INFO] [stderr]   Downloaded cache-padded v1.2.0
[INFO] [stderr]   Downloaded cubeb-backend v0.34.1
[INFO] [stderr]   Downloaded cubeb-core v0.34.1
[INFO] [stderr]   Downloaded triple_buffer v5.0.6
[INFO] [stderr]   Downloaded float-cmp v0.6.0
[INFO] [stderr]   Downloaded audio-mixer v0.2.1
[INFO] [stderr]   Downloaded atomic v0.4.6
[INFO] [stderr]   Downloaded cose-c v0.1.5
[INFO] [stderr]   Downloaded prio v0.16.2
[INFO] [stderr]   Downloaded pin-project v1.1.0
[INFO] [stderr]   Downloaded cubeb-sys v0.34.1
[INFO] [stderr]   Downloaded chardetng v1.0.0
[INFO] [stderr]   Downloaded ashmem v0.1.2
[INFO] [stderr]   Downloaded ioctl-sys v0.7.1
[INFO] [stderr]   Downloaded cachemap2 v0.3.0
[INFO] [stderr]   Downloaded circular v0.3.0
[INFO] [stderr]   Downloaded xshell-venv v1.4.0
[INFO] [stderr]   Downloaded xshell-macros v0.2.7
[INFO] [stderr]   Downloaded unix_path v1.0.1
[INFO] [stderr]   Downloaded unix_str v1.0.0
[INFO] [stderr]   Downloaded serde_repr v0.1.12
[INFO] [stderr]   Downloaded libcrux-sha2 v0.0.3
[INFO] [stderr]   Downloaded clap-verbosity-flag v3.0.1
[INFO] [stderr]   Downloaded moz_cbor v0.1.2
[INFO] [stderr]   Downloaded chardetng_c v1.0.0
[INFO] [stderr]   Downloaded clubcard-crlite v0.4.0
[INFO] [stderr]   Downloaded murmurhash3 v0.0.5
[INFO] [stderr]   Downloaded guid_win v0.2.0
[INFO] [stderr]   Downloaded filetime_win v0.2.0
[INFO] [stderr]   Downloaded runloop v0.1.0
[INFO] [stderr]   Downloaded libudev v0.2.0
[INFO] [stderr]   Downloaded devd-rs v0.3.6
[INFO] [stderr]   Downloaded cubeb v0.34.1
[INFO] [stderr]   Downloaded crossbeam-queue v0.3.8
[INFO] [stderr]   Downloaded audio_thread_priority v0.35.1
[INFO] [stderr]   Downloaded rust-ini v0.10.3
[INFO] [stderr]   Downloaded pin-project-internal v1.1.0
[INFO] [stderr]   Downloaded sys-locale v0.3.1
[INFO] [stderr]   Downloaded pe-unwind-info v0.6.0
[INFO] [stderr]   Downloaded macho-unwind-info v0.5.0
[INFO] [stderr]   Downloaded embed-manifest v1.4.0
[INFO] [stderr]   Downloaded xshell v0.2.7
[INFO] [stderr]   Downloaded libcrux-p256 v0.0.3
[INFO] [stderr]   Downloaded libcrux-hacl-rs v0.0.3
[INFO] [stderr]   Downloaded clubcard v0.3.3
[INFO] [stderr]   Downloaded rust_cascade v1.5.0
[INFO] [stderr]   Downloaded comedy v0.2.0
[INFO] [stderr]   Downloaded serde_cbor_2 v0.13.0
[INFO] [stderr]   Downloaded plist v1.10.0
[INFO] [stderr]   Downloaded dogear v0.5.0
[INFO] [stderr]   Downloaded minidump-unwind v0.26.1
[INFO] [stderr]   Downloaded minidump v0.26.1
[INFO] [stderr]   Downloaded warp v0.4.2
[INFO] [stderr]   Downloaded framehop v0.15.0
[INFO] [stderr]   Downloaded breakpad-symbols v0.26.1
[INFO] [stderr]   Downloaded bumpalo v3.15.4
[INFO] [stderr]   Downloaded adblock v0.12.1
[INFO] [stderr]   Downloaded wast v244.0.0
[INFO] running `Command { std: "docker" "create" "-v" "/var/lib/crater-agent-workspace/builds/worker-6-tc1/source:/opt/rustwide/workdir:ro,Z" "-v" "/var/lib/crater-agent-workspace/builds/worker-6-tc1/target:/opt/rustwide/target:rw,Z" "-v" "/var/lib/crater-agent-workspace/cargo-home:/opt/rustwide/cargo-home:ro,Z" "-v" "/var/lib/crater-agent-workspace/rustup-home:/opt/rustwide/rustup-home:ro,Z" "-m" "1610612736" "--network" "none" "ghcr.io/rust-lang/crates-build-env/linux@sha256:77db811e55d90add9212f6832c23229e3de5f1c1f9905e8cb07319ea15df73ac" "sleep" "infinity", kill_on_drop: false }`
[INFO] [stdout] b59592bc178ac69ee76b40293fc0d56243a5b301e76674be5f895806d9022aa2
[INFO] running `Command { std: "docker" "start" "b59592bc178ac69ee76b40293fc0d56243a5b301e76674be5f895806d9022aa2", kill_on_drop: false }`
[INFO] running `Command { std: "docker" "inspect" "b59592bc178ac69ee76b40293fc0d56243a5b301e76674be5f895806d9022aa2", kill_on_drop: false }`
[INFO] running `Command { std: "docker" "exec" "-e" "SOURCE_DIR=/opt/rustwide/workdir" "-e" "CARGO_HOME=/opt/rustwide/cargo-home" "-e" "RUSTUP_HOME=/opt/rustwide/rustup-home" "-e" "CARGO_TARGET_DIR=/opt/rustwide/target" "-w" "/opt/rustwide/workdir" "--user" "0:0" "b59592bc178ac69ee76b40293fc0d56243a5b301e76674be5f895806d9022aa2" "/opt/rustwide/cargo-home/bin/cargo" "+3154cc1a3e6424e44f438a95007d043ed5ceaaf6" "metadata" "--no-deps" "--format-version=1", kill_on_drop: false }`
[INFO] running `Command { std: "docker" "inspect" "b59592bc178ac69ee76b40293fc0d56243a5b301e76674be5f895806d9022aa2", kill_on_drop: false }`
[INFO] running `Command { std: "docker" "exec" "-e" "SOURCE_DIR=/opt/rustwide/workdir" "-e" "CARGO_HOME=/opt/rustwide/cargo-home" "-e" "RUSTUP_HOME=/opt/rustwide/rustup-home" "-e" "CARGO_TARGET_DIR=/opt/rustwide/target" "-e" "CARGO_INCREMENTAL=0" "-e" "RUST_BACKTRACE=full" "-e" "RUSTFLAGS=--cap-lints=forbid -Znext-solver=coherence" "-e" "RUSTDOCFLAGS=--cap-lints=forbid" "-w" "/opt/rustwide/workdir" "--user" "0:0" "b59592bc178ac69ee76b40293fc0d56243a5b301e76674be5f895806d9022aa2" "/opt/rustwide/cargo-home/bin/cargo" "+3154cc1a3e6424e44f438a95007d043ed5ceaaf6" "check" "--frozen" "--all" "--all-targets" "--message-format=json", kill_on_drop: false }`
[INFO] [stderr] warning: unused build dependency `uniffi`
[INFO] [stderr]   --> third_party/application-services/components/relay/Cargo.toml:24:1
[INFO] [stderr]    |
[INFO] [stderr] 24 | uniffi = { version = "0.31", features=["build"]}
[INFO] [stderr]    | ^^^^^^^^^^^^^^^^^^^^^^^^^^^^^^^^^^^^^^^^^^^^^^^^
[INFO] [stderr]    |
[INFO] [stderr]    = note: `cargo::unused_dependencies` is set to `warn` by default
[INFO] [stderr] help: consider removing the dependency on `uniffi`
[INFO] [stderr] warning: `relay` (manifest) generated 1 warning
[INFO] [stderr] warning: unused build dependency `uniffi`
[INFO] [stderr]   --> third_party/application-services/components/ads-client/Cargo.toml:40:1
[INFO] [stderr]    |
[INFO] [stderr] 40 | uniffi = { version = "0.31", features = ["build"] }
[INFO] [stderr]    | ^^^^^^^^^^^^^^^^^^^^^^^^^^^^^^^^^^^^^^^^^^^^^^^^^^^
[INFO] [stderr]    |
[INFO] [stderr]    = note: `cargo::unused_dependencies` is set to `warn` by default
[INFO] [stderr] help: consider removing the dependency on `uniffi`
[INFO] [stderr] warning: `ads-client` (manifest) generated 1 warning
[INFO] [stderr] warning: unused build dependency `uniffi`
[INFO] [stderr]   --> third_party/application-services/components/fxa-client/Cargo.toml:33:1
[INFO] [stderr]    |
[INFO] [stderr] 33 | uniffi = { version = "0.31", features = ["build"] }
[INFO] [stderr]    | ^^^^^^^^^^^^^^^^^^^^^^^^^^^^^^^^^^^^^^^^^^^^^^^^^^^
[INFO] [stderr]    |
[INFO] [stderr]    = note: `cargo::unused_dependencies` is set to `warn` by default
[INFO] [stderr] help: consider removing the dependency on `uniffi`
[INFO] [stderr] warning: `fxa-client` (manifest) generated 1 warning
[INFO] [stderr] warning: unused build dependency `uniffi`
[INFO] [stderr]   --> third_party/application-services/components/merino/Cargo.toml:17:1
[INFO] [stderr]    |
[INFO] [stderr] 17 | uniffi = { version = "0.31", features = ["build"] }
[INFO] [stderr]    | ^^^^^^^^^^^^^^^^^^^^^^^^^^^^^^^^^^^^^^^^^^^^^^^^^^^
[INFO] [stderr]    |
[INFO] [stderr]    = note: `cargo::unused_dependencies` is set to `warn` by default
[INFO] [stderr] help: consider removing the dependency on `uniffi`
[INFO] [stderr] warning: `merino` (manifest) generated 1 warning
[INFO] [stderr] warning: unused build dependency `uniffi`
[INFO] [stderr]   --> third_party/application-services/components/suggest/Cargo.toml:42:1
[INFO] [stderr]    |
[INFO] [stderr] 42 | uniffi = { version = "0.31", features = ["build"] }
[INFO] [stderr]    | ^^^^^^^^^^^^^^^^^^^^^^^^^^^^^^^^^^^^^^^^^^^^^^^^^^^
[INFO] [stderr]    |
[INFO] [stderr]    = note: `cargo::unused_dependencies` is set to `warn` by default
[INFO] [stderr] help: consider removing the dependency on `uniffi`
[INFO] [stderr] warning: `suggest` (manifest) generated 1 warning
[INFO] [stderr] warning: unused build dependency `bindgen`
[INFO] [stderr]   --> netwerk/test/http3server/Cargo.toml:33:1
[INFO] [stderr]    |
[INFO] [stderr] 33 | bindgen = {version = "0.69", default-features = false, features = ["runtime"] }
[INFO] [stderr]    | ^^^^^^^^^^^^^^^^^^^^^^^^^^^^^^^^^^^^^^^^^^^^^^^^^^^^^^^^^^^^^^^^^^^^^^^^^^^^^^^
[INFO] [stderr]    |
[INFO] [stderr]    = note: `cargo::unused_dependencies` is set to `warn` by default
[INFO] [stderr] help: consider removing the dependency on `bindgen`
[INFO] [stderr] warning: `http3server` (manifest) generated 1 warning
[INFO] [stderr] warning: unused build dependency `uniffi`
[INFO] [stderr]   --> third_party/application-services/components/support/tracing/Cargo.toml:19:1
[INFO] [stderr]    |
[INFO] [stderr] 19 | uniffi = { version = "0.31", features = ["build"] }
[INFO] [stderr]    | ^^^^^^^^^^^^^^^^^^^^^^^^^^^^^^^^^^^^^^^^^^^^^^^^^^^
[INFO] [stderr]    |
[INFO] [stderr]    = note: `cargo::unused_dependencies` is set to `warn` by default
[INFO] [stderr] help: consider removing the dependency on `uniffi`
[INFO] [stderr] warning: `tracing-support` (manifest) generated 1 warning
[INFO] [stderr] warning: unused build dependency `uniffi`
[INFO] [stderr]  --> third_party/application-services/components/context_id/Cargo.toml:8:1
[INFO] [stderr]   |
[INFO] [stderr] 8 | uniffi = { version = "0.31", features=["build"]}
[INFO] [stderr]   | ^^^^^^^^^^^^^^^^^^^^^^^^^^^^^^^^^^^^^^^^^^^^^^^^
[INFO] [stderr]   |
[INFO] [stderr]   = note: `cargo::unused_dependencies` is set to `warn` by default
[INFO] [stderr] help: consider removing the dependency on `uniffi`
[INFO] [stderr] warning: `context_id` (manifest) generated 1 warning
[INFO] [stderr] warning: unused build dependency `cc`
[INFO] [stderr]   --> toolkit/crashreporter/crash_helper_server/Cargo.toml:48:1
[INFO] [stderr]    |
[INFO] [stderr] 48 | cc = "1"
[INFO] [stderr]    | ^^^^^^^^
[INFO] [stderr]    |
[INFO] [stderr]    = note: `cargo::unused_dependencies` is set to `warn` by default
[INFO] [stderr] help: consider removing the dependency on `cc`
[INFO] [stderr] warning: `crash_helper_server` (manifest) generated 1 warning
[INFO] [stderr] warning: unused build dependency `uniffi`
[INFO] [stderr]   --> third_party/application-services/components/support/error/Cargo.toml:21:1
[INFO] [stderr]    |
[INFO] [stderr] 21 | uniffi = { version = "0.31", features=["build"]}
[INFO] [stderr]    | ^^^^^^^^^^^^^^^^^^^^^^^^^^^^^^^^^^^^^^^^^^^^^^^^
[INFO] [stderr]    |
[INFO] [stderr]    = note: `cargo::unused_dependencies` is set to `warn` by default
[INFO] [stderr] help: consider removing the dependency on `uniffi`
[INFO] [stderr] warning: `error-support` (manifest) generated 1 warning
[INFO] [stderr] warning: unused build dependency `uniffi`
[INFO] [stderr]   --> third_party/application-services/components/support/rust-log-forwarder/Cargo.toml:19:1
[INFO] [stderr]    |
[INFO] [stderr] 19 | uniffi = { version = "0.31", features=["build"]}
[INFO] [stderr]    | ^^^^^^^^^^^^^^^^^^^^^^^^^^^^^^^^^^^^^^^^^^^^^^^^
[INFO] [stderr]    |
[INFO] [stderr]    = note: `cargo::unused_dependencies` is set to `warn` by default
[INFO] [stderr] help: consider removing the dependency on `uniffi`
[INFO] [stderr] warning: `rust-log-forwarder` (manifest) generated 1 warning
[INFO] [stderr] warning: unused build dependency `uniffi`
[INFO] [stderr]   --> third_party/application-services/components/relevancy/Cargo.toml:30:1
[INFO] [stderr]    |
[INFO] [stderr] 30 | uniffi = { version = "0.31", features = ["build"] }
[INFO] [stderr]    | ^^^^^^^^^^^^^^^^^^^^^^^^^^^^^^^^^^^^^^^^^^^^^^^^^^^
[INFO] [stderr]    |
[INFO] [stderr]    = note: `cargo::unused_dependencies` is set to `warn` by default
[INFO] [stderr] help: consider removing the dependency on `uniffi`
[INFO] [stderr] warning: `relevancy` (manifest) generated 1 warning
[INFO] [stderr] warning: unused build dependency `uniffi`
[INFO] [stderr]   --> third_party/application-services/components/search/Cargo.toml:21:1
[INFO] [stderr]    |
[INFO] [stderr] 21 | uniffi = { version = "0.31", features = ["build"] }
[INFO] [stderr]    | ^^^^^^^^^^^^^^^^^^^^^^^^^^^^^^^^^^^^^^^^^^^^^^^^^^^
[INFO] [stderr]    |
[INFO] [stderr]    = note: `cargo::unused_dependencies` is set to `warn` by default
[INFO] [stderr] help: consider removing the dependency on `uniffi`
[INFO] [stderr] warning: `search` (manifest) generated 1 warning
[INFO] [stderr] warning: unused build dependency `uniffi`
[INFO] [stderr]   --> third_party/application-services/components/remote_settings/Cargo.toml:40:1
[INFO] [stderr]    |
[INFO] [stderr] 40 | uniffi = { version = "0.31", features = ["build"] }
[INFO] [stderr]    | ^^^^^^^^^^^^^^^^^^^^^^^^^^^^^^^^^^^^^^^^^^^^^^^^^^^
[INFO] [stderr]    |
[INFO] [stderr]    = note: `cargo::unused_dependencies` is set to `warn` by default
[INFO] [stderr] help: consider removing the dependency on `uniffi`
[INFO] [stderr] warning: `remote_settings` (manifest) generated 1 warning
[INFO] [stderr]    Compiling proc-macro2 v1.0.101
[INFO] [stderr]    Compiling unicode-ident v1.0.6
[INFO] [stderr]    Compiling serde_core v1.0.228
[INFO] [stderr]    Compiling serde v1.0.228
[INFO] [stderr]    Compiling libc v0.2.186
[INFO] [stderr]    Compiling thiserror v2.0.12
[INFO] [stderr]    Compiling mozbuild v0.1.0 (/opt/rustwide/workdir/build/rust/mozbuild)
[INFO] [stderr]    Compiling zmij v1.0.20
[INFO] [stderr]    Compiling getrandom v0.3.3
[INFO] [stderr]    Compiling autocfg v1.1.0 (/opt/rustwide/workdir/third_party/rust/autocfg)
[INFO] [stderr]    Compiling memchr v2.7.4
[INFO] [stderr]    Compiling cfg-if v1.0.0
[INFO] [stderr]    Compiling serde_json v1.0.149
[INFO] [stderr]    Compiling quote v1.0.40
[INFO] [stderr]    Compiling syn v2.0.106
[INFO] [stderr]    Compiling rustc-hash v2.1.1
[INFO] [stderr]    Compiling bitflags v2.10.0
[INFO] [stdout] error: environment variable `BUILDCONFIG_RS` not defined at compile time
[INFO] [stdout]   --> build/rust/mozbuild/lib.rs:19:14
[INFO] [stdout]    |
[INFO] [stdout] 19 |     include!(env!("BUILDCONFIG_RS"));
[INFO] [stdout]    |              ^^^^^^^^^^^^^^^^^^^^^^
[INFO] [stdout]    |
[INFO] [stdout]    = help: use `std::env::var("BUILDCONFIG_RS")` to read the variable at run time
[INFO] [stdout] 
[INFO] [stdout] 
[INFO] [stdout] error[E0425]: cannot find value `TOPOBJDIR` in module `config`
[INFO] [stdout]   --> build/rust/mozbuild/lib.rs:14:49
[INFO] [stdout]    |
[INFO] [stdout] 14 | pub const TOPOBJDIR: &Path = const_path(config::TOPOBJDIR);
[INFO] [stdout]    |                                                 ^^^^^^^^^ not found in `config`
[INFO] [stdout] 
[INFO] [stdout] 
[INFO] [stdout] error[E0425]: cannot find value `TOPSRCDIR` in module `config`
[INFO] [stdout]   --> build/rust/mozbuild/lib.rs:16:49
[INFO] [stdout]    |
[INFO] [stdout] 16 | pub const TOPSRCDIR: &Path = const_path(config::TOPSRCDIR);
[INFO] [stdout]    |                                                 ^^^^^^^^^ not found in `config`
[INFO] [stdout] 
[INFO] [stdout] 
[INFO] [stdout] error[E0425]: cannot find value `NSS_LINK_DYLIBS` in module `config`
[INFO] [stdout]   --> build/rust/mozbuild/lib.rs:38:24
[INFO] [stdout]    |
[INFO] [stdout] 38 |     for lib in config::NSS_LINK_DYLIBS.iter() {
[INFO] [stdout]    |                        ^^^^^^^^^^^^^^^ not found in `config`
[INFO] [stdout] 
[INFO] [stdout] 
[INFO] [stdout] For more information about this error, try `rustc --explain E0425`.
[INFO] [stdout] 
[INFO] [stderr] error: could not compile `mozbuild` (lib) due to 4 previous errors
[INFO] [stderr] warning: build failed, waiting for other jobs to finish...
[INFO] running `Command { std: "docker" "inspect" "b59592bc178ac69ee76b40293fc0d56243a5b301e76674be5f895806d9022aa2", kill_on_drop: false }`
[INFO] running `Command { std: "docker" "rm" "-f" "b59592bc178ac69ee76b40293fc0d56243a5b301e76674be5f895806d9022aa2", kill_on_drop: false }`
[INFO] [stdout] b59592bc178ac69ee76b40293fc0d56243a5b301e76674be5f895806d9022aa2
