[INFO] cloning repository https://github.com/ifBars/graph-bench
[INFO] running `Command { std: "git" "-c" "credential.helper=" "-c" "credential.helper=/workspace/cargo-home/bin/git-credential-null" "clone" "--bare" "https://github.com/ifBars/graph-bench" "/workspace/cache/git-repos/https%3A%2F%2Fgithub.com%2FifBars%2Fgraph-bench", kill_on_drop: false }`
[INFO] [stderr] Cloning into bare repository '/workspace/cache/git-repos/https%3A%2F%2Fgithub.com%2FifBars%2Fgraph-bench'...
[INFO] running `Command { std: "git" "rev-parse" "HEAD", kill_on_drop: false }`
[INFO] [stdout] a2a42ec69c4759daef020762015db110775d4853
[INFO] checking ifBars/graph-bench against 3154cc1a3e6424e44f438a95007d043ed5ceaaf6+rustflags=-Znext-solver=coherence for pr-133502-30
[INFO] running `Command { std: "git" "clone" "/workspace/cache/git-repos/https%3A%2F%2Fgithub.com%2FifBars%2Fgraph-bench" "/workspace/builds/worker-5-tc1/source", kill_on_drop: false }`
[INFO] [stderr] Cloning into '/workspace/builds/worker-5-tc1/source'...
[INFO] [stderr] done.
[INFO] started tweaking git repo https://github.com/ifBars/graph-bench
[INFO] finished tweaking git repo https://github.com/ifBars/graph-bench
[INFO] tweaked toml for git repo https://github.com/ifBars/graph-bench written to /workspace/builds/worker-5-tc1/source/Cargo.toml
[INFO] validating manifest of git repo https://github.com/ifBars/graph-bench on toolchain 3154cc1a3e6424e44f438a95007d043ed5ceaaf6
[INFO] running `Command { std: CARGO_HOME="/workspace/cargo-home" RUSTUP_HOME="/workspace/rustup-home" "/workspace/cargo-home/bin/cargo" "+3154cc1a3e6424e44f438a95007d043ed5ceaaf6" "metadata" "--manifest-path" "Cargo.toml" "--no-deps", kill_on_drop: false }`
[INFO] crate git repo https://github.com/ifBars/graph-bench already has a lockfile, it will not be regenerated
[INFO] running `Command { std: CARGO_HOME="/workspace/cargo-home" RUSTUP_HOME="/workspace/rustup-home" "/workspace/cargo-home/bin/cargo" "+3154cc1a3e6424e44f438a95007d043ed5ceaaf6" "fetch" "--manifest-path" "Cargo.toml", kill_on_drop: false }`
[INFO] running `Command { std: "docker" "create" "-v" "/var/lib/crater-agent-workspace/builds/worker-5-tc1/source:/opt/rustwide/workdir:ro,Z" "-v" "/var/lib/crater-agent-workspace/builds/worker-5-tc1/target:/opt/rustwide/target:rw,Z" "-v" "/var/lib/crater-agent-workspace/cargo-home:/opt/rustwide/cargo-home:ro,Z" "-v" "/var/lib/crater-agent-workspace/rustup-home:/opt/rustwide/rustup-home:ro,Z" "-m" "1610612736" "--network" "none" "ghcr.io/rust-lang/crates-build-env/linux@sha256:77db811e55d90add9212f6832c23229e3de5f1c1f9905e8cb07319ea15df73ac" "sleep" "infinity", kill_on_drop: false }`
[INFO] [stdout] cfcba2c4d5c45f7a9d61bc387396f64ec7a93cf234ab9dba5f9427bbb3ada6f0
[INFO] running `Command { std: "docker" "start" "cfcba2c4d5c45f7a9d61bc387396f64ec7a93cf234ab9dba5f9427bbb3ada6f0", kill_on_drop: false }`
[INFO] running `Command { std: "docker" "inspect" "cfcba2c4d5c45f7a9d61bc387396f64ec7a93cf234ab9dba5f9427bbb3ada6f0", kill_on_drop: false }`
[INFO] running `Command { std: "docker" "exec" "-e" "SOURCE_DIR=/opt/rustwide/workdir" "-e" "CARGO_HOME=/opt/rustwide/cargo-home" "-e" "RUSTUP_HOME=/opt/rustwide/rustup-home" "-e" "CARGO_TARGET_DIR=/opt/rustwide/target" "-w" "/opt/rustwide/workdir" "--user" "0:0" "cfcba2c4d5c45f7a9d61bc387396f64ec7a93cf234ab9dba5f9427bbb3ada6f0" "/opt/rustwide/cargo-home/bin/cargo" "+3154cc1a3e6424e44f438a95007d043ed5ceaaf6" "metadata" "--no-deps" "--format-version=1", kill_on_drop: false }`
[INFO] running `Command { std: "docker" "inspect" "cfcba2c4d5c45f7a9d61bc387396f64ec7a93cf234ab9dba5f9427bbb3ada6f0", kill_on_drop: false }`
[INFO] running `Command { std: "docker" "exec" "-e" "SOURCE_DIR=/opt/rustwide/workdir" "-e" "CARGO_HOME=/opt/rustwide/cargo-home" "-e" "RUSTUP_HOME=/opt/rustwide/rustup-home" "-e" "CARGO_TARGET_DIR=/opt/rustwide/target" "-e" "CARGO_INCREMENTAL=0" "-e" "RUST_BACKTRACE=full" "-e" "RUSTFLAGS=--cap-lints=forbid -Znext-solver=coherence" "-e" "RUSTDOCFLAGS=--cap-lints=forbid" "-w" "/opt/rustwide/workdir" "--user" "0:0" "cfcba2c4d5c45f7a9d61bc387396f64ec7a93cf234ab9dba5f9427bbb3ada6f0" "/opt/rustwide/cargo-home/bin/cargo" "+3154cc1a3e6424e44f438a95007d043ed5ceaaf6" "check" "--frozen" "--all" "--all-targets" "--message-format=json", kill_on_drop: false }`
[INFO] [stderr]    Compiling libsqlite3-sys v0.35.0
[INFO] [stderr]     Checking clap_builder v4.6.6
[INFO] [stderr]    Compiling libc v0.2.189
[INFO] [stderr]    Compiling num-traits v0.2.19
[INFO] [stderr]     Checking regex-automata v0.4.18
[INFO] [stderr]     Checking bstr v1.13.1
[INFO] [stderr]     Checking crossbeam-epoch v0.9.20
[INFO] [stderr]     Checking serde_json v1.0.151
[INFO] [stderr]     Checking serde v1.0.229
[INFO] [stderr]     Checking smallvec v1.15.2
[INFO] [stderr]     Checking once_cell v1.21.4
[INFO] [stderr]     Checking crossbeam-deque v0.8.7
[INFO] [stderr]     Checking chrono v0.4.45
[INFO] [stderr]     Checking getrandom v0.4.3
[INFO] [stderr]     Checking tempfile v3.27.0
[INFO] [stderr]     Checking globset v0.4.20
[INFO] [stderr]     Checking clap v4.6.6
[INFO] [stderr]     Checking graph-bench-runner v0.1.0 (/opt/rustwide/workdir/crates/graph-bench-runner)
[INFO] [stderr]     Checking ignore v0.4.33
[INFO] [stderr]     Checking rusqlite v0.37.0
[INFO] [stderr]     Checking graph-rag v0.10.0 (/opt/rustwide/workdir/crates/graph-rag)
[INFO] [stdout] error[E0063]: missing field `relationship_edges_returned` in initializer of `SearchTelemetry`
[INFO] [stdout]    --> crates/graph-rag/src/search.rs:193:24
[INFO] [stdout]     |
[INFO] [stdout] 193 |             telemetry: SearchTelemetry {
[INFO] [stdout]     |                        ^^^^^^^^^^^^^^^ missing `relationship_edges_returned`
[INFO] [stdout] 
[INFO] [stdout] 
[INFO] [stdout] error[E0063]: missing field `relationship_graph` in initializer of `SearchResponse`
[INFO] [stdout]    --> crates/graph-rag/src/search.rs:187:12
[INFO] [stdout]     |
[INFO] [stdout] 187 |         Ok(SearchResponse {
[INFO] [stdout]     |            ^^^^^^^^^^^^^^ missing `relationship_graph`
[INFO] [stdout] 
[INFO] [stdout] 
[INFO] [stdout] error[E0063]: missing field `relationship_edges_returned` in initializer of `SearchTelemetry`
[INFO] [stdout]    --> crates/graph-rag/src/search.rs:193:24
[INFO] [stdout]     |
[INFO] [stdout] 193 |             telemetry: SearchTelemetry {
[INFO] [stdout]     |                        ^^^^^^^^^^^^^^^ missing `relationship_edges_returned`
[INFO] [stdout] 
[INFO] [stdout] 
[INFO] [stdout] error[E0063]: missing field `relationship_graph` in initializer of `SearchResponse`
[INFO] [stdout]    --> crates/graph-rag/src/search.rs:187:12
[INFO] [stdout]     |
[INFO] [stdout] 187 |         Ok(SearchResponse {
[INFO] [stdout]     |            ^^^^^^^^^^^^^^ missing `relationship_graph`
[INFO] [stdout] 
[INFO] [stdout] 
[INFO] [stdout] For more information about this error, try `rustc --explain E0063`.
[INFO] [stdout] 
[INFO] [stderr] error: could not compile `graph-rag` (bin "graph-rag") due to 2 previous errors
[INFO] [stderr] warning: build failed, waiting for other jobs to finish...
[INFO] [stdout] For more information about this error, try `rustc --explain E0063`.
[INFO] [stdout] 
[INFO] [stderr] error: could not compile `graph-rag` (bin "graph-rag" test) due to 2 previous errors
[INFO] running `Command { std: "docker" "inspect" "cfcba2c4d5c45f7a9d61bc387396f64ec7a93cf234ab9dba5f9427bbb3ada6f0", kill_on_drop: false }`
[INFO] running `Command { std: "docker" "rm" "-f" "cfcba2c4d5c45f7a9d61bc387396f64ec7a93cf234ab9dba5f9427bbb3ada6f0", kill_on_drop: false }`
[INFO] [stdout] cfcba2c4d5c45f7a9d61bc387396f64ec7a93cf234ab9dba5f9427bbb3ada6f0
