[INFO] cloning repository https://github.com/iciker/rungs
[INFO] running `Command { std: "git" "-c" "credential.helper=" "-c" "credential.helper=/workspace/cargo-home/bin/git-credential-null" "clone" "--bare" "https://github.com/iciker/rungs" "/workspace/cache/git-repos/https%3A%2F%2Fgithub.com%2Ficiker%2Frungs", kill_on_drop: false }`
[INFO] [stderr] Cloning into bare repository '/workspace/cache/git-repos/https%3A%2F%2Fgithub.com%2Ficiker%2Frungs'...
[INFO] running `Command { std: "git" "rev-parse" "HEAD", kill_on_drop: false }`
[INFO] [stdout] 6003aa59c218b32f1d0d66cfd8bbdb35981b3280
[INFO] checking iciker/rungs against 3154cc1a3e6424e44f438a95007d043ed5ceaaf6+rustflags=-Znext-solver=coherence for pr-133502-30
[INFO] running `Command { std: "git" "clone" "/workspace/cache/git-repos/https%3A%2F%2Fgithub.com%2Ficiker%2Frungs" "/workspace/builds/worker-3-tc1/source", kill_on_drop: false }`
[INFO] [stderr] Cloning into '/workspace/builds/worker-3-tc1/source'...
[INFO] [stderr] done.
[INFO] started tweaking git repo https://github.com/iciker/rungs
[INFO] finished tweaking git repo https://github.com/iciker/rungs
[INFO] tweaked toml for git repo https://github.com/iciker/rungs written to /workspace/builds/worker-3-tc1/source/Cargo.toml
[INFO] validating manifest of git repo https://github.com/iciker/rungs on toolchain 3154cc1a3e6424e44f438a95007d043ed5ceaaf6
[INFO] running `Command { std: CARGO_HOME="/workspace/cargo-home" RUSTUP_HOME="/workspace/rustup-home" "/workspace/cargo-home/bin/cargo" "+3154cc1a3e6424e44f438a95007d043ed5ceaaf6" "metadata" "--manifest-path" "Cargo.toml" "--no-deps", kill_on_drop: false }`
[INFO] crate git repo https://github.com/iciker/rungs already has a lockfile, it will not be regenerated
[INFO] running `Command { std: CARGO_HOME="/workspace/cargo-home" RUSTUP_HOME="/workspace/rustup-home" "/workspace/cargo-home/bin/cargo" "+3154cc1a3e6424e44f438a95007d043ed5ceaaf6" "fetch" "--manifest-path" "Cargo.toml", kill_on_drop: false }`
[INFO] [stderr]     Blocking waiting for file lock on package cache
[INFO] [stderr]     Updating crates.io index
[INFO] [stderr]     Blocking waiting for file lock on package cache
[INFO] [stderr]  Downloading crates ...
[INFO] [stderr]   Downloaded nonzero_ext v0.3.0
[INFO] [stderr]   Downloaded spinning_top v0.3.0
[INFO] [stderr]   Downloaded tower_governor v0.4.3
[INFO] [stderr]   Downloaded no-std-compat v0.4.1
[INFO] [stderr]   Downloaded nonempty v0.7.0
[INFO] [stderr]   Downloaded forwarded-header-value v0.1.1
[INFO] [stderr]   Downloaded axum-macros v0.4.2
[INFO] [stderr]   Downloaded governor v0.6.3
[INFO] [stderr]   Downloaded rust_decimal v1.41.0
[INFO] [stderr]   Downloaded winnow v1.0.1
[INFO] [stderr]   Downloaded tokio v1.51.1
[INFO] [stderr]   Downloaded rust_decimal_macros v1.40.0
[INFO] [stderr]   Downloaded mockito v1.7.2
[INFO] [stderr]   Downloaded rand v0.9.3
[INFO] [stderr]   Downloaded rustls-webpki v0.103.11
[INFO] [stderr]   Downloaded envy v0.4.2
[INFO] [stderr]   Downloaded tracing-appender v0.2.4
[INFO] running `Command { std: "docker" "create" "-v" "/var/lib/crater-agent-workspace/builds/worker-3-tc1/source:/opt/rustwide/workdir:ro,Z" "-v" "/var/lib/crater-agent-workspace/builds/worker-3-tc1/target:/opt/rustwide/target:rw,Z" "-v" "/var/lib/crater-agent-workspace/cargo-home:/opt/rustwide/cargo-home:ro,Z" "-v" "/var/lib/crater-agent-workspace/rustup-home:/opt/rustwide/rustup-home:ro,Z" "-m" "1610612736" "--network" "none" "ghcr.io/rust-lang/crates-build-env/linux@sha256:77db811e55d90add9212f6832c23229e3de5f1c1f9905e8cb07319ea15df73ac" "sleep" "infinity", kill_on_drop: false }`
[INFO] [stdout] 7f74ed786412424d01d00617b91516878e94883da68722fbadda53331af5ca36
[INFO] running `Command { std: "docker" "start" "7f74ed786412424d01d00617b91516878e94883da68722fbadda53331af5ca36", kill_on_drop: false }`
[INFO] running `Command { std: "docker" "inspect" "7f74ed786412424d01d00617b91516878e94883da68722fbadda53331af5ca36", kill_on_drop: false }`
[INFO] running `Command { std: "docker" "exec" "-e" "SOURCE_DIR=/opt/rustwide/workdir" "-e" "CARGO_HOME=/opt/rustwide/cargo-home" "-e" "RUSTUP_HOME=/opt/rustwide/rustup-home" "-e" "CARGO_TARGET_DIR=/opt/rustwide/target" "-w" "/opt/rustwide/workdir" "--user" "0:0" "7f74ed786412424d01d00617b91516878e94883da68722fbadda53331af5ca36" "/opt/rustwide/cargo-home/bin/cargo" "+3154cc1a3e6424e44f438a95007d043ed5ceaaf6" "metadata" "--no-deps" "--format-version=1", kill_on_drop: false }`
[INFO] running `Command { std: "docker" "inspect" "7f74ed786412424d01d00617b91516878e94883da68722fbadda53331af5ca36", kill_on_drop: false }`
[INFO] running `Command { std: "docker" "exec" "-e" "SOURCE_DIR=/opt/rustwide/workdir" "-e" "CARGO_HOME=/opt/rustwide/cargo-home" "-e" "RUSTUP_HOME=/opt/rustwide/rustup-home" "-e" "CARGO_TARGET_DIR=/opt/rustwide/target" "-e" "CARGO_INCREMENTAL=0" "-e" "RUST_BACKTRACE=full" "-e" "RUSTFLAGS=--cap-lints=forbid -Znext-solver=coherence" "-e" "RUSTDOCFLAGS=--cap-lints=forbid" "-w" "/opt/rustwide/workdir" "--user" "0:0" "7f74ed786412424d01d00617b91516878e94883da68722fbadda53331af5ca36" "/opt/rustwide/cargo-home/bin/cargo" "+3154cc1a3e6424e44f438a95007d043ed5ceaaf6" "check" "--frozen" "--all" "--all-targets" "--message-format=json", kill_on_drop: false }`
[INFO] [stderr]    Compiling quote v1.0.45
[INFO] [stderr]    Compiling libc v0.2.184
[INFO] [stderr]     Checking memchr v2.8.0
[INFO] [stderr]     Checking bytes v1.11.1
[INFO] [stderr]    Compiling typenum v1.19.0
[INFO] [stderr]     Checking log v0.4.29
[INFO] [stderr]    Compiling autocfg v1.5.0
[INFO] [stderr]    Compiling zerocopy v0.8.48
[INFO] [stderr]    Compiling zmij v1.0.21
[INFO] [stderr]    Compiling serde_json v1.0.149
[INFO] [stderr]     Checking bitflags v2.11.0
[INFO] [stderr]    Compiling cc v1.2.60
[INFO] [stderr]     Checking hashbrown v0.17.0
[INFO] [stderr]    Compiling crossbeam-utils v0.8.21
[INFO] [stderr]    Compiling rust_decimal v1.41.0
[INFO] [stderr]    Compiling syn v2.0.117
[INFO] [stderr]    Compiling num-traits v0.2.19
[INFO] [stderr]     Checking indexmap v2.14.0
[INFO] [stderr]     Checking http v1.4.0
[INFO] [stderr]    Compiling generic-array v0.14.7
[INFO] [stderr]    Compiling concurrent-queue v2.5.0
[INFO] [stderr]    Compiling tinyvec v1.11.0
[INFO] [stderr]    Compiling openssl v0.10.76
[INFO] [stderr]    Compiling crc-catalog v2.4.0
[INFO] [stderr]     Checking arrayvec v0.7.6
[INFO] [stderr]    Compiling crypto-common v0.1.7
[INFO] [stderr]    Compiling block-buffer v0.10.4
[INFO] [stderr]    Compiling futures-util v0.3.32
[INFO] [stderr]    Compiling digest v0.10.7
[INFO] [stderr]     Checking http-body v1.0.1
[INFO] [stderr]    Compiling unicode-normalization v0.1.25
[INFO] [stderr]    Compiling event-listener v5.4.1
[INFO] [stderr]     Checking http-body-util v0.1.3
[INFO] [stderr]     Checking errno v0.3.14
[INFO] [stderr]     Checking mio v1.2.0
[INFO] [stderr]     Checking socket2 v0.6.3
[INFO] [stderr]     Checking signal-hook-registry v1.4.8
[INFO] [stderr]     Checking getrandom v0.2.17
[INFO] [stderr]    Compiling sha2 v0.10.9
[INFO] [stderr]     Checking rand_core v0.6.4
[INFO] [stderr]    Compiling hmac v0.12.1
[INFO] [stderr]    Compiling crc v3.4.0
[INFO] [stderr]    Compiling crossbeam-queue v0.3.12
[INFO] [stderr]    Compiling native-tls v0.2.18
[INFO] [stderr]    Compiling chrono v0.4.44
[INFO] [stderr]    Compiling openssl-sys v0.9.112
[INFO] [stderr]    Compiling atoi v2.0.0
[INFO] [stderr]    Compiling stringprep v0.1.5
[INFO] [stderr]    Compiling hkdf v0.12.4
[INFO] [stderr]    Compiling md-5 v0.10.6
[INFO] [stderr]    Compiling tokio v1.51.1
[INFO] [stderr]    Compiling anyhow v1.0.102
[INFO] [stderr]     Checking aho-corasick v1.1.4
[INFO] [stderr]     Checking regex-syntax v0.8.10
[INFO] [stderr]     Checking zeroize v1.8.2
[INFO] [stderr]     Checking iri-string v0.7.12
[INFO] [stderr]     Checking rustls-pki-types v1.14.0
[INFO] [stderr]    Compiling num-conv v0.2.1
[INFO] [stderr]    Compiling rustversion v1.0.22
[INFO] [stderr]    Compiling time-macros v0.2.27
[INFO] [stderr]    Compiling portable-atomic v1.15.0
[INFO] [stderr]     Checking getrandom v0.3.4
[INFO] [stderr]    Compiling ring v0.17.14
[INFO] [stderr]     Checking inout v0.1.4
[INFO] [stderr]     Checking num-integer v0.1.46
[INFO] [stderr]     Checking raw-cpuid v11.6.0
[INFO] [stderr]     Checking hashbrown v0.14.5
[INFO] [stderr]     Checking cipher v0.4.4
[INFO] [stderr]     Checking num-bigint v0.4.6
[INFO] [stderr]     Checking rand_core v0.9.5
[INFO] [stderr]     Checking spinning_top v0.3.0
[INFO] [stderr]     Checking nonzero_ext v0.3.0
[INFO] [stderr]     Checking futures-timer v3.0.4
[INFO] [stderr]     Checking nonempty v0.7.0
[INFO] [stderr]     Checking no-std-compat v0.4.1
[INFO] [stderr]     Checking blowfish v0.9.1
[INFO] [stderr]     Checking tracing-log v0.2.0
[INFO] [stderr]     Checking thread_local v1.1.9
[INFO] [stderr]     Checking bcrypt v0.15.1
[INFO] [stderr]     Checking time v0.3.47
[INFO] [stderr]     Checking colored v3.1.1
[INFO] [stderr]     Checking similar v2.7.0
[INFO] [stderr]     Checking crossbeam-channel v0.5.15
[INFO] [stderr]     Checking regex-automata v0.4.14
[INFO] [stderr]     Checking ppv-lite86 v0.2.21
[INFO] [stderr]     Checking quanta v0.12.6
[INFO] [stderr]     Checking rand_chacha v0.3.1
[INFO] [stderr]     Checking rand_chacha v0.9.0
[INFO] [stderr]     Checking rand v0.9.3
[INFO] [stderr]     Checking rand v0.8.5
[INFO] [stderr]    Compiling synstructure v0.13.2
[INFO] [stderr]    Compiling serde_derive v1.0.228
[INFO] [stderr]    Compiling zerofrom-derive v0.1.7
[INFO] [stderr]    Compiling yoke-derive v0.8.2
[INFO] [stderr]    Compiling zerovec-derive v0.11.3
[INFO] [stderr]    Compiling displaydoc v0.2.5
[INFO] [stderr]    Compiling tracing-attributes v0.1.31
[INFO] [stderr]    Compiling tokio-macros v2.7.0
[INFO] [stderr]    Compiling futures-macro v0.3.32
[INFO] [stderr]    Compiling thiserror-impl v2.0.18
[INFO] [stderr]    Compiling openssl-macros v0.1.1
[INFO] [stderr]    Compiling rust_decimal_macros v1.40.0
[INFO] [stderr]    Compiling async-trait v0.1.89
[INFO] [stderr]    Compiling thiserror-impl v1.0.69
[INFO] [stderr]    Compiling axum-macros v0.4.2
[INFO] [stderr]    Compiling pin-project-internal v1.1.13
[INFO] [stderr]    Compiling tokio-stream v0.1.18
[INFO] [stderr]     Checking zerofrom v0.1.7
[INFO] [stderr]     Checking regex v1.12.3
[INFO] [stderr]     Checking matchers v0.2.0
[INFO] [stderr]     Checking yoke v0.8.2
[INFO] [stderr]     Checking tracing v0.1.44
[INFO] [stderr]     Checking thiserror v2.0.18
[INFO] [stderr]    Compiling zerovec v0.11.6
[INFO] [stderr]    Compiling zerotrie v0.2.4
[INFO] [stderr]     Checking simple_asn1 v0.6.4
[INFO] [stderr]     Checking thiserror v1.0.69
[INFO] [stderr]     Checking forwarded-header-value v0.1.1
[INFO] [stderr]    Compiling tinystr v0.8.3
[INFO] [stderr]    Compiling potential_utf v0.1.5
[INFO] [stderr]    Compiling icu_collections v2.2.0
[INFO] [stderr]    Compiling icu_locale_core v2.2.0
[INFO] [stderr]     Checking pin-project v1.1.13
[INFO] [stderr]     Checking serde v1.0.228
[INFO] [stderr]    Compiling smallvec v1.15.1
[INFO] [stderr]    Compiling either v1.15.0
[INFO] [stderr]     Checking serde_urlencoded v0.7.1
[INFO] [stderr]     Checking assert-json-diff v2.0.2
[INFO] [stderr]     Checking envy v0.4.2
[INFO] [stderr]     Checking jsonwebtoken v9.3.1
[INFO] [stderr]    Compiling parking_lot_core v0.9.12
[INFO] [stderr]     Checking config v0.1.0 (/opt/rustwide/workdir/crates/config)
[INFO] [stderr]    Compiling parking_lot v0.12.5
[INFO] [stderr]     Checking tracing-subscriber v0.3.23
[INFO] [stderr]     Checking icu_provider v2.2.0
[INFO] [stderr]    Compiling futures-intrusive v0.5.0
[INFO] [stderr]     Checking dashmap v5.5.3
[INFO] [stderr]     Checking icu_properties v2.2.0
[INFO] [stderr]     Checking icu_normalizer v2.2.0
[INFO] [stderr]     Checking futures-executor v0.3.32
[INFO] [stderr]     Checking axum-core v0.4.5
[INFO] [stderr]     Checking futures v0.3.32
[INFO] [stderr]     Checking governor v0.6.3
[INFO] [stderr]     Checking tracing-appender v0.2.4
[INFO] [stderr]     Checking idna_adapter v1.2.1
[INFO] [stderr]     Checking idna v1.1.0
[INFO] [stderr]     Checking url v2.5.8
[INFO] [stderr]    Compiling sqlx-core v0.8.6
[INFO] [stderr]     Checking tokio-util v0.7.18
[INFO] [stderr]     Checking tower v0.5.3
[INFO] [stderr]     Checking tokio-native-tls v0.3.1
[INFO] [stderr]    Compiling sqlx-postgres v0.8.6
[INFO] [stderr]     Checking tower-http v0.6.8
[INFO] [stderr]     Checking h2 v0.4.13
[INFO] [stderr]     Checking tower-http v0.5.2
[INFO] [stderr]     Checking hyper v1.9.0
[INFO] [stderr]    Compiling sqlx-macros-core v0.8.6
[INFO] [stderr]     Checking hyper-util v0.1.20
[INFO] [stderr]    Compiling sqlx-macros v0.8.6
[INFO] [stderr]     Checking hyper-tls v0.6.0
[INFO] [stderr]     Checking axum v0.7.9
[INFO] [stderr]     Checking mockito v1.7.2
[INFO] [stderr]     Checking sqlx v0.8.6
[INFO] [stderr]     Checking reqwest v0.12.28
[INFO] [stderr]     Checking db v0.1.0 (/opt/rustwide/workdir/crates/db)
[INFO] [stdout] error: set `DATABASE_URL` to use query macros online, or run `cargo sqlx prepare` to update the query cache
[INFO] [stdout]   --> crates/db/src/models/trade_history.rs:59:18
[INFO] [stdout]    |
[INFO] [stdout] 59 |       let result = sqlx::query!(
[INFO] [stdout]    |  __________________^
[INFO] [stdout] 60 | |         r#"UPDATE user_grid
[INFO] [stdout] 61 | |            SET status = 'closed', amount = COALESCE($3, amount),
[INFO] [stdout] 62 | |                version = version + 1, updated_at = NOW()
[INFO] [stdout] ...  |
[INFO] [stdout] 66 | |         settled_amount,
[INFO] [stdout] 67 | |     )
[INFO] [stdout]    | |_____^
[INFO] [stdout]    |
[INFO] [stdout]    = note: this error originates in the macro `$crate::sqlx_macros::expand_query` which comes from the expansion of the macro `sqlx::query` (in Nightly builds, run with -Z macro-backtrace for more info)
[INFO] [stdout] 
[INFO] [stdout] 
[INFO] [stdout] error: set `DATABASE_URL` to use query macros online, or run `cargo sqlx prepare` to update the query cache
[INFO] [stdout]   --> crates/db/src/models/trade_history.rs:78:9
[INFO] [stdout]    |
[INFO] [stdout] 78 | /         sqlx::query!(
[INFO] [stdout] 79 | |             r#"INSERT INTO trade_history
[INFO] [stdout] 80 | |                    (user_id, symbol, order_id, amount, buy_price, sell_price,
[INFO] [stdout] 81 | |                     profit, source, source_id, filled_at)
[INFO] [stdout] ...  |
[INFO] [stdout] 91 | |             new.source_id
[INFO] [stdout] 92 | |         )
[INFO] [stdout]    | |_________^
[INFO] [stdout]    |
[INFO] [stdout]    = note: this error originates in the macro `$crate::sqlx_macros::expand_query` which comes from the expansion of the macro `sqlx::query` (in Nightly builds, run with -Z macro-backtrace for more info)
[INFO] [stdout] 
[INFO] [stdout] 
[INFO] [stdout] error: set `DATABASE_URL` to use query macros online, or run `cargo sqlx prepare` to update the query cache
[INFO] [stdout]    --> crates/db/src/models/trade_history.rs:108:15
[INFO] [stdout]     |
[INFO] [stdout] 108 |       let row = sqlx::query!(
[INFO] [stdout]     |  _______________^
[INFO] [stdout] 109 | |         r#"SELECT COALESCE(SUM(profit), 0) AS "total_profit!", COUNT(*) AS "trade_count!"
[INFO] [stdout] 110 | |            FROM trade_history WHERE user_id = $1"#,
[INFO] [stdout] 111 | |         user_id
[INFO] [stdout] 112 | |     )
[INFO] [stdout]     | |_____^
[INFO] [stdout]     |
[INFO] [stdout]     = note: this error originates in the macro `$crate::sqlx_macros::expand_query` which comes from the expansion of the macro `sqlx::query` (in Nightly builds, run with -Z macro-backtrace for more info)
[INFO] [stdout] 
[INFO] [stdout] 
[INFO] [stdout] error: set `DATABASE_URL` to use query macros online, or run `cargo sqlx prepare` to update the query cache
[INFO] [stdout]    --> crates/db/src/models/trade_history.rs:127:5
[INFO] [stdout]     |
[INFO] [stdout] 127 | /     sqlx::query_as!(
[INFO] [stdout] 128 | |         TradeHistory,
[INFO] [stdout] 129 | |         r#"SELECT id, user_id, symbol, order_id, amount, buy_price, sell_price,
[INFO] [stdout] 130 | |                   profit, source, source_id, filled_at
[INFO] [stdout] ...   |
[INFO] [stdout] 135 | |         limit
[INFO] [stdout] 136 | |     )
[INFO] [stdout]     | |_____^
[INFO] [stdout]     |
[INFO] [stdout]     = note: this error originates in the macro `$crate::sqlx_macros::expand_query` which comes from the expansion of the macro `sqlx::query_as` (in Nightly builds, run with -Z macro-backtrace for more info)
[INFO] [stdout] 
[INFO] [stdout] 
[INFO] [stdout] error: set `DATABASE_URL` to use query macros online, or run `cargo sqlx prepare` to update the query cache
[INFO] [stdout]   --> crates/db/src/models/user.rs:14:5
[INFO] [stdout]    |
[INFO] [stdout] 14 | /     sqlx::query_as!(
[INFO] [stdout] 15 | |         User,
[INFO] [stdout] 16 | |         "SELECT id, username, password, email, created_at FROM users WHERE username = $1",
[INFO] [stdout] 17 | |         username
[INFO] [stdout] 18 | |     )
[INFO] [stdout]    | |_____^
[INFO] [stdout]    |
[INFO] [stdout]    = note: this error originates in the macro `$crate::sqlx_macros::expand_query` which comes from the expansion of the macro `sqlx::query_as` (in Nightly builds, run with -Z macro-backtrace for more info)
[INFO] [stdout] 
[INFO] [stdout] 
[INFO] [stdout] error: set `DATABASE_URL` to use query macros online, or run `cargo sqlx prepare` to update the query cache
[INFO] [stdout]   --> crates/db/src/models/user.rs:25:15
[INFO] [stdout]    |
[INFO] [stdout] 25 |     let row = sqlx::query!(r#"SELECT COUNT(*) AS "n!" FROM users"#)
[INFO] [stdout]    |               ^^^^^^^^^^^^^^^^^^^^^^^^^^^^^^^^^^^^^^^^^^^^^^^^^^^^^
[INFO] [stdout]    |
[INFO] [stdout]    = note: this error originates in the macro `$crate::sqlx_macros::expand_query` which comes from the expansion of the macro `sqlx::query` (in Nightly builds, run with -Z macro-backtrace for more info)
[INFO] [stdout] 
[INFO] [stdout] 
[INFO] [stdout] error: set `DATABASE_URL` to use query macros online, or run `cargo sqlx prepare` to update the query cache
[INFO] [stdout]   --> crates/db/src/models/user.rs:37:15
[INFO] [stdout]    |
[INFO] [stdout] 37 |       let row = sqlx::query!(
[INFO] [stdout]    |  _______________^
[INFO] [stdout] 38 | |         "INSERT INTO users (username, password, email) VALUES ($1, $2, $3) RETURNING id",
[INFO] [stdout] 39 | |         username,
[INFO] [stdout] 40 | |         password_hash,
[INFO] [stdout] 41 | |         email
[INFO] [stdout] 42 | |     )
[INFO] [stdout]    | |_____^
[INFO] [stdout]    |
[INFO] [stdout]    = note: this error originates in the macro `$crate::sqlx_macros::expand_query` which comes from the expansion of the macro `sqlx::query` (in Nightly builds, run with -Z macro-backtrace for more info)
[INFO] [stdout] 
[INFO] [stdout] 
[INFO] [stdout] error: set `DATABASE_URL` to use query macros online, or run `cargo sqlx prepare` to update the query cache
[INFO] [stdout]   --> crates/db/src/models/user.rs:66:15
[INFO] [stdout]    |
[INFO] [stdout] 66 |     let row = sqlx::query!(r#"SELECT COUNT(*) AS "n!" FROM users"#)
[INFO] [stdout]    |               ^^^^^^^^^^^^^^^^^^^^^^^^^^^^^^^^^^^^^^^^^^^^^^^^^^^^^
[INFO] [stdout]    |
[INFO] [stdout]    = note: this error originates in the macro `$crate::sqlx_macros::expand_query` which comes from the expansion of the macro `sqlx::query` (in Nightly builds, run with -Z macro-backtrace for more info)
[INFO] [stdout] 
[INFO] [stdout] 
[INFO] [stdout] error: set `DATABASE_URL` to use query macros online, or run `cargo sqlx prepare` to update the query cache
[INFO] [stdout]   --> crates/db/src/models/user.rs:74:15
[INFO] [stdout]    |
[INFO] [stdout] 74 |       let row = sqlx::query!(
[INFO] [stdout]    |  _______________^
[INFO] [stdout] 75 | |         "INSERT INTO users (username, password, email) VALUES ($1, $2, $3) RETURNING id",
[INFO] [stdout] 76 | |         username,
[INFO] [stdout] 77 | |         password_hash,
[INFO] [stdout] 78 | |         email
[INFO] [stdout] 79 | |     )
[INFO] [stdout]    | |_____^
[INFO] [stdout]    |
[INFO] [stdout]    = note: this error originates in the macro `$crate::sqlx_macros::expand_query` which comes from the expansion of the macro `sqlx::query` (in Nightly builds, run with -Z macro-backtrace for more info)
[INFO] [stdout] 
[INFO] [stdout] 
[INFO] [stdout] error: set `DATABASE_URL` to use query macros online, or run `cargo sqlx prepare` to update the query cache
[INFO] [stdout]   --> crates/db/src/models/trade_history.rs:59:18
[INFO] [stdout]    |
[INFO] [stdout] 59 |       let result = sqlx::query!(
[INFO] [stdout]    |  __________________^
[INFO] [stdout] 60 | |         r#"UPDATE user_grid
[INFO] [stdout] 61 | |            SET status = 'closed', amount = COALESCE($3, amount),
[INFO] [stdout] 62 | |                version = version + 1, updated_at = NOW()
[INFO] [stdout] ...  |
[INFO] [stdout] 66 | |         settled_amount,
[INFO] [stdout] 67 | |     )
[INFO] [stdout]    | |_____^
[INFO] [stdout]    |
[INFO] [stdout]    = note: this error originates in the macro `$crate::sqlx_macros::expand_query` which comes from the expansion of the macro `sqlx::query` (in Nightly builds, run with -Z macro-backtrace for more info)
[INFO] [stdout] 
[INFO] [stdout] 
[INFO] [stdout] error: set `DATABASE_URL` to use query macros online, or run `cargo sqlx prepare` to update the query cache
[INFO] [stdout]   --> crates/db/src/models/trade_history.rs:78:9
[INFO] [stdout]    |
[INFO] [stdout] 78 | /         sqlx::query!(
[INFO] [stdout] 79 | |             r#"INSERT INTO trade_history
[INFO] [stdout] 80 | |                    (user_id, symbol, order_id, amount, buy_price, sell_price,
[INFO] [stdout] 81 | |                     profit, source, source_id, filled_at)
[INFO] [stdout] ...  |
[INFO] [stdout] 91 | |             new.source_id
[INFO] [stdout] 92 | |         )
[INFO] [stdout]    | |_________^
[INFO] [stdout]    |
[INFO] [stdout]    = note: this error originates in the macro `$crate::sqlx_macros::expand_query` which comes from the expansion of the macro `sqlx::query` (in Nightly builds, run with -Z macro-backtrace for more info)
[INFO] [stdout] 
[INFO] [stdout] 
[INFO] [stdout] error: set `DATABASE_URL` to use query macros online, or run `cargo sqlx prepare` to update the query cache
[INFO] [stdout]    --> crates/db/src/models/trade_history.rs:108:15
[INFO] [stdout]     |
[INFO] [stdout] 108 |       let row = sqlx::query!(
[INFO] [stdout]     |  _______________^
[INFO] [stdout] 109 | |         r#"SELECT COALESCE(SUM(profit), 0) AS "total_profit!", COUNT(*) AS "trade_count!"
[INFO] [stdout] 110 | |            FROM trade_history WHERE user_id = $1"#,
[INFO] [stdout] 111 | |         user_id
[INFO] [stdout] 112 | |     )
[INFO] [stdout]     | |_____^
[INFO] [stdout]     |
[INFO] [stdout]     = note: this error originates in the macro `$crate::sqlx_macros::expand_query` which comes from the expansion of the macro `sqlx::query` (in Nightly builds, run with -Z macro-backtrace for more info)
[INFO] [stdout] 
[INFO] [stdout] 
[INFO] [stdout] error: set `DATABASE_URL` to use query macros online, or run `cargo sqlx prepare` to update the query cache
[INFO] [stdout]    --> crates/db/src/models/user_grid.rs:98:5
[INFO] [stdout]     |
[INFO] [stdout]  98 | /     sqlx::query_as!(
[INFO] [stdout]  99 | |         UserGrid,
[INFO] [stdout] 100 | |         r#"SELECT id, user_id, order_id, amount, buy_price, sell_price,
[INFO] [stdout] 101 | |                   side, symbol, status, source, is_paused, version, created_at, updated_at
[INFO] [stdout] ...   |
[INFO] [stdout] 105 | |         symbol
[INFO] [stdout] 106 | |     )
[INFO] [stdout]     | |_____^
[INFO] [stdout]     |
[INFO] [stdout]     = note: this error originates in the macro `$crate::sqlx_macros::expand_query` which comes from the expansion of the macro `sqlx::query_as` (in Nightly builds, run with -Z macro-backtrace for more info)
[INFO] [stdout] 
[INFO] [stdout] 
[INFO] [stdout] error: set `DATABASE_URL` to use query macros online, or run `cargo sqlx prepare` to update the query cache
[INFO] [stdout]    --> crates/db/src/models/user_grid.rs:113:5
[INFO] [stdout]     |
[INFO] [stdout] 113 | /     sqlx::query_as!(
[INFO] [stdout] 114 | |         UserGrid,
[INFO] [stdout] 115 | |         r#"SELECT id, user_id, order_id, amount, buy_price, sell_price,
[INFO] [stdout] 116 | |                   side, symbol, status, source, is_paused, version, created_at, updated_at
[INFO] [stdout] ...   |
[INFO] [stdout] 119 | |         user_id
[INFO] [stdout] 120 | |     )
[INFO] [stdout]     | |_____^
[INFO] [stdout]     |
[INFO] [stdout]     = note: this error originates in the macro `$crate::sqlx_macros::expand_query` which comes from the expansion of the macro `sqlx::query_as` (in Nightly builds, run with -Z macro-backtrace for more info)
[INFO] [stdout] 
[INFO] [stdout] 
[INFO] [stdout] error: set `DATABASE_URL` to use query macros online, or run `cargo sqlx prepare` to update the query cache
[INFO] [stdout]    --> crates/db/src/models/user_grid.rs:126:5
[INFO] [stdout]     |
[INFO] [stdout] 126 | /     sqlx::query_as!(
[INFO] [stdout] 127 | |         UserGrid,
[INFO] [stdout] 128 | |         r#"SELECT id, user_id, order_id, amount, buy_price, sell_price,
[INFO] [stdout] 129 | |                   side, symbol, status, source, is_paused, version, created_at, updated_at
[INFO] [stdout] 130 | |            FROM user_grid WHERE id = $1"#,
[INFO] [stdout] 131 | |         id
[INFO] [stdout] 132 | |     )
[INFO] [stdout]     | |_____^
[INFO] [stdout]     |
[INFO] [stdout]     = note: this error originates in the macro `$crate::sqlx_macros::expand_query` which comes from the expansion of the macro `sqlx::query_as` (in Nightly builds, run with -Z macro-backtrace for more info)
[INFO] [stdout] 
[INFO] [stdout] 
[INFO] [stdout] error: set `DATABASE_URL` to use query macros online, or run `cargo sqlx prepare` to update the query cache
[INFO] [stdout]    --> crates/db/src/models/user_grid.rs:143:16
[INFO] [stdout]     |
[INFO] [stdout] 143 |       let rows = sqlx::query!(
[INFO] [stdout]     |  ________________^
[INFO] [stdout] 144 | |         "SELECT DISTINCT symbol FROM user_grid
[INFO] [stdout] 145 | |          WHERE status != 'deleted' AND is_paused = FALSE"
[INFO] [stdout] 146 | |     )
[INFO] [stdout]     | |_____^
[INFO] [stdout]     |
[INFO] [stdout]     = note: this error originates in the macro `$crate::sqlx_macros::expand_query` which comes from the expansion of the macro `sqlx::query` (in Nightly builds, run with -Z macro-backtrace for more info)
[INFO] [stdout] 
[INFO] [stdout] 
[INFO] [stdout] error: set `DATABASE_URL` to use query macros online, or run `cargo sqlx prepare` to update the query cache
[INFO] [stdout]    --> crates/db/src/models/trade_history.rs:127:5
[INFO] [stdout]     |
[INFO] [stdout] 127 | /     sqlx::query_as!(
[INFO] [stdout] 128 | |         TradeHistory,
[INFO] [stdout] 129 | |         r#"SELECT id, user_id, symbol, order_id, amount, buy_price, sell_price,
[INFO] [stdout] 130 | |                   profit, source, source_id, filled_at
[INFO] [stdout] ...   |
[INFO] [stdout] 135 | |         limit
[INFO] [stdout] 136 | |     )
[INFO] [stdout]     | |_____^
[INFO] [stdout]     |
[INFO] [stdout]     = note: this error originates in the macro `$crate::sqlx_macros::expand_query` which comes from the expansion of the macro `sqlx::query_as` (in Nightly builds, run with -Z macro-backtrace for more info)
[INFO] [stdout] 
[INFO] [stdout] 
[INFO] [stdout] error: set `DATABASE_URL` to use query macros online, or run `cargo sqlx prepare` to update the query cache
[INFO] [stdout]    --> crates/db/src/models/user_grid.rs:168:19
[INFO] [stdout]     |
[INFO] [stdout] 168 |           let row = sqlx::query!(
[INFO] [stdout]     |  ___________________^
[INFO] [stdout] 169 | |             r#"INSERT INTO user_grid (user_id, amount, buy_price, sell_price, side, symbol, status, source)
[INFO] [stdout] 170 | |                VALUES ($1, $2, $3, $4, $5, $6, 'new', $7)
[INFO] [stdout] 171 | |                RETURNING id"#,
[INFO] [stdout] ...   |
[INFO] [stdout] 178 | |             grid.source,
[INFO] [stdout] 179 | |         )
[INFO] [stdout]     | |_________^
[INFO] [stdout]     |
[INFO] [stdout]     = note: this error originates in the macro `$crate::sqlx_macros::expand_query` which comes from the expansion of the macro `sqlx::query` (in Nightly builds, run with -Z macro-backtrace for more info)
[INFO] [stdout] 
[INFO] [stdout] 
[INFO] [stdout] error: set `DATABASE_URL` to use query macros online, or run `cargo sqlx prepare` to update the query cache
[INFO] [stdout]    --> crates/db/src/models/user_grid.rs:198:17
[INFO] [stdout]     |
[INFO] [stdout] 198 | /                 sqlx::query!(
[INFO] [stdout] 199 | |                     "UPDATE user_grid SET status = 'deleted', order_id = NULL, version = version + 1,
[INFO] [stdout] 200 | |                                               updated_at = NOW()
[INFO] [stdout] 201 | |                      WHERE user_id = $1 AND symbol = $2 AND source = 'auto' AND status != 'deleted'",
[INFO] [stdout] 202 | |                     user_id,
[INFO] [stdout] 203 | |                     symbol
[INFO] [stdout] 204 | |                 )
[INFO] [stdout]     | |_________________^
[INFO] [stdout]     |
[INFO] [stdout]     = note: this error originates in the macro `$crate::sqlx_macros::expand_query` which comes from the expansion of the macro `sqlx::query` (in Nightly builds, run with -Z macro-backtrace for more info)
[INFO] [stdout] 
[INFO] [stdout] 
[INFO] [stdout] error: set `DATABASE_URL` to use query macros online, or run `cargo sqlx prepare` to update the query cache
[INFO] [stdout]    --> crates/db/src/models/user_grid.rs:209:17
[INFO] [stdout]     |
[INFO] [stdout] 209 | /                 sqlx::query!(
[INFO] [stdout] 210 | |                     "UPDATE user_grid SET status = 'deleted', order_id = NULL, version = version + 1,
[INFO] [stdout] 211 | |                                               updated_at = NOW()
[INFO] [stdout] 212 | |                      WHERE user_id = $1 AND symbol = $2 AND status != 'deleted' AND is_paused = FALSE",
[INFO] [stdout] 213 | |                     user_id,
[INFO] [stdout] 214 | |                     symbol
[INFO] [stdout] 215 | |                 )
[INFO] [stdout]     | |_________________^
[INFO] [stdout]     |
[INFO] [stdout]     = note: this error originates in the macro `$crate::sqlx_macros::expand_query` which comes from the expansion of the macro `sqlx::query` (in Nightly builds, run with -Z macro-backtrace for more info)
[INFO] [stdout] 
[INFO] [stdout] 
[INFO] [stdout] error: set `DATABASE_URL` to use query macros online, or run `cargo sqlx prepare` to update the query cache
[INFO] [stdout]    --> crates/db/src/models/user_grid.rs:220:17
[INFO] [stdout]     |
[INFO] [stdout] 220 | /                 sqlx::query!(
[INFO] [stdout] 221 | |                     "UPDATE user_grid SET status = 'deleted', order_id = NULL, version = version + 1,
[INFO] [stdout] 222 | |                                               updated_at = NOW()
[INFO] [stdout] 223 | |                      WHERE id = $1 AND status != 'deleted'",
[INFO] [stdout] 224 | |                     id
[INFO] [stdout] 225 | |                 )
[INFO] [stdout]     | |_________________^
[INFO] [stdout]     |
[INFO] [stdout]     = note: this error originates in the macro `$crate::sqlx_macros::expand_query` which comes from the expansion of the macro `sqlx::query` (in Nightly builds, run with -Z macro-backtrace for more info)
[INFO] [stdout] 
[INFO] [stdout] 
[INFO] [stdout] error: set `DATABASE_URL` to use query macros online, or run `cargo sqlx prepare` to update the query cache
[INFO] [stdout]   --> crates/db/src/models/user.rs:14:5
[INFO] [stdout]    |
[INFO] [stdout] 14 | /     sqlx::query_as!(
[INFO] [stdout] 15 | |         User,
[INFO] [stdout] 16 | |         "SELECT id, username, password, email, created_at FROM users WHERE username = $1",
[INFO] [stdout] 17 | |         username
[INFO] [stdout] 18 | |     )
[INFO] [stdout]    | |_____^
[INFO] [stdout]    |
[INFO] [stdout]    = note: this error originates in the macro `$crate::sqlx_macros::expand_query` which comes from the expansion of the macro `sqlx::query_as` (in Nightly builds, run with -Z macro-backtrace for more info)
[INFO] [stdout] 
[INFO] [stdout] 
[INFO] [stdout] error: set `DATABASE_URL` to use query macros online, or run `cargo sqlx prepare` to update the query cache
[INFO] [stdout]   --> crates/db/src/models/user.rs:25:15
[INFO] [stdout]    |
[INFO] [stdout] 25 |     let row = sqlx::query!(r#"SELECT COUNT(*) AS "n!" FROM users"#)
[INFO] [stdout]    |               ^^^^^^^^^^^^^^^^^^^^^^^^^^^^^^^^^^^^^^^^^^^^^^^^^^^^^
[INFO] [stdout]    |
[INFO] [stdout]    = note: this error originates in the macro `$crate::sqlx_macros::expand_query` which comes from the expansion of the macro `sqlx::query` (in Nightly builds, run with -Z macro-backtrace for more info)
[INFO] [stdout] 
[INFO] [stdout] 
[INFO] [stdout] error: set `DATABASE_URL` to use query macros online, or run `cargo sqlx prepare` to update the query cache
[INFO] [stdout]   --> crates/db/src/models/user.rs:37:15
[INFO] [stdout]    |
[INFO] [stdout] 37 |       let row = sqlx::query!(
[INFO] [stdout]    |  _______________^
[INFO] [stdout] 38 | |         "INSERT INTO users (username, password, email) VALUES ($1, $2, $3) RETURNING id",
[INFO] [stdout] 39 | |         username,
[INFO] [stdout] 40 | |         password_hash,
[INFO] [stdout] 41 | |         email
[INFO] [stdout] 42 | |     )
[INFO] [stdout]    | |_____^
[INFO] [stdout]    |
[INFO] [stdout]    = note: this error originates in the macro `$crate::sqlx_macros::expand_query` which comes from the expansion of the macro `sqlx::query` (in Nightly builds, run with -Z macro-backtrace for more info)
[INFO] [stdout] 
[INFO] [stdout] 
[INFO] [stdout] error: set `DATABASE_URL` to use query macros online, or run `cargo sqlx prepare` to update the query cache
[INFO] [stdout]   --> crates/db/src/models/user.rs:66:15
[INFO] [stdout]    |
[INFO] [stdout] 66 |     let row = sqlx::query!(r#"SELECT COUNT(*) AS "n!" FROM users"#)
[INFO] [stdout]    |               ^^^^^^^^^^^^^^^^^^^^^^^^^^^^^^^^^^^^^^^^^^^^^^^^^^^^^
[INFO] [stdout]    |
[INFO] [stdout]    = note: this error originates in the macro `$crate::sqlx_macros::expand_query` which comes from the expansion of the macro `sqlx::query` (in Nightly builds, run with -Z macro-backtrace for more info)
[INFO] [stdout] 
[INFO] [stdout] 
[INFO] [stdout] error: set `DATABASE_URL` to use query macros online, or run `cargo sqlx prepare` to update the query cache
[INFO] [stdout]   --> crates/db/src/models/user.rs:74:15
[INFO] [stdout]    |
[INFO] [stdout] 74 |       let row = sqlx::query!(
[INFO] [stdout]    |  _______________^
[INFO] [stdout] 75 | |         "INSERT INTO users (username, password, email) VALUES ($1, $2, $3) RETURNING id",
[INFO] [stdout] 76 | |         username,
[INFO] [stdout] 77 | |         password_hash,
[INFO] [stdout] 78 | |         email
[INFO] [stdout] 79 | |     )
[INFO] [stdout]    | |_____^
[INFO] [stdout]    |
[INFO] [stdout]    = note: this error originates in the macro `$crate::sqlx_macros::expand_query` which comes from the expansion of the macro `sqlx::query` (in Nightly builds, run with -Z macro-backtrace for more info)
[INFO] [stdout] 
[INFO] [stdout] 
[INFO] [stdout] error: set `DATABASE_URL` to use query macros online, or run `cargo sqlx prepare` to update the query cache
[INFO] [stdout]    --> crates/db/src/models/user_grid.rs:268:18
[INFO] [stdout]     |
[INFO] [stdout] 268 |       let result = sqlx::query!(
[INFO] [stdout]     |  __________________^
[INFO] [stdout] 269 | |         r#"UPDATE user_grid
[INFO] [stdout] 270 | |            SET status = 'open', order_id = $1, version = version + 1, updated_at = NOW()
[INFO] [stdout] 271 | |            WHERE id = $2 AND version = $3 AND status = 'new'"#,
[INFO] [stdout] ...   |
[INFO] [stdout] 274 | |         version
[INFO] [stdout] 275 | |     )
[INFO] [stdout]     | |_____^
[INFO] [stdout]     |
[INFO] [stdout]     = note: this error originates in the macro `$crate::sqlx_macros::expand_query` which comes from the expansion of the macro `sqlx::query` (in Nightly builds, run with -Z macro-backtrace for more info)
[INFO] [stdout] 
[INFO] [stdout] 
[INFO] [stdout] error: set `DATABASE_URL` to use query macros online, or run `cargo sqlx prepare` to update the query cache
[INFO] [stdout]    --> crates/db/src/models/user_grid.rs:291:18
[INFO] [stdout]     |
[INFO] [stdout] 291 |       let result = sqlx::query!(
[INFO] [stdout]     |  __________________^
[INFO] [stdout] 292 | |         r#"UPDATE user_grid
[INFO] [stdout] 293 | |            SET status = 'new', order_id = NULL, version = version + 1, updated_at = NOW()
[INFO] [stdout] 294 | |            WHERE id = $1 AND version = $2 AND status = 'open'"#,
[INFO] [stdout] 295 | |         id,
[INFO] [stdout] 296 | |         version
[INFO] [stdout] 297 | |     )
[INFO] [stdout]     | |_____^
[INFO] [stdout]     |
[INFO] [stdout]     = note: this error originates in the macro `$crate::sqlx_macros::expand_query` which comes from the expansion of the macro `sqlx::query` (in Nightly builds, run with -Z macro-backtrace for more info)
[INFO] [stdout] 
[INFO] [stdout] 
[INFO] [stdout] error: set `DATABASE_URL` to use query macros online, or run `cargo sqlx prepare` to update the query cache
[INFO] [stdout]    --> crates/db/src/models/user_grid.rs:314:18
[INFO] [stdout]     |
[INFO] [stdout] 314 |       let result = sqlx::query!(
[INFO] [stdout]     |  __________________^
[INFO] [stdout] 315 | |         "UPDATE user_grid SET amount = $1, buy_price = $2, sell_price = $3, \
[INFO] [stdout] 316 | |          side = $4, status = 'new', order_id = NULL, version = version + 1, updated_at = NOW() \
[INFO] [stdout] 317 | |          WHERE id = $5 AND user_id = $6 AND status != 'deleted'",
[INFO] [stdout] ...   |
[INFO] [stdout] 323 | |         user_id
[INFO] [stdout] 324 | |     )
[INFO] [stdout]     | |_____^
[INFO] [stdout]     |
[INFO] [stdout]     = note: this error originates in the macro `$crate::sqlx_macros::expand_query` which comes from the expansion of the macro `sqlx::query` (in Nightly builds, run with -Z macro-backtrace for more info)
[INFO] [stdout] 
[INFO] [stdout] 
[INFO] [stdout] error: set `DATABASE_URL` to use query macros online, or run `cargo sqlx prepare` to update the query cache
[INFO] [stdout]    --> crates/db/src/models/user_grid.rs:344:18
[INFO] [stdout]     |
[INFO] [stdout] 344 |       let result = sqlx::query!(
[INFO] [stdout]     |  __________________^
[INFO] [stdout] 345 | |         r#"UPDATE user_grid
[INFO] [stdout] 346 | |            SET side = $1, amount = $2, status = 'new', order_id = NULL,
[INFO] [stdout] 347 | |                version = version + 1, updated_at = NOW()
[INFO] [stdout] ...   |
[INFO] [stdout] 352 | |         version
[INFO] [stdout] 353 | |     )
[INFO] [stdout]     | |_____^
[INFO] [stdout]     |
[INFO] [stdout]     = note: this error originates in the macro `$crate::sqlx_macros::expand_query` which comes from the expansion of the macro `sqlx::query` (in Nightly builds, run with -Z macro-backtrace for more info)
[INFO] [stdout] 
[INFO] [stdout] 
[INFO] [stdout] error: set `DATABASE_URL` to use query macros online, or run `cargo sqlx prepare` to update the query cache
[INFO] [stdout]    --> crates/db/src/models/user_grid.rs:381:15
[INFO] [stdout]     |
[INFO] [stdout] 381 |       let row = sqlx::query!(
[INFO] [stdout]     |  _______________^
[INFO] [stdout] 382 | |         r#"SELECT COUNT(DISTINCT user_id) AS "n!" FROM user_grid WHERE status != 'deleted'"#
[INFO] [stdout] 383 | |     )
[INFO] [stdout]     | |_____^
[INFO] [stdout]     |
[INFO] [stdout]     = note: this error originates in the macro `$crate::sqlx_macros::expand_query` which comes from the expansion of the macro `sqlx::query` (in Nightly builds, run with -Z macro-backtrace for more info)
[INFO] [stdout] 
[INFO] [stdout] 
[INFO] [stdout] error: set `DATABASE_URL` to use query macros online, or run `cargo sqlx prepare` to update the query cache
[INFO] [stdout]    --> crates/db/src/models/user_grid.rs:424:18
[INFO] [stdout]     |
[INFO] [stdout] 424 |       let result = sqlx::query!(
[INFO] [stdout]     |  __________________^
[INFO] [stdout] 425 | |         "UPDATE user_grid SET status = 'deleted', order_id = NULL, version = version + 1,
[INFO] [stdout] 426 | |                               updated_at = NOW()
[INFO] [stdout] 427 | |          WHERE id = $1 AND status != 'deleted'",
[INFO] [stdout] 428 | |         id
[INFO] [stdout] 429 | |     )
[INFO] [stdout]     | |_____^
[INFO] [stdout]     |
[INFO] [stdout]     = note: this error originates in the macro `$crate::sqlx_macros::expand_query` which comes from the expansion of the macro `sqlx::query` (in Nightly builds, run with -Z macro-backtrace for more info)
[INFO] [stdout] 
[INFO] [stdout] 
[INFO] [stdout] error: set `DATABASE_URL` to use query macros online, or run `cargo sqlx prepare` to update the query cache
[INFO] [stdout]    --> crates/db/src/models/user_grid.rs:445:18
[INFO] [stdout]     |
[INFO] [stdout] 445 |       let result = sqlx::query!(
[INFO] [stdout]     |  __________________^
[INFO] [stdout] 446 | |         r#"UPDATE user_grid
[INFO] [stdout] 447 | |            SET is_paused = TRUE, version = version + 1, updated_at = NOW()
[INFO] [stdout] 448 | |            WHERE user_id = $1 AND symbol = $2 AND status != 'deleted'"#,
[INFO] [stdout] 449 | |         user_id,
[INFO] [stdout] 450 | |         symbol,
[INFO] [stdout] 451 | |     )
[INFO] [stdout]     | |_____^
[INFO] [stdout]     |
[INFO] [stdout]     = note: this error originates in the macro `$crate::sqlx_macros::expand_query` which comes from the expansion of the macro `sqlx::query` (in Nightly builds, run with -Z macro-backtrace for more info)
[INFO] [stdout] 
[INFO] [stdout] 
[INFO] [stdout] error: set `DATABASE_URL` to use query macros online, or run `cargo sqlx prepare` to update the query cache
[INFO] [stdout]    --> crates/db/src/models/user_grid.rs:463:18
[INFO] [stdout]     |
[INFO] [stdout] 463 |       let result = sqlx::query!(
[INFO] [stdout]     |  __________________^
[INFO] [stdout] 464 | |         r#"UPDATE user_grid
[INFO] [stdout] 465 | |            SET is_paused = TRUE,
[INFO] [stdout] 466 | |                status = CASE WHEN status = 'open' THEN 'new' ELSE status END,
[INFO] [stdout] ...   |
[INFO] [stdout] 472 | |         symbol,
[INFO] [stdout] 473 | |     )
[INFO] [stdout]     | |_____^
[INFO] [stdout]     |
[INFO] [stdout]     = note: this error originates in the macro `$crate::sqlx_macros::expand_query` which comes from the expansion of the macro `sqlx::query` (in Nightly builds, run with -Z macro-backtrace for more info)
[INFO] [stdout] 
[INFO] [stdout] 
[INFO] [stdout] error: set `DATABASE_URL` to use query macros online, or run `cargo sqlx prepare` to update the query cache
[INFO] [stdout]    --> crates/db/src/models/user_grid.rs:481:5
[INFO] [stdout]     |
[INFO] [stdout] 481 | /     sqlx::query!(
[INFO] [stdout] 482 | |         r#"UPDATE user_grid
[INFO] [stdout] 483 | |            SET is_paused = TRUE,
[INFO] [stdout] 484 | |                status = CASE WHEN status = 'open' THEN 'new' ELSE status END,
[INFO] [stdout] ...   |
[INFO] [stdout] 489 | |         id
[INFO] [stdout] 490 | |     )
[INFO] [stdout]     | |_____^
[INFO] [stdout]     |
[INFO] [stdout]     = note: this error originates in the macro `$crate::sqlx_macros::expand_query` which comes from the expansion of the macro `sqlx::query` (in Nightly builds, run with -Z macro-backtrace for more info)
[INFO] [stdout] 
[INFO] [stdout] 
[INFO] [stdout] error: set `DATABASE_URL` to use query macros online, or run `cargo sqlx prepare` to update the query cache
[INFO] [stdout]    --> crates/db/src/models/user_grid.rs:498:5
[INFO] [stdout]     |
[INFO] [stdout] 498 | /     sqlx::query!(
[INFO] [stdout] 499 | |         "UPDATE user_grid SET is_paused = FALSE, version = version + 1, updated_at = NOW()
[INFO] [stdout] 500 | |          WHERE id = $1 AND status != 'deleted'",
[INFO] [stdout] 501 | |         id
[INFO] [stdout] 502 | |     )
[INFO] [stdout]     | |_____^
[INFO] [stdout]     |
[INFO] [stdout]     = note: this error originates in the macro `$crate::sqlx_macros::expand_query` which comes from the expansion of the macro `sqlx::query` (in Nightly builds, run with -Z macro-backtrace for more info)
[INFO] [stdout] 
[INFO] [stdout] 
[INFO] [stdout] error: set `DATABASE_URL` to use query macros online, or run `cargo sqlx prepare` to update the query cache
[INFO] [stdout]    --> crates/db/src/models/user_grid.rs:512:18
[INFO] [stdout]     |
[INFO] [stdout] 512 |       let result = sqlx::query!(
[INFO] [stdout]     |  __________________^
[INFO] [stdout] 513 | |         r#"UPDATE user_grid
[INFO] [stdout] 514 | |            SET is_paused = FALSE, version = version + 1, updated_at = NOW()
[INFO] [stdout] 515 | |            WHERE user_id = $1 AND symbol = $2 AND is_paused = TRUE AND status != 'deleted'"#,
[INFO] [stdout] 516 | |         user_id,
[INFO] [stdout] 517 | |         symbol,
[INFO] [stdout] 518 | |     )
[INFO] [stdout]     | |_____^
[INFO] [stdout]     |
[INFO] [stdout]     = note: this error originates in the macro `$crate::sqlx_macros::expand_query` which comes from the expansion of the macro `sqlx::query` (in Nightly builds, run with -Z macro-backtrace for more info)
[INFO] [stdout] 
[INFO] [stdout] 
[INFO] [stdout] error: set `DATABASE_URL` to use query macros online, or run `cargo sqlx prepare` to update the query cache
[INFO] [stdout]    --> crates/db/src/models/user_grid.rs:98:5
[INFO] [stdout]     |
[INFO] [stdout]  98 | /     sqlx::query_as!(
[INFO] [stdout]  99 | |         UserGrid,
[INFO] [stdout] 100 | |         r#"SELECT id, user_id, order_id, amount, buy_price, sell_price,
[INFO] [stdout] 101 | |                   side, symbol, status, source, is_paused, version, created_at, updated_at
[INFO] [stdout] ...   |
[INFO] [stdout] 105 | |         symbol
[INFO] [stdout] 106 | |     )
[INFO] [stdout]     | |_____^
[INFO] [stdout]     |
[INFO] [stdout]     = note: this error originates in the macro `$crate::sqlx_macros::expand_query` which comes from the expansion of the macro `sqlx::query_as` (in Nightly builds, run with -Z macro-backtrace for more info)
[INFO] [stdout] 
[INFO] [stdout] 
[INFO] [stdout] error: set `DATABASE_URL` to use query macros online, or run `cargo sqlx prepare` to update the query cache
[INFO] [stdout]    --> crates/db/src/models/user_grid.rs:113:5
[INFO] [stdout]     |
[INFO] [stdout] 113 | /     sqlx::query_as!(
[INFO] [stdout] 114 | |         UserGrid,
[INFO] [stdout] 115 | |         r#"SELECT id, user_id, order_id, amount, buy_price, sell_price,
[INFO] [stdout] 116 | |                   side, symbol, status, source, is_paused, version, created_at, updated_at
[INFO] [stdout] ...   |
[INFO] [stdout] 119 | |         user_id
[INFO] [stdout] 120 | |     )
[INFO] [stdout]     | |_____^
[INFO] [stdout]     |
[INFO] [stdout]     = note: this error originates in the macro `$crate::sqlx_macros::expand_query` which comes from the expansion of the macro `sqlx::query_as` (in Nightly builds, run with -Z macro-backtrace for more info)
[INFO] [stdout] 
[INFO] [stdout] 
[INFO] [stdout] error: set `DATABASE_URL` to use query macros online, or run `cargo sqlx prepare` to update the query cache
[INFO] [stdout]    --> crates/db/src/models/user_grid.rs:126:5
[INFO] [stdout]     |
[INFO] [stdout] 126 | /     sqlx::query_as!(
[INFO] [stdout] 127 | |         UserGrid,
[INFO] [stdout] 128 | |         r#"SELECT id, user_id, order_id, amount, buy_price, sell_price,
[INFO] [stdout] 129 | |                   side, symbol, status, source, is_paused, version, created_at, updated_at
[INFO] [stdout] 130 | |            FROM user_grid WHERE id = $1"#,
[INFO] [stdout] 131 | |         id
[INFO] [stdout] 132 | |     )
[INFO] [stdout]     | |_____^
[INFO] [stdout]     |
[INFO] [stdout]     = note: this error originates in the macro `$crate::sqlx_macros::expand_query` which comes from the expansion of the macro `sqlx::query_as` (in Nightly builds, run with -Z macro-backtrace for more info)
[INFO] [stdout] 
[INFO] [stdout] 
[INFO] [stdout] error: set `DATABASE_URL` to use query macros online, or run `cargo sqlx prepare` to update the query cache
[INFO] [stdout]    --> crates/db/src/models/user_grid.rs:143:16
[INFO] [stdout]     |
[INFO] [stdout] 143 |       let rows = sqlx::query!(
[INFO] [stdout]     |  ________________^
[INFO] [stdout] 144 | |         "SELECT DISTINCT symbol FROM user_grid
[INFO] [stdout] 145 | |          WHERE status != 'deleted' AND is_paused = FALSE"
[INFO] [stdout] 146 | |     )
[INFO] [stdout]     | |_____^
[INFO] [stdout]     |
[INFO] [stdout]     = note: this error originates in the macro `$crate::sqlx_macros::expand_query` which comes from the expansion of the macro `sqlx::query` (in Nightly builds, run with -Z macro-backtrace for more info)
[INFO] [stdout] 
[INFO] [stdout] 
[INFO] [stdout] error: set `DATABASE_URL` to use query macros online, or run `cargo sqlx prepare` to update the query cache
[INFO] [stdout]    --> crates/db/src/models/user_grid.rs:168:19
[INFO] [stdout]     |
[INFO] [stdout] 168 |           let row = sqlx::query!(
[INFO] [stdout]     |  ___________________^
[INFO] [stdout] 169 | |             r#"INSERT INTO user_grid (user_id, amount, buy_price, sell_price, side, symbol, status, source)
[INFO] [stdout] 170 | |                VALUES ($1, $2, $3, $4, $5, $6, 'new', $7)
[INFO] [stdout] 171 | |                RETURNING id"#,
[INFO] [stdout] ...   |
[INFO] [stdout] 178 | |             grid.source,
[INFO] [stdout] 179 | |         )
[INFO] [stdout]     | |_________^
[INFO] [stdout]     |
[INFO] [stdout]     = note: this error originates in the macro `$crate::sqlx_macros::expand_query` which comes from the expansion of the macro `sqlx::query` (in Nightly builds, run with -Z macro-backtrace for more info)
[INFO] [stdout] 
[INFO] [stdout] 
[INFO] [stdout] error: set `DATABASE_URL` to use query macros online, or run `cargo sqlx prepare` to update the query cache
[INFO] [stdout]    --> crates/db/src/models/user_grid.rs:198:17
[INFO] [stdout]     |
[INFO] [stdout] 198 | /                 sqlx::query!(
[INFO] [stdout] 199 | |                     "UPDATE user_grid SET status = 'deleted', order_id = NULL, version = version + 1,
[INFO] [stdout] 200 | |                                               updated_at = NOW()
[INFO] [stdout] 201 | |                      WHERE user_id = $1 AND symbol = $2 AND source = 'auto' AND status != 'deleted'",
[INFO] [stdout] 202 | |                     user_id,
[INFO] [stdout] 203 | |                     symbol
[INFO] [stdout] 204 | |                 )
[INFO] [stdout]     | |_________________^
[INFO] [stdout]     |
[INFO] [stdout]     = note: this error originates in the macro `$crate::sqlx_macros::expand_query` which comes from the expansion of the macro `sqlx::query` (in Nightly builds, run with -Z macro-backtrace for more info)
[INFO] [stdout] 
[INFO] [stdout] 
[INFO] [stdout] error: set `DATABASE_URL` to use query macros online, or run `cargo sqlx prepare` to update the query cache
[INFO] [stdout]    --> crates/db/src/models/user_grid.rs:209:17
[INFO] [stdout]     |
[INFO] [stdout] 209 | /                 sqlx::query!(
[INFO] [stdout] 210 | |                     "UPDATE user_grid SET status = 'deleted', order_id = NULL, version = version + 1,
[INFO] [stdout] 211 | |                                               updated_at = NOW()
[INFO] [stdout] 212 | |                      WHERE user_id = $1 AND symbol = $2 AND status != 'deleted' AND is_paused = FALSE",
[INFO] [stdout] 213 | |                     user_id,
[INFO] [stdout] 214 | |                     symbol
[INFO] [stdout] 215 | |                 )
[INFO] [stdout]     | |_________________^
[INFO] [stdout]     |
[INFO] [stdout]     = note: this error originates in the macro `$crate::sqlx_macros::expand_query` which comes from the expansion of the macro `sqlx::query` (in Nightly builds, run with -Z macro-backtrace for more info)
[INFO] [stdout] 
[INFO] [stdout] 
[INFO] [stdout] error: set `DATABASE_URL` to use query macros online, or run `cargo sqlx prepare` to update the query cache
[INFO] [stdout]    --> crates/db/src/models/user_grid.rs:220:17
[INFO] [stdout]     |
[INFO] [stdout] 220 | /                 sqlx::query!(
[INFO] [stdout] 221 | |                     "UPDATE user_grid SET status = 'deleted', order_id = NULL, version = version + 1,
[INFO] [stdout] 222 | |                                               updated_at = NOW()
[INFO] [stdout] 223 | |                      WHERE id = $1 AND status != 'deleted'",
[INFO] [stdout] 224 | |                     id
[INFO] [stdout] 225 | |                 )
[INFO] [stdout]     | |_________________^
[INFO] [stdout]     |
[INFO] [stdout]     = note: this error originates in the macro `$crate::sqlx_macros::expand_query` which comes from the expansion of the macro `sqlx::query` (in Nightly builds, run with -Z macro-backtrace for more info)
[INFO] [stdout] 
[INFO] [stdout] 
[INFO] [stdout] error: set `DATABASE_URL` to use query macros online, or run `cargo sqlx prepare` to update the query cache
[INFO] [stdout]    --> crates/db/src/models/user_grid.rs:268:18
[INFO] [stdout]     |
[INFO] [stdout] 268 |       let result = sqlx::query!(
[INFO] [stdout]     |  __________________^
[INFO] [stdout] 269 | |         r#"UPDATE user_grid
[INFO] [stdout] 270 | |            SET status = 'open', order_id = $1, version = version + 1, updated_at = NOW()
[INFO] [stdout] 271 | |            WHERE id = $2 AND version = $3 AND status = 'new'"#,
[INFO] [stdout] ...   |
[INFO] [stdout] 274 | |         version
[INFO] [stdout] 275 | |     )
[INFO] [stdout]     | |_____^
[INFO] [stdout]     |
[INFO] [stdout]     = note: this error originates in the macro `$crate::sqlx_macros::expand_query` which comes from the expansion of the macro `sqlx::query` (in Nightly builds, run with -Z macro-backtrace for more info)
[INFO] [stdout] 
[INFO] [stdout] 
[INFO] [stdout] error: set `DATABASE_URL` to use query macros online, or run `cargo sqlx prepare` to update the query cache
[INFO] [stdout]    --> crates/db/src/models/user_grid.rs:291:18
[INFO] [stdout]     |
[INFO] [stdout] 291 |       let result = sqlx::query!(
[INFO] [stdout]     |  __________________^
[INFO] [stdout] 292 | |         r#"UPDATE user_grid
[INFO] [stdout] 293 | |            SET status = 'new', order_id = NULL, version = version + 1, updated_at = NOW()
[INFO] [stdout] 294 | |            WHERE id = $1 AND version = $2 AND status = 'open'"#,
[INFO] [stdout] 295 | |         id,
[INFO] [stdout] 296 | |         version
[INFO] [stdout] 297 | |     )
[INFO] [stdout]     | |_____^
[INFO] [stdout]     |
[INFO] [stdout]     = note: this error originates in the macro `$crate::sqlx_macros::expand_query` which comes from the expansion of the macro `sqlx::query` (in Nightly builds, run with -Z macro-backtrace for more info)
[INFO] [stdout] 
[INFO] [stdout] 
[INFO] [stdout] error: set `DATABASE_URL` to use query macros online, or run `cargo sqlx prepare` to update the query cache
[INFO] [stdout]    --> crates/db/src/models/user_grid.rs:314:18
[INFO] [stdout]     |
[INFO] [stdout] 314 |       let result = sqlx::query!(
[INFO] [stdout]     |  __________________^
[INFO] [stdout] 315 | |         "UPDATE user_grid SET amount = $1, buy_price = $2, sell_price = $3, \
[INFO] [stdout] 316 | |          side = $4, status = 'new', order_id = NULL, version = version + 1, updated_at = NOW() \
[INFO] [stdout] 317 | |          WHERE id = $5 AND user_id = $6 AND status != 'deleted'",
[INFO] [stdout] ...   |
[INFO] [stdout] 323 | |         user_id
[INFO] [stdout] 324 | |     )
[INFO] [stdout]     | |_____^
[INFO] [stdout]     |
[INFO] [stdout]     = note: this error originates in the macro `$crate::sqlx_macros::expand_query` which comes from the expansion of the macro `sqlx::query` (in Nightly builds, run with -Z macro-backtrace for more info)
[INFO] [stdout] 
[INFO] [stdout] 
[INFO] [stdout] error: set `DATABASE_URL` to use query macros online, or run `cargo sqlx prepare` to update the query cache
[INFO] [stdout]    --> crates/db/src/models/user_grid.rs:344:18
[INFO] [stdout]     |
[INFO] [stdout] 344 |       let result = sqlx::query!(
[INFO] [stdout]     |  __________________^
[INFO] [stdout] 345 | |         r#"UPDATE user_grid
[INFO] [stdout] 346 | |            SET side = $1, amount = $2, status = 'new', order_id = NULL,
[INFO] [stdout] 347 | |                version = version + 1, updated_at = NOW()
[INFO] [stdout] ...   |
[INFO] [stdout] 352 | |         version
[INFO] [stdout] 353 | |     )
[INFO] [stdout]     | |_____^
[INFO] [stdout]     |
[INFO] [stdout]     = note: this error originates in the macro `$crate::sqlx_macros::expand_query` which comes from the expansion of the macro `sqlx::query` (in Nightly builds, run with -Z macro-backtrace for more info)
[INFO] [stdout] 
[INFO] [stdout] 
[INFO] [stdout] error: set `DATABASE_URL` to use query macros online, or run `cargo sqlx prepare` to update the query cache
[INFO] [stdout]    --> crates/db/src/models/user_grid.rs:381:15
[INFO] [stdout]     |
[INFO] [stdout] 381 |       let row = sqlx::query!(
[INFO] [stdout]     |  _______________^
[INFO] [stdout] 382 | |         r#"SELECT COUNT(DISTINCT user_id) AS "n!" FROM user_grid WHERE status != 'deleted'"#
[INFO] [stdout] 383 | |     )
[INFO] [stdout]     | |_____^
[INFO] [stdout]     |
[INFO] [stdout]     = note: this error originates in the macro `$crate::sqlx_macros::expand_query` which comes from the expansion of the macro `sqlx::query` (in Nightly builds, run with -Z macro-backtrace for more info)
[INFO] [stdout] 
[INFO] [stdout] 
[INFO] [stdout] error: set `DATABASE_URL` to use query macros online, or run `cargo sqlx prepare` to update the query cache
[INFO] [stdout]    --> crates/db/src/models/user_grid.rs:424:18
[INFO] [stdout]     |
[INFO] [stdout] 424 |       let result = sqlx::query!(
[INFO] [stdout]     |  __________________^
[INFO] [stdout] 425 | |         "UPDATE user_grid SET status = 'deleted', order_id = NULL, version = version + 1,
[INFO] [stdout] 426 | |                               updated_at = NOW()
[INFO] [stdout] 427 | |          WHERE id = $1 AND status != 'deleted'",
[INFO] [stdout] 428 | |         id
[INFO] [stdout] 429 | |     )
[INFO] [stdout]     | |_____^
[INFO] [stdout]     |
[INFO] [stdout]     = note: this error originates in the macro `$crate::sqlx_macros::expand_query` which comes from the expansion of the macro `sqlx::query` (in Nightly builds, run with -Z macro-backtrace for more info)
[INFO] [stdout] 
[INFO] [stdout] 
[INFO] [stdout] error: set `DATABASE_URL` to use query macros online, or run `cargo sqlx prepare` to update the query cache
[INFO] [stdout]    --> crates/db/src/models/user_grid.rs:445:18
[INFO] [stdout]     |
[INFO] [stdout] 445 |       let result = sqlx::query!(
[INFO] [stdout]     |  __________________^
[INFO] [stdout] 446 | |         r#"UPDATE user_grid
[INFO] [stdout] 447 | |            SET is_paused = TRUE, version = version + 1, updated_at = NOW()
[INFO] [stdout] 448 | |            WHERE user_id = $1 AND symbol = $2 AND status != 'deleted'"#,
[INFO] [stdout] 449 | |         user_id,
[INFO] [stdout] 450 | |         symbol,
[INFO] [stdout] 451 | |     )
[INFO] [stdout]     | |_____^
[INFO] [stdout]     |
[INFO] [stdout]     = note: this error originates in the macro `$crate::sqlx_macros::expand_query` which comes from the expansion of the macro `sqlx::query` (in Nightly builds, run with -Z macro-backtrace for more info)
[INFO] [stdout] 
[INFO] [stdout] 
[INFO] [stdout] error: set `DATABASE_URL` to use query macros online, or run `cargo sqlx prepare` to update the query cache
[INFO] [stdout]    --> crates/db/src/models/user_grid.rs:463:18
[INFO] [stdout]     |
[INFO] [stdout] 463 |       let result = sqlx::query!(
[INFO] [stdout]     |  __________________^
[INFO] [stdout] 464 | |         r#"UPDATE user_grid
[INFO] [stdout] 465 | |            SET is_paused = TRUE,
[INFO] [stdout] 466 | |                status = CASE WHEN status = 'open' THEN 'new' ELSE status END,
[INFO] [stdout] ...   |
[INFO] [stdout] 472 | |         symbol,
[INFO] [stdout] 473 | |     )
[INFO] [stdout]     | |_____^
[INFO] [stdout]     |
[INFO] [stdout]     = note: this error originates in the macro `$crate::sqlx_macros::expand_query` which comes from the expansion of the macro `sqlx::query` (in Nightly builds, run with -Z macro-backtrace for more info)
[INFO] [stdout] 
[INFO] [stdout] 
[INFO] [stdout] error: set `DATABASE_URL` to use query macros online, or run `cargo sqlx prepare` to update the query cache
[INFO] [stdout]    --> crates/db/src/models/user_grid.rs:481:5
[INFO] [stdout]     |
[INFO] [stdout] 481 | /     sqlx::query!(
[INFO] [stdout] 482 | |         r#"UPDATE user_grid
[INFO] [stdout] 483 | |            SET is_paused = TRUE,
[INFO] [stdout] 484 | |                status = CASE WHEN status = 'open' THEN 'new' ELSE status END,
[INFO] [stdout] ...   |
[INFO] [stdout] 489 | |         id
[INFO] [stdout] 490 | |     )
[INFO] [stdout]     | |_____^
[INFO] [stdout]     |
[INFO] [stdout]     = note: this error originates in the macro `$crate::sqlx_macros::expand_query` which comes from the expansion of the macro `sqlx::query` (in Nightly builds, run with -Z macro-backtrace for more info)
[INFO] [stdout] 
[INFO] [stdout] 
[INFO] [stdout] error: set `DATABASE_URL` to use query macros online, or run `cargo sqlx prepare` to update the query cache
[INFO] [stdout]    --> crates/db/src/models/user_grid.rs:498:5
[INFO] [stdout]     |
[INFO] [stdout] 498 | /     sqlx::query!(
[INFO] [stdout] 499 | |         "UPDATE user_grid SET is_paused = FALSE, version = version + 1, updated_at = NOW()
[INFO] [stdout] 500 | |          WHERE id = $1 AND status != 'deleted'",
[INFO] [stdout] 501 | |         id
[INFO] [stdout] 502 | |     )
[INFO] [stdout]     | |_____^
[INFO] [stdout]     |
[INFO] [stdout]     = note: this error originates in the macro `$crate::sqlx_macros::expand_query` which comes from the expansion of the macro `sqlx::query` (in Nightly builds, run with -Z macro-backtrace for more info)
[INFO] [stdout] 
[INFO] [stdout] 
[INFO] [stdout] error: set `DATABASE_URL` to use query macros online, or run `cargo sqlx prepare` to update the query cache
[INFO] [stdout]    --> crates/db/src/models/user_grid.rs:512:18
[INFO] [stdout]     |
[INFO] [stdout] 512 |       let result = sqlx::query!(
[INFO] [stdout]     |  __________________^
[INFO] [stdout] 513 | |         r#"UPDATE user_grid
[INFO] [stdout] 514 | |            SET is_paused = FALSE, version = version + 1, updated_at = NOW()
[INFO] [stdout] 515 | |            WHERE user_id = $1 AND symbol = $2 AND is_paused = TRUE AND status != 'deleted'"#,
[INFO] [stdout] 516 | |         user_id,
[INFO] [stdout] 517 | |         symbol,
[INFO] [stdout] 518 | |     )
[INFO] [stdout]     | |_____^
[INFO] [stdout]     |
[INFO] [stdout]     = note: this error originates in the macro `$crate::sqlx_macros::expand_query` which comes from the expansion of the macro `sqlx::query` (in Nightly builds, run with -Z macro-backtrace for more info)
[INFO] [stdout] 
[INFO] [stdout] 
[INFO] [stdout] warning: method call on a diverging inference variable
[INFO] [stdout]   --> crates/db/src/models/trade_history.rs:71:15
[INFO] [stdout]    |
[INFO] [stdout] 71 |     if result.rows_affected() != 1 {
[INFO] [stdout]    |               ^^^^^^^^^^^^^
[INFO] [stdout]    |
[INFO] [stdout]    = help: consider providing a type annotation
[INFO] [stdout]    = warning: this was previously accepted by the compiler but is being phased out; it will become a hard error in a future release!
[INFO] [stdout]    = note: for more information, see issue #156047 <https://github.com/rust-lang/rust/issues/156047>
[INFO] [stdout]    = note: `#[warn(method_call_on_diverging_infer_var)]` (part of `#[warn(future_incompatible)]`) on by default
[INFO] [stdout] 
[INFO] [stdout] 
[INFO] [stdout] warning: method call on a diverging inference variable
[INFO] [stdout]   --> crates/db/src/models/trade_history.rs:71:15
[INFO] [stdout]    |
[INFO] [stdout] 71 |     if result.rows_affected() != 1 {
[INFO] [stdout]    |               ^^^^^^^^^^^^^
[INFO] [stdout]    |
[INFO] [stdout]    = help: consider providing a type annotation
[INFO] [stdout]    = warning: this was previously accepted by the compiler but is being phased out; it will become a hard error in a future release!
[INFO] [stdout]    = note: for more information, see issue #156047 <https://github.com/rust-lang/rust/issues/156047>
[INFO] [stdout]    = note: `#[warn(method_call_on_diverging_infer_var)]` (part of `#[warn(future_incompatible)]`) on by default
[INFO] [stdout] 
[INFO] [stdout] 
[INFO] [stdout] error[E0599]: no method named `rows_affected` found for type `!` in the current scope
[INFO] [stdout]   --> crates/db/src/models/trade_history.rs:71:15
[INFO] [stdout]    |
[INFO] [stdout] 71 |     if result.rows_affected() != 1 {
[INFO] [stdout]    |               ^^^^^^^^^^^^^ method not found in `!`
[INFO] [stdout] 
[INFO] [stdout] 
[INFO] [stdout] warning: method call on a diverging inference variable
[INFO] [stdout]    --> crates/db/src/models/user_grid.rs:149:13
[INFO] [stdout]     |
[INFO] [stdout] 149 |     Ok(rows.into_iter().map(|r| r.symbol).collect())
[INFO] [stdout]     |             ^^^^^^^^^
[INFO] [stdout]     |
[INFO] [stdout]     = help: consider providing a type annotation
[INFO] [stdout]     = warning: this was previously accepted by the compiler but is being phased out; it will become a hard error in a future release!
[INFO] [stdout]     = note: for more information, see issue #156047 <https://github.com/rust-lang/rust/issues/156047>
[INFO] [stdout] 
[INFO] [stdout] 
[INFO] [stdout] error[E0599]: no method named `rows_affected` found for type `!` in the current scope
[INFO] [stdout]   --> crates/db/src/models/trade_history.rs:71:15
[INFO] [stdout]    |
[INFO] [stdout] 71 |     if result.rows_affected() != 1 {
[INFO] [stdout]    |               ^^^^^^^^^^^^^ method not found in `!`
[INFO] [stdout] 
[INFO] [stdout] 
[INFO] [stdout] warning: method call on a diverging inference variable
[INFO] [stdout]    --> crates/db/src/models/user_grid.rs:149:13
[INFO] [stdout]     |
[INFO] [stdout] 149 |     Ok(rows.into_iter().map(|r| r.symbol).collect())
[INFO] [stdout]     |             ^^^^^^^^^
[INFO] [stdout]     |
[INFO] [stdout]     = help: consider providing a type annotation
[INFO] [stdout]     = warning: this was previously accepted by the compiler but is being phased out; it will become a hard error in a future release!
[INFO] [stdout]     = note: for more information, see issue #156047 <https://github.com/rust-lang/rust/issues/156047>
[INFO] [stdout] 
[INFO] [stdout] 
[INFO] [stdout] error[E0599]: `!` is not an iterator
[INFO] [stdout]    --> crates/db/src/models/user_grid.rs:149:13
[INFO] [stdout]     |
[INFO] [stdout] 149 |     Ok(rows.into_iter().map(|r| r.symbol).collect())
[INFO] [stdout]     |             ^^^^^^^^^ `!` is not an iterator
[INFO] [stdout]     |
[INFO] [stdout]     = note: the following trait bounds were not satisfied:
[INFO] [stdout]             `!: Iterator`
[INFO] [stdout]             which is required by `!: IntoIterator`
[INFO] [stdout]             `&!: Iterator`
[INFO] [stdout]             which is required by `&!: IntoIterator`
[INFO] [stdout]             `&mut !: Iterator`
[INFO] [stdout]             which is required by `&mut !: IntoIterator`
[INFO] [stdout] 
[INFO] [stdout] 
[INFO] [stdout] warning: method call on a diverging inference variable
[INFO] [stdout]    --> crates/db/src/models/user_grid.rs:230:19
[INFO] [stdout]     |
[INFO] [stdout] 230 |         Ok(result.rows_affected())
[INFO] [stdout]     |                   ^^^^^^^^^^^^^
[INFO] [stdout]     |
[INFO] [stdout]     = help: consider providing a type annotation
[INFO] [stdout]     = warning: this was previously accepted by the compiler but is being phased out; it will become a hard error in a future release!
[INFO] [stdout]     = note: for more information, see issue #156047 <https://github.com/rust-lang/rust/issues/156047>
[INFO] [stdout] 
[INFO] [stdout] 
[INFO] [stdout] error[E0599]: `!` is not an iterator
[INFO] [stdout]    --> crates/db/src/models/user_grid.rs:149:13
[INFO] [stdout]     |
[INFO] [stdout] 149 |     Ok(rows.into_iter().map(|r| r.symbol).collect())
[INFO] [stdout]     |             ^^^^^^^^^ `!` is not an iterator
[INFO] [stdout]     |
[INFO] [stdout]     = note: the following trait bounds were not satisfied:
[INFO] [stdout]             `!: Iterator`
[INFO] [stdout]             which is required by `!: IntoIterator`
[INFO] [stdout]             `&!: Iterator`
[INFO] [stdout]             which is required by `&!: IntoIterator`
[INFO] [stdout]             `&mut !: Iterator`
[INFO] [stdout]             which is required by `&mut !: IntoIterator`
[INFO] [stdout] 
[INFO] [stdout] 
[INFO] [stdout] warning: method call on a diverging inference variable
[INFO] [stdout]    --> crates/db/src/models/user_grid.rs:230:19
[INFO] [stdout]     |
[INFO] [stdout] 230 |         Ok(result.rows_affected())
[INFO] [stdout]     |                   ^^^^^^^^^^^^^
[INFO] [stdout]     |
[INFO] [stdout]     = help: consider providing a type annotation
[INFO] [stdout]     = warning: this was previously accepted by the compiler but is being phased out; it will become a hard error in a future release!
[INFO] [stdout]     = note: for more information, see issue #156047 <https://github.com/rust-lang/rust/issues/156047>
[INFO] [stdout] 
[INFO] [stdout] 
[INFO] [stdout] error[E0599]: no method named `rows_affected` found for type `!` in the current scope
[INFO] [stdout]    --> crates/db/src/models/user_grid.rs:230:19
[INFO] [stdout]     |
[INFO] [stdout] 230 |         Ok(result.rows_affected())
[INFO] [stdout]     |                   ^^^^^^^^^^^^^ method not found in `!`
[INFO] [stdout] 
[INFO] [stdout] 
[INFO] [stdout] warning: method call on a diverging inference variable
[INFO] [stdout]    --> crates/db/src/models/user_grid.rs:278:15
[INFO] [stdout]     |
[INFO] [stdout] 278 |     Ok(result.rows_affected() == 1)
[INFO] [stdout]     |               ^^^^^^^^^^^^^
[INFO] [stdout]     |
[INFO] [stdout]     = help: consider providing a type annotation
[INFO] [stdout]     = warning: this was previously accepted by the compiler but is being phased out; it will become a hard error in a future release!
[INFO] [stdout]     = note: for more information, see issue #156047 <https://github.com/rust-lang/rust/issues/156047>
[INFO] [stdout] 
[INFO] [stdout] 
[INFO] [stdout] error[E0599]: no method named `rows_affected` found for type `!` in the current scope
[INFO] [stdout]    --> crates/db/src/models/user_grid.rs:278:15
[INFO] [stdout]     |
[INFO] [stdout] 278 |     Ok(result.rows_affected() == 1)
[INFO] [stdout]     |               ^^^^^^^^^^^^^ method not found in `!`
[INFO] [stdout] 
[INFO] [stdout] 
[INFO] [stdout] warning: method call on a diverging inference variable
[INFO] [stdout]    --> crates/db/src/models/user_grid.rs:300:15
[INFO] [stdout]     |
[INFO] [stdout] 300 |     Ok(result.rows_affected() == 1)
[INFO] [stdout]     |               ^^^^^^^^^^^^^
[INFO] [stdout]     |
[INFO] [stdout]     = help: consider providing a type annotation
[INFO] [stdout]     = warning: this was previously accepted by the compiler but is being phased out; it will become a hard error in a future release!
[INFO] [stdout]     = note: for more information, see issue #156047 <https://github.com/rust-lang/rust/issues/156047>
[INFO] [stdout] 
[INFO] [stdout] 
[INFO] [stdout] error[E0599]: no method named `rows_affected` found for type `!` in the current scope
[INFO] [stdout]    --> crates/db/src/models/user_grid.rs:230:19
[INFO] [stdout]     |
[INFO] [stdout] 230 |         Ok(result.rows_affected())
[INFO] [stdout]     |                   ^^^^^^^^^^^^^ method not found in `!`
[INFO] [stdout] 
[INFO] [stdout] 
[INFO] [stdout] error[E0599]: no method named `rows_affected` found for type `!` in the current scope
[INFO] [stdout]    --> crates/db/src/models/user_grid.rs:300:15
[INFO] [stdout]     |
[INFO] [stdout] 300 |     Ok(result.rows_affected() == 1)
[INFO] [stdout]     |               ^^^^^^^^^^^^^ method not found in `!`
[INFO] [stdout] 
[INFO] [stdout] 
[INFO] [stdout] warning: method call on a diverging inference variable
[INFO] [stdout]    --> crates/db/src/models/user_grid.rs:327:15
[INFO] [stdout]     |
[INFO] [stdout] 327 |     Ok(result.rows_affected() == 1)
[INFO] [stdout]     |               ^^^^^^^^^^^^^
[INFO] [stdout]     |
[INFO] [stdout]     = help: consider providing a type annotation
[INFO] [stdout]     = warning: this was previously accepted by the compiler but is being phased out; it will become a hard error in a future release!
[INFO] [stdout]     = note: for more information, see issue #156047 <https://github.com/rust-lang/rust/issues/156047>
[INFO] [stdout] 
[INFO] [stdout] 
[INFO] [stdout] warning: method call on a diverging inference variable
[INFO] [stdout]    --> crates/db/src/models/user_grid.rs:278:15
[INFO] [stdout]     |
[INFO] [stdout] 278 |     Ok(result.rows_affected() == 1)
[INFO] [stdout]     |               ^^^^^^^^^^^^^
[INFO] [stdout]     |
[INFO] [stdout]     = help: consider providing a type annotation
[INFO] [stdout]     = warning: this was previously accepted by the compiler but is being phased out; it will become a hard error in a future release!
[INFO] [stdout]     = note: for more information, see issue #156047 <https://github.com/rust-lang/rust/issues/156047>
[INFO] [stdout] 
[INFO] [stdout] 
[INFO] [stdout] error[E0599]: no method named `rows_affected` found for type `!` in the current scope
[INFO] [stdout]    --> crates/db/src/models/user_grid.rs:327:15
[INFO] [stdout]     |
[INFO] [stdout] 327 |     Ok(result.rows_affected() == 1)
[INFO] [stdout]     |               ^^^^^^^^^^^^^ method not found in `!`
[INFO] [stdout] 
[INFO] [stdout] 
[INFO] [stdout] warning: method call on a diverging inference variable
[INFO] [stdout]    --> crates/db/src/models/user_grid.rs:356:15
[INFO] [stdout]     |
[INFO] [stdout] 356 |     Ok(result.rows_affected() == 1)
[INFO] [stdout]     |               ^^^^^^^^^^^^^
[INFO] [stdout]     |
[INFO] [stdout]     = help: consider providing a type annotation
[INFO] [stdout]     = warning: this was previously accepted by the compiler but is being phased out; it will become a hard error in a future release!
[INFO] [stdout]     = note: for more information, see issue #156047 <https://github.com/rust-lang/rust/issues/156047>
[INFO] [stdout] 
[INFO] [stdout] 
[INFO] [stdout] error[E0599]: no method named `rows_affected` found for type `!` in the current scope
[INFO] [stdout]    --> crates/db/src/models/user_grid.rs:278:15
[INFO] [stdout]     |
[INFO] [stdout] 278 |     Ok(result.rows_affected() == 1)
[INFO] [stdout]     |               ^^^^^^^^^^^^^ method not found in `!`
[INFO] [stdout] 
[INFO] [stdout] 
[INFO] [stdout] error[E0599]: no method named `rows_affected` found for type `!` in the current scope
[INFO] [stdout]    --> crates/db/src/models/user_grid.rs:356:15
[INFO] [stdout]     |
[INFO] [stdout] 356 |     Ok(result.rows_affected() == 1)
[INFO] [stdout]     |               ^^^^^^^^^^^^^ method not found in `!`
[INFO] [stdout] 
[INFO] [stdout] 
[INFO] [stdout] warning: method call on a diverging inference variable
[INFO] [stdout]    --> crates/db/src/models/user_grid.rs:300:15
[INFO] [stdout]     |
[INFO] [stdout] 300 |     Ok(result.rows_affected() == 1)
[INFO] [stdout]     |               ^^^^^^^^^^^^^
[INFO] [stdout]     |
[INFO] [stdout]     = help: consider providing a type annotation
[INFO] [stdout]     = warning: this was previously accepted by the compiler but is being phased out; it will become a hard error in a future release!
[INFO] [stdout]     = note: for more information, see issue #156047 <https://github.com/rust-lang/rust/issues/156047>
[INFO] [stdout] 
[INFO] [stdout] 
[INFO] [stdout] warning: method call on a diverging inference variable
[INFO] [stdout]    --> crates/db/src/models/user_grid.rs:432:15
[INFO] [stdout]     |
[INFO] [stdout] 432 |     Ok(result.rows_affected() == 1)
[INFO] [stdout]     |               ^^^^^^^^^^^^^
[INFO] [stdout]     |
[INFO] [stdout]     = help: consider providing a type annotation
[INFO] [stdout]     = warning: this was previously accepted by the compiler but is being phased out; it will become a hard error in a future release!
[INFO] [stdout]     = note: for more information, see issue #156047 <https://github.com/rust-lang/rust/issues/156047>
[INFO] [stdout] 
[INFO] [stdout] 
[INFO] [stdout] error[E0599]: no method named `rows_affected` found for type `!` in the current scope
[INFO] [stdout]    --> crates/db/src/models/user_grid.rs:300:15
[INFO] [stdout]     |
[INFO] [stdout] 300 |     Ok(result.rows_affected() == 1)
[INFO] [stdout]     |               ^^^^^^^^^^^^^ method not found in `!`
[INFO] [stdout] 
[INFO] [stdout] 
[INFO] [stdout] warning: method call on a diverging inference variable
[INFO] [stdout]    --> crates/db/src/models/user_grid.rs:327:15
[INFO] [stdout]     |
[INFO] [stdout] 327 |     Ok(result.rows_affected() == 1)
[INFO] [stdout]     |               ^^^^^^^^^^^^^
[INFO] [stdout]     |
[INFO] [stdout]     = help: consider providing a type annotation
[INFO] [stdout]     = warning: this was previously accepted by the compiler but is being phased out; it will become a hard error in a future release!
[INFO] [stdout]     = note: for more information, see issue #156047 <https://github.com/rust-lang/rust/issues/156047>
[INFO] [stdout] 
[INFO] [stdout] 
[INFO] [stdout] error[E0599]: no method named `rows_affected` found for type `!` in the current scope
[INFO] [stdout]    --> crates/db/src/models/user_grid.rs:432:15
[INFO] [stdout]     |
[INFO] [stdout] 432 |     Ok(result.rows_affected() == 1)
[INFO] [stdout]     |               ^^^^^^^^^^^^^ method not found in `!`
[INFO] [stdout] 
[INFO] [stdout] 
[INFO] [stdout] warning: method call on a diverging inference variable
[INFO] [stdout]    --> crates/db/src/models/user_grid.rs:454:15
[INFO] [stdout]     |
[INFO] [stdout] 454 |     Ok(result.rows_affected())
[INFO] [stdout]     |               ^^^^^^^^^^^^^
[INFO] [stdout]     |
[INFO] [stdout]     = help: consider providing a type annotation
[INFO] [stdout]     = warning: this was previously accepted by the compiler but is being phased out; it will become a hard error in a future release!
[INFO] [stdout]     = note: for more information, see issue #156047 <https://github.com/rust-lang/rust/issues/156047>
[INFO] [stdout] 
[INFO] [stdout] 
[INFO] [stdout] error[E0599]: no method named `rows_affected` found for type `!` in the current scope
[INFO] [stdout]    --> crates/db/src/models/user_grid.rs:327:15
[INFO] [stdout]     |
[INFO] [stdout] 327 |     Ok(result.rows_affected() == 1)
[INFO] [stdout]     |               ^^^^^^^^^^^^^ method not found in `!`
[INFO] [stdout] 
[INFO] [stdout] 
[INFO] [stdout] warning: method call on a diverging inference variable
[INFO] [stdout]    --> crates/db/src/models/user_grid.rs:356:15
[INFO] [stdout]     |
[INFO] [stdout] 356 |     Ok(result.rows_affected() == 1)
[INFO] [stdout]     |               ^^^^^^^^^^^^^
[INFO] [stdout]     |
[INFO] [stdout]     = help: consider providing a type annotation
[INFO] [stdout]     = warning: this was previously accepted by the compiler but is being phased out; it will become a hard error in a future release!
[INFO] [stdout]     = note: for more information, see issue #156047 <https://github.com/rust-lang/rust/issues/156047>
[INFO] [stdout] 
[INFO] [stdout] 
[INFO] [stdout] error[E0599]: no method named `rows_affected` found for type `!` in the current scope
[INFO] [stdout]    --> crates/db/src/models/user_grid.rs:454:15
[INFO] [stdout]     |
[INFO] [stdout] 454 |     Ok(result.rows_affected())
[INFO] [stdout]     |               ^^^^^^^^^^^^^ method not found in `!`
[INFO] [stdout] 
[INFO] [stdout] 
[INFO] [stdout] warning: method call on a diverging inference variable
[INFO] [stdout]    --> crates/db/src/models/user_grid.rs:476:15
[INFO] [stdout]     |
[INFO] [stdout] 476 |     Ok(result.rows_affected())
[INFO] [stdout]     |               ^^^^^^^^^^^^^
[INFO] [stdout]     |
[INFO] [stdout]     = help: consider providing a type annotation
[INFO] [stdout]     = warning: this was previously accepted by the compiler but is being phased out; it will become a hard error in a future release!
[INFO] [stdout]     = note: for more information, see issue #156047 <https://github.com/rust-lang/rust/issues/156047>
[INFO] [stdout] 
[INFO] [stdout] 
[INFO] [stdout] error[E0599]: no method named `rows_affected` found for type `!` in the current scope
[INFO] [stdout]    --> crates/db/src/models/user_grid.rs:356:15
[INFO] [stdout]     |
[INFO] [stdout] 356 |     Ok(result.rows_affected() == 1)
[INFO] [stdout]     |               ^^^^^^^^^^^^^ method not found in `!`
[INFO] [stdout] 
[INFO] [stdout] 
[INFO] [stdout] error[E0599]: no method named `rows_affected` found for type `!` in the current scope
[INFO] [stdout]    --> crates/db/src/models/user_grid.rs:476:15
[INFO] [stdout]     |
[INFO] [stdout] 476 |     Ok(result.rows_affected())
[INFO] [stdout]     |               ^^^^^^^^^^^^^ method not found in `!`
[INFO] [stdout] 
[INFO] [stdout] 
[INFO] [stdout] warning: method call on a diverging inference variable
[INFO] [stdout]    --> crates/db/src/models/user_grid.rs:521:15
[INFO] [stdout]     |
[INFO] [stdout] 521 |     Ok(result.rows_affected())
[INFO] [stdout]     |               ^^^^^^^^^^^^^
[INFO] [stdout]     |
[INFO] [stdout]     = help: consider providing a type annotation
[INFO] [stdout]     = warning: this was previously accepted by the compiler but is being phased out; it will become a hard error in a future release!
[INFO] [stdout]     = note: for more information, see issue #156047 <https://github.com/rust-lang/rust/issues/156047>
[INFO] [stdout] 
[INFO] [stdout] 
[INFO] [stdout] warning: method call on a diverging inference variable
[INFO] [stdout]    --> crates/db/src/models/user_grid.rs:432:15
[INFO] [stdout]     |
[INFO] [stdout] 432 |     Ok(result.rows_affected() == 1)
[INFO] [stdout]     |               ^^^^^^^^^^^^^
[INFO] [stdout]     |
[INFO] [stdout]     = help: consider providing a type annotation
[INFO] [stdout]     = warning: this was previously accepted by the compiler but is being phased out; it will become a hard error in a future release!
[INFO] [stdout]     = note: for more information, see issue #156047 <https://github.com/rust-lang/rust/issues/156047>
[INFO] [stdout] 
[INFO] [stdout] 
[INFO] [stdout] error[E0599]: no method named `rows_affected` found for type `!` in the current scope
[INFO] [stdout]    --> crates/db/src/models/user_grid.rs:521:15
[INFO] [stdout]     |
[INFO] [stdout] 521 |     Ok(result.rows_affected())
[INFO] [stdout]     |               ^^^^^^^^^^^^^ method not found in `!`
[INFO] [stdout] 
[INFO] [stdout] 
[INFO] [stdout] error[E0599]: no method named `rows_affected` found for type `!` in the current scope
[INFO] [stdout]    --> crates/db/src/models/user_grid.rs:432:15
[INFO] [stdout]     |
[INFO] [stdout] 432 |     Ok(result.rows_affected() == 1)
[INFO] [stdout]     |               ^^^^^^^^^^^^^ method not found in `!`
[INFO] [stdout] 
[INFO] [stdout] 
[INFO] [stdout] warning: method call on a diverging inference variable
[INFO] [stdout]    --> crates/db/src/models/user_grid.rs:454:15
[INFO] [stdout]     |
[INFO] [stdout] 454 |     Ok(result.rows_affected())
[INFO] [stdout]     |               ^^^^^^^^^^^^^
[INFO] [stdout]     |
[INFO] [stdout]     = help: consider providing a type annotation
[INFO] [stdout]     = warning: this was previously accepted by the compiler but is being phased out; it will become a hard error in a future release!
[INFO] [stdout]     = note: for more information, see issue #156047 <https://github.com/rust-lang/rust/issues/156047>
[INFO] [stdout] 
[INFO] [stdout] 
[INFO] [stdout] For more information about this error, try `rustc --explain E0599`.
[INFO] [stdout] 
[INFO] [stderr] error: could not compile `db` (lib) due to 39 previous errors; 22 warnings emitted
[INFO] [stderr] warning: build failed, waiting for other jobs to finish...
[INFO] [stdout] error[E0599]: no method named `rows_affected` found for type `!` in the current scope
[INFO] [stdout]    --> crates/db/src/models/user_grid.rs:454:15
[INFO] [stdout]     |
[INFO] [stdout] 454 |     Ok(result.rows_affected())
[INFO] [stdout]     |               ^^^^^^^^^^^^^ method not found in `!`
[INFO] [stdout] 
[INFO] [stdout] 
[INFO] [stdout] warning: method call on a diverging inference variable
[INFO] [stdout]    --> crates/db/src/models/user_grid.rs:476:15
[INFO] [stdout]     |
[INFO] [stdout] 476 |     Ok(result.rows_affected())
[INFO] [stdout]     |               ^^^^^^^^^^^^^
[INFO] [stdout]     |
[INFO] [stdout]     = help: consider providing a type annotation
[INFO] [stdout]     = warning: this was previously accepted by the compiler but is being phased out; it will become a hard error in a future release!
[INFO] [stdout]     = note: for more information, see issue #156047 <https://github.com/rust-lang/rust/issues/156047>
[INFO] [stdout] 
[INFO] [stdout] 
[INFO] [stdout] error[E0599]: no method named `rows_affected` found for type `!` in the current scope
[INFO] [stdout]    --> crates/db/src/models/user_grid.rs:476:15
[INFO] [stdout]     |
[INFO] [stdout] 476 |     Ok(result.rows_affected())
[INFO] [stdout]     |               ^^^^^^^^^^^^^ method not found in `!`
[INFO] [stdout] 
[INFO] [stdout] 
[INFO] [stdout] warning: method call on a diverging inference variable
[INFO] [stdout]    --> crates/db/src/models/user_grid.rs:521:15
[INFO] [stdout]     |
[INFO] [stdout] 521 |     Ok(result.rows_affected())
[INFO] [stdout]     |               ^^^^^^^^^^^^^
[INFO] [stdout]     |
[INFO] [stdout]     = help: consider providing a type annotation
[INFO] [stdout]     = warning: this was previously accepted by the compiler but is being phased out; it will become a hard error in a future release!
[INFO] [stdout]     = note: for more information, see issue #156047 <https://github.com/rust-lang/rust/issues/156047>
[INFO] [stdout] 
[INFO] [stdout] 
[INFO] [stdout] error[E0599]: no method named `rows_affected` found for type `!` in the current scope
[INFO] [stdout]    --> crates/db/src/models/user_grid.rs:521:15
[INFO] [stdout]     |
[INFO] [stdout] 521 |     Ok(result.rows_affected())
[INFO] [stdout]     |               ^^^^^^^^^^^^^ method not found in `!`
[INFO] [stdout] 
[INFO] [stdout] 
[INFO] [stdout] For more information about this error, try `rustc --explain E0599`.
[INFO] [stdout] 
[INFO] [stderr] error: could not compile `db` (lib test) due to 39 previous errors; 22 warnings emitted
[INFO] running `Command { std: "docker" "inspect" "7f74ed786412424d01d00617b91516878e94883da68722fbadda53331af5ca36", kill_on_drop: false }`
[INFO] running `Command { std: "docker" "rm" "-f" "7f74ed786412424d01d00617b91516878e94883da68722fbadda53331af5ca36", kill_on_drop: false }`
[INFO] [stdout] 7f74ed786412424d01d00617b91516878e94883da68722fbadda53331af5ca36
