[INFO] cloning repository https://github.com/ibidathoillah/openai-compatible-tester-cli
[INFO] running `Command { std: "git" "-c" "credential.helper=" "-c" "credential.helper=/workspace/cargo-home/bin/git-credential-null" "clone" "--bare" "https://github.com/ibidathoillah/openai-compatible-tester-cli" "/workspace/cache/git-repos/https%3A%2F%2Fgithub.com%2Fibidathoillah%2Fopenai-compatible-tester-cli", kill_on_drop: false }`
[INFO] [stderr] Cloning into bare repository '/workspace/cache/git-repos/https%3A%2F%2Fgithub.com%2Fibidathoillah%2Fopenai-compatible-tester-cli'...
[INFO] running `Command { std: "git" "rev-parse" "HEAD", kill_on_drop: false }`
[INFO] [stdout] e3f76c614fb3eb60bb29cd800e43fccfa1ced504
[INFO] checking ibidathoillah/openai-compatible-tester-cli against 3154cc1a3e6424e44f438a95007d043ed5ceaaf6+rustflags=-Znext-solver=coherence for pr-133502-30
[INFO] running `Command { std: "git" "clone" "/workspace/cache/git-repos/https%3A%2F%2Fgithub.com%2Fibidathoillah%2Fopenai-compatible-tester-cli" "/workspace/builds/worker-2-tc1/source", kill_on_drop: false }`
[INFO] [stderr] Cloning into '/workspace/builds/worker-2-tc1/source'...
[INFO] [stderr] done.
[INFO] started tweaking git repo https://github.com/ibidathoillah/openai-compatible-tester-cli
[INFO] finished tweaking git repo https://github.com/ibidathoillah/openai-compatible-tester-cli
[INFO] tweaked toml for git repo https://github.com/ibidathoillah/openai-compatible-tester-cli written to /workspace/builds/worker-2-tc1/source/Cargo.toml
[INFO] validating manifest of git repo https://github.com/ibidathoillah/openai-compatible-tester-cli on toolchain 3154cc1a3e6424e44f438a95007d043ed5ceaaf6
[INFO] running `Command { std: CARGO_HOME="/workspace/cargo-home" RUSTUP_HOME="/workspace/rustup-home" "/workspace/cargo-home/bin/cargo" "+3154cc1a3e6424e44f438a95007d043ed5ceaaf6" "metadata" "--manifest-path" "Cargo.toml" "--no-deps", kill_on_drop: false }`
[INFO] crate git repo https://github.com/ibidathoillah/openai-compatible-tester-cli already has a lockfile, it will not be regenerated
[INFO] running `Command { std: CARGO_HOME="/workspace/cargo-home" RUSTUP_HOME="/workspace/rustup-home" "/workspace/cargo-home/bin/cargo" "+3154cc1a3e6424e44f438a95007d043ed5ceaaf6" "fetch" "--manifest-path" "Cargo.toml", kill_on_drop: false }`
[INFO] [stderr]  Downloading crates ...
[INFO] [stderr]   Downloaded log v0.4.30
[INFO] running `Command { std: "docker" "create" "-v" "/var/lib/crater-agent-workspace/builds/worker-2-tc1/source:/opt/rustwide/workdir:ro,Z" "-v" "/var/lib/crater-agent-workspace/builds/worker-2-tc1/target:/opt/rustwide/target:rw,Z" "-v" "/var/lib/crater-agent-workspace/cargo-home:/opt/rustwide/cargo-home:ro,Z" "-v" "/var/lib/crater-agent-workspace/rustup-home:/opt/rustwide/rustup-home:ro,Z" "-m" "1610612736" "--network" "none" "ghcr.io/rust-lang/crates-build-env/linux@sha256:77db811e55d90add9212f6832c23229e3de5f1c1f9905e8cb07319ea15df73ac" "sleep" "infinity", kill_on_drop: false }`
[INFO] [stdout] 0b5cbeb05fd774d2b256a4085de650658c1f34f33861e7d2368111744de16286
[INFO] running `Command { std: "docker" "start" "0b5cbeb05fd774d2b256a4085de650658c1f34f33861e7d2368111744de16286", kill_on_drop: false }`
[INFO] running `Command { std: "docker" "inspect" "0b5cbeb05fd774d2b256a4085de650658c1f34f33861e7d2368111744de16286", kill_on_drop: false }`
[INFO] running `Command { std: "docker" "exec" "-e" "SOURCE_DIR=/opt/rustwide/workdir" "-e" "CARGO_HOME=/opt/rustwide/cargo-home" "-e" "RUSTUP_HOME=/opt/rustwide/rustup-home" "-e" "CARGO_TARGET_DIR=/opt/rustwide/target" "-w" "/opt/rustwide/workdir" "--user" "0:0" "0b5cbeb05fd774d2b256a4085de650658c1f34f33861e7d2368111744de16286" "/opt/rustwide/cargo-home/bin/cargo" "+3154cc1a3e6424e44f438a95007d043ed5ceaaf6" "metadata" "--no-deps" "--format-version=1", kill_on_drop: false }`
[INFO] running `Command { std: "docker" "inspect" "0b5cbeb05fd774d2b256a4085de650658c1f34f33861e7d2368111744de16286", kill_on_drop: false }`
[INFO] running `Command { std: "docker" "exec" "-e" "SOURCE_DIR=/opt/rustwide/workdir" "-e" "CARGO_HOME=/opt/rustwide/cargo-home" "-e" "RUSTUP_HOME=/opt/rustwide/rustup-home" "-e" "CARGO_TARGET_DIR=/opt/rustwide/target" "-e" "CARGO_INCREMENTAL=0" "-e" "RUST_BACKTRACE=full" "-e" "RUSTFLAGS=--cap-lints=forbid -Znext-solver=coherence" "-e" "RUSTDOCFLAGS=--cap-lints=forbid" "-w" "/opt/rustwide/workdir" "--user" "0:0" "0b5cbeb05fd774d2b256a4085de650658c1f34f33861e7d2368111744de16286" "/opt/rustwide/cargo-home/bin/cargo" "+3154cc1a3e6424e44f438a95007d043ed5ceaaf6" "check" "--frozen" "--all" "--all-targets" "--message-format=json", kill_on_drop: false }`
[INFO] [stderr]     Checking memchr v2.8.1
[INFO] [stderr]    Compiling num-traits v0.2.19
[INFO] [stderr]     Checking http v1.4.1
[INFO] [stderr]    Compiling cc v1.2.63
[INFO] [stderr]     Checking regex-syntax v0.8.10
[INFO] [stderr]     Checking parking_lot_core v0.9.12
[INFO] [stderr]     Checking mio v1.2.1
[INFO] [stderr]     Checking socket2 v0.6.4
[INFO] [stderr]    Compiling displaydoc v0.2.6
[INFO] [stderr]     Checking tracing v0.1.44
[INFO] [stderr]     Checking serde v1.0.228
[INFO] [stderr]     Checking zerofrom v0.1.8
[INFO] [stderr]     Checking bitflags v2.11.1
[INFO] [stderr]    Compiling rustls v0.23.40
[INFO] [stderr]     Checking log v0.4.30
[INFO] [stderr]    Compiling zerocopy v0.8.50
[INFO] [stderr]    Compiling ahash v0.8.12
[INFO] [stderr]     Checking yoke v0.8.2
[INFO] [stderr]     Checking rustix v1.1.4
[INFO] [stderr]     Checking getrandom v0.4.2
[INFO] [stderr]     Checking parking_lot v0.12.5
[INFO] [stderr]     Checking webpki-roots v1.0.7
[INFO] [stderr]    Compiling time-core v0.1.8
[INFO] [stderr]     Checking zerovec v0.11.6
[INFO] [stderr]     Checking bit-vec v0.6.3
[INFO] [stderr]    Compiling time-macros v0.2.27
[INFO] [stderr]     Checking clap_builder v4.6.0
[INFO] [stderr]     Checking serde_urlencoded v0.7.1
[INFO] [stderr]     Checking getrandom v0.3.4
[INFO] [stderr]     Checking tokio v1.52.3
[INFO] [stderr]     Checking predicates-core v1.0.10
[INFO] [stderr]     Checking bit-set v0.5.3
[INFO] [stderr]     Checking uuid v1.23.2
[INFO] [stderr]     Checking tracing-log v0.2.0
[INFO] [stderr]     Checking aho-corasick v1.1.4
[INFO] [stderr]     Checking futures-util v0.3.32
[INFO] [stderr]     Checking serde_json v1.0.150
[INFO] [stderr]     Checking nom v8.0.0
[INFO] [stderr]     Checking zerotrie v0.2.4
[INFO] [stderr]     Checking deadpool-runtime v0.1.4
[INFO] [stderr]     Checking difflib v0.4.0
[INFO] [stderr]    Compiling assert_cmd v2.2.2
[INFO] [stderr]     Checking bytecount v0.6.9
[INFO] [stderr]     Checking normalize-line-endings v0.3.0
[INFO] [stderr]     Checking termtree v0.5.1
[INFO] [stderr]     Checking num-cmp v0.1.0
[INFO] [stderr]     Checking serde_yaml v0.9.34+deprecated
[INFO] [stderr]     Checking http-body v1.0.1
[INFO] [stderr]     Checking predicates-tree v1.0.13
[INFO] [stderr]     Checking console v0.15.11
[INFO] [stderr]     Checking tinystr v0.8.3
[INFO] [stderr]     Checking potential_utf v0.1.5
[INFO] [stderr]     Checking http-body-util v0.1.3
[INFO] [stderr]     Checking num-integer v0.1.46
[INFO] [stderr]     Checking icu_collections v2.2.0
[INFO] [stderr]    Compiling ring v0.17.14
[INFO] [stderr]     Checking num-complex v0.4.6
[INFO] [stderr]     Checking icu_locale_core v2.2.0
[INFO] [stderr]     Checking num-bigint v0.4.6
[INFO] [stderr]     Checking num-iter v0.1.45
[INFO] [stderr]     Checking float-cmp v0.10.0
[INFO] [stderr]     Checking time v0.3.47
[INFO] [stderr]     Checking chrono v0.4.44
[INFO] [stderr]     Checking icu_provider v2.2.0
[INFO] [stderr]     Checking wait-timeout v0.2.1
[INFO] [stderr]     Checking assert-json-diff v2.0.2
[INFO] [stderr]     Checking icu_properties v2.2.0
[INFO] [stderr]     Checking icu_normalizer v2.2.0
[INFO] [stderr]     Checking regex-automata v0.4.14
[INFO] [stderr]     Checking idna_adapter v1.2.2
[INFO] [stderr]     Checking idna v1.1.0
[INFO] [stderr]     Checking num-rational v0.4.2
[INFO] [stderr]     Checking crossterm v0.29.0
[INFO] [stderr]     Checking tempfile v3.27.0
[INFO] [stderr]     Checking url v2.5.8
[INFO] [stderr]     Checking clap v4.6.1
[INFO] [stderr]     Checking comfy-table v7.2.2
[INFO] [stderr]     Checking num v0.4.3
[INFO] [stderr]     Checking fraction v0.15.4
[INFO] [stderr]     Checking futures-executor v0.3.32
[INFO] [stderr]     Checking futures v0.3.32
[INFO] [stderr]     Checking iso8601 v0.6.3
[INFO] [stderr]     Checking regex v1.12.3
[INFO] [stderr]     Checking matchers v0.2.0
[INFO] [stderr]     Checking fancy-regex v0.13.0
[INFO] [stderr]     Checking bstr v1.12.1
[INFO] [stderr]     Checking tracing-subscriber v0.3.23
[INFO] [stderr]     Checking predicates v3.1.4
[INFO] [stderr]     Checking rustls-webpki v0.103.13
[INFO] [stderr]     Checking tokio-util v0.7.18
[INFO] [stderr]     Checking tower v0.5.3
[INFO] [stderr]     Checking deadpool v0.12.3
[INFO] [stderr]     Checking tower-http v0.6.11
[INFO] [stderr]     Checking h2 v0.4.14
[INFO] [stderr]     Checking tokio-rustls v0.26.4
[INFO] [stderr]     Checking hyper v1.10.1
[INFO] [stderr]     Checking hyper-util v0.1.20
[INFO] [stderr]     Checking hyper-rustls v0.27.9
[INFO] [stderr]     Checking wiremock v0.6.5
[INFO] [stderr]     Checking reqwest v0.12.28
[INFO] [stderr]     Checking jsonschema v0.18.3
[INFO] [stderr]     Checking openai-compatible-tester-cli v0.1.0 (/opt/rustwide/workdir)
[INFO] [stdout] error[E0063]: missing field `usage` in initializer of `client::HttpResponse`
[INFO] [stdout]    --> src/client/mod.rs:306:24
[INFO] [stdout]     |
[INFO] [stdout] 306 |         let response = HttpResponse {
[INFO] [stdout]     |                        ^^^^^^^^^^^^ missing `usage`
[INFO] [stdout] 
[INFO] [stdout] 
[INFO] [stdout] error[E0063]: missing field `usage` in initializer of `client::HttpResponse`
[INFO] [stdout]     --> src/testsuite/registry.rs:1452:24
[INFO] [stdout]      |
[INFO] [stdout] 1452 |         let response = HttpResponse {
[INFO] [stdout]      |                        ^^^^^^^^^^^^ missing `usage`
[INFO] [stdout] 
[INFO] [stdout] 
[INFO] [stdout] error[E0063]: missing field `delay_ms` in initializer of `config::RunConfig`
[INFO] [stdout]     --> src/testsuite/registry.rs:1493:9
[INFO] [stdout]      |
[INFO] [stdout] 1493 |         RunConfig {
[INFO] [stdout]      |         ^^^^^^^^^ missing `delay_ms`
[INFO] [stdout] 
[INFO] [stdout] 
[INFO] [stdout] For more information about this error, try `rustc --explain E0063`.
[INFO] [stdout] 
[INFO] [stderr] error: could not compile `openai-compatible-tester-cli` (bin "octest" test) due to 3 previous errors
[INFO] [stderr] warning: unused dependency `console`
[INFO] [stderr]  --> Cargo.toml:9:1
[INFO] [stderr]   |
[INFO] [stderr] 9 | console = "0.15"
[INFO] [stderr]   | ^^^^^^^^^^^^^^^^
[INFO] [stderr]   |
[INFO] [stderr]   = note: `cargo::unused_dependencies` is set to `warn` by default
[INFO] [stderr] help: consider removing the dependency on `console`
[INFO] [stderr] warning: unused dependency `jsonschema`
[INFO] [stderr]   --> Cargo.toml:11:1
[INFO] [stderr]    |
[INFO] [stderr] 11 | jsonschema = "0.18"
[INFO] [stderr]    | ^^^^^^^^^^^^^^^^^^^
[INFO] [stderr]    |
[INFO] [stderr] help: consider removing the dependency on `jsonschema`
[INFO] [stderr] warning: `openai-compatible-tester-cli` (manifest) generated 2 warnings
[INFO] running `Command { std: "docker" "inspect" "0b5cbeb05fd774d2b256a4085de650658c1f34f33861e7d2368111744de16286", kill_on_drop: false }`
[INFO] running `Command { std: "docker" "rm" "-f" "0b5cbeb05fd774d2b256a4085de650658c1f34f33861e7d2368111744de16286", kill_on_drop: false }`
[INFO] [stdout] 0b5cbeb05fd774d2b256a4085de650658c1f34f33861e7d2368111744de16286
