[INFO] cloning repository https://github.com/iantocristian/ts-rust
[INFO] running `Command { std: "git" "-c" "credential.helper=" "-c" "credential.helper=/workspace/cargo-home/bin/git-credential-null" "clone" "--bare" "https://github.com/iantocristian/ts-rust" "/workspace/cache/git-repos/https%3A%2F%2Fgithub.com%2Fiantocristian%2Fts-rust", kill_on_drop: false }`
[INFO] [stderr] Cloning into bare repository '/workspace/cache/git-repos/https%3A%2F%2Fgithub.com%2Fiantocristian%2Fts-rust'...
[INFO] running `Command { std: "git" "rev-parse" "HEAD", kill_on_drop: false }`
[INFO] [stdout] 2009f6ec101358966902698f9ac2a7ff71ed57c3
[INFO] checking iantocristian/ts-rust against 3154cc1a3e6424e44f438a95007d043ed5ceaaf6+rustflags=-Znext-solver=coherence for pr-133502-30
[INFO] running `Command { std: "git" "clone" "/workspace/cache/git-repos/https%3A%2F%2Fgithub.com%2Fiantocristian%2Fts-rust" "/workspace/builds/worker-3-tc1/source", kill_on_drop: false }`
[INFO] [stderr] Cloning into '/workspace/builds/worker-3-tc1/source'...
[INFO] [stderr] done.
[INFO] [stderr] Updating files:  73% (2242/3065)
Updating files:  74% (2269/3065)
Updating files:  75% (2299/3065)
Updating files:  76% (2330/3065)
Updating files:  77% (2361/3065)
Updating files:  78% (2391/3065)
Updating files:  79% (2422/3065)
Updating files:  80% (2452/3065)
Updating files:  81% (2483/3065)
Updating files:  82% (2514/3065)
Updating files:  83% (2544/3065)
Updating files:  84% (2575/3065)
Updating files:  85% (2606/3065)
Updating files:  86% (2636/3065)
Updating files:  87% (2667/3065)
Updating files:  88% (2698/3065)
Updating files:  89% (2728/3065)
Updating files:  90% (2759/3065)
Updating files:  91% (2790/3065)
Updating files:  92% (2820/3065)
Updating files:  93% (2851/3065)
Updating files:  94% (2882/3065)
Updating files:  95% (2912/3065)
Updating files:  96% (2943/3065)
Updating files:  97% (2974/3065)
Updating files:  98% (3004/3065)
Updating files:  99% (3035/3065)
Updating files: 100% (3065/3065)
Updating files: 100% (3065/3065), done.
[INFO] removed /workspace/builds/worker-3-tc1/source/.cargo/config.toml
[INFO] removed /workspace/builds/worker-3-tc1/source/rust-toolchain.toml
[INFO] started tweaking git repo https://github.com/iantocristian/ts-rust
[INFO] finished tweaking git repo https://github.com/iantocristian/ts-rust
[INFO] tweaked toml for git repo https://github.com/iantocristian/ts-rust written to /workspace/builds/worker-3-tc1/source/Cargo.toml
[INFO] validating manifest of git repo https://github.com/iantocristian/ts-rust on toolchain 3154cc1a3e6424e44f438a95007d043ed5ceaaf6
[INFO] running `Command { std: CARGO_HOME="/workspace/cargo-home" RUSTUP_HOME="/workspace/rustup-home" "/workspace/cargo-home/bin/cargo" "+3154cc1a3e6424e44f438a95007d043ed5ceaaf6" "metadata" "--manifest-path" "Cargo.toml" "--no-deps", kill_on_drop: false }`
[INFO] crate git repo https://github.com/iantocristian/ts-rust already has a lockfile, it will not be regenerated
[INFO] running `Command { std: CARGO_HOME="/workspace/cargo-home" RUSTUP_HOME="/workspace/rustup-home" "/workspace/cargo-home/bin/cargo" "+3154cc1a3e6424e44f438a95007d043ed5ceaaf6" "fetch" "--manifest-path" "Cargo.toml", kill_on_drop: false }`
[INFO] [stderr]     Updating crates.io index
[INFO] [stderr]  Downloading crates ...
[INFO] [stderr]   Downloaded mimalloc v0.1.48
[INFO] [stderr]   Downloaded napi-sys v3.3.1
[INFO] [stderr]   Downloaded stacker v0.1.25
[INFO] [stderr]   Downloaded psm v0.1.32
[INFO] [stderr]   Downloaded toml_write v0.1.2
[INFO] [stderr]   Downloaded cpufeatures v0.2.9
[INFO] [stderr]   Downloaded wasm-bindgen-macro v0.2.126
[INFO] [stderr]   Downloaded wasm-bindgen-shared v0.2.126
[INFO] [stderr]   Downloaded toml_datetime v0.6.11
[INFO] [stderr]   Downloaded cap v0.1.2
[INFO] [stderr]   Downloaded napi-build v2.4.1
[INFO] [stderr]   Downloaded xxhash-rust v0.8.18
[INFO] [stderr]   Downloaded libloading v0.9.0
[INFO] [stderr]   Downloaded convert_case v0.11.0
[INFO] [stderr]   Downloaded toml v0.8.23
[INFO] [stderr]   Downloaded napi-derive v3.6.3
[INFO] [stderr]   Downloaded ctor v1.0.13
[INFO] [stderr]   Downloaded futures v0.3.34
[INFO] [stderr]   Downloaded napi-derive-backend v6.1.2
[INFO] [stderr]   Downloaded ryu-js v1.0.3
[INFO] [stderr]   Downloaded wasm-bindgen v0.2.126
[INFO] [stderr]   Downloaded toml_edit v0.22.27
[INFO] [stderr]   Downloaded wasm-bindgen-macro-support v0.2.126
[INFO] [stderr]   Downloaded ar_archive_writer v0.5.3
[INFO] [stderr]   Downloaded num-bigint v0.5.1
[INFO] [stderr]   Downloaded objc2-core-services v0.3.2
[INFO] [stderr]   Downloaded napi v3.12.2
[INFO] [stderr]   Downloaded rustix v1.1.5
[INFO] [stderr]   Downloaded object v0.39.1
[INFO] [stderr]   Downloaded libmimalloc-sys v0.1.49
[INFO] running `Command { std: "docker" "create" "-v" "/var/lib/crater-agent-workspace/builds/worker-3-tc1/source:/opt/rustwide/workdir:ro,Z" "-v" "/var/lib/crater-agent-workspace/builds/worker-3-tc1/target:/opt/rustwide/target:rw,Z" "-v" "/var/lib/crater-agent-workspace/cargo-home:/opt/rustwide/cargo-home:ro,Z" "-v" "/var/lib/crater-agent-workspace/rustup-home:/opt/rustwide/rustup-home:ro,Z" "-m" "1610612736" "--network" "none" "ghcr.io/rust-lang/crates-build-env/linux@sha256:77db811e55d90add9212f6832c23229e3de5f1c1f9905e8cb07319ea15df73ac" "sleep" "infinity", kill_on_drop: false }`
[INFO] [stdout] 7263a37e76edff4f04021d5ed7659e7bb5c984ea5204b92492d6f1ca4fec6ef8
[INFO] running `Command { std: "docker" "start" "7263a37e76edff4f04021d5ed7659e7bb5c984ea5204b92492d6f1ca4fec6ef8", kill_on_drop: false }`
[INFO] running `Command { std: "docker" "inspect" "7263a37e76edff4f04021d5ed7659e7bb5c984ea5204b92492d6f1ca4fec6ef8", kill_on_drop: false }`
[INFO] running `Command { std: "docker" "exec" "-e" "SOURCE_DIR=/opt/rustwide/workdir" "-e" "CARGO_HOME=/opt/rustwide/cargo-home" "-e" "RUSTUP_HOME=/opt/rustwide/rustup-home" "-e" "CARGO_TARGET_DIR=/opt/rustwide/target" "-w" "/opt/rustwide/workdir" "--user" "0:0" "7263a37e76edff4f04021d5ed7659e7bb5c984ea5204b92492d6f1ca4fec6ef8" "/opt/rustwide/cargo-home/bin/cargo" "+3154cc1a3e6424e44f438a95007d043ed5ceaaf6" "metadata" "--no-deps" "--format-version=1", kill_on_drop: false }`
[INFO] running `Command { std: "docker" "inspect" "7263a37e76edff4f04021d5ed7659e7bb5c984ea5204b92492d6f1ca4fec6ef8", kill_on_drop: false }`
[INFO] running `Command { std: "docker" "exec" "-e" "SOURCE_DIR=/opt/rustwide/workdir" "-e" "CARGO_HOME=/opt/rustwide/cargo-home" "-e" "RUSTUP_HOME=/opt/rustwide/rustup-home" "-e" "CARGO_TARGET_DIR=/opt/rustwide/target" "-e" "CARGO_INCREMENTAL=0" "-e" "RUST_BACKTRACE=full" "-e" "RUSTFLAGS=--cap-lints=forbid -Znext-solver=coherence" "-e" "RUSTDOCFLAGS=--cap-lints=forbid" "-w" "/opt/rustwide/workdir" "--user" "0:0" "7263a37e76edff4f04021d5ed7659e7bb5c984ea5204b92492d6f1ca4fec6ef8" "/opt/rustwide/cargo-home/bin/cargo" "+3154cc1a3e6424e44f438a95007d043ed5ceaaf6" "check" "--frozen" "--all" "--all-targets" "--message-format=json", kill_on_drop: false }`
[INFO] [stderr]     Checking tsr_jsstring v0.4.0 (/opt/rustwide/workdir/crates/tsr_jsstring)
[INFO] [stderr]    Compiling shlex v2.0.1
[INFO] [stderr]    Compiling find-msvc-tools v0.1.12
[INFO] [stderr]    Compiling autocfg v1.5.1
[INFO] [stderr]     Checking cfg-if v1.0.4
[INFO] [stderr]    Compiling object v0.39.1
[INFO] [stderr]    Compiling memchr v2.8.3
[INFO] [stderr]    Compiling libc v0.2.189
[INFO] [stderr]     Checking ryu-js v1.0.3
[INFO] [stderr]    Compiling cc v1.4.5
[INFO] [stderr]     Checking hashbrown v0.17.1
[INFO] [stderr]     Checking tsr_locale v0.4.0 (/opt/rustwide/workdir/crates/tsr_locale)
[INFO] [stderr]    Compiling serde_core v1.0.229
[INFO] [stderr]    Compiling num-traits v0.2.19
[INFO] [stderr]     Checking tsr_core v0.4.0 (/opt/rustwide/workdir/crates/tsr_core)
[INFO] [stderr]     Checking tsr_arena v0.4.0 (/opt/rustwide/workdir/crates/tsr_arena)
[INFO] [stderr]     Checking equivalent v1.0.2
[INFO] [stderr]     Checking indexmap v2.14.2
[INFO] [stderr]     Checking num-integer v0.1.47
[INFO] [stderr]     Checking num-bigint v0.5.1
[INFO] [stderr]    Compiling zmij v1.0.23
[INFO] [stderr]    Compiling stacker v0.1.25
[INFO] [stderr]    Compiling serde_json v1.0.151
[INFO] [stderr]     Checking itoa v1.0.18
[INFO] [stderr]    Compiling proc-macro2 v1.0.107
[INFO] [stderr]    Compiling unicode-ident v1.0.24
[INFO] [stderr]    Compiling quote v1.0.47
[INFO] [stderr]     Checking tsr_tspath v0.4.0 (/opt/rustwide/workdir/crates/tsr_tspath)
[INFO] [stderr]     Checking bitflags v2.13.2
[INFO] [stderr]    Compiling rustix v1.1.5
[INFO] [stderr]    Compiling serde v1.0.229
[INFO] [stderr]     Checking linux-raw-sys v0.12.1
[INFO] [stderr]     Checking tsr_glob v0.4.0 (/opt/rustwide/workdir/crates/tsr_glob)
[INFO] [stderr]     Checking tsr_semver v0.4.0 (/opt/rustwide/workdir/crates/tsr_semver)
[INFO] [stderr]     Checking xxhash-rust v0.8.18
[INFO] [stderr]    Compiling version_check v0.9.5
[INFO] [stderr]     Checking typenum v1.20.0
[INFO] [stderr]     Checking cpufeatures v0.2.9
[INFO] [stderr]     Checking aho-corasick v1.1.5
[INFO] [stderr]    Compiling syn v3.0.5
[INFO] [stderr]     Checking tsr_jsnum v0.4.0 (/opt/rustwide/workdir/crates/tsr_jsnum)
[INFO] [stderr]    Compiling generic-array v0.14.7
[INFO] [stderr]     Checking regex-syntax v0.8.11
[INFO] [stderr]    Compiling libmimalloc-sys v0.1.49
[INFO] [stderr]     Checking cap v0.1.2
[INFO] [stderr]    Compiling syn v2.0.119
[INFO] [stderr]     Checking crypto-common v0.1.6
[INFO] [stderr]     Checking block-buffer v0.10.4
[INFO] [stderr]     Checking digest v0.10.7
[INFO] [stderr]     Checking sha2 v0.10.8
[INFO] [stderr]    Compiling wasm-bindgen-shared v0.2.126
[INFO] [stderr]    Compiling rustversion v1.0.23
[INFO] [stderr]    Compiling bumpalo v3.20.3
[INFO] [stderr]     Checking mimalloc v0.1.48
[INFO] [stderr]     Checking regex-automata v0.4.18
[INFO] [stderr]    Compiling napi-build v2.4.1
[INFO] [stderr]     Checking futures-core v0.3.34
[INFO] [stderr]     Checking futures-sink v0.3.34
[INFO] [stderr]    Compiling wasm-bindgen v0.2.126
[INFO] [stderr]     Checking futures-channel v0.3.34
[INFO] [stderr]     Checking base64 v0.22.1
[INFO] [stderr]    Compiling ar_archive_writer v0.5.3
[INFO] [stderr]     Checking pin-project-lite v0.2.17
[INFO] [stderr]     Checking once_cell v1.21.4
[INFO] [stderr]     Checking futures-task v0.3.34
[INFO] [stderr]     Checking futures-io v0.3.34
[INFO] [stderr]     Checking slab v0.4.12
[INFO] [stderr]    Compiling unicode-segmentation v1.13.3
[INFO] [stderr]    Compiling napi v3.12.2
[INFO] [stderr]     Checking libloading v0.9.0
[INFO] [stderr]     Checking winnow v0.7.15
[INFO] [stderr]    Compiling semver v1.0.28
[INFO] [stderr]    Compiling convert_case v0.11.0
[INFO] [stderr]     Checking toml_write v0.1.2
[INFO] [stderr]     Checking tsr_vfs v0.4.0 (/opt/rustwide/workdir/crates/tsr_vfs)
[INFO] [stderr]     Checking tsr_fswatch v0.4.0 (/opt/rustwide/workdir/crates/tsr_fswatch)
[INFO] [stderr]    Compiling psm v0.1.32
[INFO] [stderr]     Checking napi-sys v3.3.1
[INFO] [stderr]    Compiling tsr_node v0.4.0 (/opt/rustwide/workdir/crates/tsr_node)
[INFO] [stderr]     Checking rustc-hash v2.1.3
[INFO] [stderr]    Compiling ctor v1.0.13
[INFO] [stderr]     Checking nohash-hasher v0.2.0
[INFO] [stderr]     Checking tsr_json v0.4.0 (/opt/rustwide/workdir/crates/tsr_json)
[INFO] [stderr]     Checking tsr_bundled v0.4.0 (/opt/rustwide/workdir/crates/tsr_bundled)
[INFO] [stderr]     Checking regex v1.13.1
[INFO] [stderr]     Checking tsr_diagnostics v0.4.0 (/opt/rustwide/workdir/crates/tsr_diagnostics)
[INFO] [stderr]     Checking tsr_jsonrpc v0.4.0 (/opt/rustwide/workdir/crates/tsr_jsonrpc)
[INFO] [stderr]    Compiling serde_derive v1.0.229
[INFO] [stderr]     Checking tsr_sourcemap v0.4.0 (/opt/rustwide/workdir/crates/tsr_sourcemap)
[INFO] [stderr]     Checking tsr_ipc v0.4.0 (/opt/rustwide/workdir/crates/tsr_ipc)
[INFO] [stderr]     Checking tsr_lsproto v0.4.0 (/opt/rustwide/workdir/crates/tsr_lsproto)
[INFO] [stderr]    Compiling futures-macro v0.3.34
[INFO] [stderr]     Checking futures-util v0.3.34
[INFO] [stderr]     Checking tsr_ast v0.4.0 (/opt/rustwide/workdir/crates/tsr_ast)
[INFO] [stderr]    Compiling wasm-bindgen-macro-support v0.2.126
[INFO] [stderr]    Compiling napi-derive-backend v6.1.2
[INFO] [stderr]     Checking futures-executor v0.3.34
[INFO] [stderr]     Checking futures v0.3.34
[INFO] [stderr]     Checking toml_datetime v0.6.11
[INFO] [stderr]     Checking serde_spanned v0.6.9
[INFO] [stderr]     Checking toml_edit v0.22.27
[INFO] [stderr]    Compiling napi-derive v3.6.3
[INFO] [stderr]     Checking toml v0.8.23
[INFO] [stderr]    Compiling wasm-bindgen-macro v0.2.126
[INFO] [stderr]     Checking xtask v0.1.0 (/opt/rustwide/workdir/xtask)
[INFO] [stderr]     Checking tsr_scanner v0.4.0 (/opt/rustwide/workdir/crates/tsr_scanner)
[INFO] [stderr]     Checking tsr_nodebuilder v0.4.0 (/opt/rustwide/workdir/crates/tsr_nodebuilder)
[INFO] [stderr]     Checking tsr_pseudochecker v0.4.0 (/opt/rustwide/workdir/crates/tsr_pseudochecker)
[INFO] [stderr]     Checking tsr_encoder v0.4.0 (/opt/rustwide/workdir/crates/tsr_encoder)
[INFO] [stderr]     Checking tsr_parser v0.4.0 (/opt/rustwide/workdir/crates/tsr_parser)
[INFO] [stderr]     Checking tsr_astnav v0.4.0 (/opt/rustwide/workdir/crates/tsr_astnav)
[INFO] [stderr]     Checking tsr_printer v0.4.0 (/opt/rustwide/workdir/crates/tsr_printer)
[INFO] [stderr]     Checking tsr_format v0.4.0 (/opt/rustwide/workdir/crates/tsr_format)
[INFO] [stderr]     Checking tsr_tsoptions v0.4.0 (/opt/rustwide/workdir/crates/tsr_tsoptions)
[INFO] [stderr]     Checking tsr_binder v0.4.0 (/opt/rustwide/workdir/crates/tsr_binder)
[INFO] [stderr]     Checking s08_relater_prototype v0.1.0 (/opt/rustwide/workdir/tools/s08/relater-prototype)
[INFO] [stderr]     Checking tsr_bench v0.4.0 (/opt/rustwide/workdir/crates/tsr_bench)
[INFO] [stderr]     Checking tsr_module v0.4.0 (/opt/rustwide/workdir/crates/tsr_module)
[INFO] [stderr]     Checking tsr_contentmapper v0.4.0 (/opt/rustwide/workdir/crates/tsr_contentmapper)
[INFO] [stderr]     Checking tsr_transformers v0.4.0 (/opt/rustwide/workdir/crates/tsr_transformers)
[INFO] [stderr]     Checking tsr_contentmappertest v0.4.0 (/opt/rustwide/workdir/crates/tsr_contentmappertest)
[INFO] [stderr]     Checking tsr_checker v0.4.0 (/opt/rustwide/workdir/crates/tsr_checker)
[INFO] [stderr]     Checking tsr_compiler v0.4.0 (/opt/rustwide/workdir/crates/tsr_compiler)
[INFO] [stderr]     Checking tsr_tracing v0.4.0 (/opt/rustwide/workdir/crates/tsr_tracing)
[INFO] [stderr]     Checking tsr_incremental v0.4.0 (/opt/rustwide/workdir/crates/tsr_incremental)
[INFO] [stderr]     Checking tsr_autoimport v0.4.0 (/opt/rustwide/workdir/crates/tsr_autoimport)
[INFO] [stderr]     Checking tsr_transpile v0.4.0 (/opt/rustwide/workdir/crates/tsr_transpile)
[INFO] [stderr]     Checking tsr_embed v0.4.0 (/opt/rustwide/workdir/crates/tsr_embed)
[INFO] [stderr]     Checking s10_corpus v0.1.0 (/opt/rustwide/workdir/tools/s10/corpus-adapter)
[INFO] [stderr]     Checking tsr_wasm v0.4.0 (/opt/rustwide/workdir/crates/tsr_wasm)
[INFO] [stderr]     Checking s10_wasm_corpus v0.1.0 (/opt/rustwide/workdir/tools/s10/wasm-corpus)
[INFO] [stderr]     Checking tsr_project v0.4.0 (/opt/rustwide/workdir/crates/tsr_project)
[INFO] [stderr]     Checking tsr_ls v0.4.0 (/opt/rustwide/workdir/crates/tsr_ls)
[INFO] [stderr]     Checking tsr_tsc v0.4.0 (/opt/rustwide/workdir/crates/tsr_tsc)
[INFO] [stderr]     Checking tsr_testrunner v0.4.0 (/opt/rustwide/workdir/crates/tsr_testrunner)
[INFO] [stderr]     Checking tsr_build v0.4.0 (/opt/rustwide/workdir/crates/tsr_build)
[INFO] [stderr]     Checking tsr_execute v0.4.0 (/opt/rustwide/workdir/crates/tsr_execute)
[INFO] [stderr]     Checking phase4_tsctests v0.1.0 (/opt/rustwide/workdir/tools/phase4/tsctests)
[INFO] [stdout] error: couldn't read `crates/tsr_compiler/tests/../../../upstream/tsc/testdata/tests/cases/compiler/missingDomElements.ts`: No such file or directory (os error 2)
[INFO] [stdout]     --> crates/tsr_compiler/tests/checker_semantics.rs:2747:9
[INFO] [stdout]      |
[INFO] [stdout] 2747 |         include_bytes!("../../../upstream/tsc/testdata/tests/cases/compiler/missingDomElements.ts");
[INFO] [stdout]      |         ^^^^^^^^^^^^^^^^^^^^^^^^^^^^^^^^^^^^^^^^^^^^^^^^^^^^^^^^^^^^^^^^^^^^^^^^^^^^^^^^^^^^^^^^^^^
[INFO] [stdout] 
[INFO] [stdout] 
[INFO] [stdout] error: couldn't read `crates/tsr_compiler/tests/../../../upstream/tsc/testdata/tests/cases/compiler/noUnusedLocals_writeOnly.ts`: No such file or directory (os error 2)
[INFO] [stdout]     --> crates/tsr_compiler/tests/checker_semantics.rs:3159:19
[INFO] [stdout]      |
[INFO] [stdout] 3159 |       let fixture = include_str!(
[INFO] [stdout]      |  ___________________^
[INFO] [stdout] 3160 | |         "../../../upstream/tsc/testdata/tests/cases/compiler/noUnusedLocals_writeOnly.ts"
[INFO] [stdout] 3161 | |     );
[INFO] [stdout]      | |_____^
[INFO] [stdout] 
[INFO] [stdout] 
[INFO] [stdout] error: couldn't read `crates/tsr_compiler/tests/../../../upstream/tsc/testdata/tests/cases/compiler/destructuringAssignment_private.ts`: No such file or directory (os error 2)
[INFO] [stdout]     --> crates/tsr_compiler/tests/checker_semantics.rs:3279:19
[INFO] [stdout]      |
[INFO] [stdout] 3279 |       let fixture = include_str!(
[INFO] [stdout]      |  ___________________^
[INFO] [stdout] 3280 | |         "../../../upstream/tsc/testdata/tests/cases/compiler/destructuringAssignment_private.ts"
[INFO] [stdout] 3281 | |     );
[INFO] [stdout]      | |_____^
[INFO] [stdout] 
[INFO] [stdout] 
[INFO] [stdout] error: couldn't read `crates/tsr_compiler/tests/../../../upstream/tsc/testdata/tests/cases/compiler/forwardRefInEnum.ts`: No such file or directory (os error 2)
[INFO] [stdout]     --> crates/tsr_compiler/tests/checker_semantics.rs:4548:9
[INFO] [stdout]      |
[INFO] [stdout] 4548 |         include_bytes!("../../../upstream/tsc/testdata/tests/cases/compiler/forwardRefInEnum.ts");
[INFO] [stdout]      |         ^^^^^^^^^^^^^^^^^^^^^^^^^^^^^^^^^^^^^^^^^^^^^^^^^^^^^^^^^^^^^^^^^^^^^^^^^^^^^^^^^^^^^^^^^
[INFO] [stdout] 
[INFO] [stdout] 
[INFO] [stdout] error[E0599]: no method named `jsx_link_state` found for struct `Operation<'a>` in the current scope
[INFO] [stdout]    --> crates/tsr_compiler/tests/support/c4_native.rs:534:48
[INFO] [stdout]     |
[INFO] [stdout] 534 |     let mut state = owner.operation().unwrap().jsx_link_state(tag).unwrap();
[INFO] [stdout]     |                                                ^^^^^^^^^^^^^^ method not found in `Operation<'_>`
[INFO] [stdout] 
[INFO] [stdout] 
[INFO] [stdout] error[E0599]: no method named `alias_link_state` found for struct `Operation<'a>` in the current scope
[INFO] [stdout]    --> crates/tsr_compiler/tests/support/c4_native.rs:568:16
[INFO] [stdout]     |
[INFO] [stdout] 568 |             op.alias_link_state(specifier).unwrap()["referenced"],
[INFO] [stdout]     |                ^^^^^^^^^^^^^^^^ method not found in `Operation<'_>`
[INFO] [stdout] 
[INFO] [stdout] 
[INFO] [stdout] error[E0599]: no method named `synthetic_syntax_kinds` found for struct `Operation<'a>` in the current scope
[INFO] [stdout]    --> crates/tsr_compiler/tests/c4_contracts.rs:425:48
[INFO] [stdout]     |
[INFO] [stdout] 425 |         let kinds = owner.operation().unwrap().synthetic_syntax_kinds().unwrap();
[INFO] [stdout]     |                                                ^^^^^^^^^^^^^^^^^^^^^^ method not found in `Operation<'_>`
[INFO] [stdout] 
[INFO] [stdout] 
[INFO] [stdout] For more information about this error, try `rustc --explain E0599`.
[INFO] [stdout] 
[INFO] [stderr] error: could not compile `tsr_compiler` (test "c4_contracts") due to 3 previous errors
[INFO] [stderr] warning: build failed, waiting for other jobs to finish...
[INFO] [stderr] error: could not compile `tsr_compiler` (test "checker_semantics") due to 4 previous errors
[INFO] [stderr] warning: unused dependency `sha2`
[INFO] [stderr]   --> crates/tsr_testrunner/Cargo.toml:20:1
[INFO] [stderr]    |
[INFO] [stderr] 20 | sha2 = "0.10"
[INFO] [stderr]    | ^^^^^^^^^^^^^
[INFO] [stderr]    |
[INFO] [stderr]    = note: `cargo::unused_dependencies` is set to `warn` by default
[INFO] [stderr] help: consider removing the dependency on `sha2`
[INFO] [stderr] warning: `tsr_testrunner` (manifest) generated 1 warning
[INFO] [stderr] warning: unused dependency `tsr_bundled`
[INFO] [stderr]   --> crates/tsr_tsoptions/Cargo.toml:32:1
[INFO] [stderr]    |
[INFO] [stderr] 32 | tsr_bundled = { version = "0.4.0", path = "../tsr_bundled" }
[INFO] [stderr]    | ^^^^^^^^^^^^^^^^^^^^^^^^^^^^^^^^^^^^^^^^^^^^^^^^^^^^^^^^^^^^
[INFO] [stderr]    |
[INFO] [stderr]    = note: `cargo::unused_dependencies` is set to `warn` by default
[INFO] [stderr] help: consider removing the dependency on `tsr_bundled`
[INFO] [stderr] warning: `tsr_tsoptions` (manifest) generated 1 warning
[INFO] running `Command { std: "docker" "inspect" "7263a37e76edff4f04021d5ed7659e7bb5c984ea5204b92492d6f1ca4fec6ef8", kill_on_drop: false }`
[INFO] running `Command { std: "docker" "rm" "-f" "7263a37e76edff4f04021d5ed7659e7bb5c984ea5204b92492d6f1ca4fec6ef8", kill_on_drop: false }`
[INFO] [stdout] 7263a37e76edff4f04021d5ed7659e7bb5c984ea5204b92492d6f1ca4fec6ef8
