[INFO] cloning repository https://github.com/ianlike-ui/dsh-pet-standalone
[INFO] running `Command { std: "git" "-c" "credential.helper=" "-c" "credential.helper=/workspace/cargo-home/bin/git-credential-null" "clone" "--bare" "https://github.com/ianlike-ui/dsh-pet-standalone" "/workspace/cache/git-repos/https%3A%2F%2Fgithub.com%2Fianlike-ui%2Fdsh-pet-standalone", kill_on_drop: false }`
[INFO] [stderr] Cloning into bare repository '/workspace/cache/git-repos/https%3A%2F%2Fgithub.com%2Fianlike-ui%2Fdsh-pet-standalone'...
[INFO] running `Command { std: "git" "rev-parse" "HEAD", kill_on_drop: false }`
[INFO] [stdout] 6369388f05acc2fef61abdbd9851d1fec44778c3
[INFO] checking ianlike-ui/dsh-pet-standalone against 3154cc1a3e6424e44f438a95007d043ed5ceaaf6+rustflags=-Znext-solver=coherence for pr-133502-30
[INFO] running `Command { std: "git" "clone" "/workspace/cache/git-repos/https%3A%2F%2Fgithub.com%2Fianlike-ui%2Fdsh-pet-standalone" "/workspace/builds/worker-2-tc1/source", kill_on_drop: false }`
[INFO] [stderr] Cloning into '/workspace/builds/worker-2-tc1/source'...
[INFO] [stderr] done.
[INFO] started tweaking git repo https://github.com/ianlike-ui/dsh-pet-standalone
[INFO] finished tweaking git repo https://github.com/ianlike-ui/dsh-pet-standalone
[INFO] tweaked toml for git repo https://github.com/ianlike-ui/dsh-pet-standalone written to /workspace/builds/worker-2-tc1/source/Cargo.toml
[INFO] validating manifest of git repo https://github.com/ianlike-ui/dsh-pet-standalone on toolchain 3154cc1a3e6424e44f438a95007d043ed5ceaaf6
[INFO] running `Command { std: CARGO_HOME="/workspace/cargo-home" RUSTUP_HOME="/workspace/rustup-home" "/workspace/cargo-home/bin/cargo" "+3154cc1a3e6424e44f438a95007d043ed5ceaaf6" "metadata" "--manifest-path" "Cargo.toml" "--no-deps", kill_on_drop: false }`
[INFO] crate git repo https://github.com/ianlike-ui/dsh-pet-standalone already has a lockfile, it will not be regenerated
[INFO] running `Command { std: CARGO_HOME="/workspace/cargo-home" RUSTUP_HOME="/workspace/rustup-home" "/workspace/cargo-home/bin/cargo" "+3154cc1a3e6424e44f438a95007d043ed5ceaaf6" "fetch" "--manifest-path" "Cargo.toml", kill_on_drop: false }`
[INFO] running `Command { std: "docker" "create" "-v" "/var/lib/crater-agent-workspace/builds/worker-2-tc1/source:/opt/rustwide/workdir:ro,Z" "-v" "/var/lib/crater-agent-workspace/builds/worker-2-tc1/target:/opt/rustwide/target:rw,Z" "-v" "/var/lib/crater-agent-workspace/cargo-home:/opt/rustwide/cargo-home:ro,Z" "-v" "/var/lib/crater-agent-workspace/rustup-home:/opt/rustwide/rustup-home:ro,Z" "-m" "1610612736" "--network" "none" "ghcr.io/rust-lang/crates-build-env/linux@sha256:77db811e55d90add9212f6832c23229e3de5f1c1f9905e8cb07319ea15df73ac" "sleep" "infinity", kill_on_drop: false }`
[INFO] [stdout] bd0621557645060a9f6cd661c51a84fe00e78f1e02c36d94dce7af877f6ba5af
[INFO] running `Command { std: "docker" "start" "bd0621557645060a9f6cd661c51a84fe00e78f1e02c36d94dce7af877f6ba5af", kill_on_drop: false }`
[INFO] running `Command { std: "docker" "inspect" "bd0621557645060a9f6cd661c51a84fe00e78f1e02c36d94dce7af877f6ba5af", kill_on_drop: false }`
[INFO] running `Command { std: "docker" "exec" "-e" "SOURCE_DIR=/opt/rustwide/workdir" "-e" "CARGO_HOME=/opt/rustwide/cargo-home" "-e" "RUSTUP_HOME=/opt/rustwide/rustup-home" "-e" "CARGO_TARGET_DIR=/opt/rustwide/target" "-w" "/opt/rustwide/workdir" "--user" "0:0" "bd0621557645060a9f6cd661c51a84fe00e78f1e02c36d94dce7af877f6ba5af" "/opt/rustwide/cargo-home/bin/cargo" "+3154cc1a3e6424e44f438a95007d043ed5ceaaf6" "metadata" "--no-deps" "--format-version=1", kill_on_drop: false }`
[INFO] running `Command { std: "docker" "inspect" "bd0621557645060a9f6cd661c51a84fe00e78f1e02c36d94dce7af877f6ba5af", kill_on_drop: false }`
[INFO] running `Command { std: "docker" "exec" "-e" "SOURCE_DIR=/opt/rustwide/workdir" "-e" "CARGO_HOME=/opt/rustwide/cargo-home" "-e" "RUSTUP_HOME=/opt/rustwide/rustup-home" "-e" "CARGO_TARGET_DIR=/opt/rustwide/target" "-e" "CARGO_INCREMENTAL=0" "-e" "RUST_BACKTRACE=full" "-e" "RUSTFLAGS=--cap-lints=forbid -Znext-solver=coherence" "-e" "RUSTDOCFLAGS=--cap-lints=forbid" "-w" "/opt/rustwide/workdir" "--user" "0:0" "bd0621557645060a9f6cd661c51a84fe00e78f1e02c36d94dce7af877f6ba5af" "/opt/rustwide/cargo-home/bin/cargo" "+3154cc1a3e6424e44f438a95007d043ed5ceaaf6" "check" "--frozen" "--all" "--all-targets" "--message-format=json", kill_on_drop: false }`
[INFO] [stderr]    Compiling windows_x86_64_gnu v0.52.6
[INFO] [stderr]    Compiling serde_core v1.0.229
[INFO] [stderr]    Compiling dsh-pet v1.0.0 (/opt/rustwide/workdir)
[INFO] [stderr]     Checking memchr v2.8.3
[INFO] [stderr]     Checking windows-targets v0.52.6
[INFO] [stderr]     Checking windows-sys v0.59.0
[INFO] [stderr]     Checking serde_json v1.0.151
[INFO] [stdout] error[E0433]: cannot find `windows` in `os`
[INFO] [stdout]   --> src/bin/../autostart.rs:27:18
[INFO] [stdout]    |
[INFO] [stdout] 27 |     use std::os::windows::ffi::OsStringExt;
[INFO] [stdout]    |                  ^^^^^^^ could not find `windows` in `os`
[INFO] [stdout]    |
[INFO] [stdout] note: found an item that was configured out
[INFO] [stdout]   --> /rustc/3154cc1a3e6424e44f438a95007d043ed5ceaaf6/library/std/src/os/mod.rs:62:4
[INFO] [stdout]    |
[INFO] [stdout]    = note: the item is gated behind the `windows` feature
[INFO] [stdout] 
[INFO] [stdout] 
[INFO] [stdout] warning: unused import: `SHOW_WINDOW_CMD`
[INFO] [stdout]   --> src/bin/../win32.rs:14:77
[INFO] [stdout]    |
[INFO] [stdout] 14 |         UpdateLayeredWindow, CS_HREDRAW, CS_VREDRAW, MSG, SW_HIDE, SW_SHOW, SHOW_WINDOW_CMD,
[INFO] [stdout]    |                                                                             ^^^^^^^^^^^^^^^
[INFO] [stdout]    |
[INFO] [stdout]    = note: `#[warn(unused_imports)]` (part of `#[warn(unused)]`) on by default
[INFO] [stdout] 
[INFO] [stdout] 
[INFO] [stdout] warning: unused variable: `save`
[INFO] [stdout]    --> src/bin/../webm.rs:136:13
[INFO] [stdout]     |
[INFO] [stdout] 136 |         let save = pos;
[INFO] [stdout]     |             ^^^^ help: if this is intentional, prefix it with an underscore: `_save`
[INFO] [stdout]     |
[INFO] [stdout]     = note: `#[warn(unused_variables)]` (part of `#[warn(unused)]`) on by default
[INFO] [stdout] 
[INFO] [stdout] 
[INFO] [stdout] error[E0433]: cannot find `windows` in `os`
[INFO] [stdout]   --> src/bin/../autostart.rs:27:18
[INFO] [stdout]    |
[INFO] [stdout] 27 |     use std::os::windows::ffi::OsStringExt;
[INFO] [stdout]    |                  ^^^^^^^ could not find `windows` in `os`
[INFO] [stdout]    |
[INFO] [stdout] note: found an item that was configured out
[INFO] [stdout]   --> /rustc/3154cc1a3e6424e44f438a95007d043ed5ceaaf6/library/std/src/os/mod.rs:62:4
[INFO] [stdout]    |
[INFO] [stdout]    = note: the item is gated behind the `windows` feature
[INFO] [stdout] 
[INFO] [stdout] 
[INFO] [stdout] error[E0433]: cannot find `windows` in `os`
[INFO] [stdout]   --> src/bin/../autostart.rs:27:18
[INFO] [stdout]    |
[INFO] [stdout] 27 |     use std::os::windows::ffi::OsStringExt;
[INFO] [stdout]    |                  ^^^^^^^ could not find `windows` in `os`
[INFO] [stdout]    |
[INFO] [stdout] note: found an item that was configured out
[INFO] [stdout]   --> /rustc/3154cc1a3e6424e44f438a95007d043ed5ceaaf6/library/std/src/os/mod.rs:62:4
[INFO] [stdout]    |
[INFO] [stdout]    = note: the item is gated behind the `windows` feature
[INFO] [stdout] 
[INFO] [stdout] 
[INFO] [stdout] warning: constant `EBML` is never used
[INFO] [stdout]   --> src/bin/../webm.rs:12:11
[INFO] [stdout]    |
[INFO] [stdout] 12 | pub const EBML: u64 = 0x1A45DFA3;
[INFO] [stdout]    |           ^^^^
[INFO] [stdout]    |
[INFO] [stdout]    = note: `#[warn(dead_code)]` (part of `#[warn(unused)]`) on by default
[INFO] [stdout] 
[INFO] [stdout] 
[INFO] [stdout] warning: unused import: `SHOW_WINDOW_CMD`
[INFO] [stdout]   --> src/bin/../win32.rs:14:77
[INFO] [stdout]    |
[INFO] [stdout] 14 |         UpdateLayeredWindow, CS_HREDRAW, CS_VREDRAW, MSG, SW_HIDE, SW_SHOW, SHOW_WINDOW_CMD,
[INFO] [stdout]    |                                                                             ^^^^^^^^^^^^^^^
[INFO] [stdout]    |
[INFO] [stdout]    = note: `#[warn(unused_imports)]` (part of `#[warn(unused)]`) on by default
[INFO] [stdout] 
[INFO] [stdout] 
[INFO] [stdout] warning: constant `TRACK_NUMBER` is never used
[INFO] [stdout]   --> src/bin/../webm.rs:18:11
[INFO] [stdout]    |
[INFO] [stdout] 18 | pub const TRACK_NUMBER: u64 = 0xD7;
[INFO] [stdout]    |           ^^^^^^^^^^^^
[INFO] [stdout] 
[INFO] [stdout] 
[INFO] [stdout] warning: constant `TRACK_TYPE` is never used
[INFO] [stdout]   --> src/bin/../webm.rs:19:11
[INFO] [stdout]    |
[INFO] [stdout] 19 | pub const TRACK_TYPE: u64 = 0x83;
[INFO] [stdout]    |           ^^^^^^^^^^
[INFO] [stdout] 
[INFO] [stdout] 
[INFO] [stdout] warning: constant `CODEC_ID` is never used
[INFO] [stdout]   --> src/bin/../webm.rs:20:11
[INFO] [stdout]    |
[INFO] [stdout] 20 | pub const CODEC_ID: u64 = 0x86;
[INFO] [stdout]    |           ^^^^^^^^
[INFO] [stdout] 
[INFO] [stdout] 
[INFO] [stdout] warning: constant `ALPHA_MODE` is never used
[INFO] [stdout]   --> src/bin/../webm.rs:24:11
[INFO] [stdout]    |
[INFO] [stdout] 24 | pub const ALPHA_MODE: u64 = 0x53C0;
[INFO] [stdout]    |           ^^^^^^^^^^
[INFO] [stdout] 
[INFO] [stdout] 
[INFO] [stdout] warning: constant `BLOCK_ADD_ID` is never used
[INFO] [stdout]   --> src/bin/../webm.rs:32:11
[INFO] [stdout]    |
[INFO] [stdout] 32 | pub const BLOCK_ADD_ID: u64 = 0xEE;
[INFO] [stdout]    |           ^^^^^^^^^^^^
[INFO] [stdout] 
[INFO] [stdout] 
[INFO] [stdout] warning: methods `frame_ms` and `duration_ms` are never used
[INFO] [stdout]   --> src/bin/../webm.rs:53:12
[INFO] [stdout]    |
[INFO] [stdout] 51 | impl WebM {
[INFO] [stdout]    | --------- methods in this implementation
[INFO] [stdout] 52 |     /// 帧时长（毫秒）。
[INFO] [stdout] 53 |     pub fn frame_ms(&self) -> u64 {
[INFO] [stdout]    |            ^^^^^^^^
[INFO] [stdout] ...
[INFO] [stdout] 58 |     pub fn duration_ms(&self) -> u64 {
[INFO] [stdout]    |            ^^^^^^^^^^^
[INFO] [stdout] 
[INFO] [stdout] 
[INFO] [stdout] warning: associated function `parse_strict` is never used
[INFO] [stdout]    --> src/bin/../webm.rs:322:12
[INFO] [stdout]     |
[INFO] [stdout] 182 | impl WebM {
[INFO] [stdout]     | --------- associated function in this implementation
[INFO] [stdout] ...
[INFO] [stdout] 322 |     pub fn parse_strict(data: &[u8]) -> Option<WebM> {
[INFO] [stdout]     |            ^^^^^^^^^^^^
[INFO] [stdout] 
[INFO] [stdout] 
[INFO] [stdout] warning: constant `W` is never used
[INFO] [stdout]  --> src/bin/../clip.rs:7:11
[INFO] [stdout]   |
[INFO] [stdout] 7 | pub const W: usize = 640;
[INFO] [stdout]   |           ^
[INFO] [stdout] 
[INFO] [stdout] 
[INFO] [stdout] warning: constant `H` is never used
[INFO] [stdout]  --> src/bin/../clip.rs:8:11
[INFO] [stdout]   |
[INFO] [stdout] 8 | pub const H: usize = 360;
[INFO] [stdout]   |           ^
[INFO] [stdout] 
[INFO] [stdout] 
[INFO] [stdout] warning: methods `seek`, `frame_count`, `duration_ms`, and `current_time_secs` are never used
[INFO] [stdout]   --> src/bin/../clip.rs:40:12
[INFO] [stdout]    |
[INFO] [stdout] 20 | impl ClipDecoder {
[INFO] [stdout]    | ---------------- methods in this implementation
[INFO] [stdout] ...
[INFO] [stdout] 40 |     pub fn seek(&mut self, idx: usize) {
[INFO] [stdout]    |            ^^^^
[INFO] [stdout] ...
[INFO] [stdout] 52 |     pub fn frame_count(&self) -> usize {
[INFO] [stdout]    |            ^^^^^^^^^^^
[INFO] [stdout] ...
[INFO] [stdout] 56 |     pub fn duration_ms(&self) -> u64 {
[INFO] [stdout]    |            ^^^^^^^^^^^
[INFO] [stdout] ...
[INFO] [stdout] 61 |     pub fn current_time_secs(&self) -> f64 {
[INFO] [stdout]    |            ^^^^^^^^^^^^^^^^^
[INFO] [stdout] 
[INFO] [stdout] 
[INFO] [stdout] warning: unused import: `SHOW_WINDOW_CMD`
[INFO] [stdout]   --> src/bin/../win32.rs:14:77
[INFO] [stdout]    |
[INFO] [stdout] 14 |         UpdateLayeredWindow, CS_HREDRAW, CS_VREDRAW, MSG, SW_HIDE, SW_SHOW, SHOW_WINDOW_CMD,
[INFO] [stdout]    |                                                                             ^^^^^^^^^^^^^^^
[INFO] [stdout]    |
[INFO] [stdout]    = note: `#[warn(unused_imports)]` (part of `#[warn(unused)]`) on by default
[INFO] [stdout] 
[INFO] [stdout] 
[INFO] [stdout] warning: unused variable: `save`
[INFO] [stdout]    --> src/bin/../webm.rs:136:13
[INFO] [stdout]     |
[INFO] [stdout] 136 |         let save = pos;
[INFO] [stdout]     |             ^^^^ help: if this is intentional, prefix it with an underscore: `_save`
[INFO] [stdout]     |
[INFO] [stdout]     = note: `#[warn(unused_variables)]` (part of `#[warn(unused)]`) on by default
[INFO] [stdout] 
[INFO] [stdout] 
[INFO] [stdout] warning: constant `EBML` is never used
[INFO] [stdout]   --> src/bin/../webm.rs:12:11
[INFO] [stdout]    |
[INFO] [stdout] 12 | pub const EBML: u64 = 0x1A45DFA3;
[INFO] [stdout]    |           ^^^^
[INFO] [stdout]    |
[INFO] [stdout]    = note: `#[warn(dead_code)]` (part of `#[warn(unused)]`) on by default
[INFO] [stdout] 
[INFO] [stdout] 
[INFO] [stdout] warning: constant `TRACK_NUMBER` is never used
[INFO] [stdout]   --> src/bin/../webm.rs:18:11
[INFO] [stdout]    |
[INFO] [stdout] 18 | pub const TRACK_NUMBER: u64 = 0xD7;
[INFO] [stdout]    |           ^^^^^^^^^^^^
[INFO] [stdout] 
[INFO] [stdout] 
[INFO] [stdout] warning: constant `TRACK_TYPE` is never used
[INFO] [stdout]   --> src/bin/../webm.rs:19:11
[INFO] [stdout]    |
[INFO] [stdout] 19 | pub const TRACK_TYPE: u64 = 0x83;
[INFO] [stdout]    |           ^^^^^^^^^^
[INFO] [stdout] 
[INFO] [stdout] 
[INFO] [stdout] warning: constant `CODEC_ID` is never used
[INFO] [stdout]   --> src/bin/../webm.rs:20:11
[INFO] [stdout]    |
[INFO] [stdout] 20 | pub const CODEC_ID: u64 = 0x86;
[INFO] [stdout]    |           ^^^^^^^^
[INFO] [stdout] 
[INFO] [stdout] 
[INFO] [stdout] warning: constant `ALPHA_MODE` is never used
[INFO] [stdout]   --> src/bin/../webm.rs:24:11
[INFO] [stdout]    |
[INFO] [stdout] 24 | pub const ALPHA_MODE: u64 = 0x53C0;
[INFO] [stdout]    |           ^^^^^^^^^^
[INFO] [stdout] 
[INFO] [stdout] 
[INFO] [stdout] warning: constant `BLOCK_ADD_ID` is never used
[INFO] [stdout]   --> src/bin/../webm.rs:32:11
[INFO] [stdout]    |
[INFO] [stdout] 32 | pub const BLOCK_ADD_ID: u64 = 0xEE;
[INFO] [stdout]    |           ^^^^^^^^^^^^
[INFO] [stdout] 
[INFO] [stdout] 
[INFO] [stdout] warning: methods `frame_ms` and `duration_ms` are never used
[INFO] [stdout]   --> src/bin/../webm.rs:53:12
[INFO] [stdout]    |
[INFO] [stdout] 51 | impl WebM {
[INFO] [stdout]    | --------- methods in this implementation
[INFO] [stdout] 52 |     /// 帧时长（毫秒）。
[INFO] [stdout] 53 |     pub fn frame_ms(&self) -> u64 {
[INFO] [stdout]    |            ^^^^^^^^
[INFO] [stdout] ...
[INFO] [stdout] 58 |     pub fn duration_ms(&self) -> u64 {
[INFO] [stdout]    |            ^^^^^^^^^^^
[INFO] [stdout] 
[INFO] [stdout] 
[INFO] [stdout] warning: associated function `parse_strict` is never used
[INFO] [stdout]    --> src/bin/../webm.rs:322:12
[INFO] [stdout]     |
[INFO] [stdout] 182 | impl WebM {
[INFO] [stdout]     | --------- associated function in this implementation
[INFO] [stdout] ...
[INFO] [stdout] 322 |     pub fn parse_strict(data: &[u8]) -> Option<WebM> {
[INFO] [stdout]     |            ^^^^^^^^^^^^
[INFO] [stdout] 
[INFO] [stdout] 
[INFO] [stdout] warning: constant `W` is never used
[INFO] [stdout]  --> src/bin/../clip.rs:7:11
[INFO] [stdout]   |
[INFO] [stdout] 7 | pub const W: usize = 640;
[INFO] [stdout]   |           ^
[INFO] [stdout] 
[INFO] [stdout] 
[INFO] [stdout] warning: constant `H` is never used
[INFO] [stdout]  --> src/bin/../clip.rs:8:11
[INFO] [stdout]   |
[INFO] [stdout] 8 | pub const H: usize = 360;
[INFO] [stdout]   |           ^
[INFO] [stdout] 
[INFO] [stdout] 
[INFO] [stdout] warning: methods `seek`, `frame_count`, `duration_ms`, and `current_time_secs` are never used
[INFO] [stdout]   --> src/bin/../clip.rs:40:12
[INFO] [stdout]    |
[INFO] [stdout] 20 | impl ClipDecoder {
[INFO] [stdout]    | ---------------- methods in this implementation
[INFO] [stdout] ...
[INFO] [stdout] 40 |     pub fn seek(&mut self, idx: usize) {
[INFO] [stdout]    |            ^^^^
[INFO] [stdout] ...
[INFO] [stdout] 52 |     pub fn frame_count(&self) -> usize {
[INFO] [stdout]    |            ^^^^^^^^^^^
[INFO] [stdout] ...
[INFO] [stdout] 56 |     pub fn duration_ms(&self) -> u64 {
[INFO] [stdout]    |            ^^^^^^^^^^^
[INFO] [stdout] ...
[INFO] [stdout] 61 |     pub fn current_time_secs(&self) -> f64 {
[INFO] [stdout]    |            ^^^^^^^^^^^^^^^^^
[INFO] [stdout] 
[INFO] [stdout] 
[INFO] [stdout] error[E0433]: cannot find `windows` in `os`
[INFO] [stdout]   --> src/autostart.rs:27:18
[INFO] [stdout]    |
[INFO] [stdout] 27 |     use std::os::windows::ffi::OsStringExt;
[INFO] [stdout]    |                  ^^^^^^^ could not find `windows` in `os`
[INFO] [stdout]    |
[INFO] [stdout] note: found an item that was configured out
[INFO] [stdout]   --> /rustc/3154cc1a3e6424e44f438a95007d043ed5ceaaf6/library/std/src/os/mod.rs:62:4
[INFO] [stdout]    |
[INFO] [stdout]    = note: the item is gated behind the `windows` feature
[INFO] [stdout] 
[INFO] [stdout] 
[INFO] [stdout] error[E0433]: cannot find `windows` in `os`
[INFO] [stdout]   --> src/autostart.rs:27:18
[INFO] [stdout]    |
[INFO] [stdout] 27 |     use std::os::windows::ffi::OsStringExt;
[INFO] [stdout]    |                  ^^^^^^^ could not find `windows` in `os`
[INFO] [stdout]    |
[INFO] [stdout] note: found an item that was configured out
[INFO] [stdout]   --> /rustc/3154cc1a3e6424e44f438a95007d043ed5ceaaf6/library/std/src/os/mod.rs:62:4
[INFO] [stdout]    |
[INFO] [stdout]    = note: the item is gated behind the `windows` feature
[INFO] [stdout] 
[INFO] [stdout] 
[INFO] [stdout] error[E0433]: cannot find `windows` in `os`
[INFO] [stdout]   --> src/bin/../autostart.rs:27:18
[INFO] [stdout]    |
[INFO] [stdout] 27 |     use std::os::windows::ffi::OsStringExt;
[INFO] [stdout]    |                  ^^^^^^^ could not find `windows` in `os`
[INFO] [stdout]    |
[INFO] [stdout] note: found an item that was configured out
[INFO] [stdout]   --> /rustc/3154cc1a3e6424e44f438a95007d043ed5ceaaf6/library/std/src/os/mod.rs:62:4
[INFO] [stdout]    |
[INFO] [stdout]    = note: the item is gated behind the `windows` feature
[INFO] [stdout] 
[INFO] [stdout] 
[INFO] [stdout] warning: unused import: `SHOW_WINDOW_CMD`
[INFO] [stdout]   --> src/bin/../win32.rs:14:77
[INFO] [stdout]    |
[INFO] [stdout] 14 |         UpdateLayeredWindow, CS_HREDRAW, CS_VREDRAW, MSG, SW_HIDE, SW_SHOW, SHOW_WINDOW_CMD,
[INFO] [stdout]    |                                                                             ^^^^^^^^^^^^^^^
[INFO] [stdout]    |
[INFO] [stdout]    = note: `#[warn(unused_imports)]` (part of `#[warn(unused)]`) on by default
[INFO] [stdout] 
[INFO] [stdout] 
[INFO] [stdout] warning: unused import: `SHOW_WINDOW_CMD`
[INFO] [stdout]   --> src/win32.rs:14:77
[INFO] [stdout]    |
[INFO] [stdout] 14 |         UpdateLayeredWindow, CS_HREDRAW, CS_VREDRAW, MSG, SW_HIDE, SW_SHOW, SHOW_WINDOW_CMD,
[INFO] [stdout]    |                                                                             ^^^^^^^^^^^^^^^
[INFO] [stdout]    |
[INFO] [stdout]    = note: `#[warn(unused_imports)]` (part of `#[warn(unused)]`) on by default
[INFO] [stdout] 
[INFO] [stdout] 
[INFO] [stdout] warning: unused import: `SelectObject`
[INFO] [stdout]   --> src/main.rs:24:49
[INFO] [stdout]    |
[INFO] [stdout] 24 |         DeleteDC, DeleteObject, DIB_RGB_COLORS, SelectObject,
[INFO] [stdout]    |                                                 ^^^^^^^^^^^^
[INFO] [stdout] 
[INFO] [stdout] 
[INFO] [stdout] warning: unused import: `SHOW_WINDOW_CMD`
[INFO] [stdout]   --> src/win32.rs:14:77
[INFO] [stdout]    |
[INFO] [stdout] 14 |         UpdateLayeredWindow, CS_HREDRAW, CS_VREDRAW, MSG, SW_HIDE, SW_SHOW, SHOW_WINDOW_CMD,
[INFO] [stdout]    |                                                                             ^^^^^^^^^^^^^^^
[INFO] [stdout]    |
[INFO] [stdout]    = note: `#[warn(unused_imports)]` (part of `#[warn(unused)]`) on by default
[INFO] [stdout] 
[INFO] [stdout] 
[INFO] [stdout] warning: unused import: `SelectObject`
[INFO] [stdout]   --> src/main.rs:24:49
[INFO] [stdout]    |
[INFO] [stdout] 24 |         DeleteDC, DeleteObject, DIB_RGB_COLORS, SelectObject,
[INFO] [stdout]    |                                                 ^^^^^^^^^^^^
[INFO] [stdout] 
[INFO] [stdout] 
[INFO] [stdout] error[E0599]: no associated function or constant named `from_wide` found for struct `OsString` in the current scope
[INFO] [stdout]   --> src/bin/../autostart.rs:31:24
[INFO] [stdout]    |
[INFO] [stdout] 31 |     let os = OsString::from_wide(&buf);
[INFO] [stdout]    |                        ^^^^^^^^^ associated function or constant not found in `OsString`
[INFO] [stdout]    |
[INFO] [stdout] note: if you're trying to build a new `OsString` consider using one of the following associated functions:
[INFO] [stdout]       OsString::new
[INFO] [stdout]       OsString::from_encoded_bytes_unchecked
[INFO] [stdout]       OsString::with_capacity
[INFO] [stdout]   --> /rustc/3154cc1a3e6424e44f438a95007d043ed5ceaaf6/library/std/src/ffi/os_str.rs:134:4
[INFO] [stdout] help: there is an associated function `from_iter` with a similar name
[INFO] [stdout]    |
[INFO] [stdout] 31 -     let os = OsString::from_wide(&buf);
[INFO] [stdout] 31 +     let os = OsString::from_iter(&buf);
[INFO] [stdout]    |
[INFO] [stdout] 
[INFO] [stdout] 
[INFO] [stdout] error[E0599]: no associated function or constant named `from_wide` found for struct `OsString` in the current scope
[INFO] [stdout]   --> src/bin/../autostart.rs:31:24
[INFO] [stdout]    |
[INFO] [stdout] 31 |     let os = OsString::from_wide(&buf);
[INFO] [stdout]    |                        ^^^^^^^^^ associated function or constant not found in `OsString`
[INFO] [stdout]    |
[INFO] [stdout] note: if you're trying to build a new `OsString` consider using one of the following associated functions:
[INFO] [stdout]       OsString::new
[INFO] [stdout]       OsString::from_encoded_bytes_unchecked
[INFO] [stdout]       OsString::with_capacity
[INFO] [stdout]   --> /rustc/3154cc1a3e6424e44f438a95007d043ed5ceaaf6/library/std/src/ffi/os_str.rs:134:4
[INFO] [stdout] help: there is an associated function `from_iter` with a similar name
[INFO] [stdout]    |
[INFO] [stdout] 31 -     let os = OsString::from_wide(&buf);
[INFO] [stdout] 31 +     let os = OsString::from_iter(&buf);
[INFO] [stdout]    |
[INFO] [stdout] 
[INFO] [stdout] 
[INFO] [stdout] error[E0599]: no associated function or constant named `from_wide` found for struct `OsString` in the current scope
[INFO] [stdout]   --> src/bin/../autostart.rs:31:24
[INFO] [stdout]    |
[INFO] [stdout] 31 |     let os = OsString::from_wide(&buf);
[INFO] [stdout]    |                        ^^^^^^^^^ associated function or constant not found in `OsString`
[INFO] [stdout]    |
[INFO] [stdout] note: if you're trying to build a new `OsString` consider using one of the following associated functions:
[INFO] [stdout]       OsString::new
[INFO] [stdout]       OsString::from_encoded_bytes_unchecked
[INFO] [stdout]       OsString::with_capacity
[INFO] [stdout]   --> /rustc/3154cc1a3e6424e44f438a95007d043ed5ceaaf6/library/std/src/ffi/os_str.rs:134:4
[INFO] [stdout] help: there is an associated function `from_iter` with a similar name
[INFO] [stdout]    |
[INFO] [stdout] 31 -     let os = OsString::from_wide(&buf);
[INFO] [stdout] 31 +     let os = OsString::from_iter(&buf);
[INFO] [stdout]    |
[INFO] [stdout] 
[INFO] [stdout] 
[INFO] [stdout] warning: unused variable: `save`
[INFO] [stdout]    --> src/bin/../webm.rs:136:13
[INFO] [stdout]     |
[INFO] [stdout] 136 |         let save = pos;
[INFO] [stdout]     |             ^^^^ help: if this is intentional, prefix it with an underscore: `_save`
[INFO] [stdout]     |
[INFO] [stdout]     = note: `#[warn(unused_variables)]` (part of `#[warn(unused)]`) on by default
[INFO] [stdout] 
[INFO] [stdout] 
[INFO] [stdout] error[E0599]: no associated function or constant named `from_wide` found for struct `OsString` in the current scope
[INFO] [stdout]   --> src/autostart.rs:31:24
[INFO] [stdout]    |
[INFO] [stdout] 31 |     let os = OsString::from_wide(&buf);
[INFO] [stdout]    |                        ^^^^^^^^^ associated function or constant not found in `OsString`
[INFO] [stdout]    |
[INFO] [stdout] note: if you're trying to build a new `OsString` consider using one of the following associated functions:
[INFO] [stdout]       OsString::new
[INFO] [stdout]       OsString::from_encoded_bytes_unchecked
[INFO] [stdout]       OsString::with_capacity
[INFO] [stdout]   --> /rustc/3154cc1a3e6424e44f438a95007d043ed5ceaaf6/library/std/src/ffi/os_str.rs:134:4
[INFO] [stdout] help: there is an associated function `from_iter` with a similar name
[INFO] [stdout]    |
[INFO] [stdout] 31 -     let os = OsString::from_wide(&buf);
[INFO] [stdout] 31 +     let os = OsString::from_iter(&buf);
[INFO] [stdout]    |
[INFO] [stdout] 
[INFO] [stdout] 
[INFO] [stdout] error[E0599]: no associated function or constant named `from_wide` found for struct `OsString` in the current scope
[INFO] [stdout]   --> src/bin/../autostart.rs:31:24
[INFO] [stdout]    |
[INFO] [stdout] 31 |     let os = OsString::from_wide(&buf);
[INFO] [stdout]    |                        ^^^^^^^^^ associated function or constant not found in `OsString`
[INFO] [stdout]    |
[INFO] [stdout] note: if you're trying to build a new `OsString` consider using one of the following associated functions:
[INFO] [stdout]       OsString::new
[INFO] [stdout]       OsString::from_encoded_bytes_unchecked
[INFO] [stdout]       OsString::with_capacity
[INFO] [stdout]   --> /rustc/3154cc1a3e6424e44f438a95007d043ed5ceaaf6/library/std/src/ffi/os_str.rs:134:4
[INFO] [stdout] help: there is an associated function `from_iter` with a similar name
[INFO] [stdout]    |
[INFO] [stdout] 31 -     let os = OsString::from_wide(&buf);
[INFO] [stdout] 31 +     let os = OsString::from_iter(&buf);
[INFO] [stdout]    |
[INFO] [stdout] 
[INFO] [stdout] 
[INFO] [stdout] warning: unused variable: `lx`
[INFO] [stdout]    --> src/bin/../pet.rs:312:14
[INFO] [stdout]     |
[INFO] [stdout] 312 |         let (lx, ly, rx, ry) = self.avail_rect();
[INFO] [stdout]     |              ^^ help: if this is intentional, prefix it with an underscore: `_lx`
[INFO] [stdout] 
[INFO] [stdout] 
[INFO] [stdout] warning: unused variable: `ly`
[INFO] [stdout]    --> src/bin/../pet.rs:312:18
[INFO] [stdout]     |
[INFO] [stdout] 312 |         let (lx, ly, rx, ry) = self.avail_rect();
[INFO] [stdout]     |                  ^^ help: if this is intentional, prefix it with an underscore: `_ly`
[INFO] [stdout] 
[INFO] [stdout] 
[INFO] [stdout] warning: unused variable: `wx`
[INFO] [stdout]    --> src/bin/../pet.rs:337:14
[INFO] [stdout]     |
[INFO] [stdout] 337 |         let (wx, wh) = self.window_size();
[INFO] [stdout]     |              ^^ help: if this is intentional, prefix it with an underscore: `_wx`
[INFO] [stdout] 
[INFO] [stdout] 
[INFO] [stdout] warning: unused variable: `wh`
[INFO] [stdout]    --> src/bin/../pet.rs:337:18
[INFO] [stdout]     |
[INFO] [stdout] 337 |         let (wx, wh) = self.window_size();
[INFO] [stdout]     |                  ^^ help: if this is intentional, prefix it with an underscore: `_wh`
[INFO] [stdout] 
[INFO] [stdout] 
[INFO] [stdout] warning: unused variable: `save`
[INFO] [stdout]    --> src/bin/../webm.rs:136:13
[INFO] [stdout]     |
[INFO] [stdout] 136 |         let save = pos;
[INFO] [stdout]     |             ^^^^ help: if this is intentional, prefix it with an underscore: `_save`
[INFO] [stdout]     |
[INFO] [stdout]     = note: `#[warn(unused_variables)]` (part of `#[warn(unused)]`) on by default
[INFO] [stdout] 
[INFO] [stdout] 
[INFO] [stdout] error[E0599]: no associated function or constant named `from_wide` found for struct `OsString` in the current scope
[INFO] [stdout]   --> src/autostart.rs:31:24
[INFO] [stdout]    |
[INFO] [stdout] 31 |     let os = OsString::from_wide(&buf);
[INFO] [stdout]    |                        ^^^^^^^^^ associated function or constant not found in `OsString`
[INFO] [stdout]    |
[INFO] [stdout] note: if you're trying to build a new `OsString` consider using one of the following associated functions:
[INFO] [stdout]       OsString::new
[INFO] [stdout]       OsString::from_encoded_bytes_unchecked
[INFO] [stdout]       OsString::with_capacity
[INFO] [stdout]   --> /rustc/3154cc1a3e6424e44f438a95007d043ed5ceaaf6/library/std/src/ffi/os_str.rs:134:4
[INFO] [stdout] help: there is an associated function `from_iter` with a similar name
[INFO] [stdout]    |
[INFO] [stdout] 31 -     let os = OsString::from_wide(&buf);
[INFO] [stdout] 31 +     let os = OsString::from_iter(&buf);
[INFO] [stdout]    |
[INFO] [stdout] 
[INFO] [stdout] 
[INFO] [stdout] warning: unused variable: `save`
[INFO] [stdout]    --> src/bin/../webm.rs:136:13
[INFO] [stdout]     |
[INFO] [stdout] 136 |         let save = pos;
[INFO] [stdout]     |             ^^^^ help: if this is intentional, prefix it with an underscore: `_save`
[INFO] [stdout]     |
[INFO] [stdout]     = note: `#[warn(unused_variables)]` (part of `#[warn(unused)]`) on by default
[INFO] [stdout] 
[INFO] [stdout] 
[INFO] [stdout] warning: unused variable: `save`
[INFO] [stdout]    --> src/bin/../webm.rs:136:13
[INFO] [stdout]     |
[INFO] [stdout] 136 |         let save = pos;
[INFO] [stdout]     |             ^^^^ help: if this is intentional, prefix it with an underscore: `_save`
[INFO] [stdout]     |
[INFO] [stdout]     = note: `#[warn(unused_variables)]` (part of `#[warn(unused)]`) on by default
[INFO] [stdout] 
[INFO] [stdout] 
[INFO] [stdout] Some errors have detailed explanations: E0433, E0599.
[INFO] [stdout] 
[INFO] [stdout] For more information about an error, try `rustc --explain E0433`.
[INFO] [stdout] 
[INFO] [stderr] error: could not compile `dsh-pet` (bin "role_test") due to 2 previous errors; 6 warnings emitted
[INFO] [stderr] warning: build failed, waiting for other jobs to finish...
[INFO] [stdout] warning: unused variable: `lx`
[INFO] [stdout]    --> src/bin/../pet.rs:312:14
[INFO] [stdout]     |
[INFO] [stdout] 312 |         let (lx, ly, rx, ry) = self.avail_rect();
[INFO] [stdout]     |              ^^ help: if this is intentional, prefix it with an underscore: `_lx`
[INFO] [stdout] 
[INFO] [stdout] 
[INFO] [stdout] warning: unused variable: `ly`
[INFO] [stdout]    --> src/bin/../pet.rs:312:18
[INFO] [stdout]     |
[INFO] [stdout] 312 |         let (lx, ly, rx, ry) = self.avail_rect();
[INFO] [stdout]     |                  ^^ help: if this is intentional, prefix it with an underscore: `_ly`
[INFO] [stdout] 
[INFO] [stdout] 
[INFO] [stdout] warning: unused variable: `wx`
[INFO] [stdout]    --> src/bin/../pet.rs:337:14
[INFO] [stdout]     |
[INFO] [stdout] 337 |         let (wx, wh) = self.window_size();
[INFO] [stdout]     |              ^^ help: if this is intentional, prefix it with an underscore: `_wx`
[INFO] [stdout] 
[INFO] [stdout] 
[INFO] [stdout] warning: unused variable: `wh`
[INFO] [stdout]    --> src/bin/../pet.rs:337:18
[INFO] [stdout]     |
[INFO] [stdout] 337 |         let (wx, wh) = self.window_size();
[INFO] [stdout]     |                  ^^ help: if this is intentional, prefix it with an underscore: `_wh`
[INFO] [stdout] 
[INFO] [stdout] 
[INFO] [stdout] warning: unused variable: `lx`
[INFO] [stdout]    --> src/bin/../pet.rs:312:14
[INFO] [stdout]     |
[INFO] [stdout] 312 |         let (lx, ly, rx, ry) = self.avail_rect();
[INFO] [stdout]     |              ^^ help: if this is intentional, prefix it with an underscore: `_lx`
[INFO] [stdout] 
[INFO] [stdout] 
[INFO] [stdout] warning: unused variable: `ly`
[INFO] [stdout]    --> src/bin/../pet.rs:312:18
[INFO] [stdout]     |
[INFO] [stdout] 312 |         let (lx, ly, rx, ry) = self.avail_rect();
[INFO] [stdout]     |                  ^^ help: if this is intentional, prefix it with an underscore: `_ly`
[INFO] [stdout] 
[INFO] [stdout] 
[INFO] [stdout] warning: unused variable: `wx`
[INFO] [stdout]    --> src/bin/../pet.rs:337:14
[INFO] [stdout]     |
[INFO] [stdout] 337 |         let (wx, wh) = self.window_size();
[INFO] [stdout]     |              ^^ help: if this is intentional, prefix it with an underscore: `_wx`
[INFO] [stdout] 
[INFO] [stdout] 
[INFO] [stdout] warning: unused variable: `wh`
[INFO] [stdout]    --> src/bin/../pet.rs:337:18
[INFO] [stdout]     |
[INFO] [stdout] 337 |         let (wx, wh) = self.window_size();
[INFO] [stdout]     |                  ^^ help: if this is intentional, prefix it with an underscore: `_wh`
[INFO] [stdout] 
[INFO] [stdout] 
[INFO] [stdout] warning: unused variable: `lx`
[INFO] [stdout]    --> src/pet.rs:312:14
[INFO] [stdout]     |
[INFO] [stdout] 312 |         let (lx, ly, rx, ry) = self.avail_rect();
[INFO] [stdout]     |              ^^ help: if this is intentional, prefix it with an underscore: `_lx`
[INFO] [stdout]     |
[INFO] [stdout]     = note: `#[warn(unused_variables)]` (part of `#[warn(unused)]`) on by default
[INFO] [stdout] 
[INFO] [stdout] 
[INFO] [stdout] warning: unused variable: `ly`
[INFO] [stdout]    --> src/pet.rs:312:18
[INFO] [stdout]     |
[INFO] [stdout] 312 |         let (lx, ly, rx, ry) = self.avail_rect();
[INFO] [stdout]     |                  ^^ help: if this is intentional, prefix it with an underscore: `_ly`
[INFO] [stdout] 
[INFO] [stdout] 
[INFO] [stdout] warning: unused variable: `wx`
[INFO] [stdout]    --> src/pet.rs:337:14
[INFO] [stdout]     |
[INFO] [stdout] 337 |         let (wx, wh) = self.window_size();
[INFO] [stdout]     |              ^^ help: if this is intentional, prefix it with an underscore: `_wx`
[INFO] [stdout] 
[INFO] [stdout] 
[INFO] [stdout] warning: unused variable: `wh`
[INFO] [stdout]    --> src/pet.rs:337:18
[INFO] [stdout]     |
[INFO] [stdout] 337 |         let (wx, wh) = self.window_size();
[INFO] [stdout]     |                  ^^ help: if this is intentional, prefix it with an underscore: `_wh`
[INFO] [stdout] 
[INFO] [stdout] 
[INFO] [stdout] warning: unused variable: `lx`
[INFO] [stdout]    --> src/bin/../pet.rs:312:14
[INFO] [stdout]     |
[INFO] [stdout] 312 |         let (lx, ly, rx, ry) = self.avail_rect();
[INFO] [stdout]     |              ^^ help: if this is intentional, prefix it with an underscore: `_lx`
[INFO] [stdout] 
[INFO] [stdout] 
[INFO] [stdout] warning: unused variable: `ly`
[INFO] [stdout]    --> src/bin/../pet.rs:312:18
[INFO] [stdout]     |
[INFO] [stdout] 312 |         let (lx, ly, rx, ry) = self.avail_rect();
[INFO] [stdout]     |                  ^^ help: if this is intentional, prefix it with an underscore: `_ly`
[INFO] [stdout] 
[INFO] [stdout] 
[INFO] [stdout] warning: unused variable: `wx`
[INFO] [stdout]    --> src/bin/../pet.rs:337:14
[INFO] [stdout]     |
[INFO] [stdout] 337 |         let (wx, wh) = self.window_size();
[INFO] [stdout]     |              ^^ help: if this is intentional, prefix it with an underscore: `_wx`
[INFO] [stdout] 
[INFO] [stdout] 
[INFO] [stdout] warning: unused variable: `wh`
[INFO] [stdout]    --> src/bin/../pet.rs:337:18
[INFO] [stdout]     |
[INFO] [stdout] 337 |         let (wx, wh) = self.window_size();
[INFO] [stdout]     |                  ^^ help: if this is intentional, prefix it with an underscore: `_wh`
[INFO] [stdout] 
[INFO] [stdout] 
[INFO] [stdout] Some errors have detailed explanations: E0433, E0599.
[INFO] [stdout] 
[INFO] [stdout] For more information about an error, try `rustc --explain E0433`.
[INFO] [stdout] 
[INFO] [stderr] error: could not compile `dsh-pet` (bin "spawn_test") due to 2 previous errors; 6 warnings emitted
[INFO] [stdout] Some errors have detailed explanations: E0433, E0599.
[INFO] [stdout] 
[INFO] [stdout] For more information about an error, try `rustc --explain E0433`.
[INFO] [stdout] 
[INFO] [stdout] Some errors have detailed explanations: E0433, E0599.
[INFO] [stdout] 
[INFO] [stdout] For more information about an error, try `rustc --explain E0433`.
[INFO] [stdout] 
[INFO] [stdout] warning: unused variable: `save`
[INFO] [stdout]    --> src/webm.rs:136:13
[INFO] [stdout]     |
[INFO] [stdout] 136 |         let save = pos;
[INFO] [stdout]     |             ^^^^ help: if this is intentional, prefix it with an underscore: `_save`
[INFO] [stdout] 
[INFO] [stdout] 
[INFO] [stderr] error: could not compile `dsh-pet` (bin "spawn_test" test) due to 2 previous errors; 6 warnings emitted
[INFO] [stdout] Some errors have detailed explanations: E0433, E0599.
[INFO] [stdout] 
[INFO] [stderr] error: could not compile `dsh-pet` (bin "role_test" test) due to 2 previous errors; 6 warnings emitted
[INFO] [stdout] For more information about an error, try `rustc --explain E0433`.
[INFO] [stdout] 
[INFO] [stderr] error: could not compile `dsh-pet` (bin "dsh-pet") due to 2 previous errors; 7 warnings emitted
[INFO] [stdout] warning: unused variable: `lx`
[INFO] [stdout]    --> src/pet.rs:312:14
[INFO] [stdout]     |
[INFO] [stdout] 312 |         let (lx, ly, rx, ry) = self.avail_rect();
[INFO] [stdout]     |              ^^ help: if this is intentional, prefix it with an underscore: `_lx`
[INFO] [stdout]     |
[INFO] [stdout]     = note: `#[warn(unused_variables)]` (part of `#[warn(unused)]`) on by default
[INFO] [stdout] 
[INFO] [stdout] 
[INFO] [stdout] warning: unused variable: `ly`
[INFO] [stdout]    --> src/pet.rs:312:18
[INFO] [stdout]     |
[INFO] [stdout] 312 |         let (lx, ly, rx, ry) = self.avail_rect();
[INFO] [stdout]     |                  ^^ help: if this is intentional, prefix it with an underscore: `_ly`
[INFO] [stdout] 
[INFO] [stdout] 
[INFO] [stdout] warning: unused variable: `wx`
[INFO] [stdout]    --> src/pet.rs:337:14
[INFO] [stdout]     |
[INFO] [stdout] 337 |         let (wx, wh) = self.window_size();
[INFO] [stdout]     |              ^^ help: if this is intentional, prefix it with an underscore: `_wx`
[INFO] [stdout] 
[INFO] [stdout] 
[INFO] [stdout] warning: unused variable: `wh`
[INFO] [stdout]    --> src/pet.rs:337:18
[INFO] [stdout]     |
[INFO] [stdout] 337 |         let (wx, wh) = self.window_size();
[INFO] [stdout]     |                  ^^ help: if this is intentional, prefix it with an underscore: `_wh`
[INFO] [stdout] 
[INFO] [stdout] 
[INFO] [stdout] warning: unused variable: `save`
[INFO] [stdout]    --> src/webm.rs:136:13
[INFO] [stdout]     |
[INFO] [stdout] 136 |         let save = pos;
[INFO] [stdout]     |             ^^^^ help: if this is intentional, prefix it with an underscore: `_save`
[INFO] [stdout] 
[INFO] [stdout] 
[INFO] [stdout] Some errors have detailed explanations: E0433, E0599.
[INFO] [stdout] 
[INFO] [stdout] For more information about an error, try `rustc --explain E0433`.
[INFO] [stdout] 
[INFO] [stderr] error: could not compile `dsh-pet` (bin "dsh-pet" test) due to 2 previous errors; 7 warnings emitted
[INFO] running `Command { std: "docker" "inspect" "bd0621557645060a9f6cd661c51a84fe00e78f1e02c36d94dce7af877f6ba5af", kill_on_drop: false }`
[INFO] running `Command { std: "docker" "rm" "-f" "bd0621557645060a9f6cd661c51a84fe00e78f1e02c36d94dce7af877f6ba5af", kill_on_drop: false }`
[INFO] [stdout] bd0621557645060a9f6cd661c51a84fe00e78f1e02c36d94dce7af877f6ba5af
